[INFO] cloning repository https://github.com/powerful90/test1
[INFO] running `Command { std: "git" "-c" "credential.helper=" "-c" "credential.helper=/workspace/cargo-home/bin/git-credential-null" "clone" "--bare" "https://github.com/powerful90/test1" "/workspace/cache/git-repos/https%3A%2F%2Fgithub.com%2Fpowerful90%2Ftest1", kill_on_drop: false }`
[INFO] [stderr] Cloning into bare repository '/workspace/cache/git-repos/https%3A%2F%2Fgithub.com%2Fpowerful90%2Ftest1'...
[INFO] running `Command { std: "git" "rev-parse" "HEAD", kill_on_drop: false }`
[INFO] [stdout] 7a095f25a67a7c9a3ba5b782fd4c151c770d736b
[INFO] checking powerful90/test1 against 0335fc7ee9e33d92e03d99f3e2fb0fe6119f3cc0 for pr-158915-1
[INFO] running `Command { std: "git" "clone" "/workspace/cache/git-repos/https%3A%2F%2Fgithub.com%2Fpowerful90%2Ftest1" "/workspace/builds/worker-1-tc2/source", kill_on_drop: false }`
[INFO] [stderr] Cloning into '/workspace/builds/worker-1-tc2/source'...
[INFO] [stderr] done.
[INFO] started tweaking git repo https://github.com/powerful90/test1
[INFO] finished tweaking git repo https://github.com/powerful90/test1
[INFO] tweaked toml for git repo https://github.com/powerful90/test1 written to /workspace/builds/worker-1-tc2/source/Cargo.toml
[INFO] validating manifest of git repo https://github.com/powerful90/test1 on toolchain 0335fc7ee9e33d92e03d99f3e2fb0fe6119f3cc0
[INFO] running `Command { std: CARGO_HOME="/workspace/cargo-home" RUSTUP_HOME="/workspace/rustup-home" "/workspace/cargo-home/bin/cargo" "+0335fc7ee9e33d92e03d99f3e2fb0fe6119f3cc0" "metadata" "--manifest-path" "Cargo.toml" "--no-deps", kill_on_drop: false }`
[INFO] crate git repo https://github.com/powerful90/test1 already has a lockfile, it will not be regenerated
[INFO] running `Command { std: CARGO_HOME="/workspace/cargo-home" RUSTUP_HOME="/workspace/rustup-home" "/workspace/cargo-home/bin/cargo" "+0335fc7ee9e33d92e03d99f3e2fb0fe6119f3cc0" "fetch" "--manifest-path" "Cargo.toml", kill_on_drop: false }`
[INFO] [stderr]     Blocking waiting for file lock on package cache
[INFO] [stderr]     Blocking waiting for file lock on package cache
[ERROR] error running command: no output for 300 seconds
[INFO] checking powerful90/test1 against 0335fc7ee9e33d92e03d99f3e2fb0fe6119f3cc0 for pr-158915-1
[INFO] running `Command { std: "git" "clone" "/workspace/cache/git-repos/https%3A%2F%2Fgithub.com%2Fpowerful90%2Ftest1" "/workspace/builds/worker-1-tc2/source", kill_on_drop: false }`
[INFO] [stderr] Cloning into '/workspace/builds/worker-1-tc2/source'...
[INFO] [stderr] done.
[INFO] started tweaking git repo https://github.com/powerful90/test1
[INFO] finished tweaking git repo https://github.com/powerful90/test1
[INFO] tweaked toml for git repo https://github.com/powerful90/test1 written to /workspace/builds/worker-1-tc2/source/Cargo.toml
[INFO] validating manifest of git repo https://github.com/powerful90/test1 on toolchain 0335fc7ee9e33d92e03d99f3e2fb0fe6119f3cc0
[INFO] running `Command { std: CARGO_HOME="/workspace/cargo-home" RUSTUP_HOME="/workspace/rustup-home" "/workspace/cargo-home/bin/cargo" "+0335fc7ee9e33d92e03d99f3e2fb0fe6119f3cc0" "metadata" "--manifest-path" "Cargo.toml" "--no-deps", kill_on_drop: false }`
[INFO] crate git repo https://github.com/powerful90/test1 already has a lockfile, it will not be regenerated
[INFO] running `Command { std: CARGO_HOME="/workspace/cargo-home" RUSTUP_HOME="/workspace/rustup-home" "/workspace/cargo-home/bin/cargo" "+0335fc7ee9e33d92e03d99f3e2fb0fe6119f3cc0" "fetch" "--manifest-path" "Cargo.toml", kill_on_drop: false }`
[INFO] [stderr]     Blocking waiting for file lock on package cache
[INFO] [stderr]     Blocking waiting for file lock on package cache
[INFO] running `Command { std: "docker" "create" "-v" "/var/lib/crater-agent-workspace/builds/worker-1-tc2/source:/opt/rustwide/workdir:ro,Z" "-v" "/var/lib/crater-agent-workspace/builds/worker-1-tc2/target:/opt/rustwide/target:rw,Z" "-v" "/var/lib/crater-agent-workspace/cargo-home:/opt/rustwide/cargo-home:ro,Z" "-v" "/var/lib/crater-agent-workspace/rustup-home:/opt/rustwide/rustup-home:ro,Z" "-m" "1610612736" "--network" "none" "ghcr.io/rust-lang/crates-build-env/linux@sha256:8683fc1fc2eb5c9ac98e0d076ab094b2ffac7f99da555d2b6a2e27f346de2ec7" "sleep" "infinity", kill_on_drop: false }`
[INFO] [stdout] e235f8cc1c4f1d7f08e8daf04deff4ed234aa20345ca74388e76c5c818ccd031
[INFO] running `Command { std: "docker" "start" "e235f8cc1c4f1d7f08e8daf04deff4ed234aa20345ca74388e76c5c818ccd031", kill_on_drop: false }`
[INFO] running `Command { std: "docker" "inspect" "e235f8cc1c4f1d7f08e8daf04deff4ed234aa20345ca74388e76c5c818ccd031", kill_on_drop: false }`
[INFO] running `Command { std: "docker" "exec" "-e" "SOURCE_DIR=/opt/rustwide/workdir" "-e" "CARGO_HOME=/opt/rustwide/cargo-home" "-e" "RUSTUP_HOME=/opt/rustwide/rustup-home" "-e" "CARGO_TARGET_DIR=/opt/rustwide/target" "-w" "/opt/rustwide/workdir" "--user" "0:0" "e235f8cc1c4f1d7f08e8daf04deff4ed234aa20345ca74388e76c5c818ccd031" "/opt/rustwide/cargo-home/bin/cargo" "+0335fc7ee9e33d92e03d99f3e2fb0fe6119f3cc0" "metadata" "--no-deps" "--format-version=1", kill_on_drop: false }`
[INFO] running `Command { std: "docker" "inspect" "e235f8cc1c4f1d7f08e8daf04deff4ed234aa20345ca74388e76c5c818ccd031", kill_on_drop: false }`
[INFO] running `Command { std: "docker" "exec" "-e" "SOURCE_DIR=/opt/rustwide/workdir" "-e" "CARGO_HOME=/opt/rustwide/cargo-home" "-e" "RUSTUP_HOME=/opt/rustwide/rustup-home" "-e" "CARGO_TARGET_DIR=/opt/rustwide/target" "-e" "CARGO_INCREMENTAL=0" "-e" "RUST_BACKTRACE=full" "-e" "RUSTFLAGS=--cap-lints=forbid" "-e" "RUSTDOCFLAGS=--cap-lints=forbid" "-w" "/opt/rustwide/workdir" "--user" "0:0" "e235f8cc1c4f1d7f08e8daf04deff4ed234aa20345ca74388e76c5c818ccd031" "/opt/rustwide/cargo-home/bin/cargo" "+0335fc7ee9e33d92e03d99f3e2fb0fe6119f3cc0" "check" "--frozen" "--all" "--all-targets" "--message-format=json", kill_on_drop: false }`
[INFO] [stderr]    Compiling proc-macro2 v1.0.93
[INFO] [stderr]    Compiling unicode-ident v1.0.16
[INFO] [stderr]    Compiling winapi v0.3.9
[INFO] [stderr]     Checking getrandom v0.2.15
[INFO] [stderr]     Checking inout v0.1.3
[INFO] [stderr]     Checking crypto-common v0.1.6
[INFO] [stderr]     Checking cipher v0.4.4
[INFO] [stderr]     Checking rand_core v0.6.4
[INFO] [stderr]     Checking ctr v0.9.2
[INFO] [stderr]     Checking aes v0.8.4
[INFO] [stderr]    Compiling quote v1.0.38
[INFO] [stderr]    Compiling syn v2.0.98
[INFO] [stderr]    Compiling zerocopy-derive v0.7.35
[INFO] [stderr]     Checking zerocopy v0.7.35
[INFO] [stderr]     Checking ppv-lite86 v0.2.20
[INFO] [stderr]     Checking rand_chacha v0.3.1
[INFO] [stderr]     Checking rand v0.8.5
[INFO] [stderr]     Checking mashadar v1.0.0 (/opt/rustwide/workdir)
[INFO] [stdout] error[E0433]: cannot find `um` in `winapi`
[INFO] [stdout]  --> src/hollowing.rs:2:13
[INFO] [stdout]   |
[INFO] [stdout] 2 | use winapi::um::processthreadsapi::{CreateProcessA, ResumeThread, GetThreadContext, SetThreadContext};
[INFO] [stdout]   |             ^^ could not find `um` in `winapi`
[INFO] [stdout] 
[INFO] [stdout] 
[INFO] [stdout] error[E0433]: cannot find `um` in `winapi`
[INFO] [stdout]  --> src/hollowing.rs:2:13
[INFO] [stdout]   |
[INFO] [stdout] 2 | use winapi::um::processthreadsapi::{CreateProcessA, ResumeThread, GetThreadContext, SetThreadContext};
[INFO] [stdout]   |             ^^ could not find `um` in `winapi`
[INFO] [stdout] 
[INFO] [stdout] 
[INFO] [stdout] error[E0433]: cannot find `um` in `winapi`
[INFO] [stdout]  --> src/hollowing.rs:3:13
[INFO] [stdout]   |
[INFO] [stdout] 3 | use winapi::um::memoryapi::{VirtualAllocEx, WriteProcessMemory};
[INFO] [stdout]   |             ^^ could not find `um` in `winapi`
[INFO] [stdout] 
[INFO] [stdout] 
[INFO] [stdout] error[E0433]: cannot find `um` in `winapi`
[INFO] [stdout]  --> src/hollowing.rs:3:13
[INFO] [stdout]   |
[INFO] [stdout] 3 | use winapi::um::memoryapi::{VirtualAllocEx, WriteProcessMemory};
[INFO] [stdout]   |             ^^ could not find `um` in `winapi`
[INFO] [stdout] 
[INFO] [stdout] 
[INFO] [stdout] error[E0433]: cannot find `um` in `winapi`
[INFO] [stdout]  --> src/hollowing.rs:4:13
[INFO] [stdout]   |
[INFO] [stdout] 4 | use winapi::um::winnt::{CONTEXT, CONTEXT_FULL};
[INFO] [stdout]   |             ^^ could not find `um` in `winapi`
[INFO] [stdout] 
[INFO] [stdout] 
[INFO] [stdout] error[E0433]: cannot find `um` in `winapi`
[INFO] [stdout]  --> src/hollowing.rs:4:13
[INFO] [stdout]   |
[INFO] [stdout] 4 | use winapi::um::winnt::{CONTEXT, CONTEXT_FULL};
[INFO] [stdout]   |             ^^ could not find `um` in `winapi`
[INFO] [stdout] 
[INFO] [stdout] 
[INFO] [stdout] error[E0433]: cannot find `um` in `winapi`
[INFO] [stdout]  --> src/hollowing.rs:5:13
[INFO] [stdout]   |
[INFO] [stdout] 5 | use winapi::um::winbase::CREATE_SUSPENDED;
[INFO] [stdout]   |             ^^ could not find `um` in `winapi`
[INFO] [stdout] 
[INFO] [stdout] 
[INFO] [stdout] error[E0433]: cannot find `um` in `winapi`
[INFO] [stdout]  --> src/hollowing.rs:5:13
[INFO] [stdout]   |
[INFO] [stdout] 5 | use winapi::um::winbase::CREATE_SUSPENDED;
[INFO] [stdout]   |             ^^ could not find `um` in `winapi`
[INFO] [stdout] 
[INFO] [stdout] 
[INFO] [stdout] error[E0433]: cannot find `um` in `winapi`
[INFO] [stdout]  --> src/syscalls.rs:2:13
[INFO] [stdout]   |
[INFO] [stdout] 2 | use winapi::um::memoryapi::VirtualProtect;
[INFO] [stdout]   |             ^^ could not find `um` in `winapi`
[INFO] [stdout] 
[INFO] [stdout] 
[INFO] [stdout] error[E0433]: cannot find `um` in `winapi`
[INFO] [stdout]  --> src/syscalls.rs:2:13
[INFO] [stdout]   |
[INFO] [stdout] 2 | use winapi::um::memoryapi::VirtualProtect;
[INFO] [stdout]   |             ^^ could not find `um` in `winapi`
[INFO] [stdout] 
[INFO] [stdout] 
[INFO] [stdout] error[E0433]: cannot find `shared` in `winapi`
[INFO] [stdout]  --> src/syscalls.rs:3:13
[INFO] [stdout]   |
[INFO] [stdout] 3 | use winapi::shared::minwindef::DWORD;
[INFO] [stdout]   |             ^^^^^^ could not find `shared` in `winapi`
[INFO] [stdout] 
[INFO] [stdout] 
[INFO] [stdout] error[E0433]: cannot find `shared` in `winapi`
[INFO] [stdout]  --> src/syscalls.rs:3:13
[INFO] [stdout]   |
[INFO] [stdout] 3 | use winapi::shared::minwindef::DWORD;
[INFO] [stdout]   |             ^^^^^^ could not find `shared` in `winapi`
[INFO] [stdout] 
[INFO] [stdout] 
[INFO] [stdout] error[E0433]: cannot find `um` in `winapi`
[INFO] [stdout]  --> src/stealth.rs:1:13
[INFO] [stdout]   |
[INFO] [stdout] 1 | use winapi::um::debugapi::CheckRemoteDebuggerPresent;
[INFO] [stdout]   |             ^^ could not find `um` in `winapi`
[INFO] [stdout] 
[INFO] [stdout] 
[INFO] [stdout] error[E0433]: cannot find `um` in `winapi`
[INFO] [stdout]  --> src/stealth.rs:1:13
[INFO] [stdout]   |
[INFO] [stdout] 1 | use winapi::um::debugapi::CheckRemoteDebuggerPresent;
[INFO] [stdout]   |             ^^ could not find `um` in `winapi`
[INFO] [stdout] 
[INFO] [stdout] 
[INFO] [stdout] error[E0433]: cannot find `um` in `winapi`
[INFO] [stdout]  --> src/stealth.rs:2:13
[INFO] [stdout]   |
[INFO] [stdout] 2 | use winapi::um::winnt::HANDLE;
[INFO] [stdout]   |             ^^ could not find `um` in `winapi`
[INFO] [stdout] 
[INFO] [stdout] 
[INFO] [stdout] error[E0433]: cannot find `um` in `winapi`
[INFO] [stdout]  --> src/stealth.rs:2:13
[INFO] [stdout]   |
[INFO] [stdout] 2 | use winapi::um::winnt::HANDLE;
[INFO] [stdout]   |             ^^ could not find `um` in `winapi`
[INFO] [stdout] 
[INFO] [stdout] 
[INFO] [stdout] For more information about this error, try `rustc --explain E0433`.
[INFO] [stdout] 
[INFO] [stdout] For more information about this error, try `rustc --explain E0433`.
[INFO] [stdout] 
[INFO] [stderr] error: could not compile `mashadar` (bin "mashadar") due to 8 previous errors
[INFO] [stderr] warning: build failed, waiting for other jobs to finish...
[INFO] [stderr] error: could not compile `mashadar` (bin "mashadar" test) due to 8 previous errors
[INFO] [stderr] warning: unused dependency `rand`
[INFO] [stderr]  --> Cargo.toml:4:1
[INFO] [stderr]   |
[INFO] [stderr] 4 | rand = "0.8"
[INFO] [stderr]   | ^^^^^^^^^^^^
[INFO] [stderr]   |
[INFO] [stderr]   = note: `cargo::unused_dependencies` is set to `warn` by default
[INFO] [stderr] help: consider removing the dependency on `rand`
[INFO] [stderr] warning: `mashadar` (manifest) generated 1 warning
[INFO] running `Command { std: "docker" "inspect" "e235f8cc1c4f1d7f08e8daf04deff4ed234aa20345ca74388e76c5c818ccd031", kill_on_drop: false }`
[INFO] running `Command { std: "docker" "rm" "-f" "e235f8cc1c4f1d7f08e8daf04deff4ed234aa20345ca74388e76c5c818ccd031", kill_on_drop: false }`
[INFO] [stdout] e235f8cc1c4f1d7f08e8daf04deff4ed234aa20345ca74388e76c5c818ccd031
