[INFO] cloning repository https://github.com/nimishgautam/lbw
[INFO] running `Command { std: "git" "-c" "credential.helper=" "-c" "credential.helper=/workspace/cargo-home/bin/git-credential-null" "clone" "--bare" "https://github.com/nimishgautam/lbw" "/workspace/cache/git-repos/https%3A%2F%2Fgithub.com%2Fnimishgautam%2Flbw", kill_on_drop: false }`
[INFO] [stderr] Cloning into bare repository '/workspace/cache/git-repos/https%3A%2F%2Fgithub.com%2Fnimishgautam%2Flbw'...
[INFO] running `Command { std: "git" "rev-parse" "HEAD", kill_on_drop: false }`
[INFO] [stdout] de2867c62bad3a220a3ccaf7f8f20627025a0b5f
[INFO] checking nimishgautam/lbw against 0335fc7ee9e33d92e03d99f3e2fb0fe6119f3cc0 for pr-158915-1
[INFO] running `Command { std: "git" "clone" "/workspace/cache/git-repos/https%3A%2F%2Fgithub.com%2Fnimishgautam%2Flbw" "/workspace/builds/worker-6-tc2/source", kill_on_drop: false }`
[INFO] [stderr] Cloning into '/workspace/builds/worker-6-tc2/source'...
[INFO] [stderr] done.
[INFO] started tweaking git repo https://github.com/nimishgautam/lbw
[INFO] finished tweaking git repo https://github.com/nimishgautam/lbw
[INFO] tweaked toml for git repo https://github.com/nimishgautam/lbw written to /workspace/builds/worker-6-tc2/source/Cargo.toml
[INFO] validating manifest of git repo https://github.com/nimishgautam/lbw on toolchain 0335fc7ee9e33d92e03d99f3e2fb0fe6119f3cc0
[INFO] running `Command { std: CARGO_HOME="/workspace/cargo-home" RUSTUP_HOME="/workspace/rustup-home" "/workspace/cargo-home/bin/cargo" "+0335fc7ee9e33d92e03d99f3e2fb0fe6119f3cc0" "metadata" "--manifest-path" "Cargo.toml" "--no-deps", kill_on_drop: false }`
[INFO] crate git repo https://github.com/nimishgautam/lbw already has a lockfile, it will not be regenerated
[INFO] running `Command { std: CARGO_HOME="/workspace/cargo-home" RUSTUP_HOME="/workspace/rustup-home" "/workspace/cargo-home/bin/cargo" "+0335fc7ee9e33d92e03d99f3e2fb0fe6119f3cc0" "fetch" "--manifest-path" "Cargo.toml", kill_on_drop: false }`
[INFO] [stderr]     Blocking waiting for file lock on package cache
[INFO] [stderr]     Updating crates.io index
[INFO] [stderr]     Blocking waiting for file lock on package cache
[INFO] [stderr]  Downloading crates ...
[INFO] [stderr]   Downloaded cxx-build v1.0.138
[INFO] [stderr]   Downloaded cxxbridge-flags v1.0.138
[INFO] [stderr]   Downloaded rust_decimal v1.41.0
[INFO] [stderr]   Downloaded cxxbridge-macro v1.0.138
[INFO] [stderr]   Downloaded cxxbridge-cmd v1.0.138
[INFO] [stderr]   Downloaded cxx v1.0.138
[INFO] [stderr]   Downloaded lbug v0.15.3
[INFO] running `Command { std: "docker" "create" "-v" "/var/lib/crater-agent-workspace/builds/worker-6-tc2/source:/opt/rustwide/workdir:ro,Z" "-v" "/var/lib/crater-agent-workspace/builds/worker-6-tc2/target:/opt/rustwide/target:rw,Z" "-v" "/var/lib/crater-agent-workspace/cargo-home:/opt/rustwide/cargo-home:ro,Z" "-v" "/var/lib/crater-agent-workspace/rustup-home:/opt/rustwide/rustup-home:ro,Z" "-m" "1610612736" "--network" "none" "ghcr.io/rust-lang/crates-build-env/linux@sha256:8683fc1fc2eb5c9ac98e0d076ab094b2ffac7f99da555d2b6a2e27f346de2ec7" "sleep" "infinity", kill_on_drop: false }`
[INFO] [stdout] 0ffc7b9fc73d4eacc78dd8a750b6f7976e365a448a6d1cf13bc081209938cfd2
[INFO] running `Command { std: "docker" "start" "0ffc7b9fc73d4eacc78dd8a750b6f7976e365a448a6d1cf13bc081209938cfd2", kill_on_drop: false }`
[INFO] running `Command { std: "docker" "inspect" "0ffc7b9fc73d4eacc78dd8a750b6f7976e365a448a6d1cf13bc081209938cfd2", kill_on_drop: false }`
[INFO] running `Command { std: "docker" "exec" "-e" "SOURCE_DIR=/opt/rustwide/workdir" "-e" "CARGO_HOME=/opt/rustwide/cargo-home" "-e" "RUSTUP_HOME=/opt/rustwide/rustup-home" "-e" "CARGO_TARGET_DIR=/opt/rustwide/target" "-w" "/opt/rustwide/workdir" "--user" "0:0" "0ffc7b9fc73d4eacc78dd8a750b6f7976e365a448a6d1cf13bc081209938cfd2" "/opt/rustwide/cargo-home/bin/cargo" "+0335fc7ee9e33d92e03d99f3e2fb0fe6119f3cc0" "metadata" "--no-deps" "--format-version=1", kill_on_drop: false }`
[INFO] running `Command { std: "docker" "inspect" "0ffc7b9fc73d4eacc78dd8a750b6f7976e365a448a6d1cf13bc081209938cfd2", kill_on_drop: false }`
[INFO] running `Command { std: "docker" "exec" "-e" "SOURCE_DIR=/opt/rustwide/workdir" "-e" "CARGO_HOME=/opt/rustwide/cargo-home" "-e" "RUSTUP_HOME=/opt/rustwide/rustup-home" "-e" "CARGO_TARGET_DIR=/opt/rustwide/target" "-e" "CARGO_INCREMENTAL=0" "-e" "RUST_BACKTRACE=full" "-e" "RUSTFLAGS=--cap-lints=forbid" "-e" "RUSTDOCFLAGS=--cap-lints=forbid" "-w" "/opt/rustwide/workdir" "--user" "0:0" "0ffc7b9fc73d4eacc78dd8a750b6f7976e365a448a6d1cf13bc081209938cfd2" "/opt/rustwide/cargo-home/bin/cargo" "+0335fc7ee9e33d92e03d99f3e2fb0fe6119f3cc0" "check" "--frozen" "--all" "--all-targets" "--message-format=json", kill_on_drop: false }`
[INFO] [stderr]    Compiling syn v2.0.117
[INFO] [stderr]    Compiling libc v0.2.185
[INFO] [stderr]    Compiling scratch v1.0.9
[INFO] [stderr]    Compiling unicode-width v0.1.14
[INFO] [stderr]    Compiling cxxbridge-flags v1.0.138
[INFO] [stderr]    Compiling termcolor v1.4.1
[INFO] [stderr]    Compiling rust_decimal v1.41.0
[INFO] [stderr]    Compiling cc v1.2.60
[INFO] [stderr]    Compiling serde_core v1.0.228
[INFO] [stderr]     Checking foldhash v0.1.5
[INFO] [stderr]     Checking num-conv v0.2.1
[INFO] [stderr]     Checking uuid v1.23.1
[INFO] [stderr]    Compiling serde_json v1.0.149
[INFO] [stderr]     Checking hashbrown v0.17.0
[INFO] [stderr]    Compiling wiki-query v0.1.0 (/opt/rustwide/workdir/crates/wiki-query)
[INFO] [stderr]     Checking bitflags v2.11.1
[INFO] [stderr]     Checking time v0.3.47
[INFO] [stderr]    Compiling getrandom v0.4.2
[INFO] [stderr]    Compiling wiki-core v0.1.0 (/opt/rustwide/workdir/crates/wiki-core)
[INFO] [stderr]    Compiling rustix v1.1.4
[INFO] [stderr]     Checking linux-raw-sys v0.12.1
[INFO] [stderr]     Checking fastrand v2.4.1
[INFO] [stderr]    Compiling crossbeam-utils v0.8.21
[INFO] [stderr]     Checking typenum v1.20.0
[INFO] [stderr]    Compiling zerocopy v0.8.48
[INFO] [stderr]     Checking futures-sink v0.3.32
[INFO] [stderr]    Compiling codespan-reporting v0.11.1
[INFO] [stderr]    Compiling wiki-cli v0.1.0 (/opt/rustwide/workdir/crates/wiki-cli)
[INFO] [stderr]     Checking slab v0.4.12
[INFO] [stderr]     Checking tracing v0.1.44
[INFO] [stderr]     Checking data-encoding v2.11.0
[INFO] [stderr]     Checking tower-http v0.5.2
[INFO] [stderr]     Checking indexmap v2.14.0
[INFO] [stderr]     Checking futures-util v0.3.32
[INFO] [stderr]     Checking crossbeam-channel v0.5.15
[INFO] [stderr]     Checking inotify-sys v0.1.5
[INFO] [stderr]     Checking errno v0.3.14
[INFO] [stderr]     Checking mio v0.8.11
[INFO] [stderr]     Checking filetime v0.2.27
[INFO] [stderr]     Checking socket2 v0.6.3
[INFO] [stderr]     Checking mio v1.2.0
[INFO] [stderr]     Checking inotify v0.9.6
[INFO] [stderr]    Compiling cmake v0.1.58
[INFO] [stderr]     Checking signal-hook-registry v1.4.8
[INFO] [stderr]     Checking getrandom v0.2.17
[INFO] [stderr]     Checking rand_core v0.6.4
[INFO] [stderr]    Compiling link-cplusplus v1.0.12
[INFO] [stderr]    Compiling cxx v1.0.138
[INFO] [stderr]     Checking notify v6.1.1
[INFO] [stderr]     Checking generic-array v0.14.7
[INFO] [stderr]     Checking block-buffer v0.10.4
[INFO] [stderr]     Checking crypto-common v0.1.7
[INFO] [stderr]     Checking digest v0.10.7
[INFO] [stderr]     Checking sha1 v0.10.6
[INFO] [stderr]     Checking serde_path_to_error v0.1.20
[INFO] [stderr]     Checking tempfile v3.27.0
[INFO] [stderr]    Compiling cxx-build v1.0.138
[INFO] [stderr]    Compiling cxxbridge-macro v1.0.138
[INFO] [stderr]    Compiling serde_derive v1.0.228
[INFO] [stderr]    Compiling clap_derive v4.6.1
[INFO] [stderr]    Compiling tokio-macros v2.7.0
[INFO] [stderr]    Compiling thiserror-impl v1.0.69
[INFO] [stderr]    Compiling async-trait v0.1.89
[INFO] [stderr]     Checking tokio v1.52.3
[INFO] [stderr]     Checking axum-core v0.4.5
[INFO] [stderr]     Checking thiserror v1.0.69
[INFO] [stderr]     Checking clap v4.6.1
[INFO] [stderr]    Compiling lbug v0.15.3
[INFO] [stderr]     Checking ppv-lite86 v0.2.21
[INFO] [stderr]     Checking serde v1.0.228
[INFO] [stderr]     Checking rand_chacha v0.3.1
[INFO] [stderr]     Checking rand v0.8.6
[INFO] [stderr]     Checking serde_yaml v0.9.34+deprecated
[INFO] [stderr]     Checking serde_urlencoded v0.7.1
[INFO] [stderr]     Checking tungstenite v0.24.0
[INFO] [stderr]     Checking hyper v1.9.0
[INFO] [stderr]     Checking tower v0.5.3
[INFO] [stderr]     Checking tokio-tungstenite v0.24.0
[INFO] [stderr]     Checking hyper-util v0.1.20
[INFO] [stderr]     Checking axum v0.7.9
[INFO] [stderr] error: could not compile `axum` (lib)
[INFO] [stderr] 
[INFO] [stderr] Caused by:
[INFO] [stderr]   process didn't exit successfully: `/opt/rustwide/rustup-home/toolchains/0335fc7ee9e33d92e03d99f3e2fb0fe6119f3cc0/bin/rustc --crate-name axum --edition=2021 /opt/rustwide/cargo-home/registry/src/index.crates.io-1949cf8c6b5b557f/axum-0.7.9/src/lib.rs --error-format=json --json=diagnostic-rendered-ansi,artifacts,future-incompat,unused-externs-silent --crate-type lib --emit=dep-info,metadata -C embed-bitcode=no -C debuginfo=2 --cfg 'feature="default"' --cfg 'feature="form"' --cfg 'feature="http1"' --cfg 'feature="json"' --cfg 'feature="matched-path"' --cfg 'feature="original-uri"' --cfg 'feature="query"' --cfg 'feature="tokio"' --cfg 'feature="tower-log"' --cfg 'feature="tracing"' --cfg 'feature="ws"' --check-cfg 'cfg(docsrs,test)' --check-cfg 'cfg(feature, values("__private_docs", "default", "form", "http1", "http2", "json", "macros", "matched-path", "multipart", "original-uri", "query", "tokio", "tower-log", "tracing", "ws"))' -C metadata=27f26319ce986bea -C extra-filename=-5ba939880aaf2f87 --out-dir /opt/rustwide/target/debug/build/axum/5ba939880aaf2f87/out -L dependency=/opt/rustwide/target/debug/build/async-trait/531014982452e3d0/out -L dependency=/opt/rustwide/target/debug/build/atomic-waker/d2edf130acb84086/out -L dependency=/opt/rustwide/target/debug/build/block-buffer/44bec628c0076f1e/out -L dependency=/opt/rustwide/target/debug/build/byteorder/d92705dd1d5353b1/out -L dependency=/opt/rustwide/target/debug/build/bytes/c3c82aecfaa31497/out -L dependency=/opt/rustwide/target/debug/build/cfg-if/190c9021fd162845/out -L dependency=/opt/rustwide/target/debug/build/cpufeatures/1ae956ba346ebd12/out -L dependency=/opt/rustwide/target/debug/build/crypto-common/c331abae9240d4ab/out -L dependency=/opt/rustwide/target/debug/build/data-encoding/46e23225db2a3cf6/out -L dependency=/opt/rustwide/target/debug/build/digest/9b567fe7bb48d219/out -L dependency=/opt/rustwide/target/debug/build/errno/7a87ca52b023a702/out -L dependency=/opt/rustwide/target/debug/build/form_urlencoded/a0709cb2f4e6749a/out -L dependency=/opt/rustwide/target/debug/build/futures-channel/9c1e7f39b7c26e53/out -L dependency=/opt/rustwide/target/debug/build/futures-core/1cd512d543215c04/out -L dependency=/opt/rustwide/target/debug/build/futures-sink/4cefcac29a561a0a/out -L dependency=/opt/rustwide/target/debug/build/futures-task/bde3b8216abf23c5/out -L dependency=/opt/rustwide/target/debug/build/futures-util/e65ff79e5dda8133/out -L dependency=/opt/rustwide/target/debug/build/generic-array/56783bb25c648cd2/out -L dependency=/opt/rustwide/target/debug/build/getrandom/3c82f1e1c62d3911/out -L dependency=/opt/rustwide/target/debug/build/http-body-util/2ae40cbf938fd14f/out -L dependency=/opt/rustwide/target/debug/build/http-body/95f0c088f5c8ddb7/out -L dependency=/opt/rustwide/target/debug/build/http/9a59864e400893c6/out -L dependency=/opt/rustwide/target/debug/build/httparse/b9ed2fea81abf9ac/out -L dependency=/opt/rustwide/target/debug/build/httpdate/dd055e56878c34d5/out -L dependency=/opt/rustwide/target/debug/build/hyper/cb358119150c5de3/out -L dependency=/opt/rustwide/target/debug/build/itoa/488dcf4f13423b18/out -L dependency=/opt/rustwide/target/debug/build/libc/a70fa3bc2b82c39f/out -L dependency=/opt/rustwide/target/debug/build/log/a469ce83c9b0fe3a/out -L dependency=/opt/rustwide/target/debug/build/memchr/3d944e3b9ac373a3/out -L dependency=/opt/rustwide/target/debug/build/mime/719fdfbd841ea854/out -L dependency=/opt/rustwide/target/debug/build/mio/b62e80cd22c61f25/out -L dependency=/opt/rustwide/target/debug/build/once_cell/6f8123b0c2eed634/out -L dependency=/opt/rustwide/target/debug/build/percent-encoding/f0f3780066f274e0/out -L dependency=/opt/rustwide/target/debug/build/pin-project-lite/7176d3be2b7ee2e1/out -L dependency=/opt/rustwide/target/debug/build/ppv-lite86/c28b4c6831fa793c/out -L dependency=/opt/rustwide/target/debug/build/rand/0153e9e657e5ce73/out -L dependency=/opt/rustwide/target/debug/build/rand_chacha/552edccb855a2cd1/out -L dependency=/opt/rustwide/target/debug/build/rand_core/774984fd9a647c5b/out -L dependency=/opt/rustwide/target/debug/build/rustversion/5a027c01becb027b/out -L dependency=/opt/rustwide/target/debug/build/ryu/3da2ab8eb39d89f2/out -L dependency=/opt/rustwide/target/debug/build/serde/5689f55cb243b564/out -L dependency=/opt/rustwide/target/debug/build/serde_core/3c925aec2ec92997/out -L dependency=/opt/rustwide/target/debug/build/serde_derive/a1d1493382073c1a/out -L dependency=/opt/rustwide/target/debug/build/sha1/f4a9ae9cd3cb848e/out -L dependency=/opt/rustwide/target/debug/build/signal-hook-registry/a3e388494219a96a/out -L dependency=/opt/rustwide/target/debug/build/slab/ae595133c23c4338/out -L dependency=/opt/rustwide/target/debug/build/smallvec/dd4339173f24a482/out -L dependency=/opt/rustwide/target/debug/build/socket2/800bf2813c40b6cc/out -L dependency=/opt/rustwide/target/debug/build/sync_wrapper/0f0a7fd4be52d7bd/out -L dependency=/opt/rustwide/target/debug/build/thiserror-impl/f2236af474ee7eb9/out -L dependency=/opt/rustwide/target/debug/build/thiserror/826fe4ce82449291/out -L dependency=/opt/rustwide/target/debug/build/tokio-macros/bf077075240f8154/out -L dependency=/opt/rustwide/target/debug/build/tokio/ed640ce0a93d5928/out -L dependency=/opt/rustwide/target/debug/build/tower-layer/f6d5cc7b185cf351/out -L dependency=/opt/rustwide/target/debug/build/tower-service/e69ac8dcc8243395/out -L dependency=/opt/rustwide/target/debug/build/tracing-core/3324456f4d23a949/out -L dependency=/opt/rustwide/target/debug/build/tracing/5504bd998379ecd4/out -L dependency=/opt/rustwide/target/debug/build/tungstenite/70e1c77257491b85/out -L dependency=/opt/rustwide/target/debug/build/typenum/5349db567ce12ad3/out -L dependency=/opt/rustwide/target/debug/build/utf-8/23c026f571ff5189/out -L dependency=/opt/rustwide/target/debug/build/zerocopy/92cff1c01b9503bd/out -L dependency=/opt/rustwide/target/debug/build/zmij/7606d3367d7489bc/out --extern async_trait=/opt/rustwide/target/debug/build/async-trait/531014982452e3d0/out/libasync_trait-531014982452e3d0.so --extern axum_core=/opt/rustwide/target/debug/build/axum-core/96551a5bb4b86cb2/out/libaxum_core-96551a5bb4b86cb2.rmeta --extern base64=/opt/rustwide/target/debug/build/base64/d8aec028dea2d277/out/libbase64-d8aec028dea2d277.rmeta --extern bytes=/opt/rustwide/target/debug/build/bytes/c3c82aecfaa31497/out/libbytes-c3c82aecfaa31497.rmeta --extern futures_util=/opt/rustwide/target/debug/build/futures-util/e65ff79e5dda8133/out/libfutures_util-e65ff79e5dda8133.rmeta --extern http=/opt/rustwide/target/debug/build/http/9a59864e400893c6/out/libhttp-9a59864e400893c6.rmeta --extern http_body=/opt/rustwide/target/debug/build/http-body/95f0c088f5c8ddb7/out/libhttp_body-95f0c088f5c8ddb7.rmeta --extern http_body_util=/opt/rustwide/target/debug/build/http-body-util/2ae40cbf938fd14f/out/libhttp_body_util-2ae40cbf938fd14f.rmeta --extern hyper=/opt/rustwide/target/debug/build/hyper/cb358119150c5de3/out/libhyper-cb358119150c5de3.rmeta --extern hyper_util=/opt/rustwide/target/debug/build/hyper-util/2337c17433c7202a/out/libhyper_util-2337c17433c7202a.rmeta --extern itoa=/opt/rustwide/target/debug/build/itoa/488dcf4f13423b18/out/libitoa-488dcf4f13423b18.rmeta --extern matchit=/opt/rustwide/target/debug/build/matchit/6a845d8ff6f40043/out/libmatchit-6a845d8ff6f40043.rmeta --extern memchr=/opt/rustwide/target/debug/build/memchr/3d944e3b9ac373a3/out/libmemchr-3d944e3b9ac373a3.rmeta --extern mime=/opt/rustwide/target/debug/build/mime/719fdfbd841ea854/out/libmime-719fdfbd841ea854.rmeta --extern percent_encoding=/opt/rustwide/target/debug/build/percent-encoding/f0f3780066f274e0/out/libpercent_encoding-f0f3780066f274e0.rmeta --extern pin_project_lite=/opt/rustwide/target/debug/build/pin-project-lite/7176d3be2b7ee2e1/out/libpin_project_lite-7176d3be2b7ee2e1.rmeta --extern rustversion=/opt/rustwide/target/debug/build/rustversion/5a027c01becb027b/out/librustversion-5a027c01becb027b.so --extern serde=/opt/rustwide/target/debug/build/serde/5689f55cb243b564/out/libserde-5689f55cb243b564.rmeta --extern serde_json=/opt/rustwide/target/debug/build/serde_json/d74ac53d5c697011/out/libserde_json-d74ac53d5c697011.rmeta --extern serde_path_to_error=/opt/rustwide/target/debug/build/serde_path_to_error/dfe51983104ebd17/out/libserde_path_to_error-dfe51983104ebd17.rmeta --extern serde_urlencoded=/opt/rustwide/target/debug/build/serde_urlencoded/82e3ae69df8e62fb/out/libserde_urlencoded-82e3ae69df8e62fb.rmeta --extern sha1=/opt/rustwide/target/debug/build/sha1/f4a9ae9cd3cb848e/out/libsha1-f4a9ae9cd3cb848e.rmeta --extern sync_wrapper=/opt/rustwide/target/debug/build/sync_wrapper/0f0a7fd4be52d7bd/out/libsync_wrapper-0f0a7fd4be52d7bd.rmeta --extern tokio=/opt/rustwide/target/debug/build/tokio/ed640ce0a93d5928/out/libtokio-ed640ce0a93d5928.rmeta --extern tokio_tungstenite=/opt/rustwide/target/debug/build/tokio-tungstenite/204e2c8bede27d9f/out/libtokio_tungstenite-204e2c8bede27d9f.rmeta --extern tower=/opt/rustwide/target/debug/build/tower/13001955239d85e1/out/libtower-13001955239d85e1.rmeta --extern tower_layer=/opt/rustwide/target/debug/build/tower-layer/f6d5cc7b185cf351/out/libtower_layer-f6d5cc7b185cf351.rmeta --extern tower_service=/opt/rustwide/target/debug/build/tower-service/e69ac8dcc8243395/out/libtower_service-e69ac8dcc8243395.rmeta --extern tracing=/opt/rustwide/target/debug/build/tracing/5504bd998379ecd4/out/libtracing-5504bd998379ecd4.rmeta --cap-lints allow --cap-lints=forbid --force-warn=unused_crate_dependencies` (signal: 9, SIGKILL: kill)
[INFO] [stderr] warning: build failed, waiting for other jobs to finish...
[INFO] [stderr] error: failed to run custom build command for `lbug v0.15.3`
[INFO] [stderr] note: To improve backtraces for build dependencies, set the CARGO_PROFILE_DEV_BUILD_OVERRIDE_DEBUG=true environment variable to enable debug information generation.
[INFO] [stderr] 
[INFO] [stderr] Caused by:
[INFO] [stderr]   process didn't exit successfully: `/opt/rustwide/target/debug/build/lbug/d80e6dfdadd6c039/out/build_script_build` (exit status: 101)
[INFO] [stderr]   --- stdout
[INFO] [stderr]   CMAKE_TOOLCHAIN_FILE_x86_64-unknown-linux-gnu = None
[INFO] [stderr]   CMAKE_TOOLCHAIN_FILE_x86_64_unknown_linux_gnu = None
[INFO] [stderr]   HOST_CMAKE_TOOLCHAIN_FILE = None
[INFO] [stderr]   CMAKE_TOOLCHAIN_FILE = None
[INFO] [stderr]   CMAKE_GENERATOR_x86_64-unknown-linux-gnu = None
[INFO] [stderr]   CMAKE_GENERATOR_x86_64_unknown_linux_gnu = None
[INFO] [stderr]   HOST_CMAKE_GENERATOR = None
[INFO] [stderr]   CMAKE_GENERATOR = None
[INFO] [stderr]   CMAKE_PREFIX_PATH_x86_64-unknown-linux-gnu = None
[INFO] [stderr]   CMAKE_PREFIX_PATH_x86_64_unknown_linux_gnu = None
[INFO] [stderr]   HOST_CMAKE_PREFIX_PATH = None
[INFO] [stderr]   CMAKE_PREFIX_PATH = None
[INFO] [stderr]   CMAKE_x86_64-unknown-linux-gnu = None
[INFO] [stderr]   CMAKE_x86_64_unknown_linux_gnu = None
[INFO] [stderr]   HOST_CMAKE = None
[INFO] [stderr]   CMAKE = None
[INFO] [stderr]   -- The CXX compiler identification is GNU 15.2.0
[INFO] [stderr]   -- The C compiler identification is GNU 15.2.0
[INFO] [stderr]   -- Detecting CXX compiler ABI info
[INFO] [stderr]   -- Detecting CXX compiler ABI info - done
[INFO] [stderr]   -- Check for working CXX compiler: /usr/bin/c++ - skipped
[INFO] [stderr]   -- Detecting CXX compile features
[INFO] [stderr]   -- Detecting CXX compile features - done
[INFO] [stderr]   -- Detecting C compiler ABI info
[INFO] [stderr]   -- Detecting C compiler ABI info - done
[INFO] [stderr]   -- Check for working C compiler: /usr/bin/cc - skipped
[INFO] [stderr]   -- Detecting C compile features
[INFO] [stderr]   -- Detecting C compile features - done
[INFO] [stderr]   -- Multi-threaded mode is enabled: CMAKE_BUILD_PARALLEL_LEVEL=16
[INFO] [stderr]   -- Performing Test CMAKE_HAVE_LIBC_PTHREAD
[INFO] [stderr]   -- Performing Test CMAKE_HAVE_LIBC_PTHREAD - Success
[INFO] [stderr]   -- Found Threads: TRUE
[INFO] [stderr]   -- 64-bit architecture detected
[INFO] [stderr]   -- LBUG_PAGE_SIZE_LOG2: 12
[INFO] [stderr]   -- LBUG_VECTOR_CAPACITY_LOG2: 11
[INFO] [stderr]   -- LBUG_NODE_GROUP_SIZE_LOG2: 17
[INFO] [stderr]   -- LBUG_MAX_SEGMENT_SIZE_LOG2: 18
[INFO] [stderr]   -- Looking for F_FULLFSYNC
[INFO] [stderr]   -- Looking for F_FULLFSYNC - not found
[INFO] [stderr]   -- Looking for fdatasync
[INFO] [stderr]   -- Looking for fdatasync - found
[INFO] [stderr]   -- ✗ F_FULLFSYNC not available
[INFO] [stderr]   -- ✓ fdatasync will be used on this platform
[INFO] [stderr]   -- Build type is 'Debug'
[INFO] [stderr]   -- Performing Test BROTLI_EMSCRIPTEN
[INFO] [stderr]   -- Performing Test BROTLI_EMSCRIPTEN - Failed
[INFO] [stderr]   -- Looking for log2 in m
[INFO] [stderr]   -- Looking for log2 in m - found
[INFO] [stderr]   -- Configuring done (3.4s)
[INFO] [stderr]   -- Generating done (1.2s)
[INFO] [stderr]   -- Build files have been written to: /opt/rustwide/target/debug/build/lbug/ef90b2088134a503/out/build
[INFO] [stderr]   [  0%] Building CXX object third_party/fastpfor/CMakeFiles/fastpfor.dir/fastpfor/bitpacking.cpp.o
[INFO] [stderr]   [  0%] Building C object third_party/brotli/CMakeFiles/brotlicommon.dir/c/common/constants.c.o
[INFO] [stderr]   [  0%] Building CXX object third_party/antlr4_runtime/CMakeFiles/antlr4_runtime.dir/src/ANTLRErrorListener.cpp.o
[INFO] [stderr]   [  0%] Building CXX object third_party/snappy/CMakeFiles/snappy.dir/snappy.cc.o
[INFO] [stderr]   [  0%] Building CXX object third_party/mbedtls/CMakeFiles/mbedtls.dir/library/aes.cpp.o
[INFO] [stderr]   [  0%] Building C object third_party/roaring_bitmap/CMakeFiles/roaring_bitmap.dir/roaring.c.o
[INFO] [stderr]   [  0%] Building C object third_party/simsimd/CMakeFiles/simsimd.dir/lib.c.o
[INFO] [stderr]   [  0%] Building CXX object third_party/parquet/CMakeFiles/parquet.dir/parquet_constants.cpp.o
[INFO] [stderr]   [  0%] Building CXX object third_party/zstd/CMakeFiles/zstd.dir/common/entropy_common.cpp.o
[INFO] [stderr]   [  0%] Building CXX object third_party/re2/CMakeFiles/re2.dir/bitstate.cpp.o
[INFO] [stderr]   [  0%] Building CXX object third_party/utf8proc/CMakeFiles/utf8proc.dir/utf8proc.cpp.o
[INFO] [stderr]   [  0%] Building C object third_party/yyjson/CMakeFiles/yyjson.dir/src/yyjson.c.o
[INFO] [stderr]   [  0%] Building CXX object src/extension/CMakeFiles/lbug_extension.dir/catalog_extension.cpp.o
[INFO] [stderr]   [  0%] Building CXX object third_party/miniz/CMakeFiles/miniz.dir/miniz.cpp.o
[INFO] [stderr]   [  1%] Building CXX object third_party/thrift/CMakeFiles/thrift.dir/protocol/TProtocol.cpp.o
[INFO] [stderr]   [  1%] Building CXX object third_party/lz4/CMakeFiles/lz4.dir/lz4.cpp.o
[INFO] [stderr]   [  1%] Building C object third_party/brotli/CMakeFiles/brotlicommon.dir/c/common/context.c.o
[INFO] [stderr]   [  1%] Building C object third_party/brotli/CMakeFiles/brotlicommon.dir/c/common/dictionary.c.o
[INFO] [stderr]   [  1%] Building CXX object third_party/mbedtls/CMakeFiles/mbedtls.dir/library/aria.cpp.o
[INFO] [stderr]   [  2%] Building CXX object third_party/zstd/CMakeFiles/zstd.dir/common/error_private.cpp.o
[INFO] [stderr]   [  2%] Building CXX object third_party/zstd/CMakeFiles/zstd.dir/common/fse_decompress.cpp.o
[INFO] [stderr]   [  2%] Building C object third_party/brotli/CMakeFiles/brotlicommon.dir/c/common/platform.c.o
[INFO] [stderr]   [  2%] Building CXX object third_party/utf8proc/CMakeFiles/utf8proc.dir/utf8proc_wrapper.cpp.o
[INFO] [stderr]   [  2%] Building C object third_party/brotli/CMakeFiles/brotlicommon.dir/c/common/shared_dictionary.c.o
[INFO] [stderr]   [  2%] Building CXX object third_party/mbedtls/CMakeFiles/mbedtls.dir/library/asn1parse.cpp.o
[INFO] [stderr]   [  2%] Building C object third_party/brotli/CMakeFiles/brotlicommon.dir/c/common/transform.c.o
[INFO] [stderr]   [  2%] Linking C static library libbrotlicommon.a
[INFO] [stderr]   [  2%] Building CXX object third_party/zstd/CMakeFiles/zstd.dir/common/xxhash.cpp.o
[INFO] [stderr]   [  2%] Building CXX object third_party/mbedtls/CMakeFiles/mbedtls.dir/library/base64.cpp.o
[INFO] [stderr]   [  2%] Built target brotlicommon
[INFO] [stderr]   [  2%] Building CXX object third_party/zstd/CMakeFiles/zstd.dir/common/zstd_common.cpp.o
[INFO] [stderr]   [  2%] Building CXX object third_party/mbedtls/CMakeFiles/mbedtls.dir/library/bignum.cpp.o
[INFO] [stderr]   [  2%] Building CXX object third_party/mbedtls/CMakeFiles/mbedtls.dir/library/camellia.cpp.o
[INFO] [stderr]   [  2%] Building CXX object third_party/zstd/CMakeFiles/zstd.dir/compress/fse_compress.cpp.o
[INFO] [stderr]   [  2%] Linking CXX static library libminiz.a
[INFO] [stderr]   [  2%] Linking CXX static library libutf8proc.a
[INFO] [stderr]   [  2%] Building CXX object third_party/re2/CMakeFiles/re2.dir/compile.cpp.o
[INFO] [stderr]   [  2%] Built target miniz
[INFO] [stderr]   [  2%] Building CXX object third_party/antlr4_runtime/CMakeFiles/antlr4_runtime.dir/src/ANTLRErrorStrategy.cpp.o
[INFO] [stderr]   [  2%] Building CXX object third_party/mbedtls/CMakeFiles/mbedtls.dir/library/cipher.cpp.o
[INFO] [stderr]   [  2%] Building CXX object third_party/snappy/CMakeFiles/snappy.dir/snappy-sinksource.cc.o
[INFO] [stderr]   [  3%] Building CXX object third_party/parquet/CMakeFiles/parquet.dir/parquet_types.cpp.o
[INFO] [stderr]   [  3%] Building CXX object third_party/zstd/CMakeFiles/zstd.dir/compress/hist.cpp.o
[INFO] [stderr]   [  3%] Building CXX object third_party/thrift/CMakeFiles/thrift.dir/transport/TTransportException.cpp.o
[INFO] [stderr]   [  3%] Building CXX object third_party/re2/CMakeFiles/re2.dir/dfa.cpp.o
[INFO] [stderr]   [  3%] Built target utf8proc
[INFO] [stderr]   [  4%] Building CXX object third_party/mbedtls/CMakeFiles/mbedtls.dir/library/cipher_wrap.cpp.o
[INFO] [stderr]   [  4%] Building CXX object src/binder/CMakeFiles/lbug_binder.dir/binder.cpp.o
[INFO] [stderr]   [  4%] Building CXX object third_party/mbedtls/CMakeFiles/mbedtls.dir/library/constant_time.cpp.o
[INFO] [stderr]   [  4%] Building CXX object third_party/zstd/CMakeFiles/zstd.dir/compress/huf_compress.cpp.o
[INFO] [stderr]   [  4%] Linking CXX static library libsnappy.a
[INFO] [stderr]   [  4%] Linking CXX static library liblz4.a
[INFO] [stderr]   [  4%] Built target snappy
[INFO] [stderr]   [  4%] Building CXX object third_party/mbedtls/CMakeFiles/mbedtls.dir/library/entropy.cpp.o
[INFO] [stderr]   [  4%] Building CXX object src/extension/CMakeFiles/lbug_extension.dir/extension.cpp.o
[INFO] [stderr]   [  4%] Building CXX object third_party/mbedtls/CMakeFiles/mbedtls.dir/library/entropy_poll.cpp.o
[INFO] [stderr]   [  4%] Building CXX object third_party/mbedtls/CMakeFiles/mbedtls.dir/library/gcm.cpp.o
[INFO] [stderr]   [  4%] Building CXX object third_party/thrift/CMakeFiles/thrift.dir/transport/TBufferTransports.cpp.o
[INFO] [stderr]   [  4%] Building CXX object third_party/zstd/CMakeFiles/zstd.dir/compress/zstd_compress.cpp.o
[INFO] [stderr]   [  4%] Building CXX object third_party/mbedtls/CMakeFiles/mbedtls.dir/library/md.cpp.o
[INFO] [stderr]   [  4%] Building CXX object third_party/zstd/CMakeFiles/zstd.dir/compress/zstd_compress_literals.cpp.o
[INFO] [stderr]   [  4%] Built target lz4
[INFO] [stderr]   [  4%] Building CXX object third_party/re2/CMakeFiles/re2.dir/filtered_re2.cpp.o
[INFO] [stderr]   [  4%] Building CXX object src/binder/CMakeFiles/lbug_binder.dir/binder_scope.cpp.o
[INFO] [stderr]   [  4%] Building CXX object third_party/mbedtls/CMakeFiles/mbedtls.dir/library/oid.cpp.o
[INFO] [stderr]   [  4%] Building CXX object third_party/mbedtls/CMakeFiles/mbedtls.dir/library/pk.cpp.o
[INFO] [stderr]   [  4%] Building CXX object third_party/mbedtls/CMakeFiles/mbedtls.dir/library/pem.cpp.o
[INFO] [stderr]   [  4%] Building CXX object src/binder/CMakeFiles/lbug_binder.dir/bound_statement_result.cpp.o
[INFO] [stderr]   [  4%] Building CXX object third_party/re2/CMakeFiles/re2.dir/mimics_pcre.cpp.o
[INFO] [stderr]   [  4%] Linking C static library libsimsimd.a
[INFO] [stderr]   [  4%] Building CXX object third_party/mbedtls/CMakeFiles/mbedtls.dir/library/pk_wrap.cpp.o
[INFO] [stderr]   [  4%] Building CXX object third_party/zstd/CMakeFiles/zstd.dir/compress/zstd_compress_sequences.cpp.o
[INFO] [stderr]   [  5%] Building CXX object src/binder/CMakeFiles/lbug_binder.dir/bound_scan_source.cpp.o
[INFO] [stderr]   [  6%] Building CXX object third_party/mbedtls/CMakeFiles/mbedtls.dir/library/pkparse.cpp.o
[INFO] [stderr]   [  6%] Built target simsimd
[INFO] [stderr]   [  6%] Building CXX object third_party/re2/CMakeFiles/re2.dir/nfa.cpp.o
[INFO] [stderr]   [  6%] Building CXX object third_party/zstd/CMakeFiles/zstd.dir/compress/zstd_compress_superblock.cpp.o
[INFO] [stderr]   [  6%] Building CXX object src/binder/CMakeFiles/lbug_binder.dir/bound_statement_rewriter.cpp.o
[INFO] [stderr]   [  6%] Building CXX object third_party/mbedtls/CMakeFiles/mbedtls.dir/library/platform_util.cpp.o
[INFO] [stderr]   [  6%] Linking CXX static library libthrift.a
[INFO] [stderr]   [  6%] Building CXX object third_party/mbedtls/CMakeFiles/mbedtls.dir/library/rsa.cpp.o
[INFO] [stderr]   [  6%] Building CXX object src/binder/CMakeFiles/lbug_binder.dir/bound_statement_visitor.cpp.o
[INFO] [stderr]   [  6%] Building CXX object third_party/re2/CMakeFiles/re2.dir/onepass.cpp.o
[INFO] [stderr]   [  7%] Building CXX object third_party/zstd/CMakeFiles/zstd.dir/compress/zstd_double_fast.cpp.o
[INFO] [stderr]   [  7%] Building CXX object third_party/mbedtls/CMakeFiles/mbedtls.dir/library/rsa_alt_helpers.cpp.o
[INFO] [stderr]   [  7%] Building CXX object src/binder/CMakeFiles/lbug_binder.dir/expression_binder.cpp.o
[INFO] [stderr]   [  7%] Built target thrift
[INFO] [stderr]   [  7%] Building CXX object third_party/mbedtls/CMakeFiles/mbedtls.dir/library/sha1.cpp.o
[INFO] [stderr]   [  7%] Building CXX object third_party/zstd/CMakeFiles/zstd.dir/compress/zstd_fast.cpp.o
[INFO] [stderr]   [  7%] Building CXX object third_party/mbedtls/CMakeFiles/mbedtls.dir/library/sha256.cpp.o
[INFO] [stderr]   [  7%] Building CXX object third_party/re2/CMakeFiles/re2.dir/parse.cpp.o
[INFO] [stderr]   [  7%] Linking C static library libyyjson.a
[INFO] [stderr]   [  7%] Building CXX object third_party/mbedtls/CMakeFiles/mbedtls.dir/library/sha512.cpp.o
[INFO] [stderr]   [  7%] Linking CXX static library libmbedtls.a
[INFO] [stderr]   [  8%] Building CXX object third_party/re2/CMakeFiles/re2.dir/perl_groups.cpp.o
[INFO] [stderr]   [  8%] Built target yyjson
[INFO] [stderr]   [  8%] Building CXX object src/binder/CMakeFiles/lbug_binder.dir/expression_visitor.cpp.o
[INFO] [stderr]   [  8%] Building CXX object third_party/re2/CMakeFiles/re2.dir/prefilter.cpp.o
[INFO] [stderr]   [  8%] Building CXX object third_party/zstd/CMakeFiles/zstd.dir/compress/zstd_lazy.cpp.o
[INFO] [stderr]   [  8%] Built target mbedtls
[INFO] [stderr]   [  8%] Building CXX object third_party/re2/CMakeFiles/re2.dir/prefilter_tree.cpp.o
[INFO] [stderr]   [  8%] Building CXX object third_party/re2/CMakeFiles/re2.dir/prog.cpp.o
[INFO] [stderr]   [  8%] Building CXX object third_party/re2/CMakeFiles/re2.dir/re2.cpp.o
[INFO] [stderr]   [  8%] Building CXX object third_party/re2/CMakeFiles/re2.dir/regexp.cpp.o
[INFO] [stderr]   [  8%] Building CXX object third_party/re2/CMakeFiles/re2.dir/set.cpp.o
[INFO] [stderr]   [  8%] Building CXX object third_party/re2/CMakeFiles/re2.dir/simplify.cpp.o
[INFO] [stderr]   [  8%] Building CXX object third_party/zstd/CMakeFiles/zstd.dir/compress/zstd_ldm.cpp.o
[INFO] [stderr]   [  8%] Building CXX object third_party/zstd/CMakeFiles/zstd.dir/compress/zstd_opt.cpp.o
[INFO] [stderr]   [  8%] Building CXX object third_party/re2/CMakeFiles/re2.dir/stringpiece.cpp.o
[INFO] [stderr]   [  8%] Building CXX object third_party/re2/CMakeFiles/re2.dir/tostring.cpp.o
[INFO] [stderr]   [  8%] Building CXX object third_party/zstd/CMakeFiles/zstd.dir/compress/zstd_preSplit.cpp.o
[INFO] [stderr]   [  8%] Building CXX object third_party/re2/CMakeFiles/re2.dir/unicode_casefold.cpp.o
[INFO] [stderr]   [  8%] Building CXX object third_party/zstd/CMakeFiles/zstd.dir/decompress/huf_decompress.cpp.o
[INFO] [stderr]   [  8%] Building CXX object third_party/zstd/CMakeFiles/zstd.dir/decompress/zstd_ddict.cpp.o
[INFO] [stderr]   [  8%] Building CXX object third_party/zstd/CMakeFiles/zstd.dir/decompress/zstd_decompress.cpp.o
[INFO] [stderr]   [  8%] Building CXX object third_party/zstd/CMakeFiles/zstd.dir/decompress/zstd_decompress_block.cpp.o
[INFO] [stderr]   [  9%] Building CXX object third_party/re2/CMakeFiles/re2.dir/unicode_groups.cpp.o
[INFO] [stderr]   [  9%] Building CXX object third_party/re2/CMakeFiles/re2.dir/rune.cpp.o
[INFO] [stderr]   [  9%] Building CXX object third_party/re2/CMakeFiles/re2.dir/strutil.cpp.o
[INFO] [stderr]   [  9%] Linking CXX static library libre2.a
[INFO] [stderr]   [  9%] Built target re2
[INFO] [stderr]   [ 10%] Linking CXX static library libzstd.a
[INFO] [stderr]   [ 10%] Built target zstd
[INFO] [stderr] 
[INFO] [stderr]   --- stderr
[INFO] [stderr]   running: cd "/opt/rustwide/target/debug/build/lbug/ef90b2088134a503/out/build" && CMAKE_PREFIX_PATH="" LC_ALL="C" "cmake" "/opt/rustwide/cargo-home/registry/src/index.crates.io-1949cf8c6b5b557f/lbug-0.15.3/lbug-src" "-B" "/opt/rustwide/target/debug/build/lbug/ef90b2088134a503/out/build" "-DBUILD_SHELL=OFF" "-DBUILD_SINGLE_FILE_HEADER=OFF" "-DAUTO_UPDATE_GRAMMAR=OFF" "-DCMAKE_INSTALL_PREFIX=/opt/rustwide/target/debug/build/lbug/ef90b2088134a503/out" "-DCMAKE_C_FLAGS= -ffunction-sections -fdata-sections -fPIC -m64 -w" "-DCMAKE_C_COMPILER=/usr/bin/cc" "-DCMAKE_CXX_FLAGS= -ffunction-sections -fdata-sections -fPIC -m64 -w" "-DCMAKE_CXX_COMPILER=/usr/bin/c++" "-DCMAKE_ASM_FLAGS= -ffunction-sections -fdata-sections -fPIC -m64 -w" "-DCMAKE_ASM_COMPILER=/usr/bin/cc" "-DCMAKE_BUILD_TYPE=Debug"
[INFO] [stderr]   -- Compiler is not EMSCRIPTEN
[INFO] [stderr]   CMake Warning:
[INFO] [stderr]     Manually-specified variables were not used by the project:
[INFO] [stderr] 
[INFO] [stderr]       CMAKE_ASM_COMPILER
[INFO] [stderr]       CMAKE_ASM_FLAGS
[INFO] [stderr] 
[INFO] [stderr] 
[INFO] [stderr]   running: cd "/opt/rustwide/target/debug/build/lbug/ef90b2088134a503/out/build" && LC_ALL="C" MAKEFLAGS="-j --jobserver-fds=4,5 --jobserver-auth=4,5" "cmake" "--build" "/opt/rustwide/target/debug/build/lbug/ef90b2088134a503/out/build" "--config" "Debug"
[INFO] [stderr]   gmake: warning: -j16 forced in submake: resetting jobserver mode.
[INFO] [stderr]   c++: fatal error: Killed signal terminated program cc1plus
[INFO] [stderr]   compilation terminated.
[INFO] [stderr]   gmake[2]: *** [third_party/antlr4_runtime/CMakeFiles/antlr4_runtime.dir/build.make:79: third_party/antlr4_runtime/CMakeFiles/antlr4_runtime.dir/src/ANTLRErrorListener.cpp.o] Error 1
[INFO] [stderr]   gmake[2]: *** Waiting for unfinished jobs....
[INFO] [stderr]   c++: fatal error: Killed signal terminated program cc1plus
[INFO] [stderr]   compilation terminated.
[INFO] [stderr]   gmake[2]: *** [src/extension/CMakeFiles/lbug_extension.dir/build.make:79: src/extension/CMakeFiles/lbug_extension.dir/catalog_extension.cpp.o] Error 1
[INFO] [stderr]   gmake[2]: *** Waiting for unfinished jobs....
[INFO] [stderr]   cc: fatal error: Killed signal terminated program cc1
[INFO] [stderr]   compilation terminated.
[INFO] [stderr]   gmake[2]: *** [third_party/roaring_bitmap/CMakeFiles/roaring_bitmap.dir/build.make:79: third_party/roaring_bitmap/CMakeFiles/roaring_bitmap.dir/roaring.c.o] Error 1
[INFO] [stderr]   gmake[1]: *** [CMakeFiles/Makefile2:4134: third_party/roaring_bitmap/CMakeFiles/roaring_bitmap.dir/all] Error 2
[INFO] [stderr]   gmake[1]: *** Waiting for unfinished jobs....
[INFO] [stderr]   c++: fatal error: Killed signal terminated program cc1plus
[INFO] [stderr]   compilation terminated.
[INFO] [stderr]   gmake[2]: *** [third_party/fastpfor/CMakeFiles/fastpfor.dir/build.make:79: third_party/fastpfor/CMakeFiles/fastpfor.dir/fastpfor/bitpacking.cpp.o] Error 1
[INFO] [stderr]   gmake[1]: *** [CMakeFiles/Makefile2:3046: third_party/fastpfor/CMakeFiles/fastpfor.dir/all] Error 2
[INFO] [stderr]   c++: fatal error: Killed signal terminated program cc1plus
[INFO] [stderr]   compilation terminated.
[INFO] [stderr]   gmake[2]: *** [third_party/parquet/CMakeFiles/parquet.dir/build.make:93: third_party/parquet/CMakeFiles/parquet.dir/parquet_types.cpp.o] Error 1
[INFO] [stderr]   gmake[1]: *** [CMakeFiles/Makefile2:3174: third_party/parquet/CMakeFiles/parquet.dir/all] Error 2
[INFO] [stderr]   gmake[1]: *** [CMakeFiles/Makefile2:2918: third_party/antlr4_runtime/CMakeFiles/antlr4_runtime.dir/all] Error 2
[INFO] [stderr]   c++: fatal error: Killed signal terminated program cc1plus
[INFO] [stderr]   compilation terminated.
[INFO] [stderr]   gmake[2]: *** [src/binder/CMakeFiles/lbug_binder.dir/build.make:79: src/binder/CMakeFiles/lbug_binder.dir/binder.cpp.o] Error 1
[INFO] [stderr]   gmake[2]: *** Waiting for unfinished jobs....
[INFO] [stderr]   c++: fatal error: Killed signal terminated program cc1plus
[INFO] [stderr]   compilation terminated.
[INFO] [stderr]   gmake[2]: *** [src/extension/CMakeFiles/lbug_extension.dir/build.make:93: src/extension/CMakeFiles/lbug_extension.dir/extension.cpp.o] Error 1
[INFO] [stderr]   gmake[1]: *** [CMakeFiles/Makefile2:7754: src/extension/CMakeFiles/lbug_extension.dir/all] Error 2
[INFO] [stderr]   c++: fatal error: Killed signal terminated program cc1plus
[INFO] [stderr]   compilation terminated.
[INFO] [stderr]   gmake[2]: *** [src/binder/CMakeFiles/lbug_binder.dir/build.make:93: src/binder/CMakeFiles/lbug_binder.dir/binder_scope.cpp.o] Error 1
[INFO] [stderr]   c++: fatal error: Killed signal terminated program cc1plus
[INFO] [stderr]   compilation terminated.
[INFO] [stderr]   gmake[2]: *** [src/binder/CMakeFiles/lbug_binder.dir/build.make:107: src/binder/CMakeFiles/lbug_binder.dir/bound_statement_result.cpp.o] Error 1
[INFO] [stderr]   c++: fatal error: Killed signal terminated program cc1plus
[INFO] [stderr]   compilation terminated.
[INFO] [stderr]   gmake[2]: *** [src/binder/CMakeFiles/lbug_binder.dir/build.make:135: src/binder/CMakeFiles/lbug_binder.dir/bound_statement_rewriter.cpp.o] Error 1
[INFO] [stderr]   c++: fatal error: Killed signal terminated program cc1plus
[INFO] [stderr]   compilation terminated.
[INFO] [stderr]   gmake[2]: *** [src/binder/CMakeFiles/lbug_binder.dir/build.make:149: src/binder/CMakeFiles/lbug_binder.dir/bound_statement_visitor.cpp.o] Error 1
[INFO] [stderr]   c++: fatal error: Killed signal terminated program cc1plus
[INFO] [stderr]   compilation terminated.
[INFO] [stderr]   gmake[2]: *** [src/binder/CMakeFiles/lbug_binder.dir/build.make:163: src/binder/CMakeFiles/lbug_binder.dir/expression_binder.cpp.o] Error 1
[INFO] [stderr]   gmake[1]: *** [CMakeFiles/Makefile2:4650: src/binder/CMakeFiles/lbug_binder.dir/all] Error 2
[INFO] [stderr]   gmake: *** [Makefile:136: all] Error 2
[INFO] [stderr] 
[INFO] [stderr]   thread 'main' (916) panicked at /opt/rustwide/cargo-home/registry/src/index.crates.io-1949cf8c6b5b557f/cmake-0.1.58/src/lib.rs:1132:5:
[INFO] [stderr] 
[INFO] [stderr]   command did not execute successfully, got: exit status: 2
[INFO] [stderr] 
[INFO] [stderr]   build script failed, must exit now
[INFO] [stderr]   stack backtrace:
[INFO] [stderr]      0:     0x57fa1ba26a11 - std[6ef242c1f0979732]::backtrace_rs::backtrace::libunwind::trace
[INFO] [stderr]                                  at /rustc/0335fc7ee9e33d92e03d99f3e2fb0fe6119f3cc0/library/std/src/../../backtrace/src/backtrace/libunwind.rs:117:9
[INFO] [stderr]      1:     0x57fa1ba26a11 - std[6ef242c1f0979732]::backtrace_rs::backtrace::trace_unsynchronized::<std[6ef242c1f0979732]::sys::backtrace::_print_fmt::{closure#1}>
[INFO] [stderr]                                  at /rustc/0335fc7ee9e33d92e03d99f3e2fb0fe6119f3cc0/library/std/src/../../backtrace/src/backtrace/mod.rs:66:14
[INFO] [stderr]      2:     0x57fa1ba26a11 - std[6ef242c1f0979732]::sys::backtrace::_print_fmt
[INFO] [stderr]                                  at /rustc/0335fc7ee9e33d92e03d99f3e2fb0fe6119f3cc0/library/std/src/sys/backtrace.rs:74:9
[INFO] [stderr]      3:     0x57fa1ba26a11 - <<std[6ef242c1f0979732]::sys::backtrace::BacktraceLock>::print::DisplayBacktrace as core[df73c6affdc16dad]::fmt::Display>::fmt
[INFO] [stderr]                                  at /rustc/0335fc7ee9e33d92e03d99f3e2fb0fe6119f3cc0/library/std/src/sys/backtrace.rs:44:26
[INFO] [stderr]      4:     0x57fa1ba3c74a - <core[df73c6affdc16dad]::fmt::rt::Argument>::fmt
[INFO] [stderr]                                  at /rustc/0335fc7ee9e33d92e03d99f3e2fb0fe6119f3cc0/library/core/src/fmt/rt.rs:152:76
[INFO] [stderr]      5:     0x57fa1ba3c74a - core[df73c6affdc16dad]::fmt::write
[INFO] [stderr]      6:     0x57fa1ba2cccc - core[df73c6affdc16dad]::io::write::default_write_fmt::<std[6ef242c1f0979732]::sys::stdio::unix::Stderr>
[INFO] [stderr]                                  at /rustc/0335fc7ee9e33d92e03d99f3e2fb0fe6119f3cc0/library/core/src/io/write.rs:402:11
[INFO] [stderr]      7:     0x57fa1ba2cccc - <std[6ef242c1f0979732]::sys::stdio::unix::Stderr as core[df73c6affdc16dad]::io::write::Write>::write_fmt
[INFO] [stderr]                                  at /rustc/0335fc7ee9e33d92e03d99f3e2fb0fe6119f3cc0/library/core/src/io/write.rs:335:13
[INFO] [stderr]      8:     0x57fa1ba033f6 - <std[6ef242c1f0979732]::sys::backtrace::BacktraceLock>::print
[INFO] [stderr]                                  at /rustc/0335fc7ee9e33d92e03d99f3e2fb0fe6119f3cc0/library/std/src/sys/backtrace.rs:47:9
[INFO] [stderr]      9:     0x57fa1ba033f6 - std[6ef242c1f0979732]::panicking::default_hook::{closure#0}
[INFO] [stderr]                                  at /rustc/0335fc7ee9e33d92e03d99f3e2fb0fe6119f3cc0/library/std/src/panicking.rs:289:27
[INFO] [stderr]     10:     0x57fa1ba1fb61 - std[6ef242c1f0979732]::panicking::default_hook
[INFO] [stderr]                                  at /rustc/0335fc7ee9e33d92e03d99f3e2fb0fe6119f3cc0/library/std/src/panicking.rs:316:9
[INFO] [stderr]     11:     0x57fa1ba1fe8b - std[6ef242c1f0979732]::panicking::panic_with_hook
[INFO] [stderr]                                  at /rustc/0335fc7ee9e33d92e03d99f3e2fb0fe6119f3cc0/library/std/src/panicking.rs:811:13
[INFO] [stderr]     12:     0x57fa1ba034a2 - std[6ef242c1f0979732]::panicking::panic_handler::{closure#0}
[INFO] [stderr]                                  at /rustc/0335fc7ee9e33d92e03d99f3e2fb0fe6119f3cc0/library/std/src/panicking.rs:685:13
[INFO] [stderr]     13:     0x57fa1b9faf69 - std[6ef242c1f0979732]::sys::backtrace::__rust_end_short_backtrace::<std[6ef242c1f0979732]::panicking::panic_handler::{closure#0}, !>
[INFO] [stderr]                                  at /rustc/0335fc7ee9e33d92e03d99f3e2fb0fe6119f3cc0/library/std/src/sys/backtrace.rs:182:18
[INFO] [stderr]     14:     0x57fa1ba03fdd - __rustc[db1a081c10ab11d6]::rust_begin_unwind
[INFO] [stderr]                                  at /rustc/0335fc7ee9e33d92e03d99f3e2fb0fe6119f3cc0/library/std/src/panicking.rs:676:5
[INFO] [stderr]     15:     0x57fa1ba3cfec - core[df73c6affdc16dad]::panicking::panic_fmt
[INFO] [stderr]                                  at /rustc/0335fc7ee9e33d92e03d99f3e2fb0fe6119f3cc0/library/core/src/panicking.rs:80:14
[INFO] [stderr]     16:     0x57fa1b97d1e7 - cmake[ae077743653742f2]::fail
[INFO] [stderr]     17:     0x57fa1b97ce73 - cmake[ae077743653742f2]::run
[INFO] [stderr]     18:     0x57fa1b982e55 - <cmake[ae077743653742f2]::Config>::build
[INFO] [stderr]     19:     0x57fa1b73953b - build_script_build[53357a6008082401]::build_bundled_cmake
[INFO] [stderr]     20:     0x57fa1b73a729 - build_script_build[53357a6008082401]::main
[INFO] [stderr]     21:     0x57fa1b73d1a3 - <fn() as core[df73c6affdc16dad]::ops::function::FnOnce<()>>::call_once
[INFO] [stderr]     22:     0x57fa1b737cf6 - std[6ef242c1f0979732]::sys::backtrace::__rust_begin_short_backtrace::<fn(), ()>
[INFO] [stderr]     23:     0x57fa1b737fe9 - std[6ef242c1f0979732]::rt::lang_start::<()>::{closure#0}
[INFO] [stderr]     24:     0x57fa1ba1ee58 - <&dyn core[df73c6affdc16dad]::ops::function::Fn<(), Output = i32> + core[df73c6affdc16dad]::panic::unwind_safe::RefUnwindSafe + core[df73c6affdc16dad]::marker::Sync as core[df73c6affdc16dad]::ops::function::FnOnce<()>>::call_once
[INFO] [stderr]                                  at /rustc/0335fc7ee9e33d92e03d99f3e2fb0fe6119f3cc0/library/core/src/ops/function.rs:287:21
[INFO] [stderr]     25:     0x57fa1ba1ee58 - std[6ef242c1f0979732]::panicking::catch_unwind::do_call::<&dyn core[df73c6affdc16dad]::ops::function::Fn<(), Output = i32> + core[df73c6affdc16dad]::panic::unwind_safe::RefUnwindSafe + core[df73c6affdc16dad]::marker::Sync, i32>
[INFO] [stderr]                                  at /rustc/0335fc7ee9e33d92e03d99f3e2fb0fe6119f3cc0/library/std/src/panicking.rs:573:43
[INFO] [stderr]     26:     0x57fa1ba1ee58 - std[6ef242c1f0979732]::panicking::catch_unwind::<i32, &dyn core[df73c6affdc16dad]::ops::function::Fn<(), Output = i32> + core[df73c6affdc16dad]::panic::unwind_safe::RefUnwindSafe + core[df73c6affdc16dad]::marker::Sync>
[INFO] [stderr]                                  at /rustc/0335fc7ee9e33d92e03d99f3e2fb0fe6119f3cc0/library/std/src/panicking.rs:541:19
[INFO] [stderr]     27:     0x57fa1ba1ee58 - std[6ef242c1f0979732]::panic::catch_unwind::<&dyn core[df73c6affdc16dad]::ops::function::Fn<(), Output = i32> + core[df73c6affdc16dad]::panic::unwind_safe::RefUnwindSafe + core[df73c6affdc16dad]::marker::Sync, i32>
[INFO] [stderr]                                  at /rustc/0335fc7ee9e33d92e03d99f3e2fb0fe6119f3cc0/library/std/src/panic.rs:359:14
[INFO] [stderr]     28:     0x57fa1ba1ee58 - std[6ef242c1f0979732]::rt::lang_start_internal::{closure#0}
[INFO] [stderr]                                  at /rustc/0335fc7ee9e33d92e03d99f3e2fb0fe6119f3cc0/library/std/src/rt.rs:175:24
[INFO] [stderr]     29:     0x57fa1ba1ee58 - std[6ef242c1f0979732]::panicking::catch_unwind::do_call::<std[6ef242c1f0979732]::rt::lang_start_internal::{closure#0}, isize>
[INFO] [stderr]                                  at /rustc/0335fc7ee9e33d92e03d99f3e2fb0fe6119f3cc0/library/std/src/panicking.rs:573:43
[INFO] [stderr]     30:     0x57fa1ba1ee58 - std[6ef242c1f0979732]::panicking::catch_unwind::<isize, std[6ef242c1f0979732]::rt::lang_start_internal::{closure#0}>
[INFO] [stderr]                                  at /rustc/0335fc7ee9e33d92e03d99f3e2fb0fe6119f3cc0/library/std/src/panicking.rs:541:19
[INFO] [stderr]     31:     0x57fa1ba1ee58 - std[6ef242c1f0979732]::panic::catch_unwind::<std[6ef242c1f0979732]::rt::lang_start_internal::{closure#0}, isize>
[INFO] [stderr]                                  at /rustc/0335fc7ee9e33d92e03d99f3e2fb0fe6119f3cc0/library/std/src/panic.rs:359:14
[INFO] [stderr]     32:     0x57fa1ba1ee58 - std[6ef242c1f0979732]::rt::lang_start_internal
[INFO] [stderr]                                  at /rustc/0335fc7ee9e33d92e03d99f3e2fb0fe6119f3cc0/library/std/src/rt.rs:171:5
[INFO] [stderr]     33:     0x57fa1b7375e1 - std[6ef242c1f0979732]::rt::lang_start::<()>
[INFO] [stderr]     34:     0x57fa1b73d2e5 - main
[INFO] [stderr]     35:     0x75b43a115601 - <unknown>
[INFO] [stderr]     36:     0x75b43a115718 - __libc_start_main
[INFO] [stderr]     37:     0x57fa1b7353f5 - _start
[INFO] [stderr]     38:                0x0 - <unknown>
[INFO] running `Command { std: "docker" "inspect" "0ffc7b9fc73d4eacc78dd8a750b6f7976e365a448a6d1cf13bc081209938cfd2", kill_on_drop: false }`
[INFO] running `Command { std: "docker" "rm" "-f" "0ffc7b9fc73d4eacc78dd8a750b6f7976e365a448a6d1cf13bc081209938cfd2", kill_on_drop: false }`
[INFO] [stdout] 0ffc7b9fc73d4eacc78dd8a750b6f7976e365a448a6d1cf13bc081209938cfd2
