[INFO] cloning repository https://github.com/netrome/branswers
[INFO] running `Command { std: "git" "-c" "credential.helper=" "-c" "credential.helper=/workspace/cargo-home/bin/git-credential-null" "clone" "--bare" "https://github.com/netrome/branswers" "/workspace/cache/git-repos/https%3A%2F%2Fgithub.com%2Fnetrome%2Fbranswers", kill_on_drop: false }`
[INFO] [stderr] Cloning into bare repository '/workspace/cache/git-repos/https%3A%2F%2Fgithub.com%2Fnetrome%2Fbranswers'...
[INFO] running `Command { std: "git" "rev-parse" "HEAD", kill_on_drop: false }`
[INFO] [stdout] 8c35f9e0e96f5e887efbdd56b946afd5cb2451a3
[INFO] checking netrome/branswers against 0335fc7ee9e33d92e03d99f3e2fb0fe6119f3cc0 for pr-158915-1
[INFO] running `Command { std: "git" "clone" "/workspace/cache/git-repos/https%3A%2F%2Fgithub.com%2Fnetrome%2Fbranswers" "/workspace/builds/worker-0-tc2/source", kill_on_drop: false }`
[INFO] [stderr] Cloning into '/workspace/builds/worker-0-tc2/source'...
[INFO] [stderr] done.
[INFO] started tweaking git repo https://github.com/netrome/branswers
[INFO] finished tweaking git repo https://github.com/netrome/branswers
[INFO] tweaked toml for git repo https://github.com/netrome/branswers written to /workspace/builds/worker-0-tc2/source/Cargo.toml
[INFO] validating manifest of git repo https://github.com/netrome/branswers on toolchain 0335fc7ee9e33d92e03d99f3e2fb0fe6119f3cc0
[INFO] running `Command { std: CARGO_HOME="/workspace/cargo-home" RUSTUP_HOME="/workspace/rustup-home" "/workspace/cargo-home/bin/cargo" "+0335fc7ee9e33d92e03d99f3e2fb0fe6119f3cc0" "metadata" "--manifest-path" "Cargo.toml" "--no-deps", kill_on_drop: false }`
[INFO] crate git repo https://github.com/netrome/branswers already has a lockfile, it will not be regenerated
[INFO] running `Command { std: CARGO_HOME="/workspace/cargo-home" RUSTUP_HOME="/workspace/rustup-home" "/workspace/cargo-home/bin/cargo" "+0335fc7ee9e33d92e03d99f3e2fb0fe6119f3cc0" "fetch" "--manifest-path" "Cargo.toml", kill_on_drop: false }`
[INFO] [stderr]     Blocking waiting for file lock on package cache
[INFO] [stderr]     Updating crates.io index
[INFO] [stderr]     Blocking waiting for file lock on package cache
[ERROR] error running command: no output for 300 seconds
[INFO] checking netrome/branswers against 0335fc7ee9e33d92e03d99f3e2fb0fe6119f3cc0 for pr-158915-1
[INFO] running `Command { std: "git" "clone" "/workspace/cache/git-repos/https%3A%2F%2Fgithub.com%2Fnetrome%2Fbranswers" "/workspace/builds/worker-0-tc2/source", kill_on_drop: false }`
[INFO] [stderr] Cloning into '/workspace/builds/worker-0-tc2/source'...
[INFO] [stderr] done.
[INFO] started tweaking git repo https://github.com/netrome/branswers
[INFO] finished tweaking git repo https://github.com/netrome/branswers
[INFO] tweaked toml for git repo https://github.com/netrome/branswers written to /workspace/builds/worker-0-tc2/source/Cargo.toml
[INFO] validating manifest of git repo https://github.com/netrome/branswers on toolchain 0335fc7ee9e33d92e03d99f3e2fb0fe6119f3cc0
[INFO] running `Command { std: CARGO_HOME="/workspace/cargo-home" RUSTUP_HOME="/workspace/rustup-home" "/workspace/cargo-home/bin/cargo" "+0335fc7ee9e33d92e03d99f3e2fb0fe6119f3cc0" "metadata" "--manifest-path" "Cargo.toml" "--no-deps", kill_on_drop: false }`
[INFO] crate git repo https://github.com/netrome/branswers already has a lockfile, it will not be regenerated
[INFO] running `Command { std: CARGO_HOME="/workspace/cargo-home" RUSTUP_HOME="/workspace/rustup-home" "/workspace/cargo-home/bin/cargo" "+0335fc7ee9e33d92e03d99f3e2fb0fe6119f3cc0" "fetch" "--manifest-path" "Cargo.toml", kill_on_drop: false }`
[INFO] [stderr]     Blocking waiting for file lock on package cache
[INFO] [stderr]     Blocking waiting for file lock on package cache
[INFO] [stderr]  Downloading crates ...
[INFO] [stderr]   Downloaded thiserror v1.0.21
[INFO] [stderr]   Downloaded cmake v0.1.44
[INFO] [stderr]   Downloaded ordered-float v2.0.0
[INFO] [stderr]   Downloaded dirs v3.0.1
[INFO] [stderr]   Downloaded thiserror-impl v1.0.21
[INFO] [stderr]   Downloaded zip-extensions v0.5.0
[INFO] [stderr]   Downloaded bzip2 v0.3.3
[INFO] [stderr]   Downloaded filetime v0.2.12
[INFO] [stderr]   Downloaded futures-core v0.3.6
[INFO] [stderr]   Downloaded rustc-demangle v0.1.17
[INFO] [stderr]   Downloaded matrixmultiply v0.2.3
[INFO] [stderr]   Downloaded arrayvec v0.5.1
[INFO] [stderr]   Downloaded pin-project-lite v0.1.10
[INFO] [stderr]   Downloaded futures-sink v0.3.6
[INFO] [stderr]   Downloaded terminal_size v0.1.13
[INFO] [stderr]   Downloaded futures-task v0.3.6
[INFO] [stderr]   Downloaded futures-io v0.3.6
[INFO] [stderr]   Downloaded zip v0.5.8
[INFO] [stderr]   Downloaded blake2b_simd v0.5.10
[INFO] [stderr]   Downloaded half v1.6.0
[INFO] [stderr]   Downloaded pear v0.1.4
[INFO] [stderr]   Downloaded pin-project-internal v0.4.26
[INFO] [stderr]   Downloaded subtle v2.3.0
[INFO] [stderr]   Downloaded rust-argon2 v0.8.2
[INFO] [stderr]   Downloaded tar v0.4.30
[INFO] [stderr]   Downloaded console v0.12.0
[INFO] [stderr]   Downloaded termios v0.3.2
[INFO] [stderr]   Downloaded zeroize v1.1.1
[INFO] [stderr]   Downloaded futures-channel v0.3.6
[INFO] [stderr]   Downloaded cc v1.0.61
[INFO] [stderr]   Downloaded backtrace v0.3.52
[INFO] [stderr]   Downloaded cached-path v0.4.5
[INFO] [stderr]   Downloaded rocket_contrib v0.4.5
[INFO] [stderr]   Downloaded tracing v0.1.21
[INFO] [stderr]   Downloaded rayon-core v1.8.1
[INFO] [stderr]   Downloaded pin-project v0.4.26
[INFO] [stderr]   Downloaded rocket_http v0.4.5
[INFO] [stderr]   Downloaded rocket_codegen v0.4.5
[INFO] [stderr]   Downloaded curl v0.4.33
[INFO] [stderr]   Downloaded serde_json v1.0.58
[INFO] [stderr]   Downloaded protobuf v2.14.0
[INFO] [stderr]   Downloaded futures-util v0.3.6
[INFO] [stderr]   Downloaded hyper v0.13.8
[INFO] [stderr]   Downloaded rocket v0.4.5
[INFO] [stderr]   Downloaded torch-sys v0.2.1
[INFO] [stderr]   Downloaded rayon v1.4.1
[INFO] [stderr]   Downloaded rust-bert v0.10.0
[INFO] [stderr]   Downloaded syn v1.0.43
[INFO] [stderr]   Downloaded ndarray v0.13.1
[INFO] [stderr]   Downloaded bstr v0.2.13
[INFO] [stderr]   Downloaded libc v0.2.79
[INFO] [stderr]   Downloaded tch v0.2.1
[INFO] [stderr]   Downloaded bzip2-sys v0.1.9+1.0.8
[INFO] [stderr]   Downloaded csv v1.1.3
[INFO] [stderr]   Downloaded curl-sys v0.4.36+curl-7.71.1
[INFO] [stderr]   Downloaded rust_tokenizers v5.0.1
[INFO] running `Command { std: "docker" "create" "-v" "/var/lib/crater-agent-workspace/builds/worker-0-tc2/source:/opt/rustwide/workdir:ro,Z" "-v" "/var/lib/crater-agent-workspace/builds/worker-0-tc2/target:/opt/rustwide/target:rw,Z" "-v" "/var/lib/crater-agent-workspace/cargo-home:/opt/rustwide/cargo-home:ro,Z" "-v" "/var/lib/crater-agent-workspace/rustup-home:/opt/rustwide/rustup-home:ro,Z" "-m" "1610612736" "--network" "none" "ghcr.io/rust-lang/crates-build-env/linux@sha256:8683fc1fc2eb5c9ac98e0d076ab094b2ffac7f99da555d2b6a2e27f346de2ec7" "sleep" "infinity", kill_on_drop: false }`
[INFO] [stdout] f228ff01cc5fba7e4e8bb7b9f0e318754acf21bb9df3322abf53fd8858f5c626
[INFO] running `Command { std: "docker" "start" "f228ff01cc5fba7e4e8bb7b9f0e318754acf21bb9df3322abf53fd8858f5c626", kill_on_drop: false }`
[INFO] running `Command { std: "docker" "inspect" "f228ff01cc5fba7e4e8bb7b9f0e318754acf21bb9df3322abf53fd8858f5c626", kill_on_drop: false }`
[INFO] running `Command { std: "docker" "exec" "-e" "SOURCE_DIR=/opt/rustwide/workdir" "-e" "CARGO_HOME=/opt/rustwide/cargo-home" "-e" "RUSTUP_HOME=/opt/rustwide/rustup-home" "-e" "CARGO_TARGET_DIR=/opt/rustwide/target" "-w" "/opt/rustwide/workdir" "--user" "0:0" "f228ff01cc5fba7e4e8bb7b9f0e318754acf21bb9df3322abf53fd8858f5c626" "/opt/rustwide/cargo-home/bin/cargo" "+0335fc7ee9e33d92e03d99f3e2fb0fe6119f3cc0" "metadata" "--no-deps" "--format-version=1", kill_on_drop: false }`
[INFO] running `Command { std: "docker" "inspect" "f228ff01cc5fba7e4e8bb7b9f0e318754acf21bb9df3322abf53fd8858f5c626", kill_on_drop: false }`
[INFO] running `Command { std: "docker" "exec" "-e" "SOURCE_DIR=/opt/rustwide/workdir" "-e" "CARGO_HOME=/opt/rustwide/cargo-home" "-e" "RUSTUP_HOME=/opt/rustwide/rustup-home" "-e" "CARGO_TARGET_DIR=/opt/rustwide/target" "-e" "CARGO_INCREMENTAL=0" "-e" "RUST_BACKTRACE=full" "-e" "RUSTFLAGS=--cap-lints=forbid" "-e" "RUSTDOCFLAGS=--cap-lints=forbid" "-w" "/opt/rustwide/workdir" "--user" "0:0" "f228ff01cc5fba7e4e8bb7b9f0e318754acf21bb9df3322abf53fd8858f5c626" "/opt/rustwide/cargo-home/bin/cargo" "+0335fc7ee9e33d92e03d99f3e2fb0fe6119f3cc0" "check" "--frozen" "--all" "--all-targets" "--message-format=json", kill_on_drop: false }`
[INFO] [stderr]    Compiling libc v0.2.79
[INFO] [stderr]    Compiling typenum v1.12.0
[INFO] [stderr]    Compiling byteorder v1.3.4
[INFO] [stderr]    Compiling cc v1.0.61
[INFO] [stderr]    Compiling pkg-config v0.3.18
[INFO] [stderr]    Compiling syn v1.0.43
[INFO] [stderr]    Compiling version_check v0.9.2
[INFO] [stderr]    Compiling log v0.4.11
[INFO] [stderr]    Compiling cfg-if v0.1.10
[INFO] [stderr]    Compiling memchr v2.3.3
[INFO] [stderr]    Compiling getrandom v0.1.15
[INFO] [stderr]    Compiling bitflags v1.2.1
[INFO] [stderr]    Compiling httparse v1.3.4
[INFO] [stderr]    Compiling proc-macro2 v0.4.30
[INFO] [stderr]    Compiling indexmap v1.6.0
[INFO] [stderr]    Compiling yansi v0.5.0
[INFO] [stderr]    Compiling crc32fast v1.2.0
[INFO] [stderr]    Compiling serde_derive v1.0.116
[INFO] [stderr]     Checking tinyvec v0.3.4
[INFO] [stderr]     Checking slab v0.4.2
[INFO] [stderr]     Checking itoa v0.4.6
[INFO] [stderr]    Compiling serde v1.0.116
[INFO] [stderr]     Checking matches v0.1.8
[INFO] [stderr]    Compiling syn v0.15.44
[INFO] [stderr]     Checking unicode-bidi v0.3.4
[INFO] [stderr]     Checking futures-core v0.3.6
[INFO] [stderr]     Checking unicode-normalization v0.1.13
[INFO] [stderr]     Checking ppv-lite86 v0.2.9
[INFO] [stderr]    Compiling version_check v0.1.5
[INFO] [stderr]     Checking hashbrown v0.9.1
[INFO] [stderr]     Checking pin-project-lite v0.1.10
[INFO] [stderr]    Compiling quote v0.6.13
[INFO] [stderr]    Compiling pin-project-internal v0.4.26
[INFO] [stderr]    Compiling unicase v2.6.0
[INFO] [stderr]    Compiling unicase v1.4.2
[INFO] [stderr]     Checking num_cpus v1.13.0
[INFO] [stderr]     Checking net2 v0.2.35
[INFO] [stderr]     Checking iovec v0.1.4
[INFO] [stderr]    Compiling openssl-sys v0.9.58
[INFO] [stderr]    Compiling bzip2-sys v0.1.9+1.0.8
[INFO] [stderr]    Compiling libz-sys v1.1.2
[INFO] [stderr]     Checking rand_core v0.5.1
[INFO] [stderr]    Compiling time v0.1.44
[INFO] [stderr]    Compiling curl-sys v0.4.36+curl-7.71.1
[INFO] [stderr]     Checking mio v0.6.22
[INFO] [stderr]    Compiling pear_codegen v0.1.4
[INFO] [stderr]    Compiling miniz_oxide v0.4.3
[INFO] [stderr]    Compiling crossbeam-utils v0.7.2
[INFO] [stderr]    Compiling maybe-uninit v2.0.0
[INFO] [stderr]    Compiling opaque-debug v0.2.3
[INFO] [stderr]    Compiling subtle v2.3.0
[INFO] [stderr]     Checking rand_chacha v0.2.2
[INFO] [stderr]    Compiling memoffset v0.5.6
[INFO] [stderr]    Compiling num-traits v0.2.12
[INFO] [stderr]    Compiling byte-tools v0.3.1
[INFO] [stderr]    Compiling openssl v0.10.30
[INFO] [stderr]    Compiling failure_derive v0.1.8
[INFO] [stderr]    Compiling subtle v1.0.0
[INFO] [stderr]     Checking rand v0.7.3
[INFO] [stderr]    Compiling gimli v0.22.0
[INFO] [stderr]    Compiling adler32 v1.2.0
[INFO] [stderr]     Checking once_cell v1.4.1
[INFO] [stderr]    Compiling adler v0.2.3
[INFO] [stderr]    Compiling miniz_oxide v0.3.7
[INFO] [stderr]    Compiling generic-array v0.12.3
[INFO] [stderr]     Checking futures-task v0.3.6
[INFO] [stderr] warning: openssl-sys@0.9.58: build/expando.c:4:24: error: pasting "RUST_VERSION_OPENSSL_" and "(" does not give a valid preprocessing token
[INFO] [stderr] warning: openssl-sys@0.9.58:     4 | #define VERSION2(n, v) RUST_VERSION_##n##_##v
[INFO] [stderr] warning: openssl-sys@0.9.58:       |                        ^~~~~~~~~~~~~
[INFO] [stderr] warning: openssl-sys@0.9.58: build/expando.c:5:23: note: in expansion of macro 'VERSION2'
[INFO] [stderr] warning: openssl-sys@0.9.58:     5 | #define VERSION(n, v) VERSION2(n, v)
[INFO] [stderr] warning: openssl-sys@0.9.58:       |                       ^~~~~~~~
[INFO] [stderr] warning: openssl-sys@0.9.58: build/expando.c:10:1: note: in expansion of macro 'VERSION'
[INFO] [stderr] warning: openssl-sys@0.9.58:    10 | VERSION(OPENSSL, OPENSSL_VERSION_NUMBER)
[INFO] [stderr] warning: openssl-sys@0.9.58:       | ^~~~~~~
[INFO] [stderr] error: failed to run custom build command for `openssl-sys v0.9.58`
[INFO] [stderr] note: To improve backtraces for build dependencies, set the CARGO_PROFILE_DEV_BUILD_OVERRIDE_DEBUG=true environment variable to enable debug information generation.
[INFO] [stderr] 
[INFO] [stderr] Caused by:
[INFO] [stderr]   process didn't exit successfully: `/opt/rustwide/target/debug/build/openssl-sys/bad65f5f70399d53/out/build_script_main` (exit status: 101)
[INFO] [stderr]   --- stdout
[INFO] [stderr]   cargo:rustc-cfg=const_fn
[INFO] [stderr]   cargo:rerun-if-env-changed=X86_64_UNKNOWN_LINUX_GNU_OPENSSL_LIB_DIR
[INFO] [stderr]   X86_64_UNKNOWN_LINUX_GNU_OPENSSL_LIB_DIR unset
[INFO] [stderr]   cargo:rerun-if-env-changed=OPENSSL_LIB_DIR
[INFO] [stderr]   OPENSSL_LIB_DIR unset
[INFO] [stderr]   cargo:rerun-if-env-changed=X86_64_UNKNOWN_LINUX_GNU_OPENSSL_INCLUDE_DIR
[INFO] [stderr]   X86_64_UNKNOWN_LINUX_GNU_OPENSSL_INCLUDE_DIR unset
[INFO] [stderr]   cargo:rerun-if-env-changed=OPENSSL_INCLUDE_DIR
[INFO] [stderr]   OPENSSL_INCLUDE_DIR unset
[INFO] [stderr]   cargo:rerun-if-env-changed=X86_64_UNKNOWN_LINUX_GNU_OPENSSL_DIR
[INFO] [stderr]   X86_64_UNKNOWN_LINUX_GNU_OPENSSL_DIR unset
[INFO] [stderr]   cargo:rerun-if-env-changed=OPENSSL_DIR
[INFO] [stderr]   OPENSSL_DIR unset
[INFO] [stderr]   cargo:rerun-if-env-changed=OPENSSL_NO_PKG_CONFIG
[INFO] [stderr]   cargo:rerun-if-env-changed=PKG_CONFIG
[INFO] [stderr]   cargo:rerun-if-env-changed=OPENSSL_STATIC
[INFO] [stderr]   cargo:rerun-if-env-changed=OPENSSL_DYNAMIC
[INFO] [stderr]   cargo:rerun-if-env-changed=PKG_CONFIG_ALL_STATIC
[INFO] [stderr]   cargo:rerun-if-env-changed=PKG_CONFIG_ALL_DYNAMIC
[INFO] [stderr]   cargo:rerun-if-env-changed=PKG_CONFIG_PATH_x86_64-unknown-linux-gnu
[INFO] [stderr]   cargo:rerun-if-env-changed=PKG_CONFIG_PATH_x86_64_unknown_linux_gnu
[INFO] [stderr]   cargo:rerun-if-env-changed=HOST_PKG_CONFIG_PATH
[INFO] [stderr]   cargo:rerun-if-env-changed=PKG_CONFIG_PATH
[INFO] [stderr]   cargo:rerun-if-env-changed=PKG_CONFIG_LIBDIR_x86_64-unknown-linux-gnu
[INFO] [stderr]   cargo:rerun-if-env-changed=PKG_CONFIG_LIBDIR_x86_64_unknown_linux_gnu
[INFO] [stderr]   cargo:rerun-if-env-changed=HOST_PKG_CONFIG_LIBDIR
[INFO] [stderr]   cargo:rerun-if-env-changed=PKG_CONFIG_LIBDIR
[INFO] [stderr]   cargo:rerun-if-env-changed=PKG_CONFIG_SYSROOT_DIR_x86_64-unknown-linux-gnu
[INFO] [stderr]   cargo:rerun-if-env-changed=PKG_CONFIG_SYSROOT_DIR_x86_64_unknown_linux_gnu
[INFO] [stderr]   cargo:rerun-if-env-changed=HOST_PKG_CONFIG_SYSROOT_DIR
[INFO] [stderr]   cargo:rerun-if-env-changed=PKG_CONFIG_SYSROOT_DIR
[INFO] [stderr]   cargo:rerun-if-env-changed=OPENSSL_STATIC
[INFO] [stderr]   cargo:rerun-if-env-changed=OPENSSL_DYNAMIC
[INFO] [stderr]   cargo:rerun-if-env-changed=PKG_CONFIG_ALL_STATIC
[INFO] [stderr]   cargo:rerun-if-env-changed=PKG_CONFIG_ALL_DYNAMIC
[INFO] [stderr]   cargo:rustc-link-lib=ssl
[INFO] [stderr]   cargo:rustc-link-lib=crypto
[INFO] [stderr]   cargo:rerun-if-env-changed=PKG_CONFIG
[INFO] [stderr]   cargo:rerun-if-env-changed=OPENSSL_STATIC
[INFO] [stderr]   cargo:rerun-if-env-changed=OPENSSL_DYNAMIC
[INFO] [stderr]   cargo:rerun-if-env-changed=PKG_CONFIG_ALL_STATIC
[INFO] [stderr]   cargo:rerun-if-env-changed=PKG_CONFIG_ALL_DYNAMIC
[INFO] [stderr]   cargo:rerun-if-env-changed=PKG_CONFIG_PATH_x86_64-unknown-linux-gnu
[INFO] [stderr]   cargo:rerun-if-env-changed=PKG_CONFIG_PATH_x86_64_unknown_linux_gnu
[INFO] [stderr]   cargo:rerun-if-env-changed=HOST_PKG_CONFIG_PATH
[INFO] [stderr]   cargo:rerun-if-env-changed=PKG_CONFIG_PATH
[INFO] [stderr]   cargo:rerun-if-env-changed=PKG_CONFIG_LIBDIR_x86_64-unknown-linux-gnu
[INFO] [stderr]   cargo:rerun-if-env-changed=PKG_CONFIG_LIBDIR_x86_64_unknown_linux_gnu
[INFO] [stderr]   cargo:rerun-if-env-changed=HOST_PKG_CONFIG_LIBDIR
[INFO] [stderr]   cargo:rerun-if-env-changed=PKG_CONFIG_LIBDIR
[INFO] [stderr]   cargo:rerun-if-env-changed=PKG_CONFIG_SYSROOT_DIR_x86_64-unknown-linux-gnu
[INFO] [stderr]   cargo:rerun-if-env-changed=PKG_CONFIG_SYSROOT_DIR_x86_64_unknown_linux_gnu
[INFO] [stderr]   cargo:rerun-if-env-changed=HOST_PKG_CONFIG_SYSROOT_DIR
[INFO] [stderr]   cargo:rerun-if-env-changed=PKG_CONFIG_SYSROOT_DIR
[INFO] [stderr]   OPT_LEVEL = Some("0")
[INFO] [stderr]   TARGET = Some("x86_64-unknown-linux-gnu")
[INFO] [stderr]   HOST = Some("x86_64-unknown-linux-gnu")
[INFO] [stderr]   CC_x86_64-unknown-linux-gnu = None
[INFO] [stderr]   CC_x86_64_unknown_linux_gnu = None
[INFO] [stderr]   HOST_CC = None
[INFO] [stderr]   CC = None
[INFO] [stderr]   CFLAGS_x86_64-unknown-linux-gnu = None
[INFO] [stderr]   CFLAGS_x86_64_unknown_linux_gnu = None
[INFO] [stderr]   HOST_CFLAGS = None
[INFO] [stderr]   CFLAGS = None
[INFO] [stderr]   CRATE_CC_NO_DEFAULTS = None
[INFO] [stderr]   DEBUG = Some("true")
[INFO] [stderr]   CARGO_CFG_TARGET_FEATURE = Some("fxsr,sse,sse2,x87")
[INFO] [stderr]   running: "cc" "-O0" "-ffunction-sections" "-fdata-sections" "-fPIC" "-g" "-fno-omit-frame-pointer" "-m64" "-I" "/usr/include" "-Wall" "-Wextra" "-E" "build/expando.c"
[INFO] [stderr]   cargo:warning=build/expando.c:4:24: error: pasting "RUST_VERSION_OPENSSL_" and "(" does not give a valid preprocessing token
[INFO] [stderr]   cargo:warning=    4 | #define VERSION2(n, v) RUST_VERSION_##n##_##v
[INFO] [stderr]   cargo:warning=      |                        ^~~~~~~~~~~~~
[INFO] [stderr]   cargo:warning=build/expando.c:5:23: note: in expansion of macro 'VERSION2'
[INFO] [stderr]   cargo:warning=    5 | #define VERSION(n, v) VERSION2(n, v)
[INFO] [stderr]   cargo:warning=      |                       ^~~~~~~~
[INFO] [stderr]   cargo:warning=build/expando.c:10:1: note: in expansion of macro 'VERSION'
[INFO] [stderr]   cargo:warning=   10 | VERSION(OPENSSL, OPENSSL_VERSION_NUMBER)
[INFO] [stderr]   cargo:warning=      | ^~~~~~~
[INFO] [stderr]   exit status: 1
[INFO] [stderr] 
[INFO] [stderr]   --- stderr
[INFO] [stderr] 
[INFO] [stderr]   thread 'main' (1260) panicked at /opt/rustwide/cargo-home/registry/src/index.crates.io-1949cf8c6b5b557f/openssl-sys-0.9.58/build/main.rs:140:13:
[INFO] [stderr] 
[INFO] [stderr]   Header expansion error:
[INFO] [stderr]   Error { kind: ToolExecError, message: "Command \"cc\" \"-O0\" \"-ffunction-sections\" \"-fdata-sections\" \"-fPIC\" \"-g\" \"-fno-omit-frame-pointer\" \"-m64\" \"-I\" \"/usr/include\" \"-Wall\" \"-Wextra\" \"-E\" \"build/expando.c\" with args \"cc\" did not execute successfully (status code exit status: 1)." }
[INFO] [stderr] 
[INFO] [stderr]   Failed to find OpenSSL development headers.
[INFO] [stderr] 
[INFO] [stderr]   You can try fixing this setting the `OPENSSL_DIR` environment variable
[INFO] [stderr]   pointing to your OpenSSL installation or installing OpenSSL headers package
[INFO] [stderr]   specific to your distribution:
[INFO] [stderr] 
[INFO] [stderr]       # On Ubuntu
[INFO] [stderr]       sudo apt-get install libssl-dev
[INFO] [stderr]       # On Arch Linux
[INFO] [stderr]       sudo pacman -S openssl
[INFO] [stderr]       # On Fedora
[INFO] [stderr]       sudo dnf install openssl-devel
[INFO] [stderr] 
[INFO] [stderr]   See rust-openssl README for more information:
[INFO] [stderr] 
[INFO] [stderr]       https://github.com/sfackler/rust-openssl#linux
[INFO] [stderr] 
[INFO] [stderr]   stack backtrace:
[INFO] [stderr]      0:     0x6222d317aa71 - std[6ef242c1f0979732]::backtrace_rs::backtrace::libunwind::trace
[INFO] [stderr]                                  at /rustc/0335fc7ee9e33d92e03d99f3e2fb0fe6119f3cc0/library/std/src/../../backtrace/src/backtrace/libunwind.rs:117:9
[INFO] [stderr]      1:     0x6222d317aa71 - std[6ef242c1f0979732]::backtrace_rs::backtrace::trace_unsynchronized::<std[6ef242c1f0979732]::sys::backtrace::_print_fmt::{closure#1}>
[INFO] [stderr]                                  at /rustc/0335fc7ee9e33d92e03d99f3e2fb0fe6119f3cc0/library/std/src/../../backtrace/src/backtrace/mod.rs:66:14
[INFO] [stderr]      2:     0x6222d317aa71 - std[6ef242c1f0979732]::sys::backtrace::_print_fmt
[INFO] [stderr]                                  at /rustc/0335fc7ee9e33d92e03d99f3e2fb0fe6119f3cc0/library/std/src/sys/backtrace.rs:74:9
[INFO] [stderr]      3:     0x6222d317aa71 - <<std[6ef242c1f0979732]::sys::backtrace::BacktraceLock>::print::DisplayBacktrace as core[df73c6affdc16dad]::fmt::Display>::fmt
[INFO] [stderr]                                  at /rustc/0335fc7ee9e33d92e03d99f3e2fb0fe6119f3cc0/library/std/src/sys/backtrace.rs:44:26
[INFO] [stderr]      4:     0x6222d318f12a - <core[df73c6affdc16dad]::fmt::rt::Argument>::fmt
[INFO] [stderr]                                  at /rustc/0335fc7ee9e33d92e03d99f3e2fb0fe6119f3cc0/library/core/src/fmt/rt.rs:152:76
[INFO] [stderr]      5:     0x6222d318f12a - core[df73c6affdc16dad]::fmt::write
[INFO] [stderr]      6:     0x6222d318086c - core[df73c6affdc16dad]::io::write::default_write_fmt::<std[6ef242c1f0979732]::sys::stdio::unix::Stderr>
[INFO] [stderr]                                  at /rustc/0335fc7ee9e33d92e03d99f3e2fb0fe6119f3cc0/library/core/src/io/write.rs:402:11
[INFO] [stderr]      7:     0x6222d318086c - <std[6ef242c1f0979732]::sys::stdio::unix::Stderr as core[df73c6affdc16dad]::io::write::Write>::write_fmt
[INFO] [stderr]                                  at /rustc/0335fc7ee9e33d92e03d99f3e2fb0fe6119f3cc0/library/core/src/io/write.rs:335:13
[INFO] [stderr]      8:     0x6222d3159e86 - <std[6ef242c1f0979732]::sys::backtrace::BacktraceLock>::print
[INFO] [stderr]                                  at /rustc/0335fc7ee9e33d92e03d99f3e2fb0fe6119f3cc0/library/std/src/sys/backtrace.rs:47:9
[INFO] [stderr]      9:     0x6222d3159e86 - std[6ef242c1f0979732]::panicking::default_hook::{closure#0}
[INFO] [stderr]                                  at /rustc/0335fc7ee9e33d92e03d99f3e2fb0fe6119f3cc0/library/std/src/panicking.rs:289:27
[INFO] [stderr]     10:     0x6222d31755a1 - std[6ef242c1f0979732]::panicking::default_hook
[INFO] [stderr]                                  at /rustc/0335fc7ee9e33d92e03d99f3e2fb0fe6119f3cc0/library/std/src/panicking.rs:316:9
[INFO] [stderr]     11:     0x6222d317575b - std[6ef242c1f0979732]::panicking::panic_with_hook
[INFO] [stderr]                                  at /rustc/0335fc7ee9e33d92e03d99f3e2fb0fe6119f3cc0/library/std/src/panicking.rs:811:13
[INFO] [stderr]     12:     0x6222d3159f32 - std[6ef242c1f0979732]::panicking::panic_handler::{closure#0}
[INFO] [stderr]                                  at /rustc/0335fc7ee9e33d92e03d99f3e2fb0fe6119f3cc0/library/std/src/panicking.rs:685:13
[INFO] [stderr]     13:     0x6222d3152559 - std[6ef242c1f0979732]::sys::backtrace::__rust_end_short_backtrace::<std[6ef242c1f0979732]::panicking::panic_handler::{closure#0}, !>
[INFO] [stderr]                                  at /rustc/0335fc7ee9e33d92e03d99f3e2fb0fe6119f3cc0/library/std/src/sys/backtrace.rs:182:18
[INFO] [stderr]     14:     0x6222d315a80d - __rustc[db1a081c10ab11d6]::rust_begin_unwind
[INFO] [stderr]                                  at /rustc/0335fc7ee9e33d92e03d99f3e2fb0fe6119f3cc0/library/std/src/panicking.rs:676:5
[INFO] [stderr]     15:     0x6222d318f8fc - core[df73c6affdc16dad]::panicking::panic_fmt
[INFO] [stderr]                                  at /rustc/0335fc7ee9e33d92e03d99f3e2fb0fe6119f3cc0/library/core/src/panicking.rs:80:14
[INFO] [stderr]     16:     0x6222d30ec020 - build_script_main[aa99a2fe46949d5]::validate_headers
[INFO] [stderr]     17:     0x6222d30e5863 - build_script_main[aa99a2fe46949d5]::find_normal::try_pkg_config
[INFO] [stderr]     18:     0x6222d30e5c28 - build_script_main[aa99a2fe46949d5]::find_normal::find_openssl_dir
[INFO] [stderr]     19:     0x6222d30e3aa7 - build_script_main[aa99a2fe46949d5]::find_normal::get_openssl::{closure#0}
[INFO] [stderr]     20:     0x6222d30e1400 - <core[df73c6affdc16dad]::option::Option<std[6ef242c1f0979732]::ffi::os_str::OsString>>::unwrap_or_else::<build_script_main[aa99a2fe46949d5]::find_normal::get_openssl::{closure#0}>
[INFO] [stderr]     21:     0x6222d30e512c - build_script_main[aa99a2fe46949d5]::find_normal::get_openssl
[INFO] [stderr]     22:     0x6222d30ea3fd - build_script_main[aa99a2fe46949d5]::find_openssl
[INFO] [stderr]     23:     0x6222d30ec641 - build_script_main[aa99a2fe46949d5]::main
[INFO] [stderr]     24:     0x6222d30e8923 - <fn() as core[df73c6affdc16dad]::ops::function::FnOnce<()>>::call_once
[INFO] [stderr]     25:     0x6222d30e2e76 - std[6ef242c1f0979732]::sys::backtrace::__rust_begin_short_backtrace::<fn(), ()>
[INFO] [stderr]     26:     0x6222d30e3589 - std[6ef242c1f0979732]::rt::lang_start::<()>::{closure#0}
[INFO] [stderr]     27:     0x6222d31749a8 - <&dyn core[df73c6affdc16dad]::ops::function::Fn<(), Output = i32> + core[df73c6affdc16dad]::panic::unwind_safe::RefUnwindSafe + core[df73c6affdc16dad]::marker::Sync as core[df73c6affdc16dad]::ops::function::FnOnce<()>>::call_once
[INFO] [stderr]                                  at /rustc/0335fc7ee9e33d92e03d99f3e2fb0fe6119f3cc0/library/core/src/ops/function.rs:287:21
[INFO] [stderr]     28:     0x6222d31749a8 - std[6ef242c1f0979732]::panicking::catch_unwind::do_call::<&dyn core[df73c6affdc16dad]::ops::function::Fn<(), Output = i32> + core[df73c6affdc16dad]::panic::unwind_safe::RefUnwindSafe + core[df73c6affdc16dad]::marker::Sync, i32>
[INFO] [stderr]                                  at /rustc/0335fc7ee9e33d92e03d99f3e2fb0fe6119f3cc0/library/std/src/panicking.rs:573:43
[INFO] [stderr]     29:     0x6222d31749a8 - std[6ef242c1f0979732]::panicking::catch_unwind::<i32, &dyn core[df73c6affdc16dad]::ops::function::Fn<(), Output = i32> + core[df73c6affdc16dad]::panic::unwind_safe::RefUnwindSafe + core[df73c6affdc16dad]::marker::Sync>
[INFO] [stderr]                                  at /rustc/0335fc7ee9e33d92e03d99f3e2fb0fe6119f3cc0/library/std/src/panicking.rs:541:19
[INFO] [stderr]     30:     0x6222d31749a8 - std[6ef242c1f0979732]::panic::catch_unwind::<&dyn core[df73c6affdc16dad]::ops::function::Fn<(), Output = i32> + core[df73c6affdc16dad]::panic::unwind_safe::RefUnwindSafe + core[df73c6affdc16dad]::marker::Sync, i32>
[INFO] [stderr]                                  at /rustc/0335fc7ee9e33d92e03d99f3e2fb0fe6119f3cc0/library/std/src/panic.rs:359:14
[INFO] [stderr]     31:     0x6222d31749a8 - std[6ef242c1f0979732]::rt::lang_start_internal::{closure#0}
[INFO] [stderr]                                  at /rustc/0335fc7ee9e33d92e03d99f3e2fb0fe6119f3cc0/library/std/src/rt.rs:175:24
[INFO] [stderr]     32:     0x6222d31749a8 - std[6ef242c1f0979732]::panicking::catch_unwind::do_call::<std[6ef242c1f0979732]::rt::lang_start_internal::{closure#0}, isize>
[INFO] [stderr]                                  at /rustc/0335fc7ee9e33d92e03d99f3e2fb0fe6119f3cc0/library/std/src/panicking.rs:573:43
[INFO] [stderr]     33:     0x6222d31749a8 - std[6ef242c1f0979732]::panicking::catch_unwind::<isize, std[6ef242c1f0979732]::rt::lang_start_internal::{closure#0}>
[INFO] [stderr]                                  at /rustc/0335fc7ee9e33d92e03d99f3e2fb0fe6119f3cc0/library/std/src/panicking.rs:541:19
[INFO] [stderr]     34:     0x6222d31749a8 - std[6ef242c1f0979732]::panic::catch_unwind::<std[6ef242c1f0979732]::rt::lang_start_internal::{closure#0}, isize>
[INFO] [stderr]                                  at /rustc/0335fc7ee9e33d92e03d99f3e2fb0fe6119f3cc0/library/std/src/panic.rs:359:14
[INFO] [stderr]     35:     0x6222d31749a8 - std[6ef242c1f0979732]::rt::lang_start_internal
[INFO] [stderr]                                  at /rustc/0335fc7ee9e33d92e03d99f3e2fb0fe6119f3cc0/library/std/src/rt.rs:171:5
[INFO] [stderr]     36:     0x6222d30e1971 - std[6ef242c1f0979732]::rt::lang_start::<()>
[INFO] [stderr]     37:     0x6222d30ee5b5 - main
[INFO] [stderr]     38:     0x7d5d95ae5601 - <unknown>
[INFO] [stderr]     39:     0x7d5d95ae5718 - __libc_start_main
[INFO] [stderr]     40:     0x6222d30e1155 - _start
[INFO] [stderr]     41:                0x0 - <unknown>
[INFO] [stderr] warning: build failed, waiting for other jobs to finish...
[INFO] running `Command { std: "docker" "inspect" "f228ff01cc5fba7e4e8bb7b9f0e318754acf21bb9df3322abf53fd8858f5c626", kill_on_drop: false }`
[INFO] running `Command { std: "docker" "rm" "-f" "f228ff01cc5fba7e4e8bb7b9f0e318754acf21bb9df3322abf53fd8858f5c626", kill_on_drop: false }`
[INFO] [stdout] f228ff01cc5fba7e4e8bb7b9f0e318754acf21bb9df3322abf53fd8858f5c626
