[INFO] cloning repository https://github.com/mistahchris/thesogu
[INFO] running `Command { std: "git" "-c" "credential.helper=" "-c" "credential.helper=/workspace/cargo-home/bin/git-credential-null" "clone" "--bare" "https://github.com/mistahchris/thesogu" "/workspace/cache/git-repos/https%3A%2F%2Fgithub.com%2Fmistahchris%2Fthesogu", kill_on_drop: false }`
[INFO] [stderr] Cloning into bare repository '/workspace/cache/git-repos/https%3A%2F%2Fgithub.com%2Fmistahchris%2Fthesogu'...
[INFO] running `Command { std: "git" "rev-parse" "HEAD", kill_on_drop: false }`
[INFO] [stdout] 704498fff395b2087f62a535d75c4156bf50fe7b
[INFO] checking mistahchris/thesogu against 0335fc7ee9e33d92e03d99f3e2fb0fe6119f3cc0 for pr-158915-1
[INFO] running `Command { std: "git" "clone" "/workspace/cache/git-repos/https%3A%2F%2Fgithub.com%2Fmistahchris%2Fthesogu" "/workspace/builds/worker-3-tc2/source", kill_on_drop: false }`
[INFO] [stderr] Cloning into '/workspace/builds/worker-3-tc2/source'...
[INFO] [stderr] done.
[INFO] started tweaking git repo https://github.com/mistahchris/thesogu
[INFO] finished tweaking git repo https://github.com/mistahchris/thesogu
[INFO] tweaked toml for git repo https://github.com/mistahchris/thesogu written to /workspace/builds/worker-3-tc2/source/Cargo.toml
[INFO] validating manifest of git repo https://github.com/mistahchris/thesogu on toolchain 0335fc7ee9e33d92e03d99f3e2fb0fe6119f3cc0
[INFO] running `Command { std: CARGO_HOME="/workspace/cargo-home" RUSTUP_HOME="/workspace/rustup-home" "/workspace/cargo-home/bin/cargo" "+0335fc7ee9e33d92e03d99f3e2fb0fe6119f3cc0" "metadata" "--manifest-path" "Cargo.toml" "--no-deps", kill_on_drop: false }`
[INFO] crate git repo https://github.com/mistahchris/thesogu already has a lockfile, it will not be regenerated
[INFO] running `Command { std: CARGO_HOME="/workspace/cargo-home" RUSTUP_HOME="/workspace/rustup-home" "/workspace/cargo-home/bin/cargo" "+0335fc7ee9e33d92e03d99f3e2fb0fe6119f3cc0" "fetch" "--manifest-path" "Cargo.toml", kill_on_drop: false }`
[INFO] [stderr] warning: Cargo.toml: `package.edition` is unspecified, defaulting to `2015` while the latest is `2024`
[INFO] [stderr] warning: `thesogu` (manifest) generated 1 warning
[INFO] [stderr]     Blocking waiting for file lock on package cache
[INFO] [stderr]     Updating crates.io index
[INFO] [stderr]     Blocking waiting for file lock on package cache
[ERROR] error running command: no output for 300 seconds
[INFO] checking mistahchris/thesogu against 0335fc7ee9e33d92e03d99f3e2fb0fe6119f3cc0 for pr-158915-1
[INFO] running `Command { std: "git" "clone" "/workspace/cache/git-repos/https%3A%2F%2Fgithub.com%2Fmistahchris%2Fthesogu" "/workspace/builds/worker-3-tc2/source", kill_on_drop: false }`
[INFO] [stderr] Cloning into '/workspace/builds/worker-3-tc2/source'...
[INFO] [stderr] done.
[INFO] started tweaking git repo https://github.com/mistahchris/thesogu
[INFO] finished tweaking git repo https://github.com/mistahchris/thesogu
[INFO] tweaked toml for git repo https://github.com/mistahchris/thesogu written to /workspace/builds/worker-3-tc2/source/Cargo.toml
[INFO] validating manifest of git repo https://github.com/mistahchris/thesogu on toolchain 0335fc7ee9e33d92e03d99f3e2fb0fe6119f3cc0
[INFO] running `Command { std: CARGO_HOME="/workspace/cargo-home" RUSTUP_HOME="/workspace/rustup-home" "/workspace/cargo-home/bin/cargo" "+0335fc7ee9e33d92e03d99f3e2fb0fe6119f3cc0" "metadata" "--manifest-path" "Cargo.toml" "--no-deps", kill_on_drop: false }`
[INFO] crate git repo https://github.com/mistahchris/thesogu already has a lockfile, it will not be regenerated
[INFO] running `Command { std: CARGO_HOME="/workspace/cargo-home" RUSTUP_HOME="/workspace/rustup-home" "/workspace/cargo-home/bin/cargo" "+0335fc7ee9e33d92e03d99f3e2fb0fe6119f3cc0" "fetch" "--manifest-path" "Cargo.toml", kill_on_drop: false }`
[INFO] [stderr] warning: Cargo.toml: `package.edition` is unspecified, defaulting to `2015` while the latest is `2024`
[INFO] [stderr] warning: `thesogu` (manifest) generated 1 warning
[INFO] [stderr]     Blocking waiting for file lock on package cache
[INFO] [stderr]     Blocking waiting for file lock on package cache
[INFO] [stderr]     Blocking waiting for file lock on package cache
[INFO] [stderr]  Downloading crates ...
[INFO] [stderr]   Downloaded http-range v0.1.1
[INFO] [stderr]   Downloaded string v0.1.0
[INFO] [stderr]   Downloaded encoding-index-tradchinese v1.20141219.5
[INFO] [stderr]   Downloaded encoding_index_tests v0.1.4
[INFO] [stderr]   Downloaded num-integer v0.1.36
[INFO] [stderr]   Downloaded indexmap v1.0.1
[INFO] [stderr]   Downloaded http v0.1.5
[INFO] [stderr]   Downloaded siphasher v0.2.2
[INFO] [stderr]   Downloaded untrusted v0.5.1
[INFO] [stderr]   Downloaded mio-uds v0.6.4
[INFO] [stderr]   Downloaded stable_deref_trait v1.0.0
[INFO] [stderr]   Downloaded slab v0.4.0
[INFO] [stderr]   Downloaded slug v0.1.2
[INFO] [stderr]   Downloaded same-file v0.1.3
[INFO] [stderr]   Downloaded crossbeam-channel v0.1.2
[INFO] [stderr]   Downloaded phf_shared v0.7.21
[INFO] [stderr]   Downloaded memoffset v0.1.0
[INFO] [stderr]   Downloaded actix_derive v0.2.0
[INFO] [stderr]   Downloaded url v1.7.0
[INFO] [stderr]   Downloaded rand v0.3.22
[INFO] [stderr]   Downloaded remove_dir_all v0.5.0
[INFO] [stderr]   Downloaded owning_ref v0.3.3
[INFO] [stderr]   Downloaded phf_generator v0.7.21
[INFO] [stderr]   Downloaded bitflags v1.0.1
[INFO] [stderr]   Downloaded linked-hash-map v0.4.2
[INFO] [stderr]   Downloaded tokio-openssl v0.2.0
[INFO] [stderr]   Downloaded tokio-signal v0.1.5
[INFO] [stderr]   Downloaded crossbeam-epoch v0.2.0
[INFO] [stderr]   Downloaded resolv-conf v0.6.0
[INFO] [stderr]   Downloaded cookie v0.10.1
[INFO] [stderr]   Downloaded uuid v0.6.2
[INFO] [stderr]   Downloaded parking_lot_core v0.2.13
[INFO] [stderr]   Downloaded hostname v0.1.4
[INFO] [stderr]   Downloaded lru-cache v0.1.1
[INFO] [stderr]   Downloaded bytecount v0.2.0
[INFO] [stderr]   Downloaded lazycell v0.6.0
[INFO] [stderr]   Downloaded mime_guess v2.0.0-alpha.4
[INFO] [stderr]   Downloaded mime v0.3.5
[INFO] [stderr]   Downloaded flate2 v1.0.1
[INFO] [stderr]   Downloaded tokio-udp v0.1.0
[INFO] [stderr]   Downloaded tokio-executor v0.1.2
[INFO] [stderr]   Downloaded encoding-index-singlebyte v1.20141219.5
[INFO] [stderr]   Downloaded skeptic v0.13.2
[INFO] [stderr]   Downloaded nodrop v0.1.12
[INFO] [stderr]   Downloaded httparse v1.2.4
[INFO] [stderr]   Downloaded gcc v0.3.54
[INFO] [stderr]   Downloaded base64 v0.9.0
[INFO] [stderr]   Downloaded parking_lot v0.4.8
[INFO] [stderr]   Downloaded rayon-core v1.4.0
[INFO] [stderr]   Downloaded miniz-sys v0.1.10
[INFO] [stderr]   Downloaded actix v0.5.5
[INFO] [stderr]   Downloaded phf_codegen v0.7.21
[INFO] [stderr]   Downloaded rayon v0.8.2
[INFO] [stderr]   Downloaded lazy_static v1.0.0
[INFO] [stderr]   Downloaded scoped-tls v0.1.1
[INFO] [stderr]   Downloaded cargo_metadata v0.3.3
[INFO] [stderr]   Downloaded termcolor v0.3.6
[INFO] [stderr]   Downloaded atty v0.2.8
[INFO] [stderr]   Downloaded crossbeam-deque v0.3.0
[INFO] [stderr]   Downloaded crossbeam-utils v0.3.2
[INFO] [stderr]   Downloaded error-chain v0.1.12
[INFO] [stderr]   Downloaded tokio-tcp v0.1.0
[INFO] [stderr]   Downloaded tokio-timer v0.2.0
[INFO] [stderr]   Downloaded num_cpus v1.8.0
[INFO] [stderr]   Downloaded widestring v0.2.2
[INFO] [stderr]   Downloaded socket2 v0.3.4
[INFO] [stderr]   Downloaded phf v0.7.21
[INFO] [stderr]   Downloaded rustc-demangle v0.1.7
[INFO] [stderr]   Downloaded log v0.4.1
[INFO] [stderr]   Downloaded error-chain v0.8.1
[INFO] [stderr]   Downloaded smallvec v0.6.0
[INFO] [stderr]   Downloaded semver v0.8.0
[INFO] [stderr]   Downloaded backtrace v0.3.5
[INFO] [stderr]   Downloaded encoding v0.2.33
[INFO] [stderr]   Downloaded cc v1.0.9
[INFO] [stderr]   Downloaded wincolor v0.1.6
[INFO] [stderr]   Downloaded tokio-reactor v0.1.1
[INFO] [stderr]   Downloaded pest_derive v1.0.7
[INFO] [stderr]   Downloaded aho-corasick v0.6.4
[INFO] [stderr]   Downloaded env_logger v0.5.6
[INFO] [stderr]   Downloaded quick-error v1.2.1
[INFO] [stderr]   Downloaded tokio-io v0.1.6
[INFO] [stderr]   Downloaded arrayvec v0.4.7
[INFO] [stderr]   Downloaded ipconfig v0.1.6
[INFO] [stderr]   Downloaded itoa v0.4.1
[INFO] [stderr]   Downloaded pest v1.0.6
[INFO] [stderr]   Downloaded net2 v0.2.32
[INFO] [stderr]   Downloaded backtrace v0.2.3
[INFO] [stderr]   Downloaded winreg v0.5.0
[INFO] [stderr]   Downloaded walkdir v1.0.7
[INFO] [stderr]   Downloaded error-chain v0.11.0
[INFO] [stderr]   Downloaded trust-dns-resolver v0.8.1
[INFO] [stderr]   Downloaded bytes v0.4.6
[INFO] [stderr]   Downloaded tera v0.11.6
[INFO] [stderr]   Downloaded serde_derive_internals v0.22.2
[INFO] [stderr]   Downloaded unicase v2.1.0
[INFO] [stderr]   Downloaded num-traits v0.2.2
[INFO] [stderr]   Downloaded tokio-threadpool v0.1.2
[INFO] [stderr]   Downloaded dbghelp-sys v0.2.0
[INFO] [stderr]   Downloaded humantime v1.1.1
[INFO] [stderr]   Downloaded crossbeam-epoch v0.4.1
[INFO] [stderr]   Downloaded serde_derive v1.0.36
[INFO] [stderr]   Downloaded openssl-sys v0.9.27
[INFO] [stderr]   Downloaded tokio v0.1.5
[INFO] [stderr]   Downloaded serde_json v1.0.13
[INFO] [stderr]   Downloaded tokio-core v0.1.16
[INFO] [stderr]   Downloaded serde v1.0.36
[INFO] [stderr]   Downloaded encoding-index-japanese v1.20141219.5
[INFO] [stderr]   Downloaded encoding-index-korean v1.20141219.5
[INFO] [stderr]   Downloaded rand v0.4.2
[INFO] [stderr]   Downloaded unidecode v0.2.0
[INFO] [stderr]   Downloaded chrono v0.4.1
[INFO] [stderr]   Downloaded mio v0.6.14
[INFO] [stderr]   Downloaded pulldown-cmark v0.1.2
[INFO] [stderr]   Downloaded encoding-index-simpchinese v1.20141219.5
[INFO] [stderr]   Downloaded openssl v0.10.5
[INFO] [stderr]   Downloaded trust-dns-proto v0.3.2
[INFO] [stderr]   Downloaded syn v0.12.15
[INFO] [stderr]   Downloaded futures v0.1.20
[INFO] [stderr]   Downloaded actix-web v0.4.10
[INFO] [stderr]   Downloaded regex v0.2.10
[INFO] [stderr]   Downloaded regex-syntax v0.5.3
[INFO] [stderr]   Downloaded backtrace-sys v0.1.16
[INFO] [stderr]   Downloaded libc v0.2.40
[INFO] [stderr]   Downloaded ring v0.12.1
[INFO] [stderr]   Downloaded h2 v0.1.3
[INFO] running `Command { std: "docker" "create" "-v" "/var/lib/crater-agent-workspace/builds/worker-3-tc2/source:/opt/rustwide/workdir:ro,Z" "-v" "/var/lib/crater-agent-workspace/builds/worker-3-tc2/target:/opt/rustwide/target:rw,Z" "-v" "/var/lib/crater-agent-workspace/cargo-home:/opt/rustwide/cargo-home:ro,Z" "-v" "/var/lib/crater-agent-workspace/rustup-home:/opt/rustwide/rustup-home:ro,Z" "-m" "1610612736" "--network" "none" "ghcr.io/rust-lang/crates-build-env/linux@sha256:8683fc1fc2eb5c9ac98e0d076ab094b2ffac7f99da555d2b6a2e27f346de2ec7" "sleep" "infinity", kill_on_drop: false }`
[INFO] [stdout] f9c2daa1bd8131785e0b28ecd0813c7f35d5cdb4fa50ee534ef01d5f3b008d6b
[INFO] running `Command { std: "docker" "start" "f9c2daa1bd8131785e0b28ecd0813c7f35d5cdb4fa50ee534ef01d5f3b008d6b", kill_on_drop: false }`
[INFO] running `Command { std: "docker" "inspect" "f9c2daa1bd8131785e0b28ecd0813c7f35d5cdb4fa50ee534ef01d5f3b008d6b", kill_on_drop: false }`
[INFO] running `Command { std: "docker" "exec" "-e" "SOURCE_DIR=/opt/rustwide/workdir" "-e" "CARGO_HOME=/opt/rustwide/cargo-home" "-e" "RUSTUP_HOME=/opt/rustwide/rustup-home" "-e" "CARGO_TARGET_DIR=/opt/rustwide/target" "-w" "/opt/rustwide/workdir" "--user" "0:0" "f9c2daa1bd8131785e0b28ecd0813c7f35d5cdb4fa50ee534ef01d5f3b008d6b" "/opt/rustwide/cargo-home/bin/cargo" "+0335fc7ee9e33d92e03d99f3e2fb0fe6119f3cc0" "metadata" "--no-deps" "--format-version=1", kill_on_drop: false }`
[INFO] running `Command { std: "docker" "inspect" "f9c2daa1bd8131785e0b28ecd0813c7f35d5cdb4fa50ee534ef01d5f3b008d6b", kill_on_drop: false }`
[INFO] running `Command { std: "docker" "exec" "-e" "SOURCE_DIR=/opt/rustwide/workdir" "-e" "CARGO_HOME=/opt/rustwide/cargo-home" "-e" "RUSTUP_HOME=/opt/rustwide/rustup-home" "-e" "CARGO_TARGET_DIR=/opt/rustwide/target" "-e" "CARGO_INCREMENTAL=0" "-e" "RUST_BACKTRACE=full" "-e" "RUSTFLAGS=--cap-lints=forbid" "-e" "RUSTDOCFLAGS=--cap-lints=forbid" "-w" "/opt/rustwide/workdir" "--user" "0:0" "f9c2daa1bd8131785e0b28ecd0813c7f35d5cdb4fa50ee534ef01d5f3b008d6b" "/opt/rustwide/cargo-home/bin/cargo" "+0335fc7ee9e33d92e03d99f3e2fb0fe6119f3cc0" "check" "--frozen" "--all" "--all-targets" "--message-format=json", kill_on_drop: false }`
[INFO] [stderr] warning: Cargo.toml: `package.edition` is unspecified, defaulting to `2015` while the latest is `2024`
[INFO] [stderr] warning: `thesogu` (manifest) generated 1 warning
[INFO] [stderr]     Checking libc v0.2.40
[INFO] [stderr]    Compiling cc v1.0.9
[INFO] [stderr]     Checking cfg-if v0.1.2
[INFO] [stderr]    Compiling version_check v0.1.3
[INFO] [stderr]     Checking byteorder v1.2.1
[INFO] [stderr]     Checking futures v0.1.20
[INFO] [stderr]     Checking lazy_static v1.0.0
[INFO] [stderr]     Checking slab v0.4.0
[INFO] [stderr]     Checking nodrop v0.1.12
[INFO] [stderr]     Checking scopeguard v0.3.3
[INFO] [stderr]     Checking encoding_index_tests v0.1.4
[INFO] [stderr]    Compiling unicode-xid v0.1.0
[INFO] [stderr]    Compiling winapi-build v0.1.1
[INFO] [stderr]     Checking lazycell v0.6.0
[INFO] [stderr]    Compiling proc-macro2 v0.2.3
[INFO] [stderr]     Checking memoffset v0.2.1
[INFO] [stderr]    Compiling rustc-demangle v0.1.7
[INFO] [stderr]    Compiling unicode-xid v0.0.4
[INFO] [stderr]     Checking log v0.4.1
[INFO] [stderr]     Checking crossbeam-utils v0.2.2
[INFO] [stderr]     Checking crossbeam-utils v0.3.2
[INFO] [stderr]    Compiling serde v1.0.36
[INFO] [stderr]    Compiling dbghelp-sys v0.2.0
[INFO] [stderr]    Compiling synom v0.11.3
[INFO] [stderr]    Compiling unicase v1.4.2
[INFO] [stderr]     Checking arrayvec v0.4.7
[INFO] [stderr]    Compiling num-traits v0.2.2
[INFO] [stderr]    Compiling rand v0.4.2
[INFO] [stderr]     Checking iovec v0.1.2
[INFO] [stderr]     Checking net2 v0.2.32
[INFO] [stderr]     Checking num_cpus v1.8.0
[INFO] [stderr]    Compiling itoa v0.4.1
[INFO] [stderr]     Checking bytes v0.4.6
[INFO] [stderr]    Compiling semver-parser v0.7.0
[INFO] [stderr]     Checking matches v0.1.6
[INFO] [stderr]    Compiling pulldown-cmark v0.1.2
[INFO] [stderr]    Compiling dtoa v0.4.2
[INFO] [stderr]    Compiling quote v0.3.15
[INFO] [stderr]     Checking mio v0.6.14
[INFO] [stderr]    Compiling crossbeam-epoch v0.3.1
[INFO] [stderr]     Checking unicode-bidi v0.3.4
[INFO] [stderr]    Compiling kernel32-sys v0.2.2
[INFO] [stderr]     Checking encoding-index-korean v1.20141219.5
[INFO] [stderr]    Compiling syn v0.11.11
[INFO] [stderr]     Checking encoding-index-tradchinese v1.20141219.5
[INFO] [stderr]     Checking encoding-index-japanese v1.20141219.5
[INFO] [stderr]    Compiling backtrace-sys v0.1.16
[INFO] [stderr]    Compiling quote v0.4.2
[INFO] [stderr]    Compiling rand v0.3.22
[INFO] [stderr]     Checking crossbeam-epoch v0.4.1
[INFO] [stderr]     Checking encoding-index-singlebyte v1.20141219.5
[INFO] [stderr]     Checking encoding-index-simpchinese v1.20141219.5
[INFO] [stderr]    Compiling same-file v0.1.3
[INFO] [stderr]     Checking winapi v0.2.8
[INFO] [stderr]     Checking unicode-normalization v0.1.5
[INFO] [stderr]    Compiling syn v0.12.15
[INFO] [stderr]    Compiling rayon-core v1.4.0
[INFO] [stderr]    Compiling remove_dir_all v0.5.0
[INFO] [stderr]    Compiling bitflags v0.9.1
[INFO] [stderr]    Compiling tempdir v0.3.7
[INFO] [stderr]    Compiling walkdir v1.0.7
[INFO] [stderr]    Compiling crossbeam-deque v0.2.0
[INFO] [stderr]    Compiling pkg-config v0.3.9
[INFO] [stderr]     Checking crossbeam-deque v0.3.0
[INFO] [stderr]     Checking percent-encoding v1.0.1
[INFO] [stderr]    Compiling glob v0.2.11
[INFO] [stderr]     Checking encoding v0.2.33
[INFO] [stderr]    Compiling bytecount v0.2.0
[INFO] [stderr]     Checking idna v0.1.4
[INFO] [stderr]    Compiling backtrace v0.2.3
[INFO] [stderr]     Checking scoped-tls v0.1.1
[INFO] [stderr]    Compiling siphasher v0.2.2
[INFO] [stderr]    Compiling phf_shared v0.7.21
[INFO] [stderr]     Checking quick-error v1.2.1
[INFO] [stderr]     Checking lazy_static v0.2.11
[INFO] [stderr]     Checking void v1.0.2
[INFO] [stderr]     Checking memchr v2.0.1
[INFO] [stderr]    Compiling unicase v2.1.0
[INFO] [stderr]     Checking tokio-executor v0.1.2
[INFO] [stderr]     Checking tokio-io v0.1.6
[INFO] [stderr]    Compiling phf_generator v0.7.21
[INFO] [stderr]     Checking unreachable v1.0.0
[INFO] [stderr]     Checking smallvec v0.6.0
[INFO] [stderr]    Compiling gcc v0.3.54
[INFO] [stderr]    Compiling regex v0.2.10
[INFO] [stderr]     Checking stable_deref_trait v1.0.0
[INFO] [stderr]     Checking ucd-util v0.1.1
[INFO] [stderr]     Checking owning_ref v0.3.3
[INFO] [stderr]    Compiling openssl-sys v0.9.27
[INFO] [stderr]    Compiling rayon v0.8.2
[INFO] [stderr]     Checking tokio-threadpool v0.1.2
[INFO] [stderr]     Checking tokio-timer v0.2.0
[INFO] [stderr]     Checking url v1.7.0
[INFO] [stderr]     Checking parking_lot_core v0.2.13
[INFO] [stderr]     Checking regex-syntax v0.5.3
[INFO] [stderr]    Compiling phf_codegen v0.7.21
[INFO] [stderr]     Checking thread_local v0.3.5
[INFO] [stderr]     Checking aho-corasick v0.6.4
[INFO] [stderr]    Compiling miniz-sys v0.1.10
[INFO] [stderr]    Compiling brotli-sys v0.3.2
[INFO] [stderr]     Checking time v0.1.39
[INFO] [stderr]     Checking tokio-reactor v0.1.1
[INFO] [stderr]     Checking hostname v0.1.4
[INFO] [stderr] error: failed to run custom build command for `openssl-sys v0.9.27`
[INFO] [stderr] note: To improve backtraces for build dependencies, set the CARGO_PROFILE_DEV_BUILD_OVERRIDE_DEBUG=true environment variable to enable debug information generation.
[INFO] [stderr] 
[INFO] [stderr] Caused by:
[INFO] [stderr]   process didn't exit successfully: `/opt/rustwide/target/debug/build/openssl-sys/ec771a40a3481314/out/build_script_build` (exit status: 101)
[INFO] [stderr]   --- stdout
[INFO] [stderr]   cargo:rerun-if-env-changed=X86_64_UNKNOWN_LINUX_GNU_OPENSSL_LIB_DIR
[INFO] [stderr]   cargo:rerun-if-env-changed=OPENSSL_LIB_DIR
[INFO] [stderr]   cargo:rerun-if-env-changed=X86_64_UNKNOWN_LINUX_GNU_OPENSSL_INCLUDE_DIR
[INFO] [stderr]   cargo:rerun-if-env-changed=OPENSSL_INCLUDE_DIR
[INFO] [stderr]   cargo:rerun-if-env-changed=X86_64_UNKNOWN_LINUX_GNU_OPENSSL_DIR
[INFO] [stderr]   cargo:rerun-if-env-changed=OPENSSL_DIR
[INFO] [stderr]   cargo:rustc-link-lib=ssl
[INFO] [stderr]   cargo:rustc-link-lib=crypto
[INFO] [stderr]   OPT_LEVEL = Some("0")
[INFO] [stderr]   TARGET = Some("x86_64-unknown-linux-gnu")
[INFO] [stderr]   HOST = Some("x86_64-unknown-linux-gnu")
[INFO] [stderr]   TARGET = Some("x86_64-unknown-linux-gnu")
[INFO] [stderr]   TARGET = Some("x86_64-unknown-linux-gnu")
[INFO] [stderr]   HOST = Some("x86_64-unknown-linux-gnu")
[INFO] [stderr]   CC_x86_64-unknown-linux-gnu = None
[INFO] [stderr]   CC_x86_64_unknown_linux_gnu = None
[INFO] [stderr]   HOST_CC = None
[INFO] [stderr]   CC = None
[INFO] [stderr]   HOST = Some("x86_64-unknown-linux-gnu")
[INFO] [stderr]   TARGET = Some("x86_64-unknown-linux-gnu")
[INFO] [stderr]   HOST = Some("x86_64-unknown-linux-gnu")
[INFO] [stderr]   CFLAGS_x86_64-unknown-linux-gnu = None
[INFO] [stderr]   CFLAGS_x86_64_unknown_linux_gnu = None
[INFO] [stderr]   HOST_CFLAGS = None
[INFO] [stderr]   CFLAGS = None
[INFO] [stderr]   DEBUG = Some("true")
[INFO] [stderr]   running: "cc" "-O0" "-ffunction-sections" "-fdata-sections" "-fPIC" "-g" "-m64" "-Wall" "-Wextra" "-E" "/opt/rustwide/target/debug/build/openssl-sys/8be7337863783fe1/out/expando.c"
[INFO] [stderr]   exit status: 0
[INFO] [stderr]   cargo:rustc-cfg=osslconf="OPENSSL_NO_SSL3_METHOD"
[INFO] [stderr]   cargo:conf=OPENSSL_NO_SSL3_METHOD
[INFO] [stderr] 
[INFO] [stderr]   --- stderr
[INFO] [stderr] 
[INFO] [stderr]   thread 'main' (1171) panicked at /opt/rustwide/cargo-home/registry/src/index.crates.io-1949cf8c6b5b557f/openssl-sys-0.9.27/build.rs:500:9:
[INFO] [stderr] 
[INFO] [stderr] 
[INFO] [stderr]   This crate is only compatible with OpenSSL 1.0.1 through 1.1.1, or LibreSSL 2.5
[INFO] [stderr]   and 2.6, but a different version of OpenSSL was found. The build is now aborting
[INFO] [stderr]   due to this version mismatch.
[INFO] [stderr] 
[INFO] [stderr] 
[INFO] [stderr]   stack backtrace:
[INFO] [stderr]      0:     0x5749f1eecc01 - std[6ef242c1f0979732]::backtrace_rs::backtrace::libunwind::trace
[INFO] [stderr]                                  at /rustc/0335fc7ee9e33d92e03d99f3e2fb0fe6119f3cc0/library/std/src/../../backtrace/src/backtrace/libunwind.rs:117:9
[INFO] [stderr]      1:     0x5749f1eecc01 - std[6ef242c1f0979732]::backtrace_rs::backtrace::trace_unsynchronized::<std[6ef242c1f0979732]::sys::backtrace::_print_fmt::{closure#1}>
[INFO] [stderr]                                  at /rustc/0335fc7ee9e33d92e03d99f3e2fb0fe6119f3cc0/library/std/src/../../backtrace/src/backtrace/mod.rs:66:14
[INFO] [stderr]      2:     0x5749f1eecc01 - std[6ef242c1f0979732]::sys::backtrace::_print_fmt
[INFO] [stderr]                                  at /rustc/0335fc7ee9e33d92e03d99f3e2fb0fe6119f3cc0/library/std/src/sys/backtrace.rs:74:9
[INFO] [stderr]      3:     0x5749f1eecc01 - <<std[6ef242c1f0979732]::sys::backtrace::BacktraceLock>::print::DisplayBacktrace as core[df73c6affdc16dad]::fmt::Display>::fmt
[INFO] [stderr]                                  at /rustc/0335fc7ee9e33d92e03d99f3e2fb0fe6119f3cc0/library/std/src/sys/backtrace.rs:44:26
[INFO] [stderr]      4:     0x5749f1f00f6a - <core[df73c6affdc16dad]::fmt::rt::Argument>::fmt
[INFO] [stderr]                                  at /rustc/0335fc7ee9e33d92e03d99f3e2fb0fe6119f3cc0/library/core/src/fmt/rt.rs:152:76
[INFO] [stderr]      5:     0x5749f1f00f6a - core[df73c6affdc16dad]::fmt::write
[INFO] [stderr]      6:     0x5749f1ef270c - core[df73c6affdc16dad]::io::write::default_write_fmt::<std[6ef242c1f0979732]::sys::stdio::unix::Stderr>
[INFO] [stderr]                                  at /rustc/0335fc7ee9e33d92e03d99f3e2fb0fe6119f3cc0/library/core/src/io/write.rs:402:11
[INFO] [stderr]      7:     0x5749f1ef270c - <std[6ef242c1f0979732]::sys::stdio::unix::Stderr as core[df73c6affdc16dad]::io::write::Write>::write_fmt
[INFO] [stderr]                                  at /rustc/0335fc7ee9e33d92e03d99f3e2fb0fe6119f3cc0/library/core/src/io/write.rs:335:13
[INFO] [stderr]      8:     0x5749f1ecc056 - <std[6ef242c1f0979732]::sys::backtrace::BacktraceLock>::print
[INFO] [stderr]                                  at /rustc/0335fc7ee9e33d92e03d99f3e2fb0fe6119f3cc0/library/std/src/sys/backtrace.rs:47:9
[INFO] [stderr]      9:     0x5749f1ecc056 - std[6ef242c1f0979732]::panicking::default_hook::{closure#0}
[INFO] [stderr]                                  at /rustc/0335fc7ee9e33d92e03d99f3e2fb0fe6119f3cc0/library/std/src/panicking.rs:289:27
[INFO] [stderr]     10:     0x5749f1ee7731 - std[6ef242c1f0979732]::panicking::default_hook
[INFO] [stderr]                                  at /rustc/0335fc7ee9e33d92e03d99f3e2fb0fe6119f3cc0/library/std/src/panicking.rs:316:9
[INFO] [stderr]     11:     0x5749f1ee78eb - std[6ef242c1f0979732]::panicking::panic_with_hook
[INFO] [stderr]                                  at /rustc/0335fc7ee9e33d92e03d99f3e2fb0fe6119f3cc0/library/std/src/panicking.rs:811:13
[INFO] [stderr]     12:     0x5749f1ecb55c - std[6ef242c1f0979732]::panicking::begin_panic::<&str>::{closure#0}
[INFO] [stderr]                                  at /rustc/0335fc7ee9e33d92e03d99f3e2fb0fe6119f3cc0/library/std/src/panicking.rs:748:9
[INFO] [stderr]     13:     0x5749f1ec4709 - std[6ef242c1f0979732]::sys::backtrace::__rust_end_short_backtrace::<std[6ef242c1f0979732]::panicking::begin_panic<&str>::{closure#0}, !>
[INFO] [stderr]                                  at /rustc/0335fc7ee9e33d92e03d99f3e2fb0fe6119f3cc0/library/std/src/sys/backtrace.rs:182:18
[INFO] [stderr]     14:     0x5749f1ec202b - std[6ef242c1f0979732]::panicking::begin_panic::<&str>
[INFO] [stderr]                                  at /rustc/0335fc7ee9e33d92e03d99f3e2fb0fe6119f3cc0/library/std/src/panicking.rs:747:5
[INFO] [stderr]     15:     0x5749f1e7fe4f - build_script_build[b654033c053c9cdc]::validate_headers
[INFO] [stderr]     16:     0x5749f1e7de53 - build_script_build[b654033c053c9cdc]::try_pkg_config
[INFO] [stderr]     17:     0x5749f1e7e218 - build_script_build[b654033c053c9cdc]::find_openssl_dir
[INFO] [stderr]     18:     0x5749f1e7d2fb - build_script_build[b654033c053c9cdc]::main::{closure#0}
[INFO] [stderr]     19:     0x5749f1e74590 - <core[df73c6affdc16dad]::option::Option<std[6ef242c1f0979732]::ffi::os_str::OsString>>::unwrap_or_else::<build_script_build[b654033c053c9cdc]::main::{closure#0}>
[INFO] [stderr]     20:     0x5749f1e8175e - build_script_build[b654033c053c9cdc]::main
[INFO] [stderr]     21:     0x5749f1e7b783 - <fn() as core[df73c6affdc16dad]::ops::function::FnOnce<()>>::call_once
[INFO] [stderr]     22:     0x5749f1e76266 - std[6ef242c1f0979732]::sys::backtrace::__rust_begin_short_backtrace::<fn(), ()>
[INFO] [stderr]     23:     0x5749f1e76b79 - std[6ef242c1f0979732]::rt::lang_start::<()>::{closure#0}
[INFO] [stderr]     24:     0x5749f1ee6b38 - <&dyn core[df73c6affdc16dad]::ops::function::Fn<(), Output = i32> + core[df73c6affdc16dad]::panic::unwind_safe::RefUnwindSafe + core[df73c6affdc16dad]::marker::Sync as core[df73c6affdc16dad]::ops::function::FnOnce<()>>::call_once
[INFO] [stderr]                                  at /rustc/0335fc7ee9e33d92e03d99f3e2fb0fe6119f3cc0/library/core/src/ops/function.rs:287:21
[INFO] [stderr]     25:     0x5749f1ee6b38 - std[6ef242c1f0979732]::panicking::catch_unwind::do_call::<&dyn core[df73c6affdc16dad]::ops::function::Fn<(), Output = i32> + core[df73c6affdc16dad]::panic::unwind_safe::RefUnwindSafe + core[df73c6affdc16dad]::marker::Sync, i32>
[INFO] [stderr]                                  at /rustc/0335fc7ee9e33d92e03d99f3e2fb0fe6119f3cc0/library/std/src/panicking.rs:573:43
[INFO] [stderr]     26:     0x5749f1ee6b38 - std[6ef242c1f0979732]::panicking::catch_unwind::<i32, &dyn core[df73c6affdc16dad]::ops::function::Fn<(), Output = i32> + core[df73c6affdc16dad]::panic::unwind_safe::RefUnwindSafe + core[df73c6affdc16dad]::marker::Sync>
[INFO] [stderr]                                  at /rustc/0335fc7ee9e33d92e03d99f3e2fb0fe6119f3cc0/library/std/src/panicking.rs:541:19
[INFO] [stderr]     27:     0x5749f1ee6b38 - std[6ef242c1f0979732]::panic::catch_unwind::<&dyn core[df73c6affdc16dad]::ops::function::Fn<(), Output = i32> + core[df73c6affdc16dad]::panic::unwind_safe::RefUnwindSafe + core[df73c6affdc16dad]::marker::Sync, i32>
[INFO] [stderr]                                  at /rustc/0335fc7ee9e33d92e03d99f3e2fb0fe6119f3cc0/library/std/src/panic.rs:359:14
[INFO] [stderr]     28:     0x5749f1ee6b38 - std[6ef242c1f0979732]::rt::lang_start_internal::{closure#0}
[INFO] [stderr]                                  at /rustc/0335fc7ee9e33d92e03d99f3e2fb0fe6119f3cc0/library/std/src/rt.rs:175:24
[INFO] [stderr]     29:     0x5749f1ee6b38 - std[6ef242c1f0979732]::panicking::catch_unwind::do_call::<std[6ef242c1f0979732]::rt::lang_start_internal::{closure#0}, isize>
[INFO] [stderr]                                  at /rustc/0335fc7ee9e33d92e03d99f3e2fb0fe6119f3cc0/library/std/src/panicking.rs:573:43
[INFO] [stderr]     30:     0x5749f1ee6b38 - std[6ef242c1f0979732]::panicking::catch_unwind::<isize, std[6ef242c1f0979732]::rt::lang_start_internal::{closure#0}>
[INFO] [stderr]                                  at /rustc/0335fc7ee9e33d92e03d99f3e2fb0fe6119f3cc0/library/std/src/panicking.rs:541:19
[INFO] [stderr]     31:     0x5749f1ee6b38 - std[6ef242c1f0979732]::panic::catch_unwind::<std[6ef242c1f0979732]::rt::lang_start_internal::{closure#0}, isize>
[INFO] [stderr]                                  at /rustc/0335fc7ee9e33d92e03d99f3e2fb0fe6119f3cc0/library/std/src/panic.rs:359:14
[INFO] [stderr]     32:     0x5749f1ee6b38 - std[6ef242c1f0979732]::rt::lang_start_internal
[INFO] [stderr]                                  at /rustc/0335fc7ee9e33d92e03d99f3e2fb0fe6119f3cc0/library/std/src/rt.rs:171:5
[INFO] [stderr]     33:     0x5749f1e74b31 - std[6ef242c1f0979732]::rt::lang_start::<()>
[INFO] [stderr]     34:     0x5749f1e83415 - main
[INFO] [stderr]     35:     0x701c56ad0601 - <unknown>
[INFO] [stderr]     36:     0x701c56ad0718 - __libc_start_main
[INFO] [stderr]     37:     0x5749f1e742a5 - _start
[INFO] [stderr]     38:                0x0 - <unknown>
[INFO] [stderr] warning: build failed, waiting for other jobs to finish...
[INFO] [stdout] error[E0713]: borrow may still be in use when destructor runs
[INFO] [stdout]    --> /opt/rustwide/cargo-home/registry/src/index.crates.io-1949cf8c6b5b557f/url-1.7.0/src/form_urlencoded.rs:261:40
[INFO] [stdout]     |
[INFO] [stdout] 259 | impl<'a> Target for ::UrlQuery<'a> {
[INFO] [stdout]     |      -- lifetime `'a` defined here
[INFO] [stdout] 260 |     fn as_mut_string(&mut self) -> &mut String { &mut self.url.serialization }
[INFO] [stdout] 261 |     fn finish(self) -> &'a mut ::Url { self.url }
[INFO] [stdout]     |                                        ^^^^^^^^ - here, drop of `self` needs exclusive access to `*self.url`, because the type `UrlQuery<'_>` implements the `Drop` trait
[INFO] [stdout]     |                                        |
[INFO] [stdout]     |                                        returning this value requires that `*self.url` is borrowed for `'a`
[INFO] [stdout] 
[INFO] [stdout] 
[INFO] [stdout] For more information about this error, try `rustc --explain E0713`.
[INFO] [stdout] 
[INFO] [stderr] error: could not compile `url` (lib) due to 1 previous error
[INFO] running `Command { std: "docker" "inspect" "f9c2daa1bd8131785e0b28ecd0813c7f35d5cdb4fa50ee534ef01d5f3b008d6b", kill_on_drop: false }`
[INFO] running `Command { std: "docker" "rm" "-f" "f9c2daa1bd8131785e0b28ecd0813c7f35d5cdb4fa50ee534ef01d5f3b008d6b", kill_on_drop: false }`
[INFO] [stdout] f9c2daa1bd8131785e0b28ecd0813c7f35d5cdb4fa50ee534ef01d5f3b008d6b
