[INFO] cloning repository https://github.com/limushu/new_ecc
[INFO] running `Command { std: "git" "-c" "credential.helper=" "-c" "credential.helper=/workspace/cargo-home/bin/git-credential-null" "clone" "--bare" "https://github.com/limushu/new_ecc" "/workspace/cache/git-repos/https%3A%2F%2Fgithub.com%2Flimushu%2Fnew_ecc", kill_on_drop: false }`
[INFO] [stderr] Cloning into bare repository '/workspace/cache/git-repos/https%3A%2F%2Fgithub.com%2Flimushu%2Fnew_ecc'...
[INFO] running `Command { std: "git" "rev-parse" "HEAD", kill_on_drop: false }`
[INFO] [stdout] 7af326400b237ab3eec02dd55649022c9ebce316
[INFO] checking limushu/new_ecc against 0335fc7ee9e33d92e03d99f3e2fb0fe6119f3cc0 for pr-158915-1
[INFO] running `Command { std: "git" "clone" "/workspace/cache/git-repos/https%3A%2F%2Fgithub.com%2Flimushu%2Fnew_ecc" "/workspace/builds/worker-7-tc2/source", kill_on_drop: false }`
[INFO] [stderr] Cloning into '/workspace/builds/worker-7-tc2/source'...
[INFO] [stderr] done.
[INFO] started tweaking git repo https://github.com/limushu/new_ecc
[INFO] finished tweaking git repo https://github.com/limushu/new_ecc
[INFO] tweaked toml for git repo https://github.com/limushu/new_ecc written to /workspace/builds/worker-7-tc2/source/Cargo.toml
[INFO] validating manifest of git repo https://github.com/limushu/new_ecc on toolchain 0335fc7ee9e33d92e03d99f3e2fb0fe6119f3cc0
[INFO] running `Command { std: CARGO_HOME="/workspace/cargo-home" RUSTUP_HOME="/workspace/rustup-home" "/workspace/cargo-home/bin/cargo" "+0335fc7ee9e33d92e03d99f3e2fb0fe6119f3cc0" "metadata" "--manifest-path" "Cargo.toml" "--no-deps", kill_on_drop: false }`
[INFO] crate git repo https://github.com/limushu/new_ecc already has a lockfile, it will not be regenerated
[INFO] running `Command { std: CARGO_HOME="/workspace/cargo-home" RUSTUP_HOME="/workspace/rustup-home" "/workspace/cargo-home/bin/cargo" "+0335fc7ee9e33d92e03d99f3e2fb0fe6119f3cc0" "fetch" "--manifest-path" "Cargo.toml", kill_on_drop: false }`
[INFO] [stderr] warning: unused workspace dependency `toml`
[INFO] [stderr]   --> Cargo.toml:59:1
[INFO] [stderr]    |
[INFO] [stderr] 59 | toml = "0.8"
[INFO] [stderr]    | ^^^^
[INFO] [stderr]    |
[INFO] [stderr]    = note: `cargo::unused_workspace_dependencies` is set to `warn` by default
[INFO] [stderr] help: consider removing the workspace dependency `toml`
[INFO] [stderr] warning: workspace (manifest) generated 1 warning
[INFO] [stderr]     Blocking waiting for file lock on package cache
[INFO] [stderr]     Blocking waiting for file lock on package cache
[INFO] [stderr]  Downloading crates ...
[INFO] [stderr]   Downloaded rsqlite-vfs v0.1.0
[INFO] [stderr]   Downloaded r2d2_sqlite v0.33.0
[INFO] [stderr]   Downloaded rusqlite v0.39.0
[INFO] [stderr]   Downloaded libsqlite3-sys v0.37.0
[INFO] [stderr]   Downloaded sqlite-wasm-rs v0.5.3
[INFO] running `Command { std: "docker" "create" "-v" "/var/lib/crater-agent-workspace/builds/worker-7-tc2/source:/opt/rustwide/workdir:ro,Z" "-v" "/var/lib/crater-agent-workspace/builds/worker-7-tc2/target:/opt/rustwide/target:rw,Z" "-v" "/var/lib/crater-agent-workspace/cargo-home:/opt/rustwide/cargo-home:ro,Z" "-v" "/var/lib/crater-agent-workspace/rustup-home:/opt/rustwide/rustup-home:ro,Z" "-m" "1610612736" "--network" "none" "ghcr.io/rust-lang/crates-build-env/linux@sha256:8683fc1fc2eb5c9ac98e0d076ab094b2ffac7f99da555d2b6a2e27f346de2ec7" "sleep" "infinity", kill_on_drop: false }`
[INFO] [stdout] 55277bd4ddb2f704c757158626a6da6d43ddc978f0343f9e09001a6524a4af40
[INFO] running `Command { std: "docker" "start" "55277bd4ddb2f704c757158626a6da6d43ddc978f0343f9e09001a6524a4af40", kill_on_drop: false }`
[INFO] running `Command { std: "docker" "inspect" "55277bd4ddb2f704c757158626a6da6d43ddc978f0343f9e09001a6524a4af40", kill_on_drop: false }`
[INFO] running `Command { std: "docker" "exec" "-e" "SOURCE_DIR=/opt/rustwide/workdir" "-e" "CARGO_HOME=/opt/rustwide/cargo-home" "-e" "RUSTUP_HOME=/opt/rustwide/rustup-home" "-e" "CARGO_TARGET_DIR=/opt/rustwide/target" "-w" "/opt/rustwide/workdir" "--user" "0:0" "55277bd4ddb2f704c757158626a6da6d43ddc978f0343f9e09001a6524a4af40" "/opt/rustwide/cargo-home/bin/cargo" "+0335fc7ee9e33d92e03d99f3e2fb0fe6119f3cc0" "metadata" "--no-deps" "--format-version=1", kill_on_drop: false }`
[INFO] running `Command { std: "docker" "inspect" "55277bd4ddb2f704c757158626a6da6d43ddc978f0343f9e09001a6524a4af40", kill_on_drop: false }`
[INFO] running `Command { std: "docker" "exec" "-e" "SOURCE_DIR=/opt/rustwide/workdir" "-e" "CARGO_HOME=/opt/rustwide/cargo-home" "-e" "RUSTUP_HOME=/opt/rustwide/rustup-home" "-e" "CARGO_TARGET_DIR=/opt/rustwide/target" "-e" "CARGO_INCREMENTAL=0" "-e" "RUST_BACKTRACE=full" "-e" "RUSTFLAGS=--cap-lints=forbid" "-e" "RUSTDOCFLAGS=--cap-lints=forbid" "-w" "/opt/rustwide/workdir" "--user" "0:0" "55277bd4ddb2f704c757158626a6da6d43ddc978f0343f9e09001a6524a4af40" "/opt/rustwide/cargo-home/bin/cargo" "+0335fc7ee9e33d92e03d99f3e2fb0fe6119f3cc0" "check" "--frozen" "--all" "--all-targets" "--message-format=json", kill_on_drop: false }`
[INFO] [stderr] warning: unused workspace dependency `toml`
[INFO] [stderr]   --> Cargo.toml:59:1
[INFO] [stderr]    |
[INFO] [stderr] 59 | toml = "0.8"
[INFO] [stderr]    | ^^^^
[INFO] [stderr]    |
[INFO] [stderr]    = note: `cargo::unused_workspace_dependencies` is set to `warn` by default
[INFO] [stderr] help: consider removing the workspace dependency `toml`
[INFO] [stderr] warning: workspace (manifest) generated 1 warning
[INFO] [stderr]    Compiling cc v1.2.62
[INFO] [stderr]     Checking zerofrom v0.1.7
[INFO] [stderr]     Checking tokio v1.52.3
[INFO] [stderr]     Checking serde v1.0.228
[INFO] [stderr]     Checking crypto-common v0.1.7
[INFO] [stderr]     Checking serde_json v1.0.149
[INFO] [stderr]     Checking tracing v0.1.44
[INFO] [stderr]     Checking bitflags v2.11.1
[INFO] [stderr]     Checking yoke v0.8.2
[INFO] [stderr]     Checking inout v0.1.4
[INFO] [stderr]     Checking hashbrown v0.16.1
[INFO] [stderr]     Checking cipher v0.4.4
[INFO] [stderr]     Checking zerovec v0.11.6
[INFO] [stderr]     Checking zerotrie v0.2.4
[INFO] [stderr]     Checking uuid v1.23.1
[INFO] [stderr]     Checking universal-hash v0.5.1
[INFO] [stderr]     Checking chrono v0.4.44
[INFO] [stderr]     Checking serde_urlencoded v0.7.1
[INFO] [stderr]     Checking polyval v0.6.2
[INFO] [stderr]     Checking hashlink v0.11.0
[INFO] [stderr]     Checking scheduled-thread-pool v0.2.7
[INFO] [stderr]     Checking digest v0.10.7
[INFO] [stderr]     Checking tinystr v0.8.3
[INFO] [stderr]     Checking potential_utf v0.1.5
[INFO] [stderr]     Checking icu_locale_core v2.2.0
[INFO] [stderr]     Checking icu_collections v2.2.0
[INFO] [stderr]     Checking r2d2 v0.8.10
[INFO] [stderr]     Checking ghash v0.5.1
[INFO] [stderr]     Checking rand_chacha v0.3.1
[INFO] [stderr]     Checking aes v0.8.4
[INFO] [stderr]     Checking ctr v0.9.2
[INFO] [stderr]     Checking aead v0.5.2
[INFO] [stderr]     Checking regex-syntax v0.8.10
[INFO] [stderr]     Checking sha2 v0.10.9
[INFO] [stderr]     Checking rand v0.8.6
[INFO] [stderr]     Checking aes-gcm v0.10.3
[INFO] [stderr]     Checking tracing-serde v0.2.0
[INFO] [stderr]     Checking ecc-web v0.1.0 (/opt/rustwide/workdir/crates/ecc-web)
[INFO] [stderr]    Compiling ring v0.17.14
[INFO] [stderr]    Compiling libsqlite3-sys v0.37.0
[INFO] [stderr]     Checking ecc-domain v0.1.0 (/opt/rustwide/workdir/crates/ecc-domain)
[INFO] [stderr]     Checking icu_provider v2.2.0
[INFO] [stderr]     Checking icu_properties v2.2.0
[INFO] [stderr]     Checking icu_normalizer v2.2.0
[INFO] [stderr]     Checking regex-automata v0.4.14
[INFO] [stderr]     Checking idna_adapter v1.2.2
[INFO] [stderr]     Checking idna v1.1.0
[INFO] [stderr]     Checking matchers v0.2.0
[INFO] [stderr]     Checking url v2.5.8
[INFO] [stderr]     Checking tracing-subscriber v0.3.23
[INFO] [stderr]    Compiling rustls v0.23.40
[INFO] [stderr]     Checking tokio-util v0.7.18
[INFO] [stderr]     Checking tower v0.5.3
[INFO] [stderr]     Checking tower-http v0.6.10
[INFO] [stderr]     Checking rustls-webpki v0.103.13
[INFO] [stderr]     Checking h2 v0.4.14
[INFO] [stderr]     Checking hyper v1.9.0
[INFO] [stderr]     Checking hyper-util v0.1.20
[INFO] [stderr]     Checking tokio-rustls v0.26.4
[INFO] [stderr]     Checking hyper-rustls v0.27.9
[INFO] [stderr]     Checking reqwest v0.12.28
[INFO] [stderr]     Checking ecc-engine v0.1.0 (/opt/rustwide/workdir/crates/ecc-engine)
[INFO] [stderr]     Checking ecc-app v0.1.0 (/opt/rustwide/workdir/crates/ecc-app)
[INFO] [stderr]     Checking rusqlite v0.39.0
[INFO] [stderr]     Checking r2d2_sqlite v0.33.0
[INFO] [stderr]     Checking ecc-infra v0.1.0 (/opt/rustwide/workdir/crates/ecc-infra)
[INFO] [stderr]     Checking ecc-api v0.1.0 (/opt/rustwide/workdir/crates/ecc-api)
[INFO] [stderr]     Checking ecc v0.2.0 (/opt/rustwide/workdir)
[INFO] [stdout] error[E0432]: unresolved import `bytes`
[INFO] [stdout]  --> tests/integration.rs:7:5
[INFO] [stdout]   |
[INFO] [stdout] 7 | use bytes::Bytes;
[INFO] [stdout]   |     ^^^^^ use of unresolved module or unlinked crate `bytes`
[INFO] [stdout]   |
[INFO] [stdout]   = help: if you wanted to use a crate named `bytes`, use `cargo add bytes` to add it to your `Cargo.toml`
[INFO] [stdout] 
[INFO] [stdout] 
[INFO] [stdout] error[E0432]: unresolved import `http`
[INFO] [stdout]  --> tests/integration.rs:8:5
[INFO] [stdout]   |
[INFO] [stdout] 8 | use http::{HeaderMap, Method};
[INFO] [stdout]   |     ^^^^
[INFO] [stdout]   |
[INFO] [stdout] help: a similar path exists
[INFO] [stdout]   |
[INFO] [stdout] 8 | use hyper::http::{HeaderMap, Method};
[INFO] [stdout]   |     +++++++
[INFO] [stdout] 
[INFO] [stdout] 
[INFO] [stdout] error[E0433]: cannot find module or crate `ecc_config` in this scope
[INFO] [stdout]   --> tests/integration.rs:15:5
[INFO] [stdout]    |
[INFO] [stdout] 15 | use ecc_config::provider::{AuthType, Provider, ProviderTable, Protocol};
[INFO] [stdout]    |     ^^^^^^^^^^ use of unresolved module or unlinked crate `ecc_config`
[INFO] [stdout]    |
[INFO] [stdout]    = help: if you wanted to use a crate named `ecc_config`, use `cargo add ecc_config` to add it to your `Cargo.toml`
[INFO] [stdout] 
[INFO] [stdout] 
[INFO] [stdout] error[E0433]: cannot find module or crate `ecc_config` in this scope
[INFO] [stdout]   --> tests/integration.rs:16:5
[INFO] [stdout]    |
[INFO] [stdout] 16 | use ecc_config::route::{RouteEntry, RouteTable, RouteTarget};
[INFO] [stdout]    |     ^^^^^^^^^^ use of unresolved module or unlinked crate `ecc_config`
[INFO] [stdout]    |
[INFO] [stdout]    = help: if you wanted to use a crate named `ecc_config`, use `cargo add ecc_config` to add it to your `Cargo.toml`
[INFO] [stdout] 
[INFO] [stdout] 
[INFO] [stdout] error[E0433]: cannot find module or crate `ecc_core` in this scope
[INFO] [stdout]   --> tests/integration.rs:17:5
[INFO] [stdout]    |
[INFO] [stdout] 17 | use ecc_core::context::RequestContext;
[INFO] [stdout]    |     ^^^^^^^^ use of unresolved module or unlinked crate `ecc_core`
[INFO] [stdout]    |
[INFO] [stdout]    = help: if you wanted to use a crate named `ecc_core`, use `cargo add ecc_core` to add it to your `Cargo.toml`
[INFO] [stdout] 
[INFO] [stdout] 
[INFO] [stdout] error[E0433]: cannot find module or crate `ecc_core` in this scope
[INFO] [stdout]   --> tests/integration.rs:18:5
[INFO] [stdout]    |
[INFO] [stdout] 18 | use ecc_core::forwarder::Forwarder;
[INFO] [stdout]    |     ^^^^^^^^ use of unresolved module or unlinked crate `ecc_core`
[INFO] [stdout]    |
[INFO] [stdout]    = help: if you wanted to use a crate named `ecc_core`, use `cargo add ecc_core` to add it to your `Cargo.toml`
[INFO] [stdout] 
[INFO] [stdout] 
[INFO] [stdout] error[E0433]: cannot find module or crate `ecc_core` in this scope
[INFO] [stdout]   --> tests/integration.rs:19:5
[INFO] [stdout]    |
[INFO] [stdout] 19 | use ecc_core::middleware::Pipeline;
[INFO] [stdout]    |     ^^^^^^^^ use of unresolved module or unlinked crate `ecc_core`
[INFO] [stdout]    |
[INFO] [stdout]    = help: if you wanted to use a crate named `ecc_core`, use `cargo add ecc_core` to add it to your `Cargo.toml`
[INFO] [stdout] 
[INFO] [stdout] 
[INFO] [stdout] error[E0433]: cannot find module or crate `ecc_core` in this scope
[INFO] [stdout]   --> tests/integration.rs:20:5
[INFO] [stdout]    |
[INFO] [stdout] 20 | use ecc_core::rectifier::ThinkingRectifier;
[INFO] [stdout]    |     ^^^^^^^^ use of unresolved module or unlinked crate `ecc_core`
[INFO] [stdout]    |
[INFO] [stdout]    = help: if you wanted to use a crate named `ecc_core`, use `cargo add ecc_core` to add it to your `Cargo.toml`
[INFO] [stdout] 
[INFO] [stdout] 
[INFO] [stdout] error[E0433]: cannot find module or crate `ecc_core` in this scope
[INFO] [stdout]   --> tests/integration.rs:21:5
[INFO] [stdout]    |
[INFO] [stdout] 21 | use ecc_core::router::RouterMiddleware;
[INFO] [stdout]    |     ^^^^^^^^ use of unresolved module or unlinked crate `ecc_core`
[INFO] [stdout]    |
[INFO] [stdout]    = help: if you wanted to use a crate named `ecc_core`, use `cargo add ecc_core` to add it to your `Cargo.toml`
[INFO] [stdout] 
[INFO] [stdout] 
[INFO] [stdout] error[E0432]: unresolved import `http_body_util`
[INFO] [stdout]  --> tests/integration.rs:9:5
[INFO] [stdout]   |
[INFO] [stdout] 9 | use http_body_util::Full;
[INFO] [stdout]   |     ^^^^^^^^^^^^^^ use of unresolved module or unlinked crate `http_body_util`
[INFO] [stdout]   |
[INFO] [stdout]   = help: if you wanted to use a crate named `http_body_util`, use `cargo add http_body_util` to add it to your `Cargo.toml`
[INFO] [stdout] 
[INFO] [stdout] 
[INFO] [stdout] error[E0433]: cannot find module or crate `serde_json` in this scope
[INFO] [stdout]   --> tests/integration.rs:33:28
[INFO] [stdout]    |
[INFO] [stdout] 33 |                 let resp = serde_json::json!({
[INFO] [stdout]    |                            ^^^^^^^^^^ use of unresolved module or unlinked crate `serde_json`
[INFO] [stdout] 
[INFO] [stdout] 
[INFO] [stdout] error[E0433]: cannot find module or crate `ecc_core` in this scope
[INFO] [stdout]    --> tests/integration.rs:184:17
[INFO] [stdout]     |
[INFO] [stdout] 184 |     let store = ecc_core::usage::UsageStore::new(dir.path().to_path_buf(), 100);
[INFO] [stdout]     |                 ^^^^^^^^ use of unresolved module or unlinked crate `ecc_core`
[INFO] [stdout]     |
[INFO] [stdout]     = help: if you wanted to use a crate named `ecc_core`, use `cargo add ecc_core` to add it to your `Cargo.toml`
[INFO] [stdout] 
[INFO] [stdout] 
[INFO] [stdout] error[E0433]: cannot find module or crate `ecc_core` in this scope
[INFO] [stdout]    --> tests/integration.rs:185:18
[INFO] [stdout]     |
[INFO] [stdout] 185 |     let record = ecc_core::usage::UsageRecord {
[INFO] [stdout]     |                  ^^^^^^^^ use of unresolved module or unlinked crate `ecc_core`
[INFO] [stdout]     |
[INFO] [stdout]     = help: if you wanted to use a crate named `ecc_core`, use `cargo add ecc_core` to add it to your `Cargo.toml`
[INFO] [stdout] help: consider importing this module
[INFO] [stdout]     |
[INFO] [stdout]   3 + use ecc_engine::port::usage;
[INFO] [stdout]     |
[INFO] [stdout] help: if you import `usage`, refer to it directly
[INFO] [stdout]     |
[INFO] [stdout] 185 -     let record = ecc_core::usage::UsageRecord {
[INFO] [stdout] 185 +     let record = usage::UsageRecord {
[INFO] [stdout]     |
[INFO] [stdout] 
[INFO] [stdout] 
[INFO] [stdout] error[E0433]: cannot find module or crate `serde_json` in this scope
[INFO] [stdout]   --> tests/integration.rs:43:53
[INFO] [stdout]    |
[INFO] [stdout] 43 |                         .body(Full::new(Bytes::from(serde_json::to_string(&resp).unwrap())))
[INFO] [stdout]    |                                                     ^^^^^^^^^^ use of unresolved module or unlinked crate `serde_json`
[INFO] [stdout]    |
[INFO] [stdout]    = help: if you wanted to use a crate named `serde_json`, use `cargo add serde_json` to add it to your `Cargo.toml`
[INFO] [stdout] 
[INFO] [stdout] 
[INFO] [stdout] error[E0433]: cannot find module or crate `tempfile` in this scope
[INFO] [stdout]    --> tests/integration.rs:170:15
[INFO] [stdout]     |
[INFO] [stdout] 170 |     let dir = tempfile::tempdir().unwrap();
[INFO] [stdout]     |               ^^^^^^^^ use of unresolved module or unlinked crate `tempfile`
[INFO] [stdout]     |
[INFO] [stdout]     = help: if you wanted to use a crate named `tempfile`, use `cargo add tempfile` to add it to your `Cargo.toml`
[INFO] [stdout] 
[INFO] [stdout] 
[INFO] [stdout] Some errors have detailed explanations: E0432, E0433.
[INFO] [stdout] 
[INFO] [stdout] For more information about an error, try `rustc --explain E0432`.
[INFO] [stdout] 
[INFO] [stderr] error: could not compile `ecc` (test "integration") due to 15 previous errors
[INFO] [stderr] warning: build failed, waiting for other jobs to finish...
[INFO] [stderr] warning: unused dependency `ecc-infra`
[INFO] [stderr]   --> crates/ecc-api/Cargo.toml:10:1
[INFO] [stderr]    |
[INFO] [stderr] 10 | ecc-infra = { path = "../ecc-infra" }
[INFO] [stderr]    | ^^^^^^^^^^^^^^^^^^^^^^^^^^^^^^^^^^^^^
[INFO] [stderr]    |
[INFO] [stderr]    = note: `cargo::unused_dependencies` is set to `warn` by default
[INFO] [stderr] help: consider removing the dependency on `ecc-infra`
[INFO] [stderr] warning: unused dependency `tracing-subscriber`
[INFO] [stderr]   --> crates/ecc-api/Cargo.toml:22:1
[INFO] [stderr]    |
[INFO] [stderr] 22 | tracing-subscriber = { workspace = true }
[INFO] [stderr]    | ^^^^^^^^^^^^^^^^^^^^^^^^^^^^^^^^^^^^^^^^^
[INFO] [stderr]    |
[INFO] [stderr] help: consider removing the dependency on `tracing-subscriber`
[INFO] [stderr] warning: `ecc-api` (manifest) generated 2 warnings
[INFO] running `Command { std: "docker" "inspect" "55277bd4ddb2f704c757158626a6da6d43ddc978f0343f9e09001a6524a4af40", kill_on_drop: false }`
[INFO] running `Command { std: "docker" "rm" "-f" "55277bd4ddb2f704c757158626a6da6d43ddc978f0343f9e09001a6524a4af40", kill_on_drop: false }`
[INFO] [stdout] 55277bd4ddb2f704c757158626a6da6d43ddc978f0343f9e09001a6524a4af40
