[INFO] cloning repository https://github.com/leglands/mes-aides
[INFO] running `Command { std: "git" "-c" "credential.helper=" "-c" "credential.helper=/workspace/cargo-home/bin/git-credential-null" "clone" "--bare" "https://github.com/leglands/mes-aides" "/workspace/cache/git-repos/https%3A%2F%2Fgithub.com%2Fleglands%2Fmes-aides", kill_on_drop: false }`
[INFO] [stderr] Cloning into bare repository '/workspace/cache/git-repos/https%3A%2F%2Fgithub.com%2Fleglands%2Fmes-aides'...
[INFO] running `Command { std: "git" "rev-parse" "HEAD", kill_on_drop: false }`
[INFO] [stdout] 6d2d76e709cd4d5ab57ab192c2b22b64205eaac7
[INFO] checking leglands/mes-aides/6d2d76e709cd4d5ab57ab192c2b22b64205eaac7 against ed77b7b8699e342c2dc842c83cb5fe4025252ee8 for pr-158915-1
[INFO] running `Command { std: "git" "clone" "/workspace/cache/git-repos/https%3A%2F%2Fgithub.com%2Fleglands%2Fmes-aides" "/workspace/builds/worker-5-tc1/source", kill_on_drop: false }`
[INFO] [stderr] Cloning into '/workspace/builds/worker-5-tc1/source'...
[INFO] [stderr] done.
[INFO] removed /workspace/builds/worker-5-tc1/source/.cargo/config.toml
[INFO] started tweaking git repo https://github.com/leglands/mes-aides
[INFO] finished tweaking git repo https://github.com/leglands/mes-aides
[INFO] tweaked toml for git repo https://github.com/leglands/mes-aides written to /workspace/builds/worker-5-tc1/source/Cargo.toml
[INFO] validating manifest of git repo https://github.com/leglands/mes-aides on toolchain ed77b7b8699e342c2dc842c83cb5fe4025252ee8
[INFO] running `Command { std: CARGO_HOME="/workspace/cargo-home" RUSTUP_HOME="/workspace/rustup-home" "/workspace/cargo-home/bin/cargo" "+ed77b7b8699e342c2dc842c83cb5fe4025252ee8" "metadata" "--manifest-path" "Cargo.toml" "--no-deps", kill_on_drop: false }`
[INFO] crate git repo https://github.com/leglands/mes-aides already has a lockfile, it will not be regenerated
[INFO] running `Command { std: CARGO_HOME="/workspace/cargo-home" RUSTUP_HOME="/workspace/rustup-home" "/workspace/cargo-home/bin/cargo" "+ed77b7b8699e342c2dc842c83cb5fe4025252ee8" "fetch" "--manifest-path" "Cargo.toml", kill_on_drop: false }`
[INFO] [stderr] warning: unused field `authors` in `workspace.package`
[INFO] [stderr]   --> Cargo.toml:28:1
[INFO] [stderr]    |
[INFO] [stderr] 28 | authors = ["Macaron Software"]
[INFO] [stderr]    | ^^^^^^^
[INFO] [stderr]    |
[INFO] [stderr]    = note: `cargo::unused_workspace_package_fields` is set to `warn` by default
[INFO] [stderr] help: consider removing the field `workspace.package.authors`
[INFO] [stderr] warning: unused field `license` in `workspace.package`
[INFO] [stderr]   --> Cargo.toml:30:1
[INFO] [stderr]    |
[INFO] [stderr] 30 | license = "MIT"
[INFO] [stderr]    | ^^^^^^^
[INFO] [stderr]    |
[INFO] [stderr] help: consider removing the field `workspace.package.license`
[INFO] [stderr] warning: workspace (manifest) generated 2 warnings
[INFO] [stderr]     Updating crates.io index
[INFO] [stderr]      Locking 30 packages to highest compatible versions
[INFO] [stderr]       Adding aho-corasick v1.1.5
[INFO] [stderr]       Adding anes v0.1.6
[INFO] [stderr]       Adding anstyle v1.0.14
[INFO] [stderr]       Adding ciborium v0.2.2
[INFO] [stderr]       Adding ciborium-io v0.2.2
[INFO] [stderr]       Adding ciborium-ll v0.2.2
[INFO] [stderr]       Adding clap v4.6.7
[INFO] [stderr]       Adding clap_builder v4.6.7
[INFO] [stderr]       Adding clap_lex v1.1.1
[INFO] [stderr]       Adding criterion v0.5.1 (available: v0.8.2)
[INFO] [stderr]       Adding criterion-plot v0.5.0
[INFO] [stderr]       Adding crossbeam-deque v0.8.8
[INFO] [stderr]       Adding crossbeam-epoch v0.9.21
[INFO] [stderr]       Adding crossbeam-utils v0.8.23
[INFO] [stderr]       Adding crunchy v0.2.4
[INFO] [stderr]       Adding either v1.18.0
[INFO] [stderr]       Adding half v2.7.1
[INFO] [stderr]       Adding hermit-abi v0.5.3
[INFO] [stderr]       Adding is-terminal v0.4.17
[INFO] [stderr]       Adding itertools v0.10.5
[INFO] [stderr]       Adding plotters v0.3.7
[INFO] [stderr]       Adding plotters-backend v0.3.7
[INFO] [stderr]       Adding plotters-svg v0.3.7
[INFO] [stderr]       Adding rayon v1.12.0
[INFO] [stderr]       Adding rayon-core v1.13.0
[INFO] [stderr]       Adding regex v1.13.0 (available: v1.13.1)
[INFO] [stderr]       Adding regex-syntax v0.8.11
[INFO] [stderr]       Adding tinytemplate v1.2.1
[INFO] [stderr]       Adding zerocopy v0.8.57
[INFO] [stderr]       Adding zerocopy-derive v0.8.57
[INFO] [stderr]  Downloading crates ...
[INFO] [stderr]   Downloaded wasm-bindgen-test-shared v0.2.114
[INFO] [stderr]   Downloaded uniffi v0.28.3
[INFO] [stderr]   Downloaded uniffi_meta v0.28.3
[INFO] [stderr]   Downloaded scroll_derive v0.12.1
[INFO] [stderr]   Downloaded wasm-bindgen-test-macro v0.3.64
[INFO] [stderr]   Downloaded uniffi_checksum_derive v0.28.3
[INFO] [stderr]   Downloaded compression-codecs v0.4.37
[INFO] [stderr]   Downloaded uniffi_testing v0.28.3
[INFO] [stderr]   Downloaded owned_ttf_parser v0.12.1
[INFO] [stderr]   Downloaded uniffi_build v0.28.3
[INFO] [stderr]   Downloaded async-compression v0.4.41
[INFO] [stderr]   Downloaded uniffi_udl v0.28.3
[INFO] [stderr]   Downloaded weedle2 v5.0.0
[INFO] [stderr]   Downloaded crossbeam-deque v0.8.8
[INFO] [stderr]   Downloaded hermit-abi v0.5.3
[INFO] [stderr]   Downloaded uniffi_macros v0.28.3
[INFO] [stderr]   Downloaded uniffi_core v0.28.3
[INFO] [stderr]   Downloaded scroll v0.12.0
[INFO] [stderr]   Downloaded crossbeam-epoch v0.9.21
[INFO] [stderr]   Downloaded wasm-bindgen-test v0.3.64
[INFO] [stderr]   Downloaded ttf-parser v0.12.3
[INFO] [stderr]   Downloaded uniffi_bindgen v0.28.3
[INFO] [stderr]   Downloaded regex v1.13.0
[INFO] [stderr]   Downloaded pom v3.4.0
[INFO] [stderr]   Downloaded goblin v0.8.2
[INFO] [stderr]   Downloaded printpdf v0.6.0
[INFO] [stderr]   Downloaded lopdf v0.31.0
[INFO] running `Command { std: "docker" "create" "-v" "/var/lib/crater-agent-workspace/builds/worker-5-tc1/source:/opt/rustwide/workdir:ro,Z" "-v" "/var/lib/crater-agent-workspace/builds/worker-5-tc1/target:/opt/rustwide/target:rw,Z" "-v" "/var/lib/crater-agent-workspace/cargo-home:/opt/rustwide/cargo-home:ro,Z" "-v" "/var/lib/crater-agent-workspace/rustup-home:/opt/rustwide/rustup-home:ro,Z" "-m" "1610612736" "--network" "none" "ghcr.io/rust-lang/crates-build-env/linux@sha256:8683fc1fc2eb5c9ac98e0d076ab094b2ffac7f99da555d2b6a2e27f346de2ec7" "sleep" "infinity", kill_on_drop: false }`
[INFO] [stdout] 495e9bc3e2baacc1f665f6de45e5f41bb795235062c1e834dbff56287337b2dc
[INFO] running `Command { std: "docker" "start" "495e9bc3e2baacc1f665f6de45e5f41bb795235062c1e834dbff56287337b2dc", kill_on_drop: false }`
[INFO] running `Command { std: "docker" "inspect" "495e9bc3e2baacc1f665f6de45e5f41bb795235062c1e834dbff56287337b2dc", kill_on_drop: false }`
[INFO] running `Command { std: "docker" "exec" "-e" "SOURCE_DIR=/opt/rustwide/workdir" "-e" "CARGO_HOME=/opt/rustwide/cargo-home" "-e" "RUSTUP_HOME=/opt/rustwide/rustup-home" "-e" "CARGO_TARGET_DIR=/opt/rustwide/target" "-w" "/opt/rustwide/workdir" "--user" "0:0" "495e9bc3e2baacc1f665f6de45e5f41bb795235062c1e834dbff56287337b2dc" "/opt/rustwide/cargo-home/bin/cargo" "+ed77b7b8699e342c2dc842c83cb5fe4025252ee8" "metadata" "--no-deps" "--format-version=1", kill_on_drop: false }`
[INFO] running `Command { std: "docker" "inspect" "495e9bc3e2baacc1f665f6de45e5f41bb795235062c1e834dbff56287337b2dc", kill_on_drop: false }`
[INFO] running `Command { std: "docker" "exec" "-e" "SOURCE_DIR=/opt/rustwide/workdir" "-e" "CARGO_HOME=/opt/rustwide/cargo-home" "-e" "RUSTUP_HOME=/opt/rustwide/rustup-home" "-e" "CARGO_TARGET_DIR=/opt/rustwide/target" "-e" "CARGO_INCREMENTAL=0" "-e" "RUST_BACKTRACE=full" "-e" "RUSTFLAGS=--cap-lints=forbid" "-e" "RUSTDOCFLAGS=--cap-lints=forbid" "-w" "/opt/rustwide/workdir" "--user" "0:0" "495e9bc3e2baacc1f665f6de45e5f41bb795235062c1e834dbff56287337b2dc" "/opt/rustwide/cargo-home/bin/cargo" "+ed77b7b8699e342c2dc842c83cb5fe4025252ee8" "check" "--frozen" "--all" "--all-targets" "--message-format=json", kill_on_drop: false }`
[INFO] [stderr] warning: unused field `authors` in `workspace.package`
[INFO] [stderr]   --> Cargo.toml:28:1
[INFO] [stderr]    |
[INFO] [stderr] 28 | authors = ["Macaron Software"]
[INFO] [stderr]    | ^^^^^^^
[INFO] [stderr]    |
[INFO] [stderr]    = note: `cargo::unused_workspace_package_fields` is set to `warn` by default
[INFO] [stderr] help: consider removing the field `workspace.package.authors`
[INFO] [stderr] warning: unused field `license` in `workspace.package`
[INFO] [stderr]   --> Cargo.toml:30:1
[INFO] [stderr]    |
[INFO] [stderr] 30 | license = "MIT"
[INFO] [stderr]    | ^^^^^^^
[INFO] [stderr]    |
[INFO] [stderr] help: consider removing the field `workspace.package.license`
[INFO] [stderr] warning: workspace (manifest) generated 2 warnings
[INFO] [stderr]    Compiling libc v0.2.182
[INFO] [stderr]     Checking http v1.4.0
[INFO] [stderr]     Checking tracing-core v0.1.36
[INFO] [stderr]     Checking futures-util v0.3.32
[INFO] [stderr]    Compiling vcpkg v0.2.15
[INFO] [stderr]    Compiling wasm-bindgen-shared v0.2.114
[INFO] [stderr]     Checking regex-syntax v0.8.11
[INFO] [stderr]     Checking litemap v0.8.1
[INFO] [stderr]     Checking writeable v0.6.2
[INFO] [stderr]     Checking serde_json v1.0.149
[INFO] [stderr]    Compiling icu_properties_data v2.1.2
[INFO] [stderr]    Compiling crossbeam-utils v0.8.23
[INFO] [stderr]     Checking simd-adler32 v0.3.8
[INFO] [stderr]     Checking hashbrown v0.16.1
[INFO] [stderr]    Compiling icu_normalizer_data v2.1.1
[INFO] [stderr]     Checking yoke v0.8.1
[INFO] [stderr]    Compiling zerovec-derive v0.11.2
[INFO] [stderr]    Compiling displaydoc v0.2.5
[INFO] [stderr]     Checking serde v1.0.228
[INFO] [stderr]    Compiling openssl v0.10.75
[INFO] [stderr]     Checking miniz_oxide v0.8.9
[INFO] [stderr]    Compiling zerocopy v0.8.57
[INFO] [stderr]     Checking tracing v0.1.44
[INFO] [stderr]     Checking foreign-types-shared v0.1.1
[INFO] [stderr]    Compiling bumpalo v3.20.2
[INFO] [stderr]     Checking tower-layer v0.3.3
[INFO] [stderr]    Compiling crossbeam-epoch v0.9.21
[INFO] [stderr]     Checking foreign-types v0.3.2
[INFO] [stderr]    Compiling wasm-bindgen-macro-support v0.2.114
[INFO] [stderr]     Checking flate2 v1.1.9
[INFO] [stderr]    Compiling zerocopy-derive v0.8.57
[INFO] [stderr]    Compiling openssl-macros v0.1.1
[INFO] [stderr]    Compiling wasm-bindgen v0.2.114
[INFO] [stderr]     Checking futures-channel v0.3.32
[INFO] [stderr]    Compiling openssl-sys v0.9.111
[INFO] [stderr]     Checking sync_wrapper v1.0.2
[INFO] [stderr]    Compiling native-tls v0.2.18
[INFO] [stderr]    Compiling crossbeam-deque v0.8.8
[INFO] [stderr]     Checking form_urlencoded v1.2.2
[INFO] [stderr]    Compiling thiserror-impl v1.0.69
[INFO] [stderr]     Checking openssl-probe v0.2.1
[INFO] [stderr]     Checking either v1.18.0
[INFO] [stderr]    Compiling aides-core v0.1.0 (/opt/rustwide/workdir/core)
[INFO] [stderr]     Checking ipnet v2.12.0
[INFO] [stderr]     Checking zerotrie v0.2.3
[INFO] [stderr]     Checking num-traits v0.2.19
[INFO] [stderr]     Checking encoding_rs v0.8.35
[INFO] [stderr]     Checking indexmap v2.13.0
[INFO] [stderr]     Checking time-core v0.1.8
[INFO] [stderr]     Checking num-conv v0.2.0
[INFO] [stderr]     Checking compression-core v0.4.31
[INFO] [stderr]     Checking regex-automata v0.4.14
[INFO] [stderr]     Checking clap_lex v1.1.1
[INFO] [stderr]     Checking compression-codecs v0.4.37
[INFO] [stderr]     Checking time v0.3.47
[INFO] [stderr]     Checking clap_builder v4.6.7
[INFO] [stderr]     Checking itertools v0.10.5
[INFO] [stderr]     Checking serde_urlencoded v0.7.1
[INFO] [stderr]     Checking http-body v1.0.1
[INFO] [stderr]     Checking linked-hash-map v0.5.6
[INFO] [stderr]     Checking http-body-util v0.1.3
[INFO] [stderr]     Checking ttf-parser v0.12.3
[INFO] [stderr]     Checking zerovec v0.11.5
[INFO] [stderr]     Checking iri-string v0.7.10
[INFO] [stderr]     Checking md5 v0.7.0
[INFO] [stderr]     Checking plotters v0.3.7
[INFO] [stderr]     Checking rayon-core v1.13.0
[INFO] [stderr]     Checking parking_lot_core v0.9.12
[INFO] [stderr]     Checking errno v0.3.14
[INFO] [stderr]     Checking mio v1.1.1
[INFO] [stderr]     Checking socket2 v0.6.3
[INFO] [stderr]     Checking signal-hook-registry v1.4.8
[INFO] [stderr]     Checking parking_lot v0.12.5
[INFO] [stderr]     Checking thiserror v1.0.69
[INFO] [stderr]     Checking owned_ttf_parser v0.12.1
[INFO] [stderr]     Checking tinystr v0.8.2
[INFO] [stderr]     Checking potential_utf v0.1.4
[INFO] [stderr]     Checking rayon v1.12.0
[INFO] [stderr]     Checking axum-core v0.4.5
[INFO] [stderr]     Checking icu_collections v2.1.1
[INFO] [stderr]     Checking criterion-plot v0.5.0
[INFO] [stderr]     Checking icu_locale_core v2.1.1
[INFO] [stderr]     Checking is-terminal v0.4.17
[INFO] [stderr]     Checking tinytemplate v1.2.1
[INFO] [stderr]     Checking tokio v1.50.0
[INFO] [stderr]    Compiling wasm-bindgen-test-macro v0.3.64
[INFO] [stderr]     Checking serde_path_to_error v0.1.20
[INFO] [stderr]     Checking nu-ansi-term v0.50.3
[INFO] [stderr]     Checking wasm-bindgen-test-shared v0.2.114
[INFO] [stderr]     Checking matchit v0.7.3
[INFO] [stderr]     Checking icu_provider v2.1.1
[INFO] [stderr]     Checking clap v4.6.7
[INFO] [stderr]     Checking icu_properties v2.1.2
[INFO] [stderr]     Checking icu_normalizer v2.1.1
[INFO] [stderr]     Checking bstr v1.12.1
[INFO] [stderr]     Checking regex v1.13.0
[INFO] [stderr]     Checking idna_adapter v1.2.1
[INFO] [stderr]    Compiling wasm-bindgen-macro v0.2.114
[INFO] [stderr]     Checking idna v1.1.0
[INFO] [stderr]     Checking pom v3.4.0
[INFO] [stderr]     Checking url v2.5.8
[INFO] [stderr]     Checking lopdf v0.31.0
[INFO] [stderr]     Checking printpdf v0.6.0
[INFO] [stderr]     Checking js-sys v0.3.91
[INFO] [stderr]     Checking tokio-util v0.7.18
[INFO] [stderr]     Checking tower v0.5.3
[INFO] [stderr]     Checking tokio-native-tls v0.3.1
[INFO] [stderr]     Checking async-compression v0.4.41
[INFO] [stderr]     Checking h2 v0.4.13
[INFO] [stderr]     Checking tower-http v0.5.2
[INFO] [stderr]     Checking tower-http v0.6.8
[INFO] [stderr]     Checking half v2.7.1
[INFO] [stderr]     Checking ciborium-ll v0.2.2
[INFO] [stderr]     Checking ciborium v0.2.2
[INFO] [stderr]     Checking criterion v0.5.1
[INFO] [stderr]     Checking hyper v1.8.1
[INFO] [stderr]     Checking wasm-bindgen-futures v0.4.64
[INFO] [stderr]     Checking hyper-util v0.1.20
[INFO] [stderr]     Checking wasm-bindgen-test v0.3.64
[INFO] [stdout] error[E0432]: unresolved imports `aides_core::engine::Logement`, `aides_core::engine::LogementType`, `aides_core::engine::ZoneAPL`, `aides_core::engine::CompositionFamiliale`
[INFO] [stdout]  --> core/benches/simulation.rs:2:48
[INFO] [stdout]   |
[INFO] [stdout] 2 | use aides_core::engine::{Simulator, Situation, Logement, LogementType, ZoneAPL, CompositionFamiliale};
[INFO] [stdout]   |                                                ^^^^^^^^  ^^^^^^^^^^^^  ^^^^^^^  ^^^^^^^^^^^^^^^^^^^^ no `CompositionFamiliale` in `engine`
[INFO] [stdout]   |                                                |         |             |
[INFO] [stdout]   |                                                |         |             no `ZoneAPL` in `engine`
[INFO] [stdout]   |                                                |         no `LogementType` in `engine`
[INFO] [stdout]   |                                                no `Logement` in `engine`
[INFO] [stdout]   |
[INFO] [stdout]   = help: consider importing this variant instead:
[INFO] [stdout]           aides_core::Categorie::Logement
[INFO] [stdout] 
[INFO] [stdout] 
[INFO] [stdout] error[E0560]: struct `Situation` has no field named `revenus_mensuels`
[INFO] [stdout]  --> core/benches/simulation.rs:7:9
[INFO] [stdout]   |
[INFO] [stdout] 7 |         revenus_mensuels: 800.0,
[INFO] [stdout]   |         ^^^^^^^^^^^^^^^^ unknown field
[INFO] [stdout]   |
[INFO] [stdout] help: a field with a similar name exists
[INFO] [stdout]   |
[INFO] [stdout] 7 |         revenus_nets_mensuels: 800.0,
[INFO] [stdout]   |                 +++++
[INFO] [stdout] 
[INFO] [stdout] 
[INFO] [stdout] error[E0560]: struct `Situation` has no field named `composition_familiale`
[INFO] [stdout]  --> core/benches/simulation.rs:8:9
[INFO] [stdout]   |
[INFO] [stdout] 8 |         composition_familiale: CompositionFamiliale::Seul,
[INFO] [stdout]   |         ^^^^^^^^^^^^^^^^^^^^^ unknown field
[INFO] [stdout]   |
[INFO] [stdout] help: a field with a similar name exists
[INFO] [stdout]   |
[INFO] [stdout] 8 -         composition_familiale: CompositionFamiliale::Seul,
[INFO] [stdout] 8 +         situation_familiale: CompositionFamiliale::Seul,
[INFO] [stdout]   |
[INFO] [stdout] 
[INFO] [stdout] 
[INFO] [stdout] error[E0560]: struct `Situation` has no field named `nombre_enfants`
[INFO] [stdout]  --> core/benches/simulation.rs:9:9
[INFO] [stdout]   |
[INFO] [stdout] 9 |         nombre_enfants: 0,
[INFO] [stdout]   |         ^^^^^^^^^^^^^^ unknown field
[INFO] [stdout]   |
[INFO] [stdout] help: a field with a similar name exists
[INFO] [stdout]   |
[INFO] [stdout] 9 -         nombre_enfants: 0,
[INFO] [stdout] 9 +         nb_enfants: 0,
[INFO] [stdout]   |
[INFO] [stdout] 
[INFO] [stdout] 
[INFO] [stdout] error[E0560]: struct `Situation` has no field named `handicap_taux`
[INFO] [stdout]   --> core/benches/simulation.rs:18:9
[INFO] [stdout]    |
[INFO] [stdout] 18 |         handicap_taux: None,
[INFO] [stdout]    |         ^^^^^^^^^^^^^ `Situation` does not have this field
[INFO] [stdout]    |
[INFO] [stdout]    = note: available fields are: `situation_familiale`, `nb_enfants`, `loyer_mensuel`, `code_postal`, `zone_apl` ... and 15 others
[INFO] [stdout] 
[INFO] [stdout] 
[INFO] [stdout] error[E0560]: struct `Situation` has no field named `demandeur_emploi`
[INFO] [stdout]   --> core/benches/simulation.rs:19:9
[INFO] [stdout]    |
[INFO] [stdout] 19 |         demandeur_emploi: false,
[INFO] [stdout]    |         ^^^^^^^^^^^^^^^^ `Situation` does not have this field
[INFO] [stdout]    |
[INFO] [stdout]    = note: available fields are: `situation_familiale`, `nb_enfants`, `loyer_mensuel`, `code_postal`, `zone_apl` ... and 15 others
[INFO] [stdout] 
[INFO] [stdout] 
[INFO] [stdout] error[E0560]: struct `Situation` has no field named `etudiant`
[INFO] [stdout]   --> core/benches/simulation.rs:20:9
[INFO] [stdout]    |
[INFO] [stdout] 20 |         etudiant: false,
[INFO] [stdout]    |         ^^^^^^^^ `Situation` does not have this field
[INFO] [stdout]    |
[INFO] [stdout]    = note: available fields are: `situation_familiale`, `nb_enfants`, `loyer_mensuel`, `code_postal`, `zone_apl` ... and 15 others
[INFO] [stdout] 
[INFO] [stdout] 
[INFO] [stdout] error[E0560]: struct `Situation` has no field named `retraite`
[INFO] [stdout]   --> core/benches/simulation.rs:21:9
[INFO] [stdout]    |
[INFO] [stdout] 21 |         retraite: false,
[INFO] [stdout]    |         ^^^^^^^^ `Situation` does not have this field
[INFO] [stdout]    |
[INFO] [stdout]    = note: available fields are: `situation_familiale`, `nb_enfants`, `loyer_mensuel`, `code_postal`, `zone_apl` ... and 15 others
[INFO] [stdout] 
[INFO] [stdout] 
[INFO] [stdout] error[E0560]: struct `Situation` has no field named `departement`
[INFO] [stdout]   --> core/benches/simulation.rs:22:9
[INFO] [stdout]    |
[INFO] [stdout] 22 |         departement: Some("75".to_string()),
[INFO] [stdout]    |         ^^^^^^^^^^^ `Situation` does not have this field
[INFO] [stdout]    |
[INFO] [stdout]    = note: available fields are: `situation_familiale`, `nb_enfants`, `loyer_mensuel`, `code_postal`, `zone_apl` ... and 15 others
[INFO] [stdout] 
[INFO] [stdout] 
[INFO] [stdout] error[E0560]: struct `Situation` has no field named `ressortissant_ue`
[INFO] [stdout]   --> core/benches/simulation.rs:23:9
[INFO] [stdout]    |
[INFO] [stdout] 23 |         ressortissant_ue: true,
[INFO] [stdout]    |         ^^^^^^^^^^^^^^^^ `Situation` does not have this field
[INFO] [stdout]    |
[INFO] [stdout]    = note: available fields are: `situation_familiale`, `nb_enfants`, `loyer_mensuel`, `code_postal`, `zone_apl` ... and 15 others
[INFO] [stdout] 
[INFO] [stdout] 
[INFO] [stdout] error[E0560]: struct `Situation` has no field named `residence_france_5ans`
[INFO] [stdout]   --> core/benches/simulation.rs:24:9
[INFO] [stdout]    |
[INFO] [stdout] 24 |         residence_france_5ans: true,
[INFO] [stdout]    |         ^^^^^^^^^^^^^^^^^^^^^ `Situation` does not have this field
[INFO] [stdout]    |
[INFO] [stdout]    = note: available fields are: `situation_familiale`, `nb_enfants`, `loyer_mensuel`, `code_postal`, `zone_apl` ... and 15 others
[INFO] [stdout] 
[INFO] [stdout] 
[INFO] [stdout] error[E0560]: struct `Situation` has no field named `revenus_mensuels`
[INFO] [stdout]   --> core/benches/simulation.rs:31:9
[INFO] [stdout]    |
[INFO] [stdout] 31 |         revenus_mensuels: 1200.0,
[INFO] [stdout]    |         ^^^^^^^^^^^^^^^^ unknown field
[INFO] [stdout]    |
[INFO] [stdout] help: a field with a similar name exists
[INFO] [stdout]    |
[INFO] [stdout] 31 |         revenus_nets_mensuels: 1200.0,
[INFO] [stdout]    |                 +++++
[INFO] [stdout] 
[INFO] [stdout] 
[INFO] [stdout] error[E0560]: struct `Situation` has no field named `composition_familiale`
[INFO] [stdout]   --> core/benches/simulation.rs:32:9
[INFO] [stdout]    |
[INFO] [stdout] 32 |         composition_familiale: CompositionFamiliale::Couple,
[INFO] [stdout]    |         ^^^^^^^^^^^^^^^^^^^^^ unknown field
[INFO] [stdout]    |
[INFO] [stdout] help: a field with a similar name exists
[INFO] [stdout]    |
[INFO] [stdout] 32 -         composition_familiale: CompositionFamiliale::Couple,
[INFO] [stdout] 32 +         situation_familiale: CompositionFamiliale::Couple,
[INFO] [stdout]    |
[INFO] [stdout] 
[INFO] [stdout] 
[INFO] [stdout] error[E0560]: struct `Situation` has no field named `nombre_enfants`
[INFO] [stdout]   --> core/benches/simulation.rs:33:9
[INFO] [stdout]    |
[INFO] [stdout] 33 |         nombre_enfants: 3,
[INFO] [stdout]    |         ^^^^^^^^^^^^^^ unknown field
[INFO] [stdout]    |
[INFO] [stdout] help: a field with a similar name exists
[INFO] [stdout]    |
[INFO] [stdout] 33 -         nombre_enfants: 3,
[INFO] [stdout] 33 +         nb_enfants: 3,
[INFO] [stdout]    |
[INFO] [stdout] 
[INFO] [stdout] 
[INFO] [stdout] error[E0560]: struct `Situation` has no field named `handicap_taux`
[INFO] [stdout]   --> core/benches/simulation.rs:42:9
[INFO] [stdout]    |
[INFO] [stdout] 42 |         handicap_taux: Some(60),
[INFO] [stdout]    |         ^^^^^^^^^^^^^ `Situation` does not have this field
[INFO] [stdout]    |
[INFO] [stdout]    = note: available fields are: `situation_familiale`, `nb_enfants`, `loyer_mensuel`, `code_postal`, `zone_apl` ... and 15 others
[INFO] [stdout] 
[INFO] [stdout] 
[INFO] [stdout] error[E0560]: struct `Situation` has no field named `demandeur_emploi`
[INFO] [stdout]   --> core/benches/simulation.rs:43:9
[INFO] [stdout]    |
[INFO] [stdout] 43 |         demandeur_emploi: true,
[INFO] [stdout]    |         ^^^^^^^^^^^^^^^^ `Situation` does not have this field
[INFO] [stdout]    |
[INFO] [stdout]    = note: available fields are: `situation_familiale`, `nb_enfants`, `loyer_mensuel`, `code_postal`, `zone_apl` ... and 15 others
[INFO] [stdout] 
[INFO] [stdout] 
[INFO] [stdout] error[E0560]: struct `Situation` has no field named `etudiant`
[INFO] [stdout]   --> core/benches/simulation.rs:44:9
[INFO] [stdout]    |
[INFO] [stdout] 44 |         etudiant: false,
[INFO] [stdout]    |         ^^^^^^^^ `Situation` does not have this field
[INFO] [stdout]    |
[INFO] [stdout]    = note: available fields are: `situation_familiale`, `nb_enfants`, `loyer_mensuel`, `code_postal`, `zone_apl` ... and 15 others
[INFO] [stdout] 
[INFO] [stdout] 
[INFO] [stdout] error[E0560]: struct `Situation` has no field named `retraite`
[INFO] [stdout]   --> core/benches/simulation.rs:45:9
[INFO] [stdout]    |
[INFO] [stdout] 45 |         retraite: false,
[INFO] [stdout]    |         ^^^^^^^^ `Situation` does not have this field
[INFO] [stdout]    |
[INFO] [stdout]    = note: available fields are: `situation_familiale`, `nb_enfants`, `loyer_mensuel`, `code_postal`, `zone_apl` ... and 15 others
[INFO] [stdout] 
[INFO] [stdout] 
[INFO] [stdout] error[E0560]: struct `Situation` has no field named `departement`
[INFO] [stdout]   --> core/benches/simulation.rs:46:9
[INFO] [stdout]    |
[INFO] [stdout] 46 |         departement: Some("69".to_string()),
[INFO] [stdout]    |         ^^^^^^^^^^^ `Situation` does not have this field
[INFO] [stdout]    |
[INFO] [stdout]    = note: available fields are: `situation_familiale`, `nb_enfants`, `loyer_mensuel`, `code_postal`, `zone_apl` ... and 15 others
[INFO] [stdout] 
[INFO] [stdout] 
[INFO] [stdout] error[E0560]: struct `Situation` has no field named `ressortissant_ue`
[INFO] [stdout]   --> core/benches/simulation.rs:47:9
[INFO] [stdout]    |
[INFO] [stdout] 47 |         ressortissant_ue: true,
[INFO] [stdout]    |         ^^^^^^^^^^^^^^^^ `Situation` does not have this field
[INFO] [stdout]    |
[INFO] [stdout]    = note: available fields are: `situation_familiale`, `nb_enfants`, `loyer_mensuel`, `code_postal`, `zone_apl` ... and 15 others
[INFO] [stdout] 
[INFO] [stdout] 
[INFO] [stdout] error[E0560]: struct `Situation` has no field named `residence_france_5ans`
[INFO] [stdout]   --> core/benches/simulation.rs:48:9
[INFO] [stdout]    |
[INFO] [stdout] 48 |         residence_france_5ans: true,
[INFO] [stdout]    |         ^^^^^^^^^^^^^^^^^^^^^ `Situation` does not have this field
[INFO] [stdout]    |
[INFO] [stdout]    = note: available fields are: `situation_familiale`, `nb_enfants`, `loyer_mensuel`, `code_postal`, `zone_apl` ... and 15 others
[INFO] [stdout] 
[INFO] [stdout] 
[INFO] [stdout] error[E0560]: struct `Situation` has no field named `revenus_mensuels`
[INFO] [stdout]   --> core/benches/simulation.rs:87:13
[INFO] [stdout]    |
[INFO] [stdout] 87 |             revenus_mensuels: (i as f64) * 50.0,
[INFO] [stdout]    |             ^^^^^^^^^^^^^^^^ unknown field
[INFO] [stdout]    |
[INFO] [stdout] help: a field with a similar name exists
[INFO] [stdout]    |
[INFO] [stdout] 87 |             revenus_nets_mensuels: (i as f64) * 50.0,
[INFO] [stdout]    |                     +++++
[INFO] [stdout] 
[INFO] [stdout] 
[INFO] [stdout] error[E0560]: struct `Situation` has no field named `composition_familiale`
[INFO] [stdout]   --> core/benches/simulation.rs:88:13
[INFO] [stdout]    |
[INFO] [stdout] 88 |             composition_familiale: if i % 2 == 0 { CompositionFamiliale::Seul } else { CompositionFamiliale::Couple },
[INFO] [stdout]    |             ^^^^^^^^^^^^^^^^^^^^^ unknown field
[INFO] [stdout]    |
[INFO] [stdout] help: a field with a similar name exists
[INFO] [stdout]    |
[INFO] [stdout] 88 -             composition_familiale: if i % 2 == 0 { CompositionFamiliale::Seul } else { CompositionFamiliale::Couple },
[INFO] [stdout] 88 +             situation_familiale: if i % 2 == 0 { CompositionFamiliale::Seul } else { CompositionFamiliale::Couple },
[INFO] [stdout]    |
[INFO] [stdout] 
[INFO] [stdout] 
[INFO] [stdout] error[E0560]: struct `Situation` has no field named `nombre_enfants`
[INFO] [stdout]   --> core/benches/simulation.rs:89:13
[INFO] [stdout]    |
[INFO] [stdout] 89 |             nombre_enfants: (i % 4) as u8,
[INFO] [stdout]    |             ^^^^^^^^^^^^^^ unknown field
[INFO] [stdout]    |
[INFO] [stdout] help: a field with a similar name exists
[INFO] [stdout]    |
[INFO] [stdout] 89 -             nombre_enfants: (i % 4) as u8,
[INFO] [stdout] 89 +             nb_enfants: (i % 4) as u8,
[INFO] [stdout]    |
[INFO] [stdout] 
[INFO] [stdout] 
[INFO] [stdout] error[E0560]: struct `Situation` has no field named `handicap_taux`
[INFO] [stdout]   --> core/benches/simulation.rs:98:13
[INFO] [stdout]    |
[INFO] [stdout] 98 |             handicap_taux: if i % 10 == 0 { Some(80) } else { None },
[INFO] [stdout]    |             ^^^^^^^^^^^^^ `Situation` does not have this field
[INFO] [stdout]    |
[INFO] [stdout]    = note: available fields are: `situation_familiale`, `nb_enfants`, `loyer_mensuel`, `code_postal`, `zone_apl` ... and 15 others
[INFO] [stdout] 
[INFO] [stdout] 
[INFO] [stdout] error[E0560]: struct `Situation` has no field named `demandeur_emploi`
[INFO] [stdout]   --> core/benches/simulation.rs:99:13
[INFO] [stdout]    |
[INFO] [stdout] 99 |             demandeur_emploi: i % 5 == 0,
[INFO] [stdout]    |             ^^^^^^^^^^^^^^^^ `Situation` does not have this field
[INFO] [stdout]    |
[INFO] [stdout]    = note: available fields are: `situation_familiale`, `nb_enfants`, `loyer_mensuel`, `code_postal`, `zone_apl` ... and 15 others
[INFO] [stdout] 
[INFO] [stdout] 
[INFO] [stdout] error[E0560]: struct `Situation` has no field named `etudiant`
[INFO] [stdout]    --> core/benches/simulation.rs:100:13
[INFO] [stdout]     |
[INFO] [stdout] 100 |             etudiant: i % 20 == 0,
[INFO] [stdout]     |             ^^^^^^^^ `Situation` does not have this field
[INFO] [stdout]     |
[INFO] [stdout]     = note: available fields are: `situation_familiale`, `nb_enfants`, `loyer_mensuel`, `code_postal`, `zone_apl` ... and 15 others
[INFO] [stdout] 
[INFO] [stdout] 
[INFO] [stdout] error[E0560]: struct `Situation` has no field named `retraite`
[INFO] [stdout]    --> core/benches/simulation.rs:101:13
[INFO] [stdout]     |
[INFO] [stdout] 101 |             retraite: i > 80,
[INFO] [stdout]     |             ^^^^^^^^ `Situation` does not have this field
[INFO] [stdout]     |
[INFO] [stdout]     = note: available fields are: `situation_familiale`, `nb_enfants`, `loyer_mensuel`, `code_postal`, `zone_apl` ... and 15 others
[INFO] [stdout] 
[INFO] [stdout] 
[INFO] [stdout] error[E0560]: struct `Situation` has no field named `departement`
[INFO] [stdout]    --> core/benches/simulation.rs:102:13
[INFO] [stdout]     |
[INFO] [stdout] 102 |             departement: Some("75".to_string()),
[INFO] [stdout]     |             ^^^^^^^^^^^ `Situation` does not have this field
[INFO] [stdout]     |
[INFO] [stdout]     = note: available fields are: `situation_familiale`, `nb_enfants`, `loyer_mensuel`, `code_postal`, `zone_apl` ... and 15 others
[INFO] [stdout] 
[INFO] [stdout] 
[INFO] [stdout] error[E0560]: struct `Situation` has no field named `ressortissant_ue`
[INFO] [stdout]    --> core/benches/simulation.rs:103:13
[INFO] [stdout]     |
[INFO] [stdout] 103 |             ressortissant_ue: true,
[INFO] [stdout]     |             ^^^^^^^^^^^^^^^^ `Situation` does not have this field
[INFO] [stdout]     |
[INFO] [stdout]     = note: available fields are: `situation_familiale`, `nb_enfants`, `loyer_mensuel`, `code_postal`, `zone_apl` ... and 15 others
[INFO] [stdout] 
[INFO] [stdout] 
[INFO] [stdout] error[E0560]: struct `Situation` has no field named `residence_france_5ans`
[INFO] [stdout]    --> core/benches/simulation.rs:104:13
[INFO] [stdout]     |
[INFO] [stdout] 104 |             residence_france_5ans: true,
[INFO] [stdout]     |             ^^^^^^^^^^^^^^^^^^^^^ `Situation` does not have this field
[INFO] [stdout]     |
[INFO] [stdout]     = note: available fields are: `situation_familiale`, `nb_enfants`, `loyer_mensuel`, `code_postal`, `zone_apl` ... and 15 others
[INFO] [stdout] 
[INFO] [stdout] 
[INFO] [stdout] Some errors have detailed explanations: E0432, E0560.
[INFO] [stdout] 
[INFO] [stdout] For more information about an error, try `rustc --explain E0432`.
[INFO] [stdout] 
[INFO] [stderr] error: could not compile `aides-core` (bench "simulation") due to 31 previous errors
[INFO] [stderr] warning: build failed, waiting for other jobs to finish...
[INFO] [stdout] error[E0432]: unresolved imports `crate::engine::types::Logement`, `crate::engine::types::LogementType`, `crate::engine::types::ZoneAPL`, `crate::engine::types::CompositionFamiliale`
[INFO] [stdout]   --> core/src/engine/simulator.rs:99:43
[INFO] [stdout]    |
[INFO] [stdout] 99 |     use crate::engine::types::{Situation, Logement, LogementType, ZoneAPL, CompositionFamiliale};
[INFO] [stdout]    |                                           ^^^^^^^^  ^^^^^^^^^^^^  ^^^^^^^  ^^^^^^^^^^^^^^^^^^^^ no `CompositionFamiliale` in `engine::types`
[INFO] [stdout]    |                                           |         |             |
[INFO] [stdout]    |                                           |         |             no `ZoneAPL` in `engine::types`
[INFO] [stdout]    |                                           |         no `LogementType` in `engine::types`
[INFO] [stdout]    |                                           no `Logement` in `engine::types`
[INFO] [stdout]    |
[INFO] [stdout]    = help: consider importing this variant instead:
[INFO] [stdout]            crate::Categorie::Logement
[INFO] [stdout] 
[INFO] [stdout] 
[INFO] [stdout] error[E0560]: struct `Situation` has no field named `revenus_mensuels`
[INFO] [stdout]    --> core/src/engine/simulator.rs:104:13
[INFO] [stdout]     |
[INFO] [stdout] 104 |             revenus_mensuels: 0.0,
[INFO] [stdout]     |             ^^^^^^^^^^^^^^^^ unknown field
[INFO] [stdout]     |
[INFO] [stdout] help: a field with a similar name exists
[INFO] [stdout]     |
[INFO] [stdout] 104 |             revenus_nets_mensuels: 0.0,
[INFO] [stdout]     |                     +++++
[INFO] [stdout] 
[INFO] [stdout] 
[INFO] [stdout] error[E0560]: struct `Situation` has no field named `composition_familiale`
[INFO] [stdout]    --> core/src/engine/simulator.rs:105:13
[INFO] [stdout]     |
[INFO] [stdout] 105 |             composition_familiale: CompositionFamiliale::Seul,
[INFO] [stdout]     |             ^^^^^^^^^^^^^^^^^^^^^ unknown field
[INFO] [stdout]     |
[INFO] [stdout] help: a field with a similar name exists
[INFO] [stdout]     |
[INFO] [stdout] 105 -             composition_familiale: CompositionFamiliale::Seul,
[INFO] [stdout] 105 +             situation_familiale: CompositionFamiliale::Seul,
[INFO] [stdout]     |
[INFO] [stdout] 
[INFO] [stdout] 
[INFO] [stdout] error[E0560]: struct `Situation` has no field named `nombre_enfants`
[INFO] [stdout]    --> core/src/engine/simulator.rs:106:13
[INFO] [stdout]     |
[INFO] [stdout] 106 |             nombre_enfants: 0,
[INFO] [stdout]     |             ^^^^^^^^^^^^^^ unknown field
[INFO] [stdout]     |
[INFO] [stdout] help: a field with a similar name exists
[INFO] [stdout]     |
[INFO] [stdout] 106 -             nombre_enfants: 0,
[INFO] [stdout] 106 +             nb_enfants: 0,
[INFO] [stdout]     |
[INFO] [stdout] 
[INFO] [stdout] 
[INFO] [stdout] error[E0560]: struct `Situation` has no field named `handicap_taux`
[INFO] [stdout]    --> core/src/engine/simulator.rs:115:13
[INFO] [stdout]     |
[INFO] [stdout] 115 |             handicap_taux: None,
[INFO] [stdout]     |             ^^^^^^^^^^^^^ `Situation` does not have this field
[INFO] [stdout]     |
[INFO] [stdout]     = note: available fields are: `situation_familiale`, `nb_enfants`, `loyer_mensuel`, `code_postal`, `zone_apl` ... and 15 others
[INFO] [stdout] 
[INFO] [stdout] 
[INFO] [stdout] error[E0560]: struct `Situation` has no field named `demandeur_emploi`
[INFO] [stdout]    --> core/src/engine/simulator.rs:116:13
[INFO] [stdout]     |
[INFO] [stdout] 116 |             demandeur_emploi: false,
[INFO] [stdout]     |             ^^^^^^^^^^^^^^^^ `Situation` does not have this field
[INFO] [stdout]     |
[INFO] [stdout]     = note: available fields are: `situation_familiale`, `nb_enfants`, `loyer_mensuel`, `code_postal`, `zone_apl` ... and 15 others
[INFO] [stdout] 
[INFO] [stdout] 
[INFO] [stdout] error[E0560]: struct `Situation` has no field named `etudiant`
[INFO] [stdout]    --> core/src/engine/simulator.rs:117:13
[INFO] [stdout]     |
[INFO] [stdout] 117 |             etudiant: false,
[INFO] [stdout]     |             ^^^^^^^^ `Situation` does not have this field
[INFO] [stdout]     |
[INFO] [stdout]     = note: available fields are: `situation_familiale`, `nb_enfants`, `loyer_mensuel`, `code_postal`, `zone_apl` ... and 15 others
[INFO] [stdout] 
[INFO] [stdout] 
[INFO] [stdout] error[E0560]: struct `Situation` has no field named `retraite`
[INFO] [stdout]    --> core/src/engine/simulator.rs:118:13
[INFO] [stdout]     |
[INFO] [stdout] 118 |             retraite: false,
[INFO] [stdout]     |             ^^^^^^^^ `Situation` does not have this field
[INFO] [stdout]     |
[INFO] [stdout]     = note: available fields are: `situation_familiale`, `nb_enfants`, `loyer_mensuel`, `code_postal`, `zone_apl` ... and 15 others
[INFO] [stdout] 
[INFO] [stdout] 
[INFO] [stdout] error[E0560]: struct `Situation` has no field named `departement`
[INFO] [stdout]    --> core/src/engine/simulator.rs:119:13
[INFO] [stdout]     |
[INFO] [stdout] 119 |             departement: Some("75".to_string()),
[INFO] [stdout]     |             ^^^^^^^^^^^ `Situation` does not have this field
[INFO] [stdout]     |
[INFO] [stdout]     = note: available fields are: `situation_familiale`, `nb_enfants`, `loyer_mensuel`, `code_postal`, `zone_apl` ... and 15 others
[INFO] [stdout] 
[INFO] [stdout] 
[INFO] [stdout] error[E0560]: struct `Situation` has no field named `ressortissant_ue`
[INFO] [stdout]    --> core/src/engine/simulator.rs:120:13
[INFO] [stdout]     |
[INFO] [stdout] 120 |             ressortissant_ue: true,
[INFO] [stdout]     |             ^^^^^^^^^^^^^^^^ `Situation` does not have this field
[INFO] [stdout]     |
[INFO] [stdout]     = note: available fields are: `situation_familiale`, `nb_enfants`, `loyer_mensuel`, `code_postal`, `zone_apl` ... and 15 others
[INFO] [stdout] 
[INFO] [stdout] 
[INFO] [stdout] error[E0560]: struct `Situation` has no field named `residence_france_5ans`
[INFO] [stdout]    --> core/src/engine/simulator.rs:121:13
[INFO] [stdout]     |
[INFO] [stdout] 121 |             residence_france_5ans: true,
[INFO] [stdout]     |             ^^^^^^^^^^^^^^^^^^^^^ `Situation` does not have this field
[INFO] [stdout]     |
[INFO] [stdout]     = note: available fields are: `situation_familiale`, `nb_enfants`, `loyer_mensuel`, `code_postal`, `zone_apl` ... and 15 others
[INFO] [stdout] 
[INFO] [stdout] 
[INFO] [stdout] error[E0609]: no field `revenus_mensuels` on type `Situation`
[INFO] [stdout]    --> core/src/engine/simulator.rs:129:13
[INFO] [stdout]     |
[INFO] [stdout] 129 |         sit.revenus_mensuels = 0.0;
[INFO] [stdout]     |             ^^^^^^^^^^^^^^^^ unknown field
[INFO] [stdout]     |
[INFO] [stdout] help: a field with a similar name exists
[INFO] [stdout]     |
[INFO] [stdout] 129 |         sit.revenus_nets_mensuels = 0.0;
[INFO] [stdout]     |                     +++++
[INFO] [stdout] 
[INFO] [stdout] 
[INFO] [stdout] error[E0609]: no field `revenus_mensuels` on type `Situation`
[INFO] [stdout]    --> core/src/engine/simulator.rs:144:13
[INFO] [stdout]     |
[INFO] [stdout] 144 |         sit.revenus_mensuels = 2000.0;
[INFO] [stdout]     |             ^^^^^^^^^^^^^^^^ unknown field
[INFO] [stdout]     |
[INFO] [stdout] help: a field with a similar name exists
[INFO] [stdout]     |
[INFO] [stdout] 144 |         sit.revenus_nets_mensuels = 2000.0;
[INFO] [stdout]     |                     +++++
[INFO] [stdout] 
[INFO] [stdout] 
[INFO] [stdout] error[E0609]: no field `handicap_taux` on type `Situation`
[INFO] [stdout]    --> core/src/engine/simulator.rs:156:13
[INFO] [stdout]     |
[INFO] [stdout] 156 |         sit.handicap_taux = Some(80);
[INFO] [stdout]     |             ^^^^^^^^^^^^^ unknown field
[INFO] [stdout]     |
[INFO] [stdout]     = note: available fields are: `age`, `situation_familiale`, `nb_enfants`, `ages_enfants`, `logement` ... and 18 others
[INFO] [stdout] 
[INFO] [stdout] 
[INFO] [stdout] error[E0609]: no field `handicap_taux` on type `Situation`
[INFO] [stdout]    --> core/src/engine/simulator.rs:168:13
[INFO] [stdout]     |
[INFO] [stdout] 168 |         sit.handicap_taux = Some(50);
[INFO] [stdout]     |             ^^^^^^^^^^^^^ unknown field
[INFO] [stdout]     |
[INFO] [stdout]     = note: available fields are: `age`, `situation_familiale`, `nb_enfants`, `ages_enfants`, `logement` ... and 18 others
[INFO] [stdout] 
[INFO] [stdout] 
[INFO] [stdout] error[E0308]: mismatched types
[INFO] [stdout]    --> core/src/engine/simulator.rs:191:16
[INFO] [stdout]     |
[INFO] [stdout] 191 |         if let Some(ref mut logement) = sit.logement {
[INFO] [stdout]     |                ^^^^^^^^^^^^^^^^^^^^^^   ------------ this expression has type `LogementStatus`
[INFO] [stdout]     |                |
[INFO] [stdout]     |                expected `LogementStatus`, found `Option<_>`
[INFO] [stdout]     |
[INFO] [stdout]     = note: expected enum `LogementStatus`
[INFO] [stdout]                found enum `std::option::Option<_>`
[INFO] [stdout] 
[INFO] [stdout] 
[INFO] [stdout] error[E0609]: no field `revenus_mensuels` on type `Situation`
[INFO] [stdout]    --> core/src/engine/simulator.rs:216:13
[INFO] [stdout]     |
[INFO] [stdout] 216 |         sit.revenus_mensuels = 900.0;  // Travailleur modeste
[INFO] [stdout]     |             ^^^^^^^^^^^^^^^^ unknown field
[INFO] [stdout]     |
[INFO] [stdout] help: a field with a similar name exists
[INFO] [stdout]     |
[INFO] [stdout] 216 |         sit.revenus_nets_mensuels = 900.0;  // Travailleur modeste
[INFO] [stdout]     |                     +++++
[INFO] [stdout] 
[INFO] [stdout] 
[INFO] [stdout] error[E0609]: no field `retraite` on type `Situation`
[INFO] [stdout]    --> core/src/engine/simulator.rs:229:13
[INFO] [stdout]     |
[INFO] [stdout] 229 |         sit.retraite = true;
[INFO] [stdout]     |             ^^^^^^^^ unknown field
[INFO] [stdout]     |
[INFO] [stdout]     = note: available fields are: `age`, `situation_familiale`, `nb_enfants`, `ages_enfants`, `logement` ... and 18 others
[INFO] [stdout] 
[INFO] [stdout] 
[INFO] [stdout] error[E0609]: no field `revenus_mensuels` on type `Situation`
[INFO] [stdout]    --> core/src/engine/simulator.rs:230:13
[INFO] [stdout]     |
[INFO] [stdout] 230 |         sit.revenus_mensuels = 500.0;
[INFO] [stdout]     |             ^^^^^^^^^^^^^^^^ unknown field
[INFO] [stdout]     |
[INFO] [stdout] help: a field with a similar name exists
[INFO] [stdout]     |
[INFO] [stdout] 230 |         sit.revenus_nets_mensuels = 500.0;
[INFO] [stdout]     |                     +++++
[INFO] [stdout] 
[INFO] [stdout] 
[INFO] [stdout] error[E0609]: no field `composition_familiale` on type `Situation`
[INFO] [stdout]    --> core/src/engine/simulator.rs:242:13
[INFO] [stdout]     |
[INFO] [stdout] 242 |         sit.composition_familiale = CompositionFamiliale::Couple;
[INFO] [stdout]     |             ^^^^^^^^^^^^^^^^^^^^^ unknown field
[INFO] [stdout]     |
[INFO] [stdout] help: a field with a similar name exists
[INFO] [stdout]     |
[INFO] [stdout] 242 -         sit.composition_familiale = CompositionFamiliale::Couple;
[INFO] [stdout] 242 +         sit.situation_familiale = CompositionFamiliale::Couple;
[INFO] [stdout]     |
[INFO] [stdout] 
[INFO] [stdout] 
[INFO] [stdout] error[E0609]: no field `nombre_enfants` on type `Situation`
[INFO] [stdout]    --> core/src/engine/simulator.rs:243:13
[INFO] [stdout]     |
[INFO] [stdout] 243 |         sit.nombre_enfants = 2;
[INFO] [stdout]     |             ^^^^^^^^^^^^^^ unknown field
[INFO] [stdout]     |
[INFO] [stdout] help: a field with a similar name exists
[INFO] [stdout]     |
[INFO] [stdout] 243 -         sit.nombre_enfants = 2;
[INFO] [stdout] 243 +         sit.nb_enfants = 2;
[INFO] [stdout]     |
[INFO] [stdout] 
[INFO] [stdout] 
[INFO] [stdout] Some errors have detailed explanations: E0308, E0432, E0560, E0609.
[INFO] [stdout] 
[INFO] [stdout] For more information about an error, try `rustc --explain E0308`.
[INFO] [stdout] 
[INFO] [stderr] error: could not compile `aides-core` (lib test) due to 21 previous errors
[INFO] [stderr] warning: unused dependency `anyhow`
[INFO] [stderr]   --> core/Cargo.toml:18:1
[INFO] [stderr]    |
[INFO] [stderr] 18 | anyhow.workspace = true
[INFO] [stderr]    | ^^^^^^
[INFO] [stderr]    |
[INFO] [stderr]    = note: `cargo::unused_dependencies` is set to `warn` by default
[INFO] [stderr] help: consider removing the dependency on `anyhow`
[INFO] [stderr] warning: unused dependency `thiserror`
[INFO] [stderr]   --> core/Cargo.toml:19:1
[INFO] [stderr]    |
[INFO] [stderr] 19 | thiserror.workspace = true
[INFO] [stderr]    | ^^^^^^^^^
[INFO] [stderr]    |
[INFO] [stderr] help: consider removing the dependency on `thiserror`
[INFO] [stderr] warning: `aides-core` (manifest) generated 2 warnings
[INFO] running `Command { std: "docker" "inspect" "495e9bc3e2baacc1f665f6de45e5f41bb795235062c1e834dbff56287337b2dc", kill_on_drop: false }`
[INFO] running `Command { std: "docker" "rm" "-f" "495e9bc3e2baacc1f665f6de45e5f41bb795235062c1e834dbff56287337b2dc", kill_on_drop: false }`
[INFO] [stdout] 495e9bc3e2baacc1f665f6de45e5f41bb795235062c1e834dbff56287337b2dc
