[INFO] cloning repository https://github.com/kitlith/sims3-rs
[INFO] running `Command { std: "git" "-c" "credential.helper=" "-c" "credential.helper=/workspace/cargo-home/bin/git-credential-null" "clone" "--bare" "https://github.com/kitlith/sims3-rs" "/workspace/cache/git-repos/https%3A%2F%2Fgithub.com%2Fkitlith%2Fsims3-rs", kill_on_drop: false }`
[INFO] [stderr] Cloning into bare repository '/workspace/cache/git-repos/https%3A%2F%2Fgithub.com%2Fkitlith%2Fsims3-rs'...
[INFO] running `Command { std: "git" "rev-parse" "HEAD", kill_on_drop: false }`
[INFO] [stdout] 683e047d1b2fadef6cf5c8ae7b26adc70a2222c5
[INFO] checking kitlith/sims3-rs/683e047d1b2fadef6cf5c8ae7b26adc70a2222c5 against ed77b7b8699e342c2dc842c83cb5fe4025252ee8 for pr-158915-1
[INFO] running `Command { std: "git" "clone" "/workspace/cache/git-repos/https%3A%2F%2Fgithub.com%2Fkitlith%2Fsims3-rs" "/workspace/builds/worker-3-tc1/source", kill_on_drop: false }`
[INFO] [stderr] Cloning into '/workspace/builds/worker-3-tc1/source'...
[INFO] [stderr] done.
[INFO] started tweaking git repo https://github.com/kitlith/sims3-rs
[INFO] finished tweaking git repo https://github.com/kitlith/sims3-rs
[INFO] tweaked toml for git repo https://github.com/kitlith/sims3-rs written to /workspace/builds/worker-3-tc1/source/Cargo.toml
[INFO] validating manifest of git repo https://github.com/kitlith/sims3-rs on toolchain ed77b7b8699e342c2dc842c83cb5fe4025252ee8
[INFO] running `Command { std: CARGO_HOME="/workspace/cargo-home" RUSTUP_HOME="/workspace/rustup-home" "/workspace/cargo-home/bin/cargo" "+ed77b7b8699e342c2dc842c83cb5fe4025252ee8" "metadata" "--manifest-path" "Cargo.toml" "--no-deps", kill_on_drop: false }`
[INFO] crate git repo https://github.com/kitlith/sims3-rs already has a lockfile, it will not be regenerated
[INFO] running `Command { std: CARGO_HOME="/workspace/cargo-home" RUSTUP_HOME="/workspace/rustup-home" "/workspace/cargo-home/bin/cargo" "+ed77b7b8699e342c2dc842c83cb5fe4025252ee8" "fetch" "--manifest-path" "Cargo.toml", kill_on_drop: false }`
[INFO] [stderr] warning: binary `dump_package_pngs` should have a kebab-case name
[INFO] [stderr]   |
[INFO] [stderr] 1 | /workspace/builds/worker-3-tc1/source/target/.../dump_package_pngs
[INFO] [stderr]   |                                                  ^^^^^^^^^^^^^^^^^
[INFO] [stderr]   |
[INFO] [stderr]   = note: `cargo::non_kebab_case_bins` is set to `warn` by default
[INFO] [stderr] help: to change the binary name to `dump-package-pngs`, convert the file stem
[INFO] [stderr]   |
[INFO] [stderr] 1 - src/bin/dump_package_pngs.rs
[INFO] [stderr] 1 + src/bin/dump-package-pngs.rs
[INFO] [stderr]   |
[INFO] [stderr] warning: binary `find_merged_cc` should have a kebab-case name
[INFO] [stderr]   |
[INFO] [stderr] 1 | /workspace/builds/worker-3-tc1/source/target/.../find_merged_cc
[INFO] [stderr]   |                                                  ^^^^^^^^^^^^^^
[INFO] [stderr]   |
[INFO] [stderr] help: to change the binary name to `find-merged-cc`, convert the file stem
[INFO] [stderr]   |
[INFO] [stderr] 1 - src/bin/find_merged_cc.rs
[INFO] [stderr] 1 + src/bin/find-merged-cc.rs
[INFO] [stderr]   |
[INFO] [stderr] warning: binary `geom_tri_count` should have a kebab-case name
[INFO] [stderr]   |
[INFO] [stderr] 1 | /workspace/builds/worker-3-tc1/source/target/.../geom_tri_count
[INFO] [stderr]   |                                                  ^^^^^^^^^^^^^^
[INFO] [stderr]   |
[INFO] [stderr] help: to change the binary name to `geom-tri-count`, convert the file stem
[INFO] [stderr]   |
[INFO] [stderr] 1 - src/bin/geom_tri_count.rs
[INFO] [stderr] 1 + src/bin/geom-tri-count.rs
[INFO] [stderr]   |
[INFO] [stderr] warning: binary `package_names` should have a kebab-case name
[INFO] [stderr]   |
[INFO] [stderr] 1 | /workspace/builds/worker-3-tc1/source/target/.../package_names
[INFO] [stderr]   |                                                  ^^^^^^^^^^^^^
[INFO] [stderr]   |
[INFO] [stderr] help: to change the binary name to `package-names`, convert the file stem
[INFO] [stderr]   |
[INFO] [stderr] 1 - src/bin/package_names.rs
[INFO] [stderr] 1 + src/bin/package-names.rs
[INFO] [stderr]   |
[INFO] [stderr] warning: `sims3_rs` (manifest) generated 4 warnings
[INFO] [stderr]     Blocking waiting for file lock on package cache
[INFO] [stderr]     Updating git repository `https://github.com/hecatia-elegua/bilge`
[INFO] [stderr]     Updating crates.io index
[INFO] [stderr]     Blocking waiting for file lock on package cache
[INFO] [stderr]  Downloading crates ...
[INFO] [stderr]   Downloaded scroll_derive v0.11.1
[INFO] [stderr]   Downloaded lazy-init v0.5.1
[INFO] [stderr]   Downloaded scroll v0.11.0
[INFO] [stderr]   Downloaded refpack v4.0.2
[INFO] [stderr]   Downloaded generativity v1.1.0
[INFO] [stderr]   Downloaded crossterm_screen v0.1.0
[INFO] [stderr]   Downloaded crossterm_input v0.2.1
[INFO] [stderr]   Downloaded crossterm_cursor v0.1.0
[INFO] [stderr]   Downloaded crossterm_winapi v0.1.5
[INFO] [stderr]   Downloaded crossterm_utils v0.1.0
[INFO] [stderr]   Downloaded crossterm_terminal v0.1.0
[INFO] [stderr]   Downloaded crossterm_style v0.2.0
[INFO] [stderr]   Downloaded crossterm v0.8.2
[INFO] [stderr]   Downloaded clap_derive v4.5.47
[INFO] [stderr]   Downloaded dont_disappear v3.0.1
[INFO] [stderr]   Downloaded array-init v2.1.0
[INFO] [stderr]   Downloaded owo-colors v4.2.3
[INFO] [stderr]   Downloaded binrw v0.15.0
[INFO] [stderr]   Downloaded binrw_derive v0.15.0
[INFO] [stderr]   Downloaded arbitrary-int v2.0.0
[INFO] running `Command { std: "docker" "create" "-v" "/var/lib/crater-agent-workspace/builds/worker-3-tc1/source:/opt/rustwide/workdir:ro,Z" "-v" "/var/lib/crater-agent-workspace/builds/worker-3-tc1/target:/opt/rustwide/target:rw,Z" "-v" "/var/lib/crater-agent-workspace/cargo-home:/opt/rustwide/cargo-home:ro,Z" "-v" "/var/lib/crater-agent-workspace/rustup-home:/opt/rustwide/rustup-home:ro,Z" "-m" "1610612736" "--network" "none" "ghcr.io/rust-lang/crates-build-env/linux@sha256:8683fc1fc2eb5c9ac98e0d076ab094b2ffac7f99da555d2b6a2e27f346de2ec7" "sleep" "infinity", kill_on_drop: false }`
[INFO] [stdout] fa40e77f5655d7a52213492e8b5fa23ee4114828a6297e0d13abd37d77c73c19
[INFO] running `Command { std: "docker" "start" "fa40e77f5655d7a52213492e8b5fa23ee4114828a6297e0d13abd37d77c73c19", kill_on_drop: false }`
[INFO] running `Command { std: "docker" "inspect" "fa40e77f5655d7a52213492e8b5fa23ee4114828a6297e0d13abd37d77c73c19", kill_on_drop: false }`
[INFO] running `Command { std: "docker" "exec" "-e" "SOURCE_DIR=/opt/rustwide/workdir" "-e" "CARGO_HOME=/opt/rustwide/cargo-home" "-e" "RUSTUP_HOME=/opt/rustwide/rustup-home" "-e" "CARGO_TARGET_DIR=/opt/rustwide/target" "-w" "/opt/rustwide/workdir" "--user" "0:0" "fa40e77f5655d7a52213492e8b5fa23ee4114828a6297e0d13abd37d77c73c19" "/opt/rustwide/cargo-home/bin/cargo" "+ed77b7b8699e342c2dc842c83cb5fe4025252ee8" "metadata" "--no-deps" "--format-version=1", kill_on_drop: false }`
[INFO] running `Command { std: "docker" "inspect" "fa40e77f5655d7a52213492e8b5fa23ee4114828a6297e0d13abd37d77c73c19", kill_on_drop: false }`
[INFO] running `Command { std: "docker" "exec" "-e" "SOURCE_DIR=/opt/rustwide/workdir" "-e" "CARGO_HOME=/opt/rustwide/cargo-home" "-e" "RUSTUP_HOME=/opt/rustwide/rustup-home" "-e" "CARGO_TARGET_DIR=/opt/rustwide/target" "-e" "CARGO_INCREMENTAL=0" "-e" "RUST_BACKTRACE=full" "-e" "RUSTFLAGS=--cap-lints=forbid" "-e" "RUSTDOCFLAGS=--cap-lints=forbid" "-w" "/opt/rustwide/workdir" "--user" "0:0" "fa40e77f5655d7a52213492e8b5fa23ee4114828a6297e0d13abd37d77c73c19" "/opt/rustwide/cargo-home/bin/cargo" "+ed77b7b8699e342c2dc842c83cb5fe4025252ee8" "check" "--frozen" "--all" "--all-targets" "--message-format=json", kill_on_drop: false }`
[INFO] [stderr] warning: binary `dump_package_pngs` should have a kebab-case name
[INFO] [stderr]   |
[INFO] [stderr] 1 | /opt/rustwide/target/.../dump_package_pngs
[INFO] [stderr]   |                          ^^^^^^^^^^^^^^^^^
[INFO] [stderr]   |
[INFO] [stderr]   = note: `cargo::non_kebab_case_bins` is set to `warn` by default
[INFO] [stderr] help: to change the binary name to `dump-package-pngs`, convert the file stem
[INFO] [stderr]   |
[INFO] [stderr] 1 - src/bin/dump_package_pngs.rs
[INFO] [stderr] 1 + src/bin/dump-package-pngs.rs
[INFO] [stderr]   |
[INFO] [stderr] warning: binary `find_merged_cc` should have a kebab-case name
[INFO] [stderr]   |
[INFO] [stderr] 1 | /opt/rustwide/target/.../find_merged_cc
[INFO] [stderr]   |                          ^^^^^^^^^^^^^^
[INFO] [stderr]   |
[INFO] [stderr] help: to change the binary name to `find-merged-cc`, convert the file stem
[INFO] [stderr]   |
[INFO] [stderr] 1 - src/bin/find_merged_cc.rs
[INFO] [stderr] 1 + src/bin/find-merged-cc.rs
[INFO] [stderr]   |
[INFO] [stderr] warning: binary `geom_tri_count` should have a kebab-case name
[INFO] [stderr]   |
[INFO] [stderr] 1 | /opt/rustwide/target/.../geom_tri_count
[INFO] [stderr]   |                          ^^^^^^^^^^^^^^
[INFO] [stderr]   |
[INFO] [stderr] help: to change the binary name to `geom-tri-count`, convert the file stem
[INFO] [stderr]   |
[INFO] [stderr] 1 - src/bin/geom_tri_count.rs
[INFO] [stderr] 1 + src/bin/geom-tri-count.rs
[INFO] [stderr]   |
[INFO] [stderr] warning: binary `package_names` should have a kebab-case name
[INFO] [stderr]   |
[INFO] [stderr] 1 | /opt/rustwide/target/.../package_names
[INFO] [stderr]   |                          ^^^^^^^^^^^^^
[INFO] [stderr]   |
[INFO] [stderr] help: to change the binary name to `package-names`, convert the file stem
[INFO] [stderr]   |
[INFO] [stderr] 1 - src/bin/package_names.rs
[INFO] [stderr] 1 + src/bin/package-names.rs
[INFO] [stderr]   |
[INFO] [stderr] warning: `sims3_rs` (manifest) generated 4 warnings
[INFO] [stderr]    Compiling proc-macro2 v1.0.101
[INFO] [stderr]    Compiling libc v0.2.177
[INFO] [stderr]    Compiling quote v1.0.41
[INFO] [stderr]    Compiling unicode-ident v1.0.19
[INFO] [stderr]    Compiling either v1.15.0
[INFO] [stderr]    Compiling owo-colors v4.2.3
[INFO] [stderr]     Checking anstyle-query v1.1.4
[INFO] [stderr]    Compiling binrw_derive v0.15.0
[INFO] [stderr]     Checking anstream v0.6.21
[INFO] [stderr]    Compiling num-traits v0.2.19
[INFO] [stderr]    Compiling itertools v0.14.0
[INFO] [stderr]    Compiling binrw v0.15.0
[INFO] [stderr]     Checking clap_lex v0.7.5
[INFO] [stderr]     Checking rayon-core v1.13.0
[INFO] [stderr]     Checking clap_builder v4.5.48
[INFO] [stderr]     Checking arbitrary-int v2.0.0
[INFO] [stderr]     Checking array-init v2.1.0
[INFO] [stderr]     Checking same-file v1.0.6
[INFO] [stderr]     Checking bytemuck v1.24.0
[INFO] [stderr]     Checking rayon v1.11.0
[INFO] [stderr]     Checking walkdir v2.5.0
[INFO] [stderr]     Checking refpack v4.0.2
[INFO] [stderr]    Compiling syn v2.0.106
[INFO] [stderr]    Compiling proc-macro-error-attr2 v2.0.0
[INFO] [stderr]     Checking termios v0.3.3
[INFO] [stderr]     Checking dirs-sys v0.4.1
[INFO] [stderr]     Checking crossterm_utils v0.1.0
[INFO] [stderr]     Checking dirs v5.0.1
[INFO] [stderr]     Checking crossterm_screen v0.1.0
[INFO] [stderr]     Checking crossterm_cursor v0.1.0
[INFO] [stderr]    Compiling proc-macro-error2 v2.0.1
[INFO] [stderr]     Checking crossterm_terminal v0.1.0
[INFO] [stderr]     Checking crossterm_input v0.2.1
[INFO] [stderr]     Checking crossterm_style v0.2.0
[INFO] [stderr]     Checking memmap v0.7.0
[INFO] [stderr]     Checking generativity v1.1.0
[INFO] [stderr]     Checking lazy-init v0.5.1
[INFO] [stderr]     Checking crossterm v0.8.2
[INFO] [stderr]     Checking dont_disappear v3.0.1
[INFO] [stderr]    Compiling clap_derive v4.5.47
[INFO] [stderr]    Compiling bilge-impl v0.3.0 (https://github.com/hecatia-elegua/bilge#b3760e1a)
[INFO] [stderr]    Compiling scroll_derive v0.11.1
[INFO] [stderr]    Compiling num-derive v0.4.2
[INFO] [stderr]     Checking scroll v0.11.0
[INFO] [stderr]     Checking bilge v0.3.0 (https://github.com/hecatia-elegua/bilge#b3760e1a)
[INFO] [stderr]     Checking clap v4.5.48
[INFO] [stderr]     Checking sims3_rs v0.2.0 (/opt/rustwide/workdir)
[INFO] [stdout] error: custom attribute panicked
[INFO] [stdout]    --> src/dbpf.rs:95:13
[INFO] [stdout]     |
[INFO] [stdout]  95 |               #[::binrw::binrw]
[INFO] [stdout]     |               ^^^^^^^^^^^^^^^^^
[INFO] [stdout] ...
[INFO] [stdout] 141 | / dbpf_index_entry! {
[INFO] [stdout] 142 | |     struct IndexEntry {
[INFO] [stdout] 143 | |         resource_type: u32,
[INFO] [stdout] 144 | |         resource_group: u32, // TODO: Flags?
[INFO] [stdout] ...   |
[INFO] [stdout] 152 | | }
[INFO] [stdout]     | |_- in this macro invocation
[INFO] [stdout]     |
[INFO] [stdout]     = help: message: end byte index 10 is out of bounds for string of length 9
[INFO] [stdout]     = note: this error originates in the macro `dbpf_index_entry` (in Nightly builds, run with -Z macro-backtrace for more info)
[INFO] [stdout] 
[INFO] [stdout] 
[INFO] [stdout] error: custom attribute panicked
[INFO] [stdout]    --> src/dbpf.rs:95:13
[INFO] [stdout]     |
[INFO] [stdout]  95 |               #[::binrw::binrw]
[INFO] [stdout]     |               ^^^^^^^^^^^^^^^^^
[INFO] [stdout] ...
[INFO] [stdout] 141 | / dbpf_index_entry! {
[INFO] [stdout] 142 | |     struct IndexEntry {
[INFO] [stdout] 143 | |         resource_type: u32,
[INFO] [stdout] 144 | |         resource_group: u32, // TODO: Flags?
[INFO] [stdout] ...   |
[INFO] [stdout] 152 | | }
[INFO] [stdout]     | |_- in this macro invocation
[INFO] [stdout]     |
[INFO] [stdout]     = help: message: end byte index 10 is out of bounds for string of length 9
[INFO] [stdout]     = note: this error originates in the macro `dbpf_index_entry` (in Nightly builds, run with -Z macro-backtrace for more info)
[INFO] [stdout] 
[INFO] [stdout] 
[INFO] [stdout] error[E0425]: cannot find type `IndexEntry` in this scope
[INFO] [stdout]    --> src/dbpf.rs:142:12
[INFO] [stdout]     |
[INFO] [stdout]  25 |             #[br(try_map = |b: u32| [<$name Mask>]::try_from(b))]
[INFO] [stdout]     |                                       ----- due to this macro variable
[INFO] [stdout] ...
[INFO] [stdout] 142 |     struct IndexEntry {
[INFO] [stdout]     |            ^^^^^^^^^^ not found in this scope
[INFO] [stdout] 
[INFO] [stdout] 
[INFO] [stdout] error[E0425]: cannot find type `IndexEntry` in this scope
[INFO] [stdout]    --> src/dbpf.rs:142:12
[INFO] [stdout]     |
[INFO] [stdout] 142 |     struct IndexEntry {
[INFO] [stdout]     |            ^^^^^^^^^^ not found in this scope
[INFO] [stdout] 
[INFO] [stdout] 
[INFO] [stdout] error[E0425]: cannot find type `IndexEntry` in this scope
[INFO] [stdout]    --> src/dbpf.rs:142:12
[INFO] [stdout]     |
[INFO] [stdout]  25 |             #[br(try_map = |b: u32| [<$name Mask>]::try_from(b))]
[INFO] [stdout]     |                                       ----- due to this macro variable
[INFO] [stdout] ...
[INFO] [stdout] 142 |     struct IndexEntry {
[INFO] [stdout]     |            ^^^^^^^^^^ not found in this scope
[INFO] [stdout] 
[INFO] [stdout] 
[INFO] [stdout] error[E0425]: cannot find type `IndexEntry` in this scope
[INFO] [stdout]    --> src/dbpf.rs:142:12
[INFO] [stdout]     |
[INFO] [stdout] 142 |     struct IndexEntry {
[INFO] [stdout]     |            ^^^^^^^^^^ not found in this scope
[INFO] [stdout] 
[INFO] [stdout] 
[INFO] [stdout] error[E0425]: cannot find type `IndexEntry` in this scope
[INFO] [stdout]    --> src/dbpf.rs:281:24
[INFO] [stdout]     |
[INFO] [stdout] 281 |     fn from_raw(value: IndexEntry, brand: generativity::Id<'brand>) -> Self {
[INFO] [stdout]     |                        ^^^^^^^^^^ not found in this scope
[INFO] [stdout] 
[INFO] [stdout] 
[INFO] [stdout] error[E0425]: cannot find type `IndexEntry` in this scope
[INFO] [stdout]    --> src/dbpf.rs:281:24
[INFO] [stdout]     |
[INFO] [stdout] 281 |     fn from_raw(value: IndexEntry, brand: generativity::Id<'brand>) -> Self {
[INFO] [stdout]     |                        ^^^^^^^^^^ not found in this scope
[INFO] [stdout] 
[INFO] [stdout] 
[INFO] [stdout] error[E0425]: cannot find type `IndexEntry` in this scope
[INFO] [stdout]    --> src/dbpf.rs:307:6
[INFO] [stdout]     |
[INFO] [stdout] 307 | impl IndexEntry {
[INFO] [stdout]     |      ^^^^^^^^^^ not found in this scope
[INFO] [stdout] 
[INFO] [stdout] 
[INFO] [stdout] error[E0425]: cannot find type `IndexEntry` in this scope
[INFO] [stdout]    --> src/dbpf.rs:307:6
[INFO] [stdout]     |
[INFO] [stdout] 307 | impl IndexEntry {
[INFO] [stdout]     |      ^^^^^^^^^^ not found in this scope
[INFO] [stdout] 
[INFO] [stdout] 
[INFO] [stdout] error[E0422]: cannot find struct, variant or union type `IndexEntry` in this scope
[INFO] [stdout]    --> src/dbpf.rs:336:9
[INFO] [stdout]     |
[INFO] [stdout] 336 |         IndexEntry {
[INFO] [stdout]     |         ^^^^^^^^^^ not found in this scope
[INFO] [stdout] 
[INFO] [stdout] 
[INFO] [stdout] error[E0422]: cannot find struct, variant or union type `IndexEntry` in this scope
[INFO] [stdout]    --> src/dbpf.rs:336:9
[INFO] [stdout]     |
[INFO] [stdout] 336 |         IndexEntry {
[INFO] [stdout]     |         ^^^^^^^^^^ not found in this scope
[INFO] [stdout] 
[INFO] [stdout] 
[INFO] [stdout] error[E0425]: cannot find type `IndexEntry` in this scope
[INFO] [stdout]    --> src/dbpf.rs:468:26
[INFO] [stdout]     |
[INFO] [stdout] 468 |         let entries: Vec<IndexEntry> = BinRead::read_le_args(reader, entries_args)?;
[INFO] [stdout]     |                          ^^^^^^^^^^ not found in this scope
[INFO] [stdout]     |
[INFO] [stdout] help: you might be missing a type parameter
[INFO] [stdout]     |
[INFO] [stdout] 453 | impl<'brand, Ctx: FileCtx<'brand>, IndexEntry> DBPF<'brand, Ctx> {
[INFO] [stdout]     |                                  ++++++++++++
[INFO] [stdout] 
[INFO] [stdout] 
[INFO] [stdout] error[E0425]: cannot find type `IndexEntry` in this scope
[INFO] [stdout]    --> src/dbpf.rs:468:26
[INFO] [stdout]     |
[INFO] [stdout] 468 |         let entries: Vec<IndexEntry> = BinRead::read_le_args(reader, entries_args)?;
[INFO] [stdout]     |                          ^^^^^^^^^^ not found in this scope
[INFO] [stdout]     |
[INFO] [stdout] help: you might be missing a type parameter
[INFO] [stdout]     |
[INFO] [stdout] 453 | impl<'brand, Ctx: FileCtx<'brand>, IndexEntry> DBPF<'brand, Ctx> {
[INFO] [stdout]     |                                  ++++++++++++
[INFO] [stdout] 
[INFO] [stdout] 
[INFO] [stdout] error[E0433]: cannot find type `IndexEntry` in this scope
[INFO] [stdout]    --> src/dbpf.rs:500:22
[INFO] [stdout]     |
[INFO] [stdout] 500 |             .map(|e| IndexEntry::from_nice(e, &mut current_offset))
[INFO] [stdout]     |                      ^^^^^^^^^^ use of undeclared type `IndexEntry`
[INFO] [stdout] 
[INFO] [stdout] 
[INFO] [stdout] error[E0433]: cannot find type `IndexEntry` in this scope
[INFO] [stdout]    --> src/dbpf.rs:500:22
[INFO] [stdout]     |
[INFO] [stdout] 500 |             .map(|e| IndexEntry::from_nice(e, &mut current_offset))
[INFO] [stdout]     |                      ^^^^^^^^^^ use of undeclared type `IndexEntry`
[INFO] [stdout] 
[INFO] [stdout] 
[INFO] [stdout] Some errors have detailed explanations: E0422, E0425, E0433.
[INFO] [stdout] 
[INFO] [stdout] For more information about an error, try `rustc --explain E0422`.
[INFO] [stdout] 
[INFO] [stderr] error: could not compile `sims3_rs` (lib test) due to 8 previous errors
[INFO] [stderr] warning: build failed, waiting for other jobs to finish...
[INFO] [stdout] Some errors have detailed explanations: E0422, E0425, E0433.
[INFO] [stdout] 
[INFO] [stdout] For more information about an error, try `rustc --explain E0422`.
[INFO] [stdout] 
[INFO] [stderr] error: could not compile `sims3_rs` (lib) due to 8 previous errors
[INFO] running `Command { std: "docker" "inspect" "fa40e77f5655d7a52213492e8b5fa23ee4114828a6297e0d13abd37d77c73c19", kill_on_drop: false }`
[INFO] running `Command { std: "docker" "rm" "-f" "fa40e77f5655d7a52213492e8b5fa23ee4114828a6297e0d13abd37d77c73c19", kill_on_drop: false }`
[INFO] [stdout] fa40e77f5655d7a52213492e8b5fa23ee4114828a6297e0d13abd37d77c73c19
