[INFO] cloning repository https://github.com/kcmikee/zk-implementation
[INFO] running `Command { std: "git" "-c" "credential.helper=" "-c" "credential.helper=/workspace/cargo-home/bin/git-credential-null" "clone" "--bare" "https://github.com/kcmikee/zk-implementation" "/workspace/cache/git-repos/https%3A%2F%2Fgithub.com%2Fkcmikee%2Fzk-implementation", kill_on_drop: false }`
[INFO] [stderr] Cloning into bare repository '/workspace/cache/git-repos/https%3A%2F%2Fgithub.com%2Fkcmikee%2Fzk-implementation'...
[INFO] running `Command { std: "git" "rev-parse" "HEAD", kill_on_drop: false }`
[INFO] [stdout] d924d148436ba14272fa03b5453fc22187e6525d
[INFO] checking kcmikee/zk-implementation/d924d148436ba14272fa03b5453fc22187e6525d against ed77b7b8699e342c2dc842c83cb5fe4025252ee8 for pr-158915-1
[INFO] running `Command { std: "git" "clone" "/workspace/cache/git-repos/https%3A%2F%2Fgithub.com%2Fkcmikee%2Fzk-implementation" "/workspace/builds/worker-4-tc1/source", kill_on_drop: false }`
[INFO] [stderr] Cloning into '/workspace/builds/worker-4-tc1/source'...
[INFO] [stderr] done.
[INFO] started tweaking git repo https://github.com/kcmikee/zk-implementation
[INFO] finished tweaking git repo https://github.com/kcmikee/zk-implementation
[INFO] tweaked toml for git repo https://github.com/kcmikee/zk-implementation written to /workspace/builds/worker-4-tc1/source/Cargo.toml
[INFO] validating manifest of git repo https://github.com/kcmikee/zk-implementation on toolchain ed77b7b8699e342c2dc842c83cb5fe4025252ee8
[INFO] running `Command { std: CARGO_HOME="/workspace/cargo-home" RUSTUP_HOME="/workspace/rustup-home" "/workspace/cargo-home/bin/cargo" "+ed77b7b8699e342c2dc842c83cb5fe4025252ee8" "metadata" "--manifest-path" "Cargo.toml" "--no-deps", kill_on_drop: false }`
[INFO] crate git repo https://github.com/kcmikee/zk-implementation already has a lockfile, it will not be regenerated
[INFO] running `Command { std: CARGO_HOME="/workspace/cargo-home" RUSTUP_HOME="/workspace/rustup-home" "/workspace/cargo-home/bin/cargo" "+ed77b7b8699e342c2dc842c83cb5fe4025252ee8" "fetch" "--manifest-path" "Cargo.toml", kill_on_drop: false }`
[INFO] [stderr]     Blocking waiting for file lock on package cache
[INFO] [stderr]     Updating git repository `https://github.com/sublinearlabs/field-tracker`
[INFO] [stderr]  Downloading crates ...
[INFO] [stderr]   Downloaded ark-serialize v0.5.0
[INFO] [stderr]   Downloaded ark-serialize-derive v0.5.0
[INFO] [stderr]   Downloaded ark-std v0.5.0
[INFO] [stderr]   Downloaded ark-ff-macros v0.5.0
[INFO] [stderr]   Downloaded ark-ff v0.5.0
[INFO] [stderr]   Downloaded ark-ff-asm v0.5.0
[INFO] [stderr]   Downloaded ark-bn254 v0.5.0
[INFO] [stderr]   Downloaded ark-ec v0.5.0
[INFO] [stderr]   Downloaded ark-poly v0.5.0
[INFO] running `Command { std: "docker" "create" "-v" "/var/lib/crater-agent-workspace/builds/worker-4-tc1/source:/opt/rustwide/workdir:ro,Z" "-v" "/var/lib/crater-agent-workspace/builds/worker-4-tc1/target:/opt/rustwide/target:rw,Z" "-v" "/var/lib/crater-agent-workspace/cargo-home:/opt/rustwide/cargo-home:ro,Z" "-v" "/var/lib/crater-agent-workspace/rustup-home:/opt/rustwide/rustup-home:ro,Z" "-m" "1610612736" "--network" "none" "ghcr.io/rust-lang/crates-build-env/linux@sha256:8683fc1fc2eb5c9ac98e0d076ab094b2ffac7f99da555d2b6a2e27f346de2ec7" "sleep" "infinity", kill_on_drop: false }`
[INFO] [stdout] d1404e91f2715c0de15a271cb70d3378cd9898d9300f6cbae883407d25384026
[INFO] running `Command { std: "docker" "start" "d1404e91f2715c0de15a271cb70d3378cd9898d9300f6cbae883407d25384026", kill_on_drop: false }`
[INFO] running `Command { std: "docker" "inspect" "d1404e91f2715c0de15a271cb70d3378cd9898d9300f6cbae883407d25384026", kill_on_drop: false }`
[INFO] running `Command { std: "docker" "exec" "-e" "SOURCE_DIR=/opt/rustwide/workdir" "-e" "CARGO_HOME=/opt/rustwide/cargo-home" "-e" "RUSTUP_HOME=/opt/rustwide/rustup-home" "-e" "CARGO_TARGET_DIR=/opt/rustwide/target" "-w" "/opt/rustwide/workdir" "--user" "0:0" "d1404e91f2715c0de15a271cb70d3378cd9898d9300f6cbae883407d25384026" "/opt/rustwide/cargo-home/bin/cargo" "+ed77b7b8699e342c2dc842c83cb5fe4025252ee8" "metadata" "--no-deps" "--format-version=1", kill_on_drop: false }`
[INFO] running `Command { std: "docker" "inspect" "d1404e91f2715c0de15a271cb70d3378cd9898d9300f6cbae883407d25384026", kill_on_drop: false }`
[INFO] running `Command { std: "docker" "exec" "-e" "SOURCE_DIR=/opt/rustwide/workdir" "-e" "CARGO_HOME=/opt/rustwide/cargo-home" "-e" "RUSTUP_HOME=/opt/rustwide/rustup-home" "-e" "CARGO_TARGET_DIR=/opt/rustwide/target" "-e" "CARGO_INCREMENTAL=0" "-e" "RUST_BACKTRACE=full" "-e" "RUSTFLAGS=--cap-lints=forbid" "-e" "RUSTDOCFLAGS=--cap-lints=forbid" "-w" "/opt/rustwide/workdir" "--user" "0:0" "d1404e91f2715c0de15a271cb70d3378cd9898d9300f6cbae883407d25384026" "/opt/rustwide/cargo-home/bin/cargo" "+ed77b7b8699e342c2dc842c83cb5fe4025252ee8" "check" "--frozen" "--all" "--all-targets" "--message-format=json", kill_on_drop: false }`
[INFO] [stderr]    Compiling syn v2.0.98
[INFO] [stderr]     Checking byteorder v1.5.0
[INFO] [stderr]     Checking either v1.13.0
[INFO] [stderr]     Checking once_cell v1.20.2
[INFO] [stderr]     Checking treeline v0.1.0
[INFO] [stderr]    Compiling libc v0.2.169
[INFO] [stderr]    Compiling num-traits v0.2.19
[INFO] [stderr]     Checking hashbrown v0.15.2
[INFO] [stderr]     Checking num-format v0.4.4
[INFO] [stderr]    Compiling num-integer v0.1.46
[INFO] [stderr]     Checking digest v0.10.7
[INFO] [stderr]    Compiling num-bigint v0.4.6
[INFO] [stderr]     Checking sha3 v0.10.8
[INFO] [stderr]     Checking itertools v0.13.0
[INFO] [stderr]     Checking getrandom v0.2.15
[INFO] [stderr]     Checking rand_core v0.6.4
[INFO] [stderr]    Compiling zerocopy-derive v0.7.35
[INFO] [stderr]    Compiling enum-ordinalize-derive v4.3.1
[INFO] [stderr]    Compiling ark-serialize-derive v0.5.0
[INFO] [stderr]    Compiling zeroize_derive v1.4.2
[INFO] [stderr]    Compiling ark-ff-asm v0.5.0
[INFO] [stderr]    Compiling ark-ff-macros v0.5.0
[INFO] [stderr]    Compiling enum-ordinalize v4.3.0
[INFO] [stderr]    Compiling educe v0.6.0
[INFO] [stderr]     Checking zerocopy v0.7.35
[INFO] [stderr]     Checking zeroize v1.8.1
[INFO] [stderr]     Checking ppv-lite86 v0.2.20
[INFO] [stderr]     Checking ahash v0.8.11
[INFO] [stderr]     Checking rand_chacha v0.3.1
[INFO] [stderr]     Checking rand v0.8.5
[INFO] [stderr]     Checking ark-std v0.5.0
[INFO] [stderr]     Checking ark-serialize v0.5.0
[INFO] [stderr]     Checking ark-ff v0.5.0
[INFO] [stderr]     Checking ark-poly v0.5.0
[INFO] [stderr]     Checking field-tracker v0.1.0 (https://github.com/sublinearlabs/field-tracker#faf74ed8)
[INFO] [stderr]     Checking ark-ec v0.5.0
[INFO] [stderr]     Checking ark-bn254 v0.5.0
[INFO] [stderr]     Checking zk-implementation v0.1.0 (/opt/rustwide/workdir)
[INFO] [stdout] error[E0432]: unresolved import `crate::multilinear`
[INFO] [stdout]  --> src/libs/sumcheck.rs:1:12
[INFO] [stdout]   |
[INFO] [stdout] 1 | use crate::multilinear::MultilinearPoly;
[INFO] [stdout]   |            ^^^^^^^^^^^ unresolved import
[INFO] [stdout]   |
[INFO] [stdout] help: a similar path exists
[INFO] [stdout]   |
[INFO] [stdout] 1 | use crate::libs::multilinear::MultilinearPoly;
[INFO] [stdout]   |            ++++++
[INFO] [stdout] 
[INFO] [stdout] 
[INFO] [stdout] error[E0432]: unresolved import `crate::transcript`
[INFO] [stdout]  --> src/libs/sumcheck.rs:2:12
[INFO] [stdout]   |
[INFO] [stdout] 2 | use crate::transcript::Transcript;
[INFO] [stdout]   |            ^^^^^^^^^^ unresolved import
[INFO] [stdout]   |
[INFO] [stdout] help: a similar path exists
[INFO] [stdout]   |
[INFO] [stdout] 2 | use crate::libs::transcript::Transcript;
[INFO] [stdout]   |            ++++++
[INFO] [stdout] 
[INFO] [stdout] 
[INFO] [stdout] warning: unused import: `rand::rngs::StdRng`
[INFO] [stdout]  --> src/libs/shamir_secret.rs:3:15
[INFO] [stdout]   |
[INFO] [stdout] 3 | use ark_std::{rand::rngs::StdRng, test_rng};
[INFO] [stdout]   |               ^^^^^^^^^^^^^^^^^^
[INFO] [stdout]   |
[INFO] [stdout]   = note: `#[warn(unused_imports)]` (part of `#[warn(unused)]`) on by default
[INFO] [stdout] 
[INFO] [stdout] 
[INFO] [stdout] error[E0432]: unresolved import `crate::multilinear`
[INFO] [stdout]    --> src/libs/multilinear.rs:108:16
[INFO] [stdout]     |
[INFO] [stdout] 108 |     use crate::multilinear::{insert_bit, pairs, MultilinearPoly};
[INFO] [stdout]     |                ^^^^^^^^^^^ unresolved import
[INFO] [stdout]     |
[INFO] [stdout] help: a similar path exists
[INFO] [stdout]     |
[INFO] [stdout] 108 |     use crate::libs::multilinear::{insert_bit, pairs, MultilinearPoly};
[INFO] [stdout]     |                ++++++
[INFO] [stdout] 
[INFO] [stdout] 
[INFO] [stdout] error[E0432]: unresolved import `crate::multilinear`
[INFO] [stdout]  --> src/libs/sumcheck.rs:1:12
[INFO] [stdout]   |
[INFO] [stdout] 1 | use crate::multilinear::MultilinearPoly;
[INFO] [stdout]   |            ^^^^^^^^^^^ unresolved import
[INFO] [stdout]   |
[INFO] [stdout] help: a similar path exists
[INFO] [stdout]   |
[INFO] [stdout] 1 | use crate::libs::multilinear::MultilinearPoly;
[INFO] [stdout]   |            ++++++
[INFO] [stdout] 
[INFO] [stdout] 
[INFO] [stdout] error[E0433]: cannot find `multilinear` in the crate root
[INFO] [stdout]    --> src/libs/sumcheck.rs:103:16
[INFO] [stdout]     |
[INFO] [stdout] 103 |     use crate::multilinear::tests::to_field;
[INFO] [stdout]     |                ^^^^^^^^^^^ unresolved import
[INFO] [stdout]     |
[INFO] [stdout] help: a similar path exists
[INFO] [stdout]     |
[INFO] [stdout] 103 |     use crate::libs::multilinear::tests::to_field;
[INFO] [stdout]     |                ++++++
[INFO] [stdout] 
[INFO] [stdout] 
[INFO] [stdout] error[E0432]: unresolved import `crate::transcript`
[INFO] [stdout]  --> src/libs/sumcheck.rs:2:12
[INFO] [stdout]   |
[INFO] [stdout] 2 | use crate::transcript::Transcript;
[INFO] [stdout]   |            ^^^^^^^^^^ unresolved import
[INFO] [stdout]   |
[INFO] [stdout] help: a similar path exists
[INFO] [stdout]   |
[INFO] [stdout] 2 | use crate::libs::transcript::Transcript;
[INFO] [stdout]   |            ++++++
[INFO] [stdout] 
[INFO] [stdout] 
[INFO] [stdout] error[E0432]: unresolved import `crate::multilinear`
[INFO] [stdout]    --> src/libs/sumcheck.rs:104:16
[INFO] [stdout]     |
[INFO] [stdout] 104 |     use crate::multilinear::MultilinearPoly;
[INFO] [stdout]     |                ^^^^^^^^^^^ unresolved import
[INFO] [stdout]     |
[INFO] [stdout] help: a similar path exists
[INFO] [stdout]     |
[INFO] [stdout] 104 |     use crate::libs::multilinear::MultilinearPoly;
[INFO] [stdout]     |                ++++++
[INFO] [stdout] 
[INFO] [stdout] 
[INFO] [stdout] error[E0432]: unresolved import `crate::sumcheck`
[INFO] [stdout]    --> src/libs/sumcheck.rs:105:16
[INFO] [stdout]     |
[INFO] [stdout] 105 |     use crate::sumcheck::{prove, verify};
[INFO] [stdout]     |                ^^^^^^^^ unresolved import
[INFO] [stdout]     |
[INFO] [stdout] help: a similar path exists
[INFO] [stdout]     |
[INFO] [stdout] 105 |     use crate::libs::sumcheck::{prove, verify};
[INFO] [stdout]     |                ++++++
[INFO] [stdout] 
[INFO] [stdout] 
[INFO] [stderr] error: could not compile `zk-implementation` (bin "zk-implementation") due to 2 previous errors; 1 warning emitted
[INFO] [stdout] warning: unused import: `rand::rngs::StdRng`
[INFO] [stdout]  --> src/libs/shamir_secret.rs:3:15
[INFO] [stdout]   |
[INFO] [stdout] 3 | use ark_std::{rand::rngs::StdRng, test_rng};
[INFO] [stdout]   |               ^^^^^^^^^^^^^^^^^^
[INFO] [stdout]   |
[INFO] [stdout]   = note: `#[warn(unused_imports)]` (part of `#[warn(unused)]`) on by default
[INFO] [stdout] 
[INFO] [stdout] 
[INFO] [stderr] warning: build failed, waiting for other jobs to finish...
[INFO] [stdout] For more information about this error, try `rustc --explain E0432`.
[INFO] [stdout] 
[INFO] [stdout] Some errors have detailed explanations: E0432, E0433.
[INFO] [stdout] 
[INFO] [stdout] For more information about an error, try `rustc --explain E0432`.
[INFO] [stdout] 
[INFO] [stderr] error: could not compile `zk-implementation` (bin "zk-implementation" test) due to 6 previous errors; 1 warning emitted
[INFO] running `Command { std: "docker" "inspect" "d1404e91f2715c0de15a271cb70d3378cd9898d9300f6cbae883407d25384026", kill_on_drop: false }`
[INFO] running `Command { std: "docker" "rm" "-f" "d1404e91f2715c0de15a271cb70d3378cd9898d9300f6cbae883407d25384026", kill_on_drop: false }`
[INFO] [stdout] d1404e91f2715c0de15a271cb70d3378cd9898d9300f6cbae883407d25384026
