[INFO] cloning repository https://github.com/katis/ld-48
[INFO] running `Command { std: "git" "-c" "credential.helper=" "-c" "credential.helper=/workspace/cargo-home/bin/git-credential-null" "clone" "--bare" "https://github.com/katis/ld-48" "/workspace/cache/git-repos/https%3A%2F%2Fgithub.com%2Fkatis%2Fld-48", kill_on_drop: false }`
[INFO] [stderr] Cloning into bare repository '/workspace/cache/git-repos/https%3A%2F%2Fgithub.com%2Fkatis%2Fld-48'...
[INFO] running `Command { std: "git" "rev-parse" "HEAD", kill_on_drop: false }`
[INFO] [stdout] 7231fc3fbb5ba0f54e09808f75ca8ea3628a820c
[INFO] checking katis/ld-48/7231fc3fbb5ba0f54e09808f75ca8ea3628a820c against ed77b7b8699e342c2dc842c83cb5fe4025252ee8 for pr-158915-1
[INFO] running `Command { std: "git" "clone" "/workspace/cache/git-repos/https%3A%2F%2Fgithub.com%2Fkatis%2Fld-48" "/workspace/builds/worker-0-tc1/source", kill_on_drop: false }`
[INFO] [stderr] Cloning into '/workspace/builds/worker-0-tc1/source'...
[INFO] [stderr] done.
[INFO] removed /workspace/builds/worker-0-tc1/source/.cargo/config.toml
[INFO] started tweaking git repo https://github.com/katis/ld-48
[INFO] finished tweaking git repo https://github.com/katis/ld-48
[INFO] tweaked toml for git repo https://github.com/katis/ld-48 written to /workspace/builds/worker-0-tc1/source/Cargo.toml
[INFO] validating manifest of git repo https://github.com/katis/ld-48 on toolchain ed77b7b8699e342c2dc842c83cb5fe4025252ee8
[INFO] running `Command { std: CARGO_HOME="/workspace/cargo-home" RUSTUP_HOME="/workspace/rustup-home" "/workspace/cargo-home/bin/cargo" "+ed77b7b8699e342c2dc842c83cb5fe4025252ee8" "metadata" "--manifest-path" "Cargo.toml" "--no-deps", kill_on_drop: false }`
[INFO] crate git repo https://github.com/katis/ld-48 already has a lockfile, it will not be regenerated
[INFO] running `Command { std: CARGO_HOME="/workspace/cargo-home" RUSTUP_HOME="/workspace/rustup-home" "/workspace/cargo-home/bin/cargo" "+ed77b7b8699e342c2dc842c83cb5fe4025252ee8" "fetch" "--manifest-path" "Cargo.toml", kill_on_drop: false }`
[INFO] [stderr]     Updating crates.io index
[INFO] [stderr]  Downloading crates ...
[INFO] [stderr]   Downloaded flat_spatial v0.3.7
[INFO] [stderr]   Downloaded slotmap v0.4.0
[INFO] [stderr]   Downloaded enumflags2 v0.7.1
[INFO] [stderr]   Downloaded mint v0.5.6
[INFO] [stderr]   Downloaded bevy_winit v0.5.0
[INFO] [stderr]   Downloaded enumflags2_derive v0.7.0
[INFO] [stderr]   Downloaded bevy_internal v0.5.0
[INFO] [stderr]   Downloaded android_logger v0.8.6
[INFO] [stderr]   Downloaded android_log-sys v0.1.2
[INFO] [stderr]   Downloaded bevy_utils v0.5.0
[INFO] [stderr]   Downloaded bevy_window v0.5.0
[INFO] [stderr]   Downloaded spirv-std-macros v0.4.0-alpha.5
[INFO] [stderr]   Downloaded bevy v0.5.0
[INFO] [stderr]   Downloaded syn v1.0.65
[INFO] [stderr]   Downloaded bevy_math v0.5.0
[INFO] [stderr]   Downloaded spirv-std v0.4.0-alpha.5
[INFO] [stderr]   Downloaded tracing v0.1.25
[INFO] [stderr]   Downloaded bevy_reflect v0.5.0
[INFO] [stderr]   Downloaded erased-serde v0.3.13
[INFO] [stderr]   Downloaded vec-arena v1.1.0
[INFO] [stderr]   Downloaded ahash v0.7.2
[INFO] [stderr]   Downloaded fastrand v1.4.0
[INFO] [stderr]   Downloaded fixedbitset v0.4.0
[INFO] [stderr]   Downloaded futures-io v0.3.14
[INFO] [stderr]   Downloaded futures-core v0.3.14
[INFO] [stderr]   Downloaded async-executor v1.4.0
[INFO] [stderr]   Downloaded find-crate v0.6.3
[INFO] [stderr]   Downloaded bevy_tasks v0.5.0
[INFO] [stderr]   Downloaded futures-lite v1.11.3
[INFO] [stderr]   Downloaded bevy_ecs_macros v0.5.0
[INFO] [stderr]   Downloaded bevy_app v0.5.0
[INFO] [stderr]   Downloaded bevy_derive v0.5.0
[INFO] [stderr]   Downloaded bevy_log v0.5.0
[INFO] [stderr]   Downloaded glam v0.13.1
[INFO] [stderr]   Downloaded libm v0.2.1
[INFO] [stderr]   Downloaded bevy_ecs v0.5.0
[INFO] [stderr]   Downloaded tracing-subscriber v0.2.17
[INFO] [stderr]   Downloaded bevy_input v0.5.0
[INFO] [stderr]   Downloaded gpu-descriptor v0.1.1
[INFO] [stderr]   Downloaded gpu-alloc v0.3.0
[INFO] [stderr]   Downloaded bevy_wgpu v0.5.0
[INFO] [stderr]   Downloaded wgpu-types v0.7.0
[INFO] [stderr]   Downloaded spirv_headers v1.5.0
[INFO] [stderr]   Downloaded gfx-backend-empty v0.7.0
[INFO] [stderr]   Downloaded storage-map v0.3.0
[INFO] [stderr]   Downloaded gfx-auxil v0.8.0
[INFO] [stderr]   Downloaded thunderdome v0.3.0
[INFO] [stderr]   Downloaded d3d12 v0.3.2
[INFO] [stderr]   Downloaded shaderc v0.7.2
[INFO] [stderr]   Downloaded khronos-egl v3.0.2
[INFO] [stderr]   Downloaded bevy_asset v0.5.0
[INFO] [stderr]   Downloaded wgpu v0.7.1
[INFO] [stderr]   Downloaded gfx-backend-vulkan v0.7.0
[INFO] [stderr]   Downloaded gfx-backend-gl v0.7.1
[INFO] [stderr]   Downloaded bevy_core v0.5.0
[INFO] [stderr]   Downloaded fsevent-sys v3.0.2
[INFO] [stderr]   Downloaded fsevent v2.0.2
[INFO] [stderr]   Downloaded gfx-hal v0.7.0
[INFO] [stderr]   Downloaded hexasphere v3.2.0
[INFO] [stderr]   Downloaded bevy_transform v0.5.0
[INFO] [stderr]   Downloaded ab_glyph v0.2.10
[INFO] [stderr]   Downloaded inotify v0.9.2
[INFO] [stderr]   Downloaded bevy_diagnostic v0.5.0
[INFO] [stderr]   Downloaded bevy_text v0.5.0
[INFO] [stderr]   Downloaded naga v0.3.2
[INFO] [stderr]   Downloaded gfx-backend-dx11 v0.7.0
[INFO] [stderr]   Downloaded bevy_render v0.5.0
[INFO] [stderr]   Downloaded spirv-reflect v0.2.3
[INFO] [stderr]   Downloaded ron v0.6.4
[INFO] [stderr]   Downloaded anymap v0.12.1
[INFO] [stderr]   Downloaded notify v5.0.0-pre.7
[INFO] [stderr]   Downloaded bevy_ui v0.5.0
[INFO] [stderr]   Downloaded bevy_sprite v0.5.0
[INFO] [stderr]   Downloaded bevy_scene v0.5.0
[INFO] [stderr]   Downloaded bevy_gltf v0.5.0
[INFO] [stderr]   Downloaded gltf-derive v0.15.2
[INFO] [stderr]   Downloaded bevy_gilrs v0.5.0
[INFO] [stderr]   Downloaded wgpu-core v0.7.1
[INFO] [stderr]   Downloaded bevy_pbr v0.5.0
[INFO] [stderr]   Downloaded gltf-json v0.15.2
[INFO] [stderr]   Downloaded gfx-backend-dx12 v0.7.1
[INFO] [stderr]   Downloaded mio v0.7.11
[INFO] [stderr]   Downloaded glyph_brush_layout v0.2.1
[INFO] [stderr]   Downloaded owned_ttf_parser v0.12.0
[INFO] [stderr]   Downloaded rectangle-pack v0.3.0
[INFO] [stderr]   Downloaded guillotiere v0.6.0
[INFO] [stderr]   Downloaded gltf v0.15.2
[INFO] [stderr]   Downloaded gilrs-core v0.3.1
[INFO] [stderr]   Downloaded gfx-backend-metal v0.7.0
[INFO] [stderr]   Downloaded glow v0.7.2
[INFO] [stderr]   Downloaded ttf-parser v0.12.0
[INFO] [stderr]   Downloaded euclid v0.22.3
[INFO] [stderr]   Downloaded gilrs v0.8.1
[INFO] [stderr]   Downloaded bevy_dynamic_plugin v0.5.0
[INFO] [stderr]   Downloaded bevy_audio v0.5.0
[INFO] [stderr]   Downloaded ash v0.31.0
[INFO] [stderr]   Downloaded spirv_cross v0.23.1
[INFO] [stderr]   Downloaded num_enum v0.5.1
[INFO] [stderr]   Downloaded oboe v0.4.1
[INFO] [stderr]   Downloaded metal v0.21.0
[INFO] [stderr]   Downloaded num_enum_derive v0.5.1
[INFO] [stderr]   Downloaded oboe-sys v0.4.0
[INFO] [stderr]   Downloaded combine v4.5.2
[INFO] [stderr]   Downloaded bevy_math v0.4.0
[INFO] [stderr]   Downloaded bevy_utils v0.4.0
[INFO] [stderr]   Downloaded fixedbitset v0.3.2
[INFO] [stderr]   Downloaded bevy_app v0.4.0
[INFO] [stderr]   Downloaded emath v0.11.0
[INFO] [stderr]   Downloaded bevy_tilemap_types v0.4.0
[INFO] [stderr]   Downloaded bevy_render v0.4.0
[INFO] [stderr]   Downloaded bevy_window v0.4.0
[INFO] [stderr]   Downloaded ahash v0.6.3
[INFO] [stderr]   Downloaded bevy_reflect v0.4.0
[INFO] [stderr]   Downloaded bevy_reflect_derive v0.4.0
[INFO] [stderr]   Downloaded bevy_ecs v0.4.0
[INFO] [stderr]   Downloaded bevy_derive v0.4.0
[INFO] [stderr]   Downloaded bevy_transform v0.4.0
[INFO] [stderr]   Downloaded bevy_asset v0.4.0
[INFO] [stderr]   Downloaded bevy_tasks v0.4.0
[INFO] [stderr]   Downloaded bevy_ecs_macros v0.4.0
[INFO] [stderr]   Downloaded bevy_core v0.4.0
[INFO] [stderr]   Downloaded pretty-type-name v1.0.0
[INFO] [stderr]   Downloaded bevy_egui v0.4.0
[INFO] [stderr]   Downloaded bevy_tilemap v0.4.0
[INFO] [stderr]   Downloaded bevy-inspector-egui v0.4.1
[INFO] [stderr]   Downloaded egui v0.11.0
[INFO] [stderr]   Downloaded atomic_refcell v0.1.7
[INFO] [stderr]   Downloaded epaint v0.11.0
[INFO] [stderr]   Downloaded bevy-inspector-egui-derive v0.4.0
[INFO] [stderr]   Downloaded shaderc-sys v0.7.2
[INFO] [stderr]   Downloaded bevy_reflect_derive v0.5.0
[INFO] [stderr]   Downloaded bevy-glsl-to-spirv v0.2.1
[INFO] [stderr]   Downloaded glam v0.11.3
[INFO] running `Command { std: "docker" "create" "-v" "/var/lib/crater-agent-workspace/builds/worker-0-tc1/source:/opt/rustwide/workdir:ro,Z" "-v" "/var/lib/crater-agent-workspace/builds/worker-0-tc1/target:/opt/rustwide/target:rw,Z" "-v" "/var/lib/crater-agent-workspace/cargo-home:/opt/rustwide/cargo-home:ro,Z" "-v" "/var/lib/crater-agent-workspace/rustup-home:/opt/rustwide/rustup-home:ro,Z" "-m" "1610612736" "--network" "none" "ghcr.io/rust-lang/crates-build-env/linux@sha256:8683fc1fc2eb5c9ac98e0d076ab094b2ffac7f99da555d2b6a2e27f346de2ec7" "sleep" "infinity", kill_on_drop: false }`
[INFO] [stdout] da3dd7a692b98fb1aae17e0a7f1d90ea6600d27292f7e84a009e6b0408da333b
[INFO] running `Command { std: "docker" "start" "da3dd7a692b98fb1aae17e0a7f1d90ea6600d27292f7e84a009e6b0408da333b", kill_on_drop: false }`
[INFO] running `Command { std: "docker" "inspect" "da3dd7a692b98fb1aae17e0a7f1d90ea6600d27292f7e84a009e6b0408da333b", kill_on_drop: false }`
[INFO] running `Command { std: "docker" "exec" "-e" "SOURCE_DIR=/opt/rustwide/workdir" "-e" "CARGO_HOME=/opt/rustwide/cargo-home" "-e" "RUSTUP_HOME=/opt/rustwide/rustup-home" "-e" "CARGO_TARGET_DIR=/opt/rustwide/target" "-w" "/opt/rustwide/workdir" "--user" "0:0" "da3dd7a692b98fb1aae17e0a7f1d90ea6600d27292f7e84a009e6b0408da333b" "/opt/rustwide/cargo-home/bin/cargo" "+ed77b7b8699e342c2dc842c83cb5fe4025252ee8" "metadata" "--no-deps" "--format-version=1", kill_on_drop: false }`
[INFO] running `Command { std: "docker" "inspect" "da3dd7a692b98fb1aae17e0a7f1d90ea6600d27292f7e84a009e6b0408da333b", kill_on_drop: false }`
[INFO] running `Command { std: "docker" "exec" "-e" "SOURCE_DIR=/opt/rustwide/workdir" "-e" "CARGO_HOME=/opt/rustwide/cargo-home" "-e" "RUSTUP_HOME=/opt/rustwide/rustup-home" "-e" "CARGO_TARGET_DIR=/opt/rustwide/target" "-e" "CARGO_INCREMENTAL=0" "-e" "RUST_BACKTRACE=full" "-e" "RUSTFLAGS=--cap-lints=forbid" "-e" "RUSTDOCFLAGS=--cap-lints=forbid" "-w" "/opt/rustwide/workdir" "--user" "0:0" "da3dd7a692b98fb1aae17e0a7f1d90ea6600d27292f7e84a009e6b0408da333b" "/opt/rustwide/cargo-home/bin/cargo" "+ed77b7b8699e342c2dc842c83cb5fe4025252ee8" "check" "--frozen" "--all" "--all-targets" "--message-format=json", kill_on_drop: false }`
[INFO] [stderr]    Compiling libc v0.2.93
[INFO] [stderr]     Checking cfg-if v1.0.0
[INFO] [stderr]    Compiling syn v1.0.65
[INFO] [stderr]    Compiling autocfg v1.0.1
[INFO] [stderr]     Checking lazy_static v1.4.0
[INFO] [stderr]    Compiling getrandom v0.2.2
[INFO] [stderr]     Checking pin-project-lite v0.2.6
[INFO] [stderr]     Checking once_cell v1.7.2
[INFO] [stderr]     Checking scopeguard v1.1.0
[INFO] [stderr]    Compiling libm v0.2.1
[INFO] [stderr]    Compiling serde v1.0.125
[INFO] [stderr]    Compiling bitflags v1.2.1
[INFO] [stderr]    Compiling memchr v2.3.4
[INFO] [stderr]     Checking byteorder v1.4.3
[INFO] [stderr]    Compiling log v0.4.14
[INFO] [stderr]     Checking instant v0.1.9
[INFO] [stderr]     Checking cache-padded v1.1.1
[INFO] [stderr]     Checking futures-core v0.3.14
[INFO] [stderr]     Checking waker-fn v1.1.0
[INFO] [stderr]     Checking fastrand v1.4.0
[INFO] [stderr]     Checking futures-io v0.3.14
[INFO] [stderr]     Checking lock_api v0.4.3
[INFO] [stderr]     Checking concurrent-queue v1.2.2
[INFO] [stderr]     Checking tracing-core v0.1.17
[INFO] [stderr]     Checking ppv-lite86 v0.2.10
[INFO] [stderr]     Checking parking v2.0.0
[INFO] [stderr]     Checking event-listener v2.5.1
[INFO] [stderr]     Checking vec-arena v1.1.0
[INFO] [stderr]     Checking async-task v4.0.3
[INFO] [stderr]     Checking downcast-rs v1.2.0
[INFO] [stderr]    Compiling Inflector v0.11.4
[INFO] [stderr]    Compiling ahash v0.7.2
[INFO] [stderr]     Checking fixedbitset v0.4.0
[INFO] [stderr]    Compiling ryu v1.0.5
[INFO] [stderr]     Checking fxhash v0.2.1
[INFO] [stderr]    Compiling pkg-config v0.3.19
[INFO] [stderr]    Compiling serde_json v1.0.64
[INFO] [stderr]     Checking regex-syntax v0.6.23
[INFO] [stderr]     Checking itoa v0.4.7
[INFO] [stderr]    Compiling num-traits v0.2.14
[INFO] [stderr]     Checking async-channel v1.6.1
[INFO] [stderr]    Compiling num-integer v0.1.44
[INFO] [stderr]    Compiling crossbeam-utils v0.8.3
[INFO] [stderr]    Compiling anyhow v1.0.40
[INFO] [stderr]     Checking same-file v1.0.6
[INFO] [stderr]     Checking thread_local v1.1.3
[INFO] [stderr]     Checking sharded-slab v0.1.1
[INFO] [stderr]     Checking ansi_term v0.12.1
[INFO] [stderr]     Checking futures-lite v1.11.3
[INFO] [stderr]     Checking aho-corasick v0.7.15
[INFO] [stderr]     Checking walkdir v2.3.2
[INFO] [stderr]     Checking anymap v0.12.1
[INFO] [stderr]     Checking base64 v0.13.0
[INFO] [stderr]    Compiling crc32fast v1.2.1
[INFO] [stderr]     Checking adler32 v1.2.0
[INFO] [stderr]    Compiling num-rational v0.3.2
[INFO] [stderr]    Compiling num-iter v0.1.42
[INFO] [stderr]     Checking tracing-log v0.1.2
[INFO] [stderr]     Checking ahash v0.4.7
[INFO] [stderr]     Checking miniz_oxide v0.3.7
[INFO] [stderr]     Checking hashbrown v0.9.1
[INFO] [stderr]     Checking deflate v0.8.6
[INFO] [stderr]    Compiling indexmap v1.6.2
[INFO] [stderr]     Checking cfg-if v0.1.10
[INFO] [stderr]     Checking crossbeam-channel v0.5.1
[INFO] [stderr]    Compiling bevy-glsl-to-spirv v0.2.1
[INFO] [stderr]     Checking scoped_threadpool v0.1.9
[INFO] [stderr]     Checking color_quant v1.1.0
[INFO] [stderr]     Checking bytemuck v1.5.1
[INFO] [stderr]     Checking async-executor v1.4.0
[INFO] [stderr]    Compiling maybe-uninit v2.0.0
[INFO] [stderr]     Checking hex v0.4.3
[INFO] [stderr]     Checking bit-vec v0.6.3
[INFO] [stderr]     Checking fixedbitset v0.2.0
[INFO] [stderr]    Compiling getrandom v0.1.16
[INFO] [stderr]    Compiling ahash v0.6.3
[INFO] [stderr]     Checking libloading v0.6.7
[INFO] [stderr]     Checking ab_glyph_rasterizer v0.1.4
[INFO] [stderr]    Compiling alsa-sys v0.3.1
[INFO] [stderr]     Checking spirv_headers v1.5.0
[INFO] [stderr]     Checking png v0.16.8
[INFO] [stderr]    Compiling khronos-egl v3.0.2
[INFO] [stderr]     Checking euclid v0.22.3
[INFO] [stderr]    Compiling libudev-sys v0.1.4
[INFO] [stderr]    Compiling x11-dl v2.18.5
[INFO] [stderr]     Checking bit-set v0.5.2
[INFO] [stderr]    Compiling glam v0.11.3
[INFO] [stderr]     Checking ttf-parser v0.12.0
[INFO] [stderr]     Checking slab v0.4.3
[INFO] [stderr]     Checking fixedbitset v0.3.2
[INFO] [stderr]     Checking arrayvec v0.5.2
[INFO] [stderr]     Checking svg_fmt v0.4.1
[INFO] [stderr]    Compiling wgpu-core v0.7.1
[INFO] [stderr]     Checking petgraph v0.5.1
[INFO] [stderr]     Checking ash v0.31.0
[INFO] [stderr]     Checking gpu-descriptor-types v0.1.1
[INFO] [stderr]     Checking gpu-alloc-types v0.2.0
[INFO] [stderr]    Compiling inflections v1.1.1
[INFO] [stderr]     Checking num_cpus v1.13.0
[INFO] [stderr]    Compiling jobserver v0.1.22
[INFO] [stderr]     Checking rand_core v0.6.2
[INFO] [stderr]     Checking inotify-sys v0.1.5
[INFO] [stderr]     Checking chrono v0.4.19
[INFO] [stderr]     Checking filetime v0.2.14
[INFO] [stderr]     Checking mio v0.7.11
[INFO] [stderr]     Checking image v0.23.14
[INFO] [stderr]     Checking bevy_tasks v0.5.0
[INFO] [stderr]     Checking inotify v0.9.2
[INFO] [stderr]     Checking raw-window-handle v0.3.3
[INFO] [stderr]     Checking nix v0.20.0
[INFO] [stderr]     Checking regex-automata v0.1.9
[INFO] [stderr]     Checking regex v1.4.5
[INFO] [stderr]    Compiling cc v1.0.67
[INFO] [stderr]     Checking rand_chacha v0.3.0
[INFO] [stderr]     Checking rand_core v0.5.1
[INFO] [stderr]     Checking notify v5.0.0-pre.7
[INFO] [stderr]     Checking bevy_tasks v0.4.0
[INFO] [stderr]     Checking rand_chacha v0.2.2
[INFO] [stderr]     Checking iovec v0.1.4
[INFO] [stderr]     Checking net2 v0.2.37
[INFO] [stderr]     Checking guillotiere v0.6.0
[INFO] [stderr]     Checking rand v0.8.3
[INFO] [stderr]     Checking mio v0.6.23
[INFO] [stderr]     Checking rand v0.7.3
[INFO] [stderr]     Checking lazycell v1.3.0
[INFO] [stderr]     Checking inplace_it v0.3.3
[INFO] [stderr]     Checking rectangle-pack v0.3.0
[INFO] [stderr]    Compiling cpal v0.13.3
[INFO] [stderr]    Compiling libm v0.1.4
[INFO] [stderr]     Checking glow v0.7.2
[INFO] [stderr]     Checking mio-extras v2.0.6
[INFO] [stderr]     Checking slice-deque v0.3.0
[INFO] [stderr]     Checking approx v0.4.0
[INFO] [stderr]     Checking wgpu-types v0.7.0
[INFO] [stderr]     Checking percent-encoding v2.1.0
[INFO] [stderr]    Compiling spirv-reflect v0.2.3
[INFO] [stderr]    Compiling spirv_cross v0.23.1
[INFO] [stderr]    Compiling minimp3-sys v0.3.2
[INFO] [stderr]     Checking vec_map v0.8.2
[INFO] [stderr]     Checking xi-unicode v0.3.0
[INFO] [stderr]     Checking copyless v0.1.5
[INFO] [stderr]     Checking matchers v0.0.1
[INFO] [stderr]    Compiling crossbeam-utils v0.7.2
[INFO] [stderr]     Checking owned_ttf_parser v0.12.0
[INFO] [stderr]     Checking libloading v0.7.0
[INFO] [stderr]    Compiling xcb v0.8.2
[INFO] [stderr]     Checking ttf-parser v0.6.2
[INFO] [stderr]     Checking ab_glyph v0.2.10
[INFO] [stderr]     Checking slotmap v0.4.0
[INFO] [stderr]     Checking ordered-float v2.1.1
[INFO] [stderr]     Checking glyph_brush_layout v0.2.1
[INFO] [stderr]     Checking emath v0.11.0
[INFO] [stderr] error: failed to run custom build command for `xcb v0.8.2`
[INFO] [stderr] note: To improve backtraces for build dependencies, set the CARGO_PROFILE_DEV_BUILD_OVERRIDE_DEBUG=true environment variable to enable debug information generation.
[INFO] [stderr] 
[INFO] [stderr] Caused by:
[INFO] [stderr]   process didn't exit successfully: `/opt/rustwide/target/debug/build/xcb/6f56b8ab6dc08af4/out/build_script_build` (exit status: 101)
[INFO] [stderr]   --- stderr
[INFO] [stderr]   error occured in handler:  ('request: ', ('xcb', 'XCMisc', 'GetXIDList'))
[INFO] [stderr]   Traceback (most recent call last):
[INFO] [stderr]     File "/opt/rustwide/cargo-home/registry/src/index.crates.io-1949cf8c6b5b557f/xcb-0.8.2/rs_client.py", line 2448, in <module>
[INFO] [stderr]       module.generate()
[INFO] [stderr]       ~~~~~~~~~~~~~~~^^
[INFO] [stderr]     File "/opt/rustwide/cargo-home/registry/src/index.crates.io-1949cf8c6b5b557f/xcb-0.8.2/xcbgen/state.py", line 108, in generate
[INFO] [stderr]       self.close()
[INFO] [stderr]       ~~~~~~~~~~^^
[INFO] [stderr]     File "/opt/rustwide/cargo-home/registry/src/index.crates.io-1949cf8c6b5b557f/xcb-0.8.2/rs_client.py", line 296, in rs_close
[INFO] [stderr]       _f.writeout(os.path.join(module.rs_srcdir, "ffi", "%s.rs" % _module_name(_ns.ext_name)))
[INFO] [stderr]       ~~~~~~~~~~~^^^^^^^^^^^^^^^^^^^^^^^^^^^^^^^^^^^^^^^^^^^^^^^^^^^^^^^^^^^^^^^^^^^^^^^^^^^^^
[INFO] [stderr]     File "/opt/rustwide/cargo-home/registry/src/index.crates.io-1949cf8c6b5b557f/xcb-0.8.2/rs_client.py", line 114, in writeout
[INFO] [stderr]       with open(path, 'w') as f:
[INFO] [stderr]            ~~~~^^^^^^^^^^^
[INFO] [stderr]   OSError: [Errno 30] Read-only file system: '/opt/rustwide/cargo-home/registry/src/index.crates.io-1949cf8c6b5b557f/xcb-0.8.2/src/ffi/xc_misc.rs'
[INFO] [stderr] 
[INFO] [stderr]   thread 'main' (1752) panicked at /opt/rustwide/cargo-home/registry/src/index.crates.io-1949cf8c6b5b557f/xcb-0.8.2/build.rs:75:17:
[INFO] [stderr]   processing of /opt/rustwide/cargo-home/registry/src/index.crates.io-1949cf8c6b5b557f/xcb-0.8.2/xml/xc_misc.xml returned non-zero (1)
[INFO] [stderr]   stack backtrace:
[INFO] [stderr]      0:     0x61b389e40151 - std[69db903323f584ec]::backtrace_rs::backtrace::libunwind::trace
[INFO] [stderr]                                  at /rustc/ed77b7b8699e342c2dc842c83cb5fe4025252ee8/library/std/src/../../backtrace/src/backtrace/libunwind.rs:117:9
[INFO] [stderr]      1:     0x61b389e40151 - std[69db903323f584ec]::backtrace_rs::backtrace::trace_unsynchronized::<std[69db903323f584ec]::sys::backtrace::_print_fmt::{closure#1}>
[INFO] [stderr]                                  at /rustc/ed77b7b8699e342c2dc842c83cb5fe4025252ee8/library/std/src/../../backtrace/src/backtrace/mod.rs:66:14
[INFO] [stderr]      2:     0x61b389e40151 - std[69db903323f584ec]::sys::backtrace::_print_fmt
[INFO] [stderr]                                  at /rustc/ed77b7b8699e342c2dc842c83cb5fe4025252ee8/library/std/src/sys/backtrace.rs:74:9
[INFO] [stderr]      3:     0x61b389e40151 - <<std[69db903323f584ec]::sys::backtrace::BacktraceLock>::print::DisplayBacktrace as core[f960d09af7566be7]::fmt::Display>::fmt
[INFO] [stderr]                                  at /rustc/ed77b7b8699e342c2dc842c83cb5fe4025252ee8/library/std/src/sys/backtrace.rs:44:26
[INFO] [stderr]      4:     0x61b389e5108a - <core[f960d09af7566be7]::fmt::rt::Argument>::fmt
[INFO] [stderr]                                  at /rustc/ed77b7b8699e342c2dc842c83cb5fe4025252ee8/library/core/src/fmt/rt.rs:152:76
[INFO] [stderr]      5:     0x61b389e5108a - core[f960d09af7566be7]::fmt::write
[INFO] [stderr]      6:     0x61b389e43d8c - core[f960d09af7566be7]::io::write::default_write_fmt::<std[69db903323f584ec]::sys::stdio::unix::Stderr>
[INFO] [stderr]                                  at /rustc/ed77b7b8699e342c2dc842c83cb5fe4025252ee8/library/core/src/io/write.rs:402:11
[INFO] [stderr]      7:     0x61b389e43d8c - <std[69db903323f584ec]::sys::stdio::unix::Stderr as core[f960d09af7566be7]::io::write::Write>::write_fmt
[INFO] [stderr]                                  at /rustc/ed77b7b8699e342c2dc842c83cb5fe4025252ee8/library/core/src/io/write.rs:335:13
[INFO] [stderr]      8:     0x61b389e225c6 - <std[69db903323f584ec]::sys::backtrace::BacktraceLock>::print
[INFO] [stderr]                                  at /rustc/ed77b7b8699e342c2dc842c83cb5fe4025252ee8/library/std/src/sys/backtrace.rs:47:9
[INFO] [stderr]      9:     0x61b389e225c6 - std[69db903323f584ec]::panicking::default_hook::{closure#0}
[INFO] [stderr]                                  at /rustc/ed77b7b8699e342c2dc842c83cb5fe4025252ee8/library/std/src/panicking.rs:289:27
[INFO] [stderr]     10:     0x61b389e3c061 - std[69db903323f584ec]::panicking::default_hook
[INFO] [stderr]                                  at /rustc/ed77b7b8699e342c2dc842c83cb5fe4025252ee8/library/std/src/panicking.rs:316:9
[INFO] [stderr]     11:     0x61b389e3c21b - std[69db903323f584ec]::panicking::panic_with_hook
[INFO] [stderr]                                  at /rustc/ed77b7b8699e342c2dc842c83cb5fe4025252ee8/library/std/src/panicking.rs:811:13
[INFO] [stderr]     12:     0x61b389e22672 - std[69db903323f584ec]::panicking::panic_handler::{closure#0}
[INFO] [stderr]                                  at /rustc/ed77b7b8699e342c2dc842c83cb5fe4025252ee8/library/std/src/panicking.rs:685:13
[INFO] [stderr]     13:     0x61b389e1c469 - std[69db903323f584ec]::sys::backtrace::__rust_end_short_backtrace::<std[69db903323f584ec]::panicking::panic_handler::{closure#0}, !>
[INFO] [stderr]                                  at /rustc/ed77b7b8699e342c2dc842c83cb5fe4025252ee8/library/std/src/sys/backtrace.rs:182:18
[INFO] [stderr]     14:     0x61b389e22e3d - __rustc[a117f566bec10e26]::rust_begin_unwind
[INFO] [stderr]                                  at /rustc/ed77b7b8699e342c2dc842c83cb5fe4025252ee8/library/std/src/panicking.rs:676:5
[INFO] [stderr]     15:     0x61b389e517bc - core[f960d09af7566be7]::panicking::panic_fmt
[INFO] [stderr]                                  at /rustc/ed77b7b8699e342c2dc842c83cb5fe4025252ee8/library/core/src/panicking.rs:80:14
[INFO] [stderr]     16:     0x61b389e0cbeb - build_script_build[7cbd468799f1f3ad]::main::{closure#0}
[INFO] [stderr]     17:     0x61b389e0ad5a - build_script_build[7cbd468799f1f3ad]::visit_xml::<build_script_build[7cbd468799f1f3ad]::main::{closure#0}>
[INFO] [stderr]     18:     0x61b389e0d3ba - build_script_build[7cbd468799f1f3ad]::main
[INFO] [stderr]     19:     0x61b389e0fefb - <fn() as core[f960d09af7566be7]::ops::function::FnOnce<()>>::call_once
[INFO] [stderr]     20:     0x61b389e0c176 - std[69db903323f584ec]::sys::backtrace::__rust_begin_short_backtrace::<fn(), ()>
[INFO] [stderr]     21:     0x61b389e0c6d9 - std[69db903323f584ec]::rt::lang_start::<()>::{closure#0}
[INFO] [stderr]     22:     0x61b389e3b4d8 - <&dyn core[f960d09af7566be7]::ops::function::Fn<(), Output = i32> + core[f960d09af7566be7]::marker::Sync + core[f960d09af7566be7]::panic::unwind_safe::RefUnwindSafe as core[f960d09af7566be7]::ops::function::FnOnce<()>>::call_once
[INFO] [stderr]                                  at /rustc/ed77b7b8699e342c2dc842c83cb5fe4025252ee8/library/core/src/ops/function.rs:287:21
[INFO] [stderr]     23:     0x61b389e3b4d8 - std[69db903323f584ec]::panicking::catch_unwind::do_call::<&dyn core[f960d09af7566be7]::ops::function::Fn<(), Output = i32> + core[f960d09af7566be7]::marker::Sync + core[f960d09af7566be7]::panic::unwind_safe::RefUnwindSafe, i32>
[INFO] [stderr]                                  at /rustc/ed77b7b8699e342c2dc842c83cb5fe4025252ee8/library/std/src/panicking.rs:573:43
[INFO] [stderr]     24:     0x61b389e3b4d8 - std[69db903323f584ec]::panicking::catch_unwind::<i32, &dyn core[f960d09af7566be7]::ops::function::Fn<(), Output = i32> + core[f960d09af7566be7]::marker::Sync + core[f960d09af7566be7]::panic::unwind_safe::RefUnwindSafe>
[INFO] [stderr]                                  at /rustc/ed77b7b8699e342c2dc842c83cb5fe4025252ee8/library/std/src/panicking.rs:541:19
[INFO] [stderr]     25:     0x61b389e3b4d8 - std[69db903323f584ec]::panic::catch_unwind::<&dyn core[f960d09af7566be7]::ops::function::Fn<(), Output = i32> + core[f960d09af7566be7]::marker::Sync + core[f960d09af7566be7]::panic::unwind_safe::RefUnwindSafe, i32>
[INFO] [stderr]                                  at /rustc/ed77b7b8699e342c2dc842c83cb5fe4025252ee8/library/std/src/panic.rs:359:14
[INFO] [stderr]     26:     0x61b389e3b4d8 - std[69db903323f584ec]::rt::lang_start_internal::{closure#0}
[INFO] [stderr]                                  at /rustc/ed77b7b8699e342c2dc842c83cb5fe4025252ee8/library/std/src/rt.rs:175:24
[INFO] [stderr]     27:     0x61b389e3b4d8 - std[69db903323f584ec]::panicking::catch_unwind::do_call::<std[69db903323f584ec]::rt::lang_start_internal::{closure#0}, isize>
[INFO] [stderr]                                  at /rustc/ed77b7b8699e342c2dc842c83cb5fe4025252ee8/library/std/src/panicking.rs:573:43
[INFO] [stderr]     28:     0x61b389e3b4d8 - std[69db903323f584ec]::panicking::catch_unwind::<isize, std[69db903323f584ec]::rt::lang_start_internal::{closure#0}>
[INFO] [stderr]                                  at /rustc/ed77b7b8699e342c2dc842c83cb5fe4025252ee8/library/std/src/panicking.rs:541:19
[INFO] [stderr]     29:     0x61b389e3b4d8 - std[69db903323f584ec]::panic::catch_unwind::<std[69db903323f584ec]::rt::lang_start_internal::{closure#0}, isize>
[INFO] [stderr]                                  at /rustc/ed77b7b8699e342c2dc842c83cb5fe4025252ee8/library/std/src/panic.rs:359:14
[INFO] [stderr]     30:     0x61b389e3b4d8 - std[69db903323f584ec]::rt::lang_start_internal
[INFO] [stderr]                                  at /rustc/ed77b7b8699e342c2dc842c83cb5fe4025252ee8/library/std/src/rt.rs:171:5
[INFO] [stderr]     31:     0x61b389e0b981 - std[69db903323f584ec]::rt::lang_start::<()>
[INFO] [stderr]     32:     0x61b389e10175 - main
[INFO] [stderr]     33:     0x775ed06ec601 - <unknown>
[INFO] [stderr]     34:     0x775ed06ec718 - __libc_start_main
[INFO] [stderr]     35:     0x61b389e0a7e5 - _start
[INFO] [stderr]     36:                0x0 - <unknown>
[INFO] [stderr] warning: build failed, waiting for other jobs to finish...
[INFO] [stderr] error: could not compile `syn` (lib)
[INFO] [stderr] 
[INFO] [stderr] Caused by:
[INFO] [stderr]   process didn't exit successfully: `/opt/rustwide/rustup-home/toolchains/ed77b7b8699e342c2dc842c83cb5fe4025252ee8/bin/rustc --crate-name syn --edition=2018 /opt/rustwide/cargo-home/registry/src/index.crates.io-1949cf8c6b5b557f/syn-1.0.65/src/lib.rs --error-format=json --json=diagnostic-rendered-ansi,artifacts,future-incompat,unused-externs-silent --crate-type lib --emit=dep-info,metadata,link -Z embed-metadata=no -C embed-bitcode=no --cfg 'feature="clone-impls"' --cfg 'feature="default"' --cfg 'feature="derive"' --cfg 'feature="extra-traits"' --cfg 'feature="full"' --cfg 'feature="parsing"' --cfg 'feature="printing"' --cfg 'feature="proc-macro"' --cfg 'feature="quote"' --cfg 'feature="visit"' --cfg 'feature="visit-mut"' --check-cfg 'cfg(docsrs,test)' --check-cfg 'cfg(feature, values("clone-impls", "default", "derive", "extra-traits", "fold", "full", "parsing", "printing", "proc-macro", "quote", "test", "visit", "visit-mut"))' -C metadata=dd02290680850d55 -C extra-filename=-7d4f89a8506885eb --out-dir /opt/rustwide/target/debug/build/syn/7d4f89a8506885eb/out -L dependency=/opt/rustwide/target/debug/build/proc-macro2/29f57d2cd851556b/out -L dependency=/opt/rustwide/target/debug/build/unicode-xid/467b3a2737902552/out --extern proc_macro2=/opt/rustwide/target/debug/build/proc-macro2/29f57d2cd851556b/out/libproc_macro2-29f57d2cd851556b.rmeta --extern quote=/opt/rustwide/target/debug/build/quote/7285784ec833374a/out/libquote-7285784ec833374a.rmeta --extern unicode_xid=/opt/rustwide/target/debug/build/unicode-xid/467b3a2737902552/out/libunicode_xid-467b3a2737902552.rmeta --cap-lints allow --cap-lints=forbid --force-warn=unused_crate_dependencies` (signal: 9, SIGKILL: kill)
[INFO] [stderr] error: could not compile `ash` (lib)
[INFO] [stderr] 
[INFO] [stderr] Caused by:
[INFO] [stderr]   process didn't exit successfully: `/opt/rustwide/rustup-home/toolchains/ed77b7b8699e342c2dc842c83cb5fe4025252ee8/bin/rustc --crate-name ash --edition=2018 /opt/rustwide/cargo-home/registry/src/index.crates.io-1949cf8c6b5b557f/ash-0.31.0/src/lib.rs --error-format=json --json=diagnostic-rendered-ansi,artifacts,future-incompat,unused-externs-silent --crate-type lib --emit=dep-info,metadata -C opt-level=1 -C embed-bitcode=no -C debuginfo=2 -C debug-assertions=on --cfg 'feature="default"' --cfg 'feature="libloading"' --check-cfg 'cfg(docsrs,test)' --check-cfg 'cfg(feature, values("default", "libloading"))' -C metadata=c5fbb7a8bf04f14e -C extra-filename=-33c8747f4ad22ce5 --out-dir /opt/rustwide/target/debug/build/ash/33c8747f4ad22ce5/out -L dependency=/opt/rustwide/target/debug/build/cfg-if/a99082e9c7222a5c/out --extern libloading=/opt/rustwide/target/debug/build/libloading/81c503de3f2d142f/out/liblibloading-81c503de3f2d142f.rmeta --cap-lints allow --cap-lints=forbid --force-warn=unused_crate_dependencies` (signal: 9, SIGKILL: kill)
[INFO] [stderr] error: could not compile `nix` (lib)
[INFO] [stderr] 
[INFO] [stderr] Caused by:
[INFO] [stderr]   process didn't exit successfully: `/opt/rustwide/rustup-home/toolchains/ed77b7b8699e342c2dc842c83cb5fe4025252ee8/bin/rustc --crate-name nix --edition=2018 /opt/rustwide/cargo-home/registry/src/index.crates.io-1949cf8c6b5b557f/nix-0.20.0/src/lib.rs --error-format=json --json=diagnostic-rendered-ansi,artifacts,future-incompat,unused-externs-silent --crate-type lib --emit=dep-info,metadata -C opt-level=1 -C embed-bitcode=no -C debuginfo=2 -C debug-assertions=on --check-cfg 'cfg(docsrs,test)' --check-cfg 'cfg(feature, values())' -C metadata=70d050edaefe8b8d -C extra-filename=-34fa4f65596303d8 --out-dir /opt/rustwide/target/debug/build/nix/34fa4f65596303d8/out --extern bitflags=/opt/rustwide/target/debug/build/bitflags/c2a891db6321a142/out/libbitflags-c2a891db6321a142.rmeta --extern cfg_if=/opt/rustwide/target/debug/build/cfg-if/a99082e9c7222a5c/out/libcfg_if-a99082e9c7222a5c.rmeta --extern libc=/opt/rustwide/target/debug/build/libc/ef5f8828fc8a6f70/out/liblibc-ef5f8828fc8a6f70.rmeta --cap-lints allow --cap-lints=forbid --force-warn=unused_crate_dependencies` (signal: 9, SIGKILL: kill)
[INFO] [stderr] warning: spirv_cross@0.23.1: c++: fatal error: Killed signal terminated program cc1plus
[INFO] [stderr] warning: spirv_cross@0.23.1: compilation terminated.
[INFO] [stderr] error: failed to run custom build command for `spirv_cross v0.23.1`
[INFO] [stderr] note: To improve backtraces for build dependencies, set the CARGO_PROFILE_DEV_BUILD_OVERRIDE_DEBUG=true environment variable to enable debug information generation.
[INFO] [stderr] 
[INFO] [stderr] Caused by:
[INFO] [stderr]   process didn't exit successfully: `/opt/rustwide/target/debug/build/spirv_cross/07627a3579aa814e/out/build_script_build` (exit status: 1)
[INFO] [stderr]   --- stdout
[INFO] [stderr]   OPT_LEVEL = Some("1")
[INFO] [stderr]   TARGET = Some("x86_64-unknown-linux-gnu")
[INFO] [stderr]   HOST = Some("x86_64-unknown-linux-gnu")
[INFO] [stderr]   CXX_x86_64-unknown-linux-gnu = None
[INFO] [stderr]   CXX_x86_64_unknown_linux_gnu = None
[INFO] [stderr]   HOST_CXX = None
[INFO] [stderr]   CXX = None
[INFO] [stderr]   CXXFLAGS_x86_64-unknown-linux-gnu = None
[INFO] [stderr]   CXXFLAGS_x86_64_unknown_linux_gnu = None
[INFO] [stderr]   HOST_CXXFLAGS = None
[INFO] [stderr]   CXXFLAGS = None
[INFO] [stderr]   CRATE_CC_NO_DEFAULTS = None
[INFO] [stderr]   DEBUG = Some("true")
[INFO] [stderr]   CARGO_CFG_TARGET_FEATURE = Some("fxsr,sse,sse2,x87")
[INFO] [stderr]   CXX_x86_64-unknown-linux-gnu = None
[INFO] [stderr]   CXX_x86_64_unknown_linux_gnu = None
[INFO] [stderr]   HOST_CXX = None
[INFO] [stderr]   CXX = None
[INFO] [stderr]   CXXFLAGS_x86_64-unknown-linux-gnu = None
[INFO] [stderr]   CXXFLAGS_x86_64_unknown_linux_gnu = None
[INFO] [stderr]   HOST_CXXFLAGS = None
[INFO] [stderr]   CXXFLAGS = None
[INFO] [stderr]   CRATE_CC_NO_DEFAULTS = None
[INFO] [stderr]   CARGO_CFG_TARGET_FEATURE = Some("fxsr,sse,sse2,x87")
[INFO] [stderr]   running: "c++" "-O1" "-ffunction-sections" "-fdata-sections" "-fPIC" "-g" "-fno-omit-frame-pointer" "-m64" "-Wall" "-Wextra" "-DSPIRV_CROSS_EXCEPTIONS_TO_ASSERTIONS" "-DSPIRV_CROSS_WRAPPER_NO_EXCEPTIONS" "-DSPIRV_CROSS_WRAPPER_GLSL" "-DSPIRV_CROSS_WRAPPER_HLSL" "-DSPIRV_CROSS_WRAPPER_MSL" "-std=c++14" "-o" "/opt/rustwide/target/debug/build/spirv_cross/7792809a3fa0ee0d/out/src/wrapper.o" "-c" "src/wrapper.cpp"
[INFO] [stderr]   running: "c++" "-O1" "-ffunction-sections" "-fdata-sections" "-fPIC" "-g" "-fno-omit-frame-pointer" "-m64" "-Wall" "-Wextra" "-DSPIRV_CROSS_EXCEPTIONS_TO_ASSERTIONS" "-DSPIRV_CROSS_WRAPPER_NO_EXCEPTIONS" "-DSPIRV_CROSS_WRAPPER_GLSL" "-DSPIRV_CROSS_WRAPPER_HLSL" "-DSPIRV_CROSS_WRAPPER_MSL" "-std=c++14" "-o" "/opt/rustwide/target/debug/build/spirv_cross/7792809a3fa0ee0d/out/src/vendor/SPIRV-Cross/spirv_cfg.o" "-c" "src/vendor/SPIRV-Cross/spirv_cfg.cpp"
[INFO] [stderr]   running: "c++" "-O1" "-ffunction-sections" "-fdata-sections" "-fPIC" "-g" "-fno-omit-frame-pointer" "-m64" "-Wall" "-Wextra" "-DSPIRV_CROSS_EXCEPTIONS_TO_ASSERTIONS" "-DSPIRV_CROSS_WRAPPER_NO_EXCEPTIONS" "-DSPIRV_CROSS_WRAPPER_GLSL" "-DSPIRV_CROSS_WRAPPER_HLSL" "-DSPIRV_CROSS_WRAPPER_MSL" "-std=c++14" "-o" "/opt/rustwide/target/debug/build/spirv_cross/7792809a3fa0ee0d/out/src/vendor/SPIRV-Cross/spirv_cross.o" "-c" "src/vendor/SPIRV-Cross/spirv_cross.cpp"
[INFO] [stderr]   running: "c++" "-O1" "-ffunction-sections" "-fdata-sections" "-fPIC" "-g" "-fno-omit-frame-pointer" "-m64" "-Wall" "-Wextra" "-DSPIRV_CROSS_EXCEPTIONS_TO_ASSERTIONS" "-DSPIRV_CROSS_WRAPPER_NO_EXCEPTIONS" "-DSPIRV_CROSS_WRAPPER_GLSL" "-DSPIRV_CROSS_WRAPPER_HLSL" "-DSPIRV_CROSS_WRAPPER_MSL" "-std=c++14" "-o" "/opt/rustwide/target/debug/build/spirv_cross/7792809a3fa0ee0d/out/src/vendor/SPIRV-Cross/spirv_cross_parsed_ir.o" "-c" "src/vendor/SPIRV-Cross/spirv_cross_parsed_ir.cpp"
[INFO] [stderr]   running: "c++" "-O1" "-ffunction-sections" "-fdata-sections" "-fPIC" "-g" "-fno-omit-frame-pointer" "-m64" "-Wall" "-Wextra" "-DSPIRV_CROSS_EXCEPTIONS_TO_ASSERTIONS" "-DSPIRV_CROSS_WRAPPER_NO_EXCEPTIONS" "-DSPIRV_CROSS_WRAPPER_GLSL" "-DSPIRV_CROSS_WRAPPER_HLSL" "-DSPIRV_CROSS_WRAPPER_MSL" "-std=c++14" "-o" "/opt/rustwide/target/debug/build/spirv_cross/7792809a3fa0ee0d/out/src/vendor/SPIRV-Cross/spirv_parser.o" "-c" "src/vendor/SPIRV-Cross/spirv_parser.cpp"
[INFO] [stderr]   running: "c++" "-O1" "-ffunction-sections" "-fdata-sections" "-fPIC" "-g" "-fno-omit-frame-pointer" "-m64" "-Wall" "-Wextra" "-DSPIRV_CROSS_EXCEPTIONS_TO_ASSERTIONS" "-DSPIRV_CROSS_WRAPPER_NO_EXCEPTIONS" "-DSPIRV_CROSS_WRAPPER_GLSL" "-DSPIRV_CROSS_WRAPPER_HLSL" "-DSPIRV_CROSS_WRAPPER_MSL" "-std=c++14" "-o" "/opt/rustwide/target/debug/build/spirv_cross/7792809a3fa0ee0d/out/src/vendor/SPIRV-Cross/spirv_cross_util.o" "-c" "src/vendor/SPIRV-Cross/spirv_cross_util.cpp"
[INFO] [stderr]   running: "c++" "-O1" "-ffunction-sections" "-fdata-sections" "-fPIC" "-g" "-fno-omit-frame-pointer" "-m64" "-Wall" "-Wextra" "-DSPIRV_CROSS_EXCEPTIONS_TO_ASSERTIONS" "-DSPIRV_CROSS_WRAPPER_NO_EXCEPTIONS" "-DSPIRV_CROSS_WRAPPER_GLSL" "-DSPIRV_CROSS_WRAPPER_HLSL" "-DSPIRV_CROSS_WRAPPER_MSL" "-std=c++14" "-o" "/opt/rustwide/target/debug/build/spirv_cross/7792809a3fa0ee0d/out/src/vendor/SPIRV-Cross/spirv_glsl.o" "-c" "src/vendor/SPIRV-Cross/spirv_glsl.cpp"
[INFO] [stderr]   running: "c++" "-O1" "-ffunction-sections" "-fdata-sections" "-fPIC" "-g" "-fno-omit-frame-pointer" "-m64" "-Wall" "-Wextra" "-DSPIRV_CROSS_EXCEPTIONS_TO_ASSERTIONS" "-DSPIRV_CROSS_WRAPPER_NO_EXCEPTIONS" "-DSPIRV_CROSS_WRAPPER_GLSL" "-DSPIRV_CROSS_WRAPPER_HLSL" "-DSPIRV_CROSS_WRAPPER_MSL" "-std=c++14" "-o" "/opt/rustwide/target/debug/build/spirv_cross/7792809a3fa0ee0d/out/src/vendor/SPIRV-Cross/spirv_hlsl.o" "-c" "src/vendor/SPIRV-Cross/spirv_hlsl.cpp"
[INFO] [stderr]   running: "c++" "-O1" "-ffunction-sections" "-fdata-sections" "-fPIC" "-g" "-fno-omit-frame-pointer" "-m64" "-Wall" "-Wextra" "-DSPIRV_CROSS_EXCEPTIONS_TO_ASSERTIONS" "-DSPIRV_CROSS_WRAPPER_NO_EXCEPTIONS" "-DSPIRV_CROSS_WRAPPER_GLSL" "-DSPIRV_CROSS_WRAPPER_HLSL" "-DSPIRV_CROSS_WRAPPER_MSL" "-std=c++14" "-o" "/opt/rustwide/target/debug/build/spirv_cross/7792809a3fa0ee0d/out/src/vendor/SPIRV-Cross/spirv_msl.o" "-c" "src/vendor/SPIRV-Cross/spirv_msl.cpp"
[INFO] [stderr]   exit status: 0
[INFO] [stderr]   exit status: 0
[INFO] [stderr]   exit status: 0
[INFO] [stderr]   cargo:warning=c++: fatal error: Killed signal terminated program cc1plus
[INFO] [stderr]   cargo:warning=compilation terminated.
[INFO] [stderr]   exit status: 1
[INFO] [stderr]   exit status: 0
[INFO] [stderr]   exit status: 0
[INFO] [stderr]   exit status: 0
[INFO] [stderr]   exit status: 0
[INFO] [stderr]   exit status: 0
[INFO] [stderr] 
[INFO] [stderr]   --- stderr
[INFO] [stderr] 
[INFO] [stderr] 
[INFO] [stderr]   error occurred: Command "c++" "-O1" "-ffunction-sections" "-fdata-sections" "-fPIC" "-g" "-fno-omit-frame-pointer" "-m64" "-Wall" "-Wextra" "-DSPIRV_CROSS_EXCEPTIONS_TO_ASSERTIONS" "-DSPIRV_CROSS_WRAPPER_NO_EXCEPTIONS" "-DSPIRV_CROSS_WRAPPER_GLSL" "-DSPIRV_CROSS_WRAPPER_HLSL" "-DSPIRV_CROSS_WRAPPER_MSL" "-std=c++14" "-o" "/opt/rustwide/target/debug/build/spirv_cross/7792809a3fa0ee0d/out/src/vendor/SPIRV-Cross/spirv_glsl.o" "-c" "src/vendor/SPIRV-Cross/spirv_glsl.cpp" with args "c++" did not execute successfully (status code exit status: 1).
[INFO] [stderr] 
[INFO] [stderr] 
[INFO] running `Command { std: "docker" "inspect" "da3dd7a692b98fb1aae17e0a7f1d90ea6600d27292f7e84a009e6b0408da333b", kill_on_drop: false }`
[INFO] running `Command { std: "docker" "rm" "-f" "da3dd7a692b98fb1aae17e0a7f1d90ea6600d27292f7e84a009e6b0408da333b", kill_on_drop: false }`
[INFO] [stdout] da3dd7a692b98fb1aae17e0a7f1d90ea6600d27292f7e84a009e6b0408da333b
