[INFO] cloning repository https://github.com/impakt73/devsim
[INFO] running `Command { std: "git" "-c" "credential.helper=" "-c" "credential.helper=/workspace/cargo-home/bin/git-credential-null" "clone" "--bare" "https://github.com/impakt73/devsim" "/workspace/cache/git-repos/https%3A%2F%2Fgithub.com%2Fimpakt73%2Fdevsim", kill_on_drop: false }`
[INFO] [stderr] Cloning into bare repository '/workspace/cache/git-repos/https%3A%2F%2Fgithub.com%2Fimpakt73%2Fdevsim'...
[INFO] running `Command { std: "git" "rev-parse" "HEAD", kill_on_drop: false }`
[INFO] [stdout] 8af28ebd2a996bc6ff9b4594c6d5a08756601c73
[INFO] checking impakt73/devsim against 0335fc7ee9e33d92e03d99f3e2fb0fe6119f3cc0 for pr-158915-1
[INFO] running `Command { std: "git" "clone" "/workspace/cache/git-repos/https%3A%2F%2Fgithub.com%2Fimpakt73%2Fdevsim" "/workspace/builds/worker-1-tc2/source", kill_on_drop: false }`
[INFO] [stderr] Cloning into '/workspace/builds/worker-1-tc2/source'...
[INFO] [stderr] done.
[INFO] started tweaking git repo https://github.com/impakt73/devsim
[INFO] finished tweaking git repo https://github.com/impakt73/devsim
[INFO] tweaked toml for git repo https://github.com/impakt73/devsim written to /workspace/builds/worker-1-tc2/source/Cargo.toml
[INFO] validating manifest of git repo https://github.com/impakt73/devsim on toolchain 0335fc7ee9e33d92e03d99f3e2fb0fe6119f3cc0
[INFO] running `Command { std: CARGO_HOME="/workspace/cargo-home" RUSTUP_HOME="/workspace/rustup-home" "/workspace/cargo-home/bin/cargo" "+0335fc7ee9e33d92e03d99f3e2fb0fe6119f3cc0" "metadata" "--manifest-path" "Cargo.toml" "--no-deps", kill_on_drop: false }`
[INFO] crate git repo https://github.com/impakt73/devsim already has a lockfile, it will not be regenerated
[INFO] running `Command { std: CARGO_HOME="/workspace/cargo-home" RUSTUP_HOME="/workspace/rustup-home" "/workspace/cargo-home/bin/cargo" "+0335fc7ee9e33d92e03d99f3e2fb0fe6119f3cc0" "fetch" "--manifest-path" "Cargo.toml", kill_on_drop: false }`
[INFO] [stderr]     Blocking waiting for file lock on package cache
[INFO] [stderr]     Updating crates.io index
[INFO] [stderr]     Blocking waiting for file lock on package cache
[INFO] [stderr]  Downloading crates ...
[INFO] [stderr]   Downloaded wayland-sys v0.23.6
[INFO] [stderr]   Downloaded libloading v0.6.5
[INFO] [stderr]   Downloaded x11-dl v2.18.5
[INFO] [stderr]   Downloaded num-iter v0.1.41
[INFO] [stderr]   Downloaded ndk-glue v0.1.0
[INFO] [stderr]   Downloaded ordered-float v1.1.0
[INFO] [stderr]   Downloaded ash-window v0.5.0
[INFO] [stderr]   Downloaded andrew v0.2.1
[INFO] [stderr]   Downloaded android_log-sys v0.1.2
[INFO] [stderr]   Downloaded instant v0.1.8
[INFO] [stderr]   Downloaded raw-window-metal v0.1.0
[INFO] [stderr]   Downloaded wayland-client v0.23.6
[INFO] [stderr]   Downloaded num-rational v0.3.0
[INFO] [stderr]   Downloaded raw-window-handle v0.3.3
[INFO] [stderr]   Downloaded imgui-winit-support v0.5.0
[INFO] [stderr]   Downloaded wayland-scanner v0.23.6
[INFO] [stderr]   Downloaded os_str_bytes v2.3.2
[INFO] [stderr]   Downloaded line_drawing v0.7.0
[INFO] [stderr]   Downloaded pbr v1.0.3
[INFO] [stderr]   Downloaded scroll_derive v0.10.4
[INFO] [stderr]   Downloaded xdg v2.2.0
[INFO] [stderr]   Downloaded cmake v0.1.44
[INFO] [stderr]   Downloaded wayland-commons v0.23.6
[INFO] [stderr]   Downloaded calloop v0.4.4
[INFO] [stderr]   Downloaded bytemuck v1.4.1
[INFO] [stderr]   Downloaded scroll v0.10.2
[INFO] [stderr]   Downloaded rusttype v0.7.9
[INFO] [stderr]   Downloaded toml v0.5.7
[INFO] [stderr]   Downloaded derivative v2.1.1
[INFO] [stderr]   Downloaded xml-rs v0.8.3
[INFO] [stderr]   Downloaded png v0.16.7
[INFO] [stderr]   Downloaded crossbeam-channel v0.4.4
[INFO] [stderr]   Downloaded imgui v0.5.0
[INFO] [stderr]   Downloaded smithay-client-toolkit v0.6.6
[INFO] [stderr]   Downloaded goblin v0.2.3
[INFO] [stderr]   Downloaded wayland-protocols v0.23.6
[INFO] [stderr]   Downloaded ndk-sys v0.1.0
[INFO] [stderr]   Downloaded winit v0.22.2
[INFO] [stderr]   Downloaded ash v0.31.0
[INFO] [stderr]   Downloaded imgui-sys v0.5.0
[INFO] [stderr]   Downloaded ndk v0.1.0
[INFO] [stderr]   Downloaded shaderc v0.6.3
[INFO] [stderr]   Downloaded vk-mem v0.2.2
[INFO] [stderr]   Downloaded image v0.23.11
[INFO] [stderr]   Downloaded shaderc-sys v0.6.3
[INFO] running `Command { std: "docker" "create" "-v" "/var/lib/crater-agent-workspace/builds/worker-1-tc2/source:/opt/rustwide/workdir:ro,Z" "-v" "/var/lib/crater-agent-workspace/builds/worker-1-tc2/target:/opt/rustwide/target:rw,Z" "-v" "/var/lib/crater-agent-workspace/cargo-home:/opt/rustwide/cargo-home:ro,Z" "-v" "/var/lib/crater-agent-workspace/rustup-home:/opt/rustwide/rustup-home:ro,Z" "-m" "1610612736" "--network" "none" "ghcr.io/rust-lang/crates-build-env/linux@sha256:8683fc1fc2eb5c9ac98e0d076ab094b2ffac7f99da555d2b6a2e27f346de2ec7" "sleep" "infinity", kill_on_drop: false }`
[INFO] [stdout] 2c86e2b340c4af40d1c09ee8e1429691372ea88fdc639aa2b42d081a1b981606
[INFO] running `Command { std: "docker" "start" "2c86e2b340c4af40d1c09ee8e1429691372ea88fdc639aa2b42d081a1b981606", kill_on_drop: false }`
[INFO] running `Command { std: "docker" "inspect" "2c86e2b340c4af40d1c09ee8e1429691372ea88fdc639aa2b42d081a1b981606", kill_on_drop: false }`
[INFO] running `Command { std: "docker" "exec" "-e" "SOURCE_DIR=/opt/rustwide/workdir" "-e" "CARGO_HOME=/opt/rustwide/cargo-home" "-e" "RUSTUP_HOME=/opt/rustwide/rustup-home" "-e" "CARGO_TARGET_DIR=/opt/rustwide/target" "-w" "/opt/rustwide/workdir" "--user" "0:0" "2c86e2b340c4af40d1c09ee8e1429691372ea88fdc639aa2b42d081a1b981606" "/opt/rustwide/cargo-home/bin/cargo" "+0335fc7ee9e33d92e03d99f3e2fb0fe6119f3cc0" "metadata" "--no-deps" "--format-version=1", kill_on_drop: false }`
[INFO] running `Command { std: "docker" "inspect" "2c86e2b340c4af40d1c09ee8e1429691372ea88fdc639aa2b42d081a1b981606", kill_on_drop: false }`
[INFO] running `Command { std: "docker" "exec" "-e" "SOURCE_DIR=/opt/rustwide/workdir" "-e" "CARGO_HOME=/opt/rustwide/cargo-home" "-e" "RUSTUP_HOME=/opt/rustwide/rustup-home" "-e" "CARGO_TARGET_DIR=/opt/rustwide/target" "-e" "CARGO_INCREMENTAL=0" "-e" "RUST_BACKTRACE=full" "-e" "RUSTFLAGS=--cap-lints=forbid" "-e" "RUSTDOCFLAGS=--cap-lints=forbid" "-w" "/opt/rustwide/workdir" "--user" "0:0" "2c86e2b340c4af40d1c09ee8e1429691372ea88fdc639aa2b42d081a1b981606" "/opt/rustwide/cargo-home/bin/cargo" "+0335fc7ee9e33d92e03d99f3e2fb0fe6119f3cc0" "check" "--frozen" "--all" "--all-targets" "--message-format=json", kill_on_drop: false }`
[INFO] [stderr]    Compiling num-traits v0.2.12
[INFO] [stderr]    Compiling cc v1.0.61
[INFO] [stderr]    Compiling log v0.4.11
[INFO] [stderr]    Compiling xml-rs v0.8.3
[INFO] [stderr]     Checking libloading v0.6.5
[INFO] [stderr]     Checking slab v0.4.2
[INFO] [stderr]    Compiling syn v1.0.48
[INFO] [stderr]    Compiling maybe-uninit v2.0.0
[INFO] [stderr]     Checking smallvec v1.4.2
[INFO] [stderr]     Checking iovec v0.1.4
[INFO] [stderr]     Checking net2 v0.2.35
[INFO] [stderr]     Checking nix v0.14.1
[INFO] [stderr]     Checking stb_truetype v0.3.1
[INFO] [stderr]    Compiling proc-macro-error-attr v1.0.4
[INFO] [stderr]     Checking instant v0.1.8
[INFO] [stderr]    Compiling num-integer v0.1.43
[INFO] [stderr]    Compiling pkg-config v0.3.19
[INFO] [stderr]     Checking walkdir v2.3.1
[INFO] [stderr]    Compiling proc-macro-error v1.0.4
[INFO] [stderr]    Compiling crossbeam-utils v0.7.2
[INFO] [stderr]     Checking dlib v0.4.2
[INFO] [stderr]     Checking xdg v2.2.0
[INFO] [stderr]     Checking wayland-sys v0.23.6
[INFO] [stderr]    Compiling crc32fast v1.2.1
[INFO] [stderr]     Checking parking_lot_core v0.7.2
[INFO] [stderr]     Checking parking_lot_core v0.8.0
[INFO] [stderr]     Checking lock_api v0.4.1
[INFO] [stderr]     Checking mio v0.6.22
[INFO] [stderr]     Checking lock_api v0.3.4
[INFO] [stderr]     Checking raw-window-handle v0.3.3
[INFO] [stderr]    Compiling wayland-scanner v0.23.6
[INFO] [stderr]     Checking memmap v0.7.0
[INFO] [stderr]    Compiling num-rational v0.3.0
[INFO] [stderr]    Compiling num-iter v0.1.41
[INFO] [stderr]    Compiling unicode-segmentation v1.6.0
[INFO] [stderr]     Checking parking_lot v0.10.2
[INFO] [stderr]     Checking parking_lot v0.11.0
[INFO] [stderr]     Checking deflate v0.8.6
[INFO] [stderr]     Checking miniz_oxide v0.3.7
[INFO] [stderr]     Checking ash v0.31.0
[INFO] [stderr]     Checking hashbrown v0.9.1
[INFO] [stderr]     Checking textwrap v0.12.1
[INFO] [stderr]    Compiling x11-dl v2.18.5
[INFO] [stderr]     Checking atty v0.2.14
[INFO] [stderr]     Checking strsim v0.10.0
[INFO] [stderr]     Checking bytemuck v1.4.1
[INFO] [stderr]     Checking termcolor v1.1.0
[INFO] [stderr]    Compiling cmake v0.1.44
[INFO] [stderr]    Compiling heck v0.3.1
[INFO] [stderr]     Checking crossbeam-channel v0.4.4
[INFO] [stderr]     Checking os_str_bytes v2.3.2
[INFO] [stderr]     Checking mio-extras v2.0.6
[INFO] [stderr]     Checking approx v0.3.2
[INFO] [stderr]     Checking ordered-float v1.1.0
[INFO] [stderr]     Checking line_drawing v0.7.0
[INFO] [stderr]    Compiling imgui-sys v0.5.0
[INFO] [stderr]    Compiling vk-mem v0.2.2
[INFO] [stderr]    Compiling shaderc-sys v0.6.3
[INFO] [stderr]    Compiling devsim v0.1.0 (/opt/rustwide/workdir)
[INFO] [stderr]     Checking rusttype v0.8.3
[INFO] [stderr]     Checking pbr v1.0.3
[INFO] [stderr] error: failed to run custom build command for `devsim v0.1.0 (/opt/rustwide/workdir)`
[INFO] [stderr] note: To improve backtraces for build dependencies, set the CARGO_PROFILE_DEV_BUILD_OVERRIDE_DEBUG=true environment variable to enable debug information generation.
[INFO] [stderr] 
[INFO] [stderr] Caused by:
[INFO] [stderr]   process didn't exit successfully: `/opt/rustwide/target/debug/build/devsim/b964426418e627f7/out/build_script_build` (exit status: 101)
[INFO] [stderr]   --- stdout
[INFO] [stderr]   running: cd "/opt/rustwide/target/debug/build/devsim/07f3967b62f0f7b9/out/build" && CMAKE_PREFIX_PATH="" "cmake" "/opt/rustwide/workdir/third_party/protobridge" "-DPROTOBRIDGE_HW_PATH=/opt/rustwide/workdir/hw" "-DPROTOBRIDGE_TRACE=ON" "-DCMAKE_INSTALL_PREFIX=/opt/rustwide/target/debug/build/devsim/07f3967b62f0f7b9/out" "-DCMAKE_C_FLAGS= -ffunction-sections -fdata-sections -fPIC -m64" "-DCMAKE_C_COMPILER=/usr/bin/cc" "-DCMAKE_CXX_FLAGS= -ffunction-sections -fdata-sections -fPIC -m64" "-DCMAKE_CXX_COMPILER=/usr/bin/c++" "-DCMAKE_ASM_FLAGS= -ffunction-sections -fdata-sections -fPIC -m64" "-DCMAKE_ASM_COMPILER=/usr/bin/cc" "-DCMAKE_BUILD_TYPE=Debug"
[INFO] [stderr] 
[INFO] [stderr]   --- stderr
[INFO] [stderr]   CMake Warning:
[INFO] [stderr]     Ignoring extra path from command line:
[INFO] [stderr] 
[INFO] [stderr]      "/opt/rustwide/workdir/third_party/protobridge"
[INFO] [stderr] 
[INFO] [stderr] 
[INFO] [stderr]   CMake Error: The source directory "/opt/rustwide/workdir/third_party/protobridge" does not appear to contain CMakeLists.txt.
[INFO] [stderr]   Specify --help for usage, or press the help button on the CMake GUI.
[INFO] [stderr] 
[INFO] [stderr]   thread 'main' (888) panicked at /opt/rustwide/cargo-home/registry/src/index.crates.io-1949cf8c6b5b557f/cmake-0.1.44/src/lib.rs:885:5:
[INFO] [stderr] 
[INFO] [stderr]   command did not execute successfully, got: exit status: 1
[INFO] [stderr] 
[INFO] [stderr]   build script failed, must exit now
[INFO] [stderr]   stack backtrace:
[INFO] [stderr]      0:     0x57a23f04cf71 - std[6ef242c1f0979732]::backtrace_rs::backtrace::libunwind::trace
[INFO] [stderr]                                  at /rustc/0335fc7ee9e33d92e03d99f3e2fb0fe6119f3cc0/library/std/src/../../backtrace/src/backtrace/libunwind.rs:117:9
[INFO] [stderr]      1:     0x57a23f04cf71 - std[6ef242c1f0979732]::backtrace_rs::backtrace::trace_unsynchronized::<std[6ef242c1f0979732]::sys::backtrace::_print_fmt::{closure#1}>
[INFO] [stderr]                                  at /rustc/0335fc7ee9e33d92e03d99f3e2fb0fe6119f3cc0/library/std/src/../../backtrace/src/backtrace/mod.rs:66:14
[INFO] [stderr]      2:     0x57a23f04cf71 - std[6ef242c1f0979732]::sys::backtrace::_print_fmt
[INFO] [stderr]                                  at /rustc/0335fc7ee9e33d92e03d99f3e2fb0fe6119f3cc0/library/std/src/sys/backtrace.rs:74:9
[INFO] [stderr]      3:     0x57a23f04cf71 - <<std[6ef242c1f0979732]::sys::backtrace::BacktraceLock>::print::DisplayBacktrace as core[df73c6affdc16dad]::fmt::Display>::fmt
[INFO] [stderr]                                  at /rustc/0335fc7ee9e33d92e03d99f3e2fb0fe6119f3cc0/library/std/src/sys/backtrace.rs:44:26
[INFO] [stderr]      4:     0x57a23f060cda - <core[df73c6affdc16dad]::fmt::rt::Argument>::fmt
[INFO] [stderr]                                  at /rustc/0335fc7ee9e33d92e03d99f3e2fb0fe6119f3cc0/library/core/src/fmt/rt.rs:152:76
[INFO] [stderr]      5:     0x57a23f060cda - core[df73c6affdc16dad]::fmt::write
[INFO] [stderr]      6:     0x57a23f0526ec - core[df73c6affdc16dad]::io::write::default_write_fmt::<std[6ef242c1f0979732]::sys::stdio::unix::Stderr>
[INFO] [stderr]                                  at /rustc/0335fc7ee9e33d92e03d99f3e2fb0fe6119f3cc0/library/core/src/io/write.rs:402:11
[INFO] [stderr]      7:     0x57a23f0526ec - <std[6ef242c1f0979732]::sys::stdio::unix::Stderr as core[df73c6affdc16dad]::io::write::Write>::write_fmt
[INFO] [stderr]                                  at /rustc/0335fc7ee9e33d92e03d99f3e2fb0fe6119f3cc0/library/core/src/io/write.rs:335:13
[INFO] [stderr]      8:     0x57a23f02cea6 - <std[6ef242c1f0979732]::sys::backtrace::BacktraceLock>::print
[INFO] [stderr]                                  at /rustc/0335fc7ee9e33d92e03d99f3e2fb0fe6119f3cc0/library/std/src/sys/backtrace.rs:47:9
[INFO] [stderr]      9:     0x57a23f02cea6 - std[6ef242c1f0979732]::panicking::default_hook::{closure#0}
[INFO] [stderr]                                  at /rustc/0335fc7ee9e33d92e03d99f3e2fb0fe6119f3cc0/library/std/src/panicking.rs:289:27
[INFO] [stderr]     10:     0x57a23f047d61 - std[6ef242c1f0979732]::panicking::default_hook
[INFO] [stderr]                                  at /rustc/0335fc7ee9e33d92e03d99f3e2fb0fe6119f3cc0/library/std/src/panicking.rs:316:9
[INFO] [stderr]     11:     0x57a23f047f1b - std[6ef242c1f0979732]::panicking::panic_with_hook
[INFO] [stderr]                                  at /rustc/0335fc7ee9e33d92e03d99f3e2fb0fe6119f3cc0/library/std/src/panicking.rs:811:13
[INFO] [stderr]     12:     0x57a23f02cf52 - std[6ef242c1f0979732]::panicking::panic_handler::{closure#0}
[INFO] [stderr]                                  at /rustc/0335fc7ee9e33d92e03d99f3e2fb0fe6119f3cc0/library/std/src/panicking.rs:685:13
[INFO] [stderr]     13:     0x57a23f0257e9 - std[6ef242c1f0979732]::sys::backtrace::__rust_end_short_backtrace::<std[6ef242c1f0979732]::panicking::panic_handler::{closure#0}, !>
[INFO] [stderr]                                  at /rustc/0335fc7ee9e33d92e03d99f3e2fb0fe6119f3cc0/library/std/src/sys/backtrace.rs:182:18
[INFO] [stderr]     14:     0x57a23f02d73d - __rustc[db1a081c10ab11d6]::rust_begin_unwind
[INFO] [stderr]                                  at /rustc/0335fc7ee9e33d92e03d99f3e2fb0fe6119f3cc0/library/std/src/panicking.rs:676:5
[INFO] [stderr]     15:     0x57a23f06140c - core[df73c6affdc16dad]::panicking::panic_fmt
[INFO] [stderr]                                  at /rustc/0335fc7ee9e33d92e03d99f3e2fb0fe6119f3cc0/library/core/src/panicking.rs:80:14
[INFO] [stderr]     16:     0x57a23efe1d77 - cmake[fc5db373cd131779]::fail
[INFO] [stderr]     17:     0x57a23efe1a31 - cmake[fc5db373cd131779]::run
[INFO] [stderr]     18:     0x57a23efe5419 - <cmake[fc5db373cd131779]::Config>::build
[INFO] [stderr]     19:     0x57a23efddc0e - build_script_build[f2b08f624d930fbc]::main
[INFO] [stderr]     20:     0x57a23efde11b - <fn() as core[df73c6affdc16dad]::ops::function::FnOnce<()>>::call_once
[INFO] [stderr]     21:     0x57a23efdd93e - std[6ef242c1f0979732]::sys::backtrace::__rust_begin_short_backtrace::<fn(), ()>
[INFO] [stderr]     22:     0x57a23efdd949 - std[6ef242c1f0979732]::rt::lang_start::<()>::{closure#0}
[INFO] [stderr]     23:     0x57a23f047168 - <&dyn core[df73c6affdc16dad]::ops::function::Fn<(), Output = i32> + core[df73c6affdc16dad]::panic::unwind_safe::RefUnwindSafe + core[df73c6affdc16dad]::marker::Sync as core[df73c6affdc16dad]::ops::function::FnOnce<()>>::call_once
[INFO] [stderr]                                  at /rustc/0335fc7ee9e33d92e03d99f3e2fb0fe6119f3cc0/library/core/src/ops/function.rs:287:21
[INFO] [stderr]     24:     0x57a23f047168 - std[6ef242c1f0979732]::panicking::catch_unwind::do_call::<&dyn core[df73c6affdc16dad]::ops::function::Fn<(), Output = i32> + core[df73c6affdc16dad]::panic::unwind_safe::RefUnwindSafe + core[df73c6affdc16dad]::marker::Sync, i32>
[INFO] [stderr]                                  at /rustc/0335fc7ee9e33d92e03d99f3e2fb0fe6119f3cc0/library/std/src/panicking.rs:573:43
[INFO] [stderr]     25:     0x57a23f047168 - std[6ef242c1f0979732]::panicking::catch_unwind::<i32, &dyn core[df73c6affdc16dad]::ops::function::Fn<(), Output = i32> + core[df73c6affdc16dad]::panic::unwind_safe::RefUnwindSafe + core[df73c6affdc16dad]::marker::Sync>
[INFO] [stderr]                                  at /rustc/0335fc7ee9e33d92e03d99f3e2fb0fe6119f3cc0/library/std/src/panicking.rs:541:19
[INFO] [stderr]     26:     0x57a23f047168 - std[6ef242c1f0979732]::panic::catch_unwind::<&dyn core[df73c6affdc16dad]::ops::function::Fn<(), Output = i32> + core[df73c6affdc16dad]::panic::unwind_safe::RefUnwindSafe + core[df73c6affdc16dad]::marker::Sync, i32>
[INFO] [stderr]                                  at /rustc/0335fc7ee9e33d92e03d99f3e2fb0fe6119f3cc0/library/std/src/panic.rs:359:14
[INFO] [stderr]     27:     0x57a23f047168 - std[6ef242c1f0979732]::rt::lang_start_internal::{closure#0}
[INFO] [stderr]                                  at /rustc/0335fc7ee9e33d92e03d99f3e2fb0fe6119f3cc0/library/std/src/rt.rs:175:24
[INFO] [stderr]     28:     0x57a23f047168 - std[6ef242c1f0979732]::panicking::catch_unwind::do_call::<std[6ef242c1f0979732]::rt::lang_start_internal::{closure#0}, isize>
[INFO] [stderr]                                  at /rustc/0335fc7ee9e33d92e03d99f3e2fb0fe6119f3cc0/library/std/src/panicking.rs:573:43
[INFO] [stderr]     29:     0x57a23f047168 - std[6ef242c1f0979732]::panicking::catch_unwind::<isize, std[6ef242c1f0979732]::rt::lang_start_internal::{closure#0}>
[INFO] [stderr]                                  at /rustc/0335fc7ee9e33d92e03d99f3e2fb0fe6119f3cc0/library/std/src/panicking.rs:541:19
[INFO] [stderr]     30:     0x57a23f047168 - std[6ef242c1f0979732]::panic::catch_unwind::<std[6ef242c1f0979732]::rt::lang_start_internal::{closure#0}, isize>
[INFO] [stderr]                                  at /rustc/0335fc7ee9e33d92e03d99f3e2fb0fe6119f3cc0/library/std/src/panic.rs:359:14
[INFO] [stderr]     31:     0x57a23f047168 - std[6ef242c1f0979732]::rt::lang_start_internal
[INFO] [stderr]                                  at /rustc/0335fc7ee9e33d92e03d99f3e2fb0fe6119f3cc0/library/std/src/rt.rs:171:5
[INFO] [stderr]     32:     0x57a23efdd611 - std[6ef242c1f0979732]::rt::lang_start::<()>
[INFO] [stderr]     33:     0x57a23efde155 - main
[INFO] [stderr]     34:     0x7631a9760601 - <unknown>
[INFO] [stderr]     35:     0x7631a9760718 - __libc_start_main
[INFO] [stderr]     36:     0x57a23efdcc15 - _start
[INFO] [stderr]     37:                0x0 - <unknown>
[INFO] [stderr] warning: build failed, waiting for other jobs to finish...
[INFO] [stderr] warning: vk-mem@0.2.2: In file included from wrapper/vma_lib.cpp:2:
[INFO] [stderr] warning: vk-mem@0.2.2: vendor/src/vk_mem_alloc.h: In function 'void VmaUint32ToStr(char*, size_t, uint32_t)':
[INFO] [stderr] warning: vk-mem@0.2.2: vendor/src/vk_mem_alloc.h:3866:9: error: 'snprintf' was not declared in this scope
[INFO] [stderr] warning: vk-mem@0.2.2:  3866 |         snprintf(outStr, strLen, "%u", static_cast<unsigned int>(num));
[INFO] [stderr] warning: vk-mem@0.2.2:       |         ^~~~~~~~
[INFO] [stderr] warning: vk-mem@0.2.2: vendor/src/vk_mem_alloc.h:3757:1: note: 'snprintf' is defined in header '<cstdio>'; this is probably fixable by adding '#include <cstdio>'
[INFO] [stderr] warning: vk-mem@0.2.2:  3756 | #include <mutex>
[INFO] [stderr] warning: vk-mem@0.2.2:   +++ |+#include <cstdio>
[INFO] [stderr] warning: vk-mem@0.2.2:  3757 | 
[INFO] [stderr] warning: vk-mem@0.2.2: vendor/src/vk_mem_alloc.h: In function 'void VmaUint64ToStr(char*, size_t, uint64_t)':
[INFO] [stderr] warning: vk-mem@0.2.2: vendor/src/vk_mem_alloc.h:3870:9: error: 'snprintf' was not declared in this scope
[INFO] [stderr] warning: vk-mem@0.2.2:  3870 |         snprintf(outStr, strLen, "%llu", static_cast<unsigned long long>(num));
[INFO] [stderr] warning: vk-mem@0.2.2:       |         ^~~~~~~~
[INFO] [stderr] warning: vk-mem@0.2.2: vendor/src/vk_mem_alloc.h:3870:9: note: 'snprintf' is defined in header '<cstdio>'; this is probably fixable by adding '#include <cstdio>'
[INFO] [stderr] warning: vk-mem@0.2.2: vendor/src/vk_mem_alloc.h: In function 'void VmaPtrToStr(char*, size_t, const void*)':
[INFO] [stderr] warning: vk-mem@0.2.2: vendor/src/vk_mem_alloc.h:3874:9: error: 'snprintf' was not declared in this scope
[INFO] [stderr] warning: vk-mem@0.2.2:  3874 |         snprintf(outStr, strLen, "%p", ptr);
[INFO] [stderr] warning: vk-mem@0.2.2:       |         ^~~~~~~~
[INFO] [stderr] warning: vk-mem@0.2.2: vendor/src/vk_mem_alloc.h:3874:9: note: 'snprintf' is defined in header '<cstdio>'; this is probably fixable by adding '#include <cstdio>'
[INFO] [stderr] warning: vk-mem@0.2.2: vendor/src/vk_mem_alloc.h: In member function 'virtual bool VmaBlockMetadata_Generic::Validate() const':
[INFO] [stderr] warning: vk-mem@0.2.2: vendor/src/vk_mem_alloc.h:8515:40: warning: comparison of unsigned expression in '>= 0' is always true [-Wtype-limits]
[INFO] [stderr] warning: vk-mem@0.2.2:  8515 |             VMA_VALIDATE(subAlloc.size >= VMA_DEBUG_MARGIN);
[INFO] [stderr] warning: vk-mem@0.2.2:       |                                        ^
[INFO] [stderr] warning: vk-mem@0.2.2: vendor/src/vk_mem_alloc.h:5929:38: note: in definition of macro 'VMA_VALIDATE'
[INFO] [stderr] warning: vk-mem@0.2.2:  5929 | #define VMA_VALIDATE(cond) do { if(!(cond)) { \
[INFO] [stderr] warning: vk-mem@0.2.2:       |                                      ^~~~
[INFO] [stderr] warning: vk-mem@0.2.2: vendor/src/vk_mem_alloc.h: In member function 'bool VmaBlockMetadata_Linear::CreateAllocationRequest_UpperAddress(uint32_t, uint32_t, VkDeviceSize, VkDeviceSize, VkDeviceSize, VmaSuballocationType, bool, uint32_t, VmaAllocationRequest*)':
[INFO] [stderr] warning: vk-mem@0.2.2: vendor/src/vk_mem_alloc.h:10400:25: warning: comparison of unsigned expression in '< 0' is always false [-Wtype-limits]
[INFO] [stderr] warning: vk-mem@0.2.2: 10400 |         if(resultOffset < VMA_DEBUG_MARGIN)
[INFO] [stderr] warning: vk-mem@0.2.2:       |                         ^
[INFO] [stderr] warning: vk-mem@0.2.2: In file included from /usr/include/c++/15/cassert:46,
[INFO] [stderr] warning: vk-mem@0.2.2:                  from vendor/src/vk_mem_alloc.h:3754:
[INFO] [stderr] warning: vk-mem@0.2.2: vendor/src/vk_mem_alloc.h: In member function 'VkResult VmaDeviceMemoryBlock::WriteMagicValueAroundAllocation(VmaAllocator, VkDeviceSize, VkDeviceSize)':
[INFO] [stderr] warning: vk-mem@0.2.2: vendor/src/vk_mem_alloc.h:11890:28: warning: comparison of unsigned expression in '>= 0' is always true [-Wtype-limits]
[INFO] [stderr] warning: vk-mem@0.2.2: 11890 |     VMA_ASSERT(allocOffset >= VMA_DEBUG_MARGIN);
[INFO] [stderr] warning: vk-mem@0.2.2:       |                            ^
[INFO] [stderr] warning: vk-mem@0.2.2: vendor/src/vk_mem_alloc.h:11890:5: note: in expansion of macro 'VMA_ASSERT'
[INFO] [stderr] warning: vk-mem@0.2.2: 11890 |     VMA_ASSERT(allocOffset >= VMA_DEBUG_MARGIN);
[INFO] [stderr] warning: vk-mem@0.2.2:       |     ^~~~~~~~~~
[INFO] [stderr] warning: vk-mem@0.2.2: vendor/src/vk_mem_alloc.h: In member function 'VkResult VmaDeviceMemoryBlock::ValidateMagicValueAroundAllocation(VmaAllocator, VkDeviceSize, VkDeviceSize)':
[INFO] [stderr] warning: vk-mem@0.2.2: vendor/src/vk_mem_alloc.h:11910:28: warning: comparison of unsigned expression in '>= 0' is always true [-Wtype-limits]
[INFO] [stderr] warning: vk-mem@0.2.2: 11910 |     VMA_ASSERT(allocOffset >= VMA_DEBUG_MARGIN);
[INFO] [stderr] warning: vk-mem@0.2.2:       |                            ^
[INFO] [stderr] warning: vk-mem@0.2.2: vendor/src/vk_mem_alloc.h:11910:5: note: in expansion of macro 'VMA_ASSERT'
[INFO] [stderr] warning: vk-mem@0.2.2: 11910 |     VMA_ASSERT(allocOffset >= VMA_DEBUG_MARGIN);
[INFO] [stderr] warning: vk-mem@0.2.2:       |     ^~~~~~~~~~
[INFO] [stderr] warning: vk-mem@0.2.2: At global scope:
[INFO] [stderr] warning: vk-mem@0.2.2: cc1plus: note: unrecognized command-line option '-Wno-unused-private-field' may have been intended to silence earlier diagnostics
[INFO] [stderr] error: failed to run custom build command for `vk-mem v0.2.2`
[INFO] [stderr] note: To improve backtraces for build dependencies, set the CARGO_PROFILE_DEV_BUILD_OVERRIDE_DEBUG=true environment variable to enable debug information generation.
[INFO] [stderr] 
[INFO] [stderr] Caused by:
[INFO] [stderr]   process didn't exit successfully: `/opt/rustwide/target/debug/build/vk-mem/bf4b5ffc685a3cf9/out/build_script_build` (exit status: 1)
[INFO] [stderr]   --- stdout
[INFO] [stderr]   TARGET = Some("x86_64-unknown-linux-gnu")
[INFO] [stderr]   OPT_LEVEL = Some("0")
[INFO] [stderr]   HOST = Some("x86_64-unknown-linux-gnu")
[INFO] [stderr]   CXX_x86_64-unknown-linux-gnu = None
[INFO] [stderr]   CXX_x86_64_unknown_linux_gnu = None
[INFO] [stderr]   HOST_CXX = None
[INFO] [stderr]   CXX = None
[INFO] [stderr]   CXXFLAGS_x86_64-unknown-linux-gnu = None
[INFO] [stderr]   CXXFLAGS_x86_64_unknown_linux_gnu = None
[INFO] [stderr]   HOST_CXXFLAGS = None
[INFO] [stderr]   CXXFLAGS = None
[INFO] [stderr]   CRATE_CC_NO_DEFAULTS = None
[INFO] [stderr]   DEBUG = Some("true")
[INFO] [stderr]   CARGO_CFG_TARGET_FEATURE = Some("fxsr,sse,sse2,x87")
[INFO] [stderr]   running: "c++" "-O0" "-ffunction-sections" "-fdata-sections" "-fPIC" "-g" "-fno-omit-frame-pointer" "-m64" "-I" "vendor/src" "-I" "wrapper" "-I" "wrapper/vulkan" "-Wall" "-Wextra" "-std=c++11" "-Wno-missing-field-initializers" "-Wno-unused-variable" "-Wno-unused-parameter" "-Wno-unused-private-field" "-Wno-reorder" "-DVMA_STATIC_VULKAN_FUNCTIONS=0" "-o" "/opt/rustwide/target/debug/build/vk-mem/bcc8840240fda647/out/wrapper/vma_lib.o" "-c" "wrapper/vma_lib.cpp"
[INFO] [stderr]   cargo:warning=In file included from wrapper/vma_lib.cpp:2:
[INFO] [stderr]   cargo:warning=vendor/src/vk_mem_alloc.h: In function 'void VmaUint32ToStr(char*, size_t, uint32_t)':
[INFO] [stderr]   cargo:warning=vendor/src/vk_mem_alloc.h:3866:9: error: 'snprintf' was not declared in this scope
[INFO] [stderr]   cargo:warning= 3866 |         snprintf(outStr, strLen, "%u", static_cast<unsigned int>(num));
[INFO] [stderr]   cargo:warning=      |         ^~~~~~~~
[INFO] [stderr]   cargo:warning=vendor/src/vk_mem_alloc.h:3757:1: note: 'snprintf' is defined in header '<cstdio>'; this is probably fixable by adding '#include <cstdio>'
[INFO] [stderr]   cargo:warning= 3756 | #include <mutex>
[INFO] [stderr]   cargo:warning=  +++ |+#include <cstdio>
[INFO] [stderr]   cargo:warning= 3757 | 
[INFO] [stderr]   cargo:warning=vendor/src/vk_mem_alloc.h: In function 'void VmaUint64ToStr(char*, size_t, uint64_t)':
[INFO] [stderr]   cargo:warning=vendor/src/vk_mem_alloc.h:3870:9: error: 'snprintf' was not declared in this scope
[INFO] [stderr]   cargo:warning= 3870 |         snprintf(outStr, strLen, "%llu", static_cast<unsigned long long>(num));
[INFO] [stderr]   cargo:warning=      |         ^~~~~~~~
[INFO] [stderr]   cargo:warning=vendor/src/vk_mem_alloc.h:3870:9: note: 'snprintf' is defined in header '<cstdio>'; this is probably fixable by adding '#include <cstdio>'
[INFO] [stderr]   cargo:warning=vendor/src/vk_mem_alloc.h: In function 'void VmaPtrToStr(char*, size_t, const void*)':
[INFO] [stderr]   cargo:warning=vendor/src/vk_mem_alloc.h:3874:9: error: 'snprintf' was not declared in this scope
[INFO] [stderr]   cargo:warning= 3874 |         snprintf(outStr, strLen, "%p", ptr);
[INFO] [stderr]   cargo:warning=      |         ^~~~~~~~
[INFO] [stderr]   cargo:warning=vendor/src/vk_mem_alloc.h:3874:9: note: 'snprintf' is defined in header '<cstdio>'; this is probably fixable by adding '#include <cstdio>'
[INFO] [stderr]   cargo:warning=vendor/src/vk_mem_alloc.h: In member function 'virtual bool VmaBlockMetadata_Generic::Validate() const':
[INFO] [stderr]   cargo:warning=vendor/src/vk_mem_alloc.h:8515:40: warning: comparison of unsigned expression in '>= 0' is always true [-Wtype-limits]
[INFO] [stderr]   cargo:warning= 8515 |             VMA_VALIDATE(subAlloc.size >= VMA_DEBUG_MARGIN);
[INFO] [stderr]   cargo:warning=      |                                        ^
[INFO] [stderr]   cargo:warning=vendor/src/vk_mem_alloc.h:5929:38: note: in definition of macro 'VMA_VALIDATE'
[INFO] [stderr]   cargo:warning= 5929 | #define VMA_VALIDATE(cond) do { if(!(cond)) { \
[INFO] [stderr]   cargo:warning=      |                                      ^~~~
[INFO] [stderr]   cargo:warning=vendor/src/vk_mem_alloc.h: In member function 'bool VmaBlockMetadata_Linear::CreateAllocationRequest_UpperAddress(uint32_t, uint32_t, VkDeviceSize, VkDeviceSize, VkDeviceSize, VmaSuballocationType, bool, uint32_t, VmaAllocationRequest*)':
[INFO] [stderr]   cargo:warning=vendor/src/vk_mem_alloc.h:10400:25: warning: comparison of unsigned expression in '< 0' is always false [-Wtype-limits]
[INFO] [stderr]   cargo:warning=10400 |         if(resultOffset < VMA_DEBUG_MARGIN)
[INFO] [stderr]   cargo:warning=      |                         ^
[INFO] [stderr]   cargo:warning=In file included from /usr/include/c++/15/cassert:46,
[INFO] [stderr]   cargo:warning=                 from vendor/src/vk_mem_alloc.h:3754:
[INFO] [stderr]   cargo:warning=vendor/src/vk_mem_alloc.h: In member function 'VkResult VmaDeviceMemoryBlock::WriteMagicValueAroundAllocation(VmaAllocator, VkDeviceSize, VkDeviceSize)':
[INFO] [stderr]   cargo:warning=vendor/src/vk_mem_alloc.h:11890:28: warning: comparison of unsigned expression in '>= 0' is always true [-Wtype-limits]
[INFO] [stderr]   cargo:warning=11890 |     VMA_ASSERT(allocOffset >= VMA_DEBUG_MARGIN);
[INFO] [stderr]   cargo:warning=      |                            ^
[INFO] [stderr]   cargo:warning=vendor/src/vk_mem_alloc.h:11890:5: note: in expansion of macro 'VMA_ASSERT'
[INFO] [stderr]   cargo:warning=11890 |     VMA_ASSERT(allocOffset >= VMA_DEBUG_MARGIN);
[INFO] [stderr]   cargo:warning=      |     ^~~~~~~~~~
[INFO] [stderr]   cargo:warning=vendor/src/vk_mem_alloc.h: In member function 'VkResult VmaDeviceMemoryBlock::ValidateMagicValueAroundAllocation(VmaAllocator, VkDeviceSize, VkDeviceSize)':
[INFO] [stderr]   cargo:warning=vendor/src/vk_mem_alloc.h:11910:28: warning: comparison of unsigned expression in '>= 0' is always true [-Wtype-limits]
[INFO] [stderr]   cargo:warning=11910 |     VMA_ASSERT(allocOffset >= VMA_DEBUG_MARGIN);
[INFO] [stderr]   cargo:warning=      |                            ^
[INFO] [stderr]   cargo:warning=vendor/src/vk_mem_alloc.h:11910:5: note: in expansion of macro 'VMA_ASSERT'
[INFO] [stderr]   cargo:warning=11910 |     VMA_ASSERT(allocOffset >= VMA_DEBUG_MARGIN);
[INFO] [stderr]   cargo:warning=      |     ^~~~~~~~~~
[INFO] [stderr]   cargo:warning=At global scope:
[INFO] [stderr]   cargo:warning=cc1plus: note: unrecognized command-line option '-Wno-unused-private-field' may have been intended to silence earlier diagnostics
[INFO] [stderr]   exit status: 1
[INFO] [stderr] 
[INFO] [stderr]   --- stderr
[INFO] [stderr] 
[INFO] [stderr] 
[INFO] [stderr]   error occurred: Command "c++" "-O0" "-ffunction-sections" "-fdata-sections" "-fPIC" "-g" "-fno-omit-frame-pointer" "-m64" "-I" "vendor/src" "-I" "wrapper" "-I" "wrapper/vulkan" "-Wall" "-Wextra" "-std=c++11" "-Wno-missing-field-initializers" "-Wno-unused-variable" "-Wno-unused-parameter" "-Wno-unused-private-field" "-Wno-reorder" "-DVMA_STATIC_VULKAN_FUNCTIONS=0" "-o" "/opt/rustwide/target/debug/build/vk-mem/bcc8840240fda647/out/wrapper/vma_lib.o" "-c" "wrapper/vma_lib.cpp" with args "c++" did not execute successfully (status code exit status: 1).
[INFO] [stderr] 
[INFO] [stderr] 
[INFO] running `Command { std: "docker" "inspect" "2c86e2b340c4af40d1c09ee8e1429691372ea88fdc639aa2b42d081a1b981606", kill_on_drop: false }`
[INFO] running `Command { std: "docker" "rm" "-f" "2c86e2b340c4af40d1c09ee8e1429691372ea88fdc639aa2b42d081a1b981606", kill_on_drop: false }`
[INFO] [stdout] 2c86e2b340c4af40d1c09ee8e1429691372ea88fdc639aa2b42d081a1b981606
