[INFO] cloning repository https://github.com/digimatic/advent_of_code_2025
[INFO] running `Command { std: "git" "-c" "credential.helper=" "-c" "credential.helper=/workspace/cargo-home/bin/git-credential-null" "clone" "--bare" "https://github.com/digimatic/advent_of_code_2025" "/workspace/cache/git-repos/https%3A%2F%2Fgithub.com%2Fdigimatic%2Fadvent_of_code_2025", kill_on_drop: false }`
[INFO] [stderr] Cloning into bare repository '/workspace/cache/git-repos/https%3A%2F%2Fgithub.com%2Fdigimatic%2Fadvent_of_code_2025'...
[INFO] running `Command { std: "git" "rev-parse" "HEAD", kill_on_drop: false }`
[INFO] [stdout] 8f667c79893d59d49921efe5b12707881735abc6
[INFO] checking digimatic/advent_of_code_2025/8f667c79893d59d49921efe5b12707881735abc6 against ed77b7b8699e342c2dc842c83cb5fe4025252ee8 for pr-158915-1
[INFO] running `Command { std: "git" "clone" "/workspace/cache/git-repos/https%3A%2F%2Fgithub.com%2Fdigimatic%2Fadvent_of_code_2025" "/workspace/builds/worker-0-tc1/source", kill_on_drop: false }`
[INFO] [stderr] Cloning into '/workspace/builds/worker-0-tc1/source'...
[INFO] [stderr] done.
[INFO] started tweaking git repo https://github.com/digimatic/advent_of_code_2025
[INFO] finished tweaking git repo https://github.com/digimatic/advent_of_code_2025
[INFO] tweaked toml for git repo https://github.com/digimatic/advent_of_code_2025 written to /workspace/builds/worker-0-tc1/source/Cargo.toml
[INFO] validating manifest of git repo https://github.com/digimatic/advent_of_code_2025 on toolchain ed77b7b8699e342c2dc842c83cb5fe4025252ee8
[INFO] running `Command { std: CARGO_HOME="/workspace/cargo-home" RUSTUP_HOME="/workspace/rustup-home" "/workspace/cargo-home/bin/cargo" "+ed77b7b8699e342c2dc842c83cb5fe4025252ee8" "metadata" "--manifest-path" "Cargo.toml" "--no-deps", kill_on_drop: false }`
[INFO] crate git repo https://github.com/digimatic/advent_of_code_2025 already has a lockfile, it will not be regenerated
[INFO] running `Command { std: CARGO_HOME="/workspace/cargo-home" RUSTUP_HOME="/workspace/rustup-home" "/workspace/cargo-home/bin/cargo" "+ed77b7b8699e342c2dc842c83cb5fe4025252ee8" "fetch" "--manifest-path" "Cargo.toml", kill_on_drop: false }`
[INFO] [stderr]     Blocking waiting for file lock on package cache
[INFO] [stderr]     Updating crates.io index
[INFO] [stderr]     Blocking waiting for file lock on package cache
[INFO] [stderr]  Downloading crates ...
[INFO] [stderr]   Downloaded memchr v2.7.6
[INFO] [stderr]   Downloaded fax v0.2.6
[INFO] [stderr]   Downloaded adler2 v2.0.1
[INFO] [stderr]   Downloaded pastey v0.1.1
[INFO] [stderr]   Downloaded simd-adler32 v0.3.8
[INFO] [stderr]   Downloaded either v1.15.0
[INFO] [stderr]   Downloaded half v2.7.1
[INFO] [stderr]   Downloaded crc32fast v1.5.0
[INFO] [stderr]   Downloaded aligned v0.4.2
[INFO] [stderr]   Downloaded interpolate_name v0.2.4
[INFO] [stderr]   Downloaded aligned-vec v0.6.4
[INFO] [stderr]   Downloaded shlex v1.3.0
[INFO] [stderr]   Downloaded bytemuck v1.24.0
[INFO] [stderr]   Downloaded maybe-rayon v0.1.1
[INFO] [stderr]   Downloaded find-msvc-tools v0.1.5
[INFO] [stderr]   Downloaded byteorder-lite v0.1.0
[INFO] [stderr]   Downloaded loop9 v0.1.5
[INFO] [stderr]   Downloaded y4m v0.8.0
[INFO] [stderr]   Downloaded quick-error v2.0.1
[INFO] [stderr]   Downloaded zerocopy-derive v0.8.31
[INFO] [stderr]   Downloaded jobserver v0.1.34
[INFO] [stderr]   Downloaded miniz_oxide v0.8.9
[INFO] [stderr]   Downloaded rand_chacha v0.9.0
[INFO] [stderr]   Downloaded zune-core v0.4.12
[INFO] [stderr]   Downloaded cfg-if v1.0.4
[INFO] [stderr]   Downloaded simd_helpers v0.1.0
[INFO] [stderr]   Downloaded arg_enum_proc_macro v0.3.4
[INFO] [stderr]   Downloaded as-slice v0.2.1
[INFO] [stderr]   Downloaded crunchy v0.2.4
[INFO] [stderr]   Downloaded num-derive v0.4.2
[INFO] [stderr]   Downloaded built v0.8.0
[INFO] [stderr]   Downloaded arrayvec v0.7.6
[INFO] [stderr]   Downloaded stable_deref_trait v1.2.1
[INFO] [stderr]   Downloaded noop_proc_macro v0.3.0
[INFO] [stderr]   Downloaded profiling v1.0.17
[INFO] [stderr]   Downloaded glob v0.3.3
[INFO] [stderr]   Downloaded new_debug_unreachable v1.0.6
[INFO] [stderr]   Downloaded avif-serialize v0.8.6
[INFO] [stderr]   Downloaded libloading v0.8.9
[INFO] [stderr]   Downloaded once_cell v1.21.3
[INFO] [stderr]   Downloaded profiling-procmacros v1.0.17
[INFO] [stderr]   Downloaded fax_derive v0.2.0
[INFO] [stderr]   Downloaded wasm-bindgen-shared v0.2.106
[INFO] [stderr]   Downloaded wasm-bindgen-macro v0.2.106
[INFO] [stderr]   Downloaded flate2 v1.1.5
[INFO] [stderr]   Downloaded ravif v0.12.0
[INFO] [stderr]   Downloaded rustversion v1.0.22
[INFO] [stderr]   Downloaded num-rational v0.4.2
[INFO] [stderr]   Downloaded num-integer v0.1.46
[INFO] [stderr]   Downloaded quote v1.0.42
[INFO] [stderr]   Downloaded equator v0.4.2
[INFO] [stderr]   Downloaded equator-macro v0.4.2
[INFO] [stderr]   Downloaded paste v1.0.15
[INFO] [stderr]   Downloaded zune-core v0.5.0
[INFO] [stderr]   Downloaded rgb v0.8.52
[INFO] [stderr]   Downloaded unicode-ident v1.0.22
[INFO] [stderr]   Downloaded thiserror-impl v2.0.17
[INFO] [stderr]   Downloaded ppv-lite86 v0.2.21
[INFO] [stderr]   Downloaded rand_core v0.9.3
[INFO] [stderr]   Downloaded arbitrary v1.4.2
[INFO] [stderr]   Downloaded av1-grain v0.2.5
[INFO] [stderr]   Downloaded imgref v1.12.0
[INFO] [stderr]   Downloaded v_frame v0.3.9
[INFO] [stderr]   Downloaded anyhow v1.0.100
[INFO] [stderr]   Downloaded crossbeam-deque v0.8.6
[INFO] [stderr]   Downloaded autocfg v1.5.0
[INFO] [stderr]   Downloaded prettyplease v0.2.37
[INFO] [stderr]   Downloaded wasm-bindgen v0.2.106
[INFO] [stderr]   Downloaded bitstream-io v4.9.0
[INFO] [stderr]   Downloaded core2 v0.4.0
[INFO] [stderr]   Downloaded weezl v0.1.12
[INFO] [stderr]   Downloaded crossbeam-epoch v0.9.18
[INFO] [stderr]   Downloaded cc v1.2.49
[INFO] [stderr]   Downloaded wasm-bindgen-macro-support v0.2.106
[INFO] [stderr]   Downloaded num-traits v0.2.19
[INFO] [stderr]   Downloaded getrandom v0.3.4
[INFO] [stderr]   Downloaded r-efi v5.3.0
[INFO] [stderr]   Downloaded crossbeam-utils v0.8.21
[INFO] [stderr]   Downloaded zune-inflate v0.2.54
[INFO] [stderr]   Downloaded zune-jpeg v0.5.6
[INFO] [stderr]   Downloaded wit-bindgen v0.46.0
[INFO] [stderr]   Downloaded log v0.4.29
[INFO] [stderr]   Downloaded regex v1.12.2
[INFO] [stderr]   Downloaded zune-jpeg v0.4.21
[INFO] [stderr]   Downloaded proc-macro2 v1.0.103
[INFO] [stderr]   Downloaded qoi v0.4.1
[INFO] [stderr]   Downloaded aho-corasick v1.1.4
[INFO] [stderr]   Downloaded rayon-core v1.13.0
[INFO] [stderr]   Downloaded bumpalo v3.19.0
[INFO] [stderr]   Downloaded num-bigint v0.4.6
[INFO] [stderr]   Downloaded rand v0.9.2
[INFO] [stderr]   Downloaded libfuzzer-sys v0.4.10
[INFO] [stderr]   Downloaded png v0.18.0
[INFO] [stderr]   Downloaded wasip2 v1.0.1+wasi-0.2.4
[INFO] [stderr]   Downloaded nom v8.0.0
[INFO] [stderr]   Downloaded itertools v0.14.0
[INFO] [stderr]   Downloaded rayon v1.11.0
[INFO] [stderr]   Downloaded zerocopy v0.8.31
[INFO] [stderr]   Downloaded syn v2.0.111
[INFO] [stderr]   Downloaded regex-syntax v0.8.8
[INFO] [stderr]   Downloaded image v0.25.9
[INFO] [stderr]   Downloaded lebe v0.5.3
[INFO] [stderr]   Downloaded av-scenechange v0.14.1
[INFO] [stderr]   Downloaded moxcms v0.7.10
[INFO] [stderr]   Downloaded regex-automata v0.4.13
[INFO] [stderr]   Downloaded libc v0.2.178
[INFO] [stderr]   Downloaded color_quant v1.1.0
[INFO] [stderr]   Downloaded fnv v1.0.7
[INFO] [stderr]   Downloaded tiff v0.10.3
[INFO] [stderr]   Downloaded rav1e v0.8.1
[INFO] [stderr]   Downloaded minimal-lexical v0.2.1
[INFO] [stderr]   Downloaded fdeflate v0.3.7
[INFO] [stderr]   Downloaded bindgen v0.71.1
[INFO] [stderr]   Downloaded bit_field v0.10.3
[INFO] [stderr]   Downloaded cmake v0.1.54
[INFO] [stderr]   Downloaded windows-link v0.2.1
[INFO] [stderr]   Downloaded good_lp v1.14.2
[INFO] [stderr]   Downloaded exr v1.74.0
[INFO] [stderr]   Downloaded nom v7.1.3
[INFO] [stderr]   Downloaded highs v2.0.0
[INFO] [stderr]   Downloaded gif v0.14.1
[INFO] [stderr]   Downloaded smallvec v1.15.1
[INFO] [stderr]   Downloaded cexpr v0.6.0
[INFO] [stderr]   Downloaded highs-sys v1.12.1
[INFO] [stderr]   Downloaded pxfm v0.1.27
[INFO] [stderr]   Downloaded image-webp v0.2.4
[INFO] [stderr]   Downloaded rustc-hash v2.1.1
[INFO] [stderr]   Downloaded itertools v0.13.0
[INFO] [stderr]   Downloaded clang-sys v1.8.1
[INFO] [stderr]   Downloaded bitflags v2.10.0
[INFO] [stderr]   Downloaded thiserror v2.0.17
[INFO] running `Command { std: "docker" "create" "-v" "/var/lib/crater-agent-workspace/builds/worker-0-tc1/source:/opt/rustwide/workdir:ro,Z" "-v" "/var/lib/crater-agent-workspace/builds/worker-0-tc1/target:/opt/rustwide/target:rw,Z" "-v" "/var/lib/crater-agent-workspace/cargo-home:/opt/rustwide/cargo-home:ro,Z" "-v" "/var/lib/crater-agent-workspace/rustup-home:/opt/rustwide/rustup-home:ro,Z" "-m" "1610612736" "--network" "none" "ghcr.io/rust-lang/crates-build-env/linux@sha256:8683fc1fc2eb5c9ac98e0d076ab094b2ffac7f99da555d2b6a2e27f346de2ec7" "sleep" "infinity", kill_on_drop: false }`
[INFO] [stdout] d7b15c55868ff247884402b5c04658b76f026ddc6620553178fcbef062ad8609
[INFO] running `Command { std: "docker" "start" "d7b15c55868ff247884402b5c04658b76f026ddc6620553178fcbef062ad8609", kill_on_drop: false }`
[INFO] running `Command { std: "docker" "inspect" "d7b15c55868ff247884402b5c04658b76f026ddc6620553178fcbef062ad8609", kill_on_drop: false }`
[INFO] running `Command { std: "docker" "exec" "-e" "SOURCE_DIR=/opt/rustwide/workdir" "-e" "CARGO_HOME=/opt/rustwide/cargo-home" "-e" "RUSTUP_HOME=/opt/rustwide/rustup-home" "-e" "CARGO_TARGET_DIR=/opt/rustwide/target" "-w" "/opt/rustwide/workdir" "--user" "0:0" "d7b15c55868ff247884402b5c04658b76f026ddc6620553178fcbef062ad8609" "/opt/rustwide/cargo-home/bin/cargo" "+ed77b7b8699e342c2dc842c83cb5fe4025252ee8" "metadata" "--no-deps" "--format-version=1", kill_on_drop: false }`
[INFO] running `Command { std: "docker" "inspect" "d7b15c55868ff247884402b5c04658b76f026ddc6620553178fcbef062ad8609", kill_on_drop: false }`
[INFO] running `Command { std: "docker" "exec" "-e" "SOURCE_DIR=/opt/rustwide/workdir" "-e" "CARGO_HOME=/opt/rustwide/cargo-home" "-e" "RUSTUP_HOME=/opt/rustwide/rustup-home" "-e" "CARGO_TARGET_DIR=/opt/rustwide/target" "-e" "CARGO_INCREMENTAL=0" "-e" "RUST_BACKTRACE=full" "-e" "RUSTFLAGS=--cap-lints=forbid" "-e" "RUSTDOCFLAGS=--cap-lints=forbid" "-w" "/opt/rustwide/workdir" "--user" "0:0" "d7b15c55868ff247884402b5c04658b76f026ddc6620553178fcbef062ad8609" "/opt/rustwide/cargo-home/bin/cargo" "+ed77b7b8699e342c2dc842c83cb5fe4025252ee8" "check" "--frozen" "--all" "--all-targets" "--message-format=json", kill_on_drop: false }`
[INFO] [stderr]    Compiling proc-macro2 v1.0.103
[INFO] [stderr]    Compiling unicode-ident v1.0.22
[INFO] [stderr]    Compiling quote v1.0.42
[INFO] [stderr]    Compiling autocfg v1.5.0
[INFO] [stderr]    Compiling crossbeam-utils v0.8.21
[INFO] [stderr]     Checking memchr v2.7.6
[INFO] [stderr]     Checking cfg-if v1.0.4
[INFO] [stderr]    Compiling glob v0.3.3
[INFO] [stderr]    Compiling prettyplease v0.2.37
[INFO] [stderr]    Compiling libc v0.2.178
[INFO] [stderr]    Compiling rayon-core v1.13.0
[INFO] [stderr]    Compiling shlex v1.3.0
[INFO] [stderr]     Checking simd-adler32 v0.3.8
[INFO] [stderr]    Compiling regex-syntax v0.8.8
[INFO] [stderr]    Compiling minimal-lexical v0.2.1
[INFO] [stderr]    Compiling libloading v0.8.9
[INFO] [stderr]    Compiling bindgen v0.71.1
[INFO] [stderr]    Compiling find-msvc-tools v0.1.5
[INFO] [stderr]    Compiling either v1.15.0
[INFO] [stderr]     Checking log v0.4.29
[INFO] [stderr]    Compiling anyhow v1.0.100
[INFO] [stderr]     Checking stable_deref_trait v1.2.1
[INFO] [stderr]    Compiling cc v1.2.49
[INFO] [stderr]     Checking adler2 v2.0.1
[INFO] [stderr]    Compiling crc32fast v1.5.0
[INFO] [stderr]    Compiling itertools v0.13.0
[INFO] [stderr]    Compiling bitflags v2.10.0
[INFO] [stderr]    Compiling zerocopy v0.8.31
[INFO] [stderr]     Checking arrayvec v0.7.6
[INFO] [stderr]    Compiling clang-sys v1.8.1
[INFO] [stderr]    Compiling num-traits v0.2.19
[INFO] [stderr]    Compiling thiserror v2.0.17
[INFO] [stderr]    Compiling rustc-hash v2.1.1
[INFO] [stderr]     Checking miniz_oxide v0.8.9
[INFO] [stderr]    Compiling nom v7.1.3
[INFO] [stderr]     Checking as-slice v0.2.1
[INFO] [stderr]    Compiling built v0.8.0
[INFO] [stderr]     Checking crossbeam-epoch v0.9.18
[INFO] [stderr]    Compiling av-scenechange v0.14.1
[INFO] [stderr]    Compiling paste v1.0.15
[INFO] [stderr]     Checking aligned v0.4.2
[INFO] [stderr]     Checking nom v8.0.0
[INFO] [stderr]     Checking core2 v0.4.0
[INFO] [stderr]     Checking y4m v0.8.0
[INFO] [stderr]    Compiling pastey v0.1.1
[INFO] [stderr]     Checking crossbeam-deque v0.8.6
[INFO] [stderr]     Checking quick-error v2.0.1
[INFO] [stderr]     Checking flate2 v1.1.5
[INFO] [stderr]    Compiling syn v2.0.111
[INFO] [stderr]     Checking bitstream-io v4.9.0
[INFO] [stderr]    Compiling simd_helpers v0.1.0
[INFO] [stderr]    Compiling cmake v0.1.54
[INFO] [stderr]    Compiling rav1e v0.8.1
[INFO] [stderr]     Checking itertools v0.14.0
[INFO] [stderr]     Checking weezl v0.1.12
[INFO] [stderr]    Compiling regex-automata v0.4.13
[INFO] [stderr]     Checking num-integer v0.1.46
[INFO] [stderr]     Checking rayon v1.11.0
[INFO] [stderr]     Checking zune-core v0.4.12
[INFO] [stderr]    Compiling noop_proc_macro v0.3.0
[INFO] [stderr]     Checking new_debug_unreachable v1.0.6
[INFO] [stderr]     Checking imgref v1.12.0
[INFO] [stderr]     Checking num-bigint v0.4.6
[INFO] [stderr]     Checking zune-jpeg v0.4.21
[INFO] [stderr]     Checking pxfm v0.1.27
[INFO] [stderr]     Checking avif-serialize v0.8.6
[INFO] [stderr]     Checking loop9 v0.1.5
[INFO] [stderr]     Checking aho-corasick v1.1.4
[INFO] [stderr]     Checking fdeflate v0.3.7
[INFO] [stderr]     Checking zune-inflate v0.2.54
[INFO] [stderr]     Checking rgb v0.8.52
[INFO] [stderr]     Checking smallvec v1.15.1
[INFO] [stderr]     Checking lebe v0.5.3
[INFO] [stderr]     Checking byteorder-lite v0.1.0
[INFO] [stderr]     Checking bytemuck v1.24.0
[INFO] [stderr]     Checking bit_field v0.10.3
[INFO] [stderr]     Checking color_quant v1.1.0
[INFO] [stderr]     Checking zune-core v0.5.0
[INFO] [stderr]     Checking gif v0.14.1
[INFO] [stderr]     Checking image-webp v0.2.4
[INFO] [stderr]     Checking qoi v0.4.1
[INFO] [stderr]     Checking zune-jpeg v0.5.6
[INFO] [stderr]     Checking png v0.18.0
[INFO] [stderr]     Checking fnv v1.0.7
[INFO] [stderr]     Checking num-rational v0.4.2
[INFO] [stderr]    Compiling cexpr v0.6.0
[INFO] [stderr]    Compiling regex v1.12.2
[INFO] [stderr]     Checking maybe-rayon v0.1.1
[INFO] [stderr]     Checking moxcms v0.7.10
[INFO] [stderr]    Compiling equator-macro v0.4.2
[INFO] [stderr]    Compiling thiserror-impl v2.0.17
[INFO] [stderr]    Compiling zerocopy-derive v0.8.31
[INFO] [stderr]    Compiling arg_enum_proc_macro v0.3.4
[INFO] [stderr]    Compiling profiling-procmacros v1.0.17
[INFO] [stderr]    Compiling num-derive v0.4.2
[INFO] [stderr]    Compiling fax_derive v0.2.0
[INFO] [stderr]     Checking profiling v1.0.17
[INFO] [stderr]     Checking fax v0.2.6
[INFO] [stderr]     Checking equator v0.4.2
[INFO] [stderr]     Checking aligned-vec v0.6.4
[INFO] [stderr]     Checking v_frame v0.3.9
[INFO] [stderr]     Checking av1-grain v0.2.5
[INFO] [stderr]     Checking half v2.7.1
[INFO] [stderr]     Checking exr v1.74.0
[INFO] [stderr]     Checking tiff v0.10.3
[INFO] [stderr]    Compiling highs-sys v1.12.1
[INFO] [stderr]     Checking ravif v0.12.0
[INFO] [stderr]     Checking image v0.25.9
[INFO] [stderr] error: failed to run custom build command for `highs-sys v1.12.1`
[INFO] [stderr] note: To improve backtraces for build dependencies, set the CARGO_PROFILE_DEV_BUILD_OVERRIDE_DEBUG=true environment variable to enable debug information generation.
[INFO] [stderr] 
[INFO] [stderr] Caused by:
[INFO] [stderr]   process didn't exit successfully: `/opt/rustwide/target/debug/build/highs-sys/0259c7b1c66cf192/out/build_script_build` (exit status: 101)
[INFO] [stderr]   --- stdout
[INFO] [stderr]   CMAKE_TOOLCHAIN_FILE_x86_64-unknown-linux-gnu = None
[INFO] [stderr]   CMAKE_TOOLCHAIN_FILE_x86_64_unknown_linux_gnu = None
[INFO] [stderr]   HOST_CMAKE_TOOLCHAIN_FILE = None
[INFO] [stderr]   CMAKE_TOOLCHAIN_FILE = None
[INFO] [stderr]   CMAKE_GENERATOR_x86_64-unknown-linux-gnu = None
[INFO] [stderr]   CMAKE_GENERATOR_x86_64_unknown_linux_gnu = None
[INFO] [stderr]   HOST_CMAKE_GENERATOR = None
[INFO] [stderr]   CMAKE_GENERATOR = None
[INFO] [stderr]   CMAKE_PREFIX_PATH_x86_64-unknown-linux-gnu = None
[INFO] [stderr]   CMAKE_PREFIX_PATH_x86_64_unknown_linux_gnu = None
[INFO] [stderr]   HOST_CMAKE_PREFIX_PATH = None
[INFO] [stderr]   CMAKE_PREFIX_PATH = None
[INFO] [stderr]   CMAKE_x86_64-unknown-linux-gnu = None
[INFO] [stderr]   CMAKE_x86_64_unknown_linux_gnu = None
[INFO] [stderr]   HOST_CMAKE = None
[INFO] [stderr]   CMAKE = None
[INFO] [stderr]   running: cd "/opt/rustwide/target/debug/build/highs-sys/f0d8cb50ea679d46/out/build" && CMAKE_PREFIX_PATH="" LC_ALL="C" "cmake" "/opt/rustwide/cargo-home/registry/src/index.crates.io-1949cf8c6b5b557f/highs-sys-1.12.1/HiGHS" "-DFAST_BUILD=ON" "-DBUILD_SHARED_LIBS=OFF" "-DCMAKE_MSVC_RUNTIME_LIBRARY=MultiThreadedDLL" "-DCMAKE_INTERPROCEDURAL_OPTIMIZATION=FALSE" "-DZLIB=OFF" "-DCMAKE_INSTALL_PREFIX=/opt/rustwide/target/debug/build/highs-sys/f0d8cb50ea679d46/out" "-DCMAKE_C_FLAGS= -ffunction-sections -fdata-sections -fPIC -m64" "-DCMAKE_C_COMPILER=/usr/bin/cc" "-DCMAKE_CXX_FLAGS= -ffunction-sections -fdata-sections -fPIC -m64" "-DCMAKE_CXX_COMPILER=/usr/bin/c++" "-DCMAKE_ASM_FLAGS= -ffunction-sections -fdata-sections -fPIC -m64" "-DCMAKE_ASM_COMPILER=/usr/bin/cc" "-DCMAKE_BUILD_TYPE=Release"
[INFO] [stderr]   -- The CXX compiler identification is GNU 15.2.0
[INFO] [stderr]   -- The C compiler identification is GNU 15.2.0
[INFO] [stderr]   -- Detecting CXX compiler ABI info
[INFO] [stderr]   -- Detecting CXX compiler ABI info - done
[INFO] [stderr]   -- Check for working CXX compiler: /usr/bin/c++ - skipped
[INFO] [stderr]   -- Detecting CXX compile features
[INFO] [stderr]   -- Detecting CXX compile features - done
[INFO] [stderr]   -- Detecting C compiler ABI info
[INFO] [stderr]   -- Detecting C compiler ABI info - done
[INFO] [stderr]   -- Check for working C compiler: /usr/bin/cc - skipped
[INFO] [stderr]   -- Detecting C compile features
[INFO] [stderr]   -- Detecting C compile features - done
[INFO] [stderr]   -- HIGHS version: 1.11.0
[INFO] [stderr]   -- Git hash: n/a
[INFO] [stderr]   -- Build C++ library: ON
[INFO] [stderr]   -- Build C++ library: ON
[INFO] [stderr]   -- Build Fortran: OFF
[INFO] [stderr]   -- Build CSharp: OFF
[INFO] [stderr]   -- Build Python: OFF
[INFO] [stderr]   -- Build all tests: OFF
[INFO] [stderr]   -- ZLIB: OFF
[INFO] [stderr]   -- Build pdlp with GPU: OFF
[INFO] [stderr]   -- Use FindCUDAConf: OFF
[INFO] [stderr]   -- Build type: Release
[INFO] [stderr]   -- Looking for C++ include sys/types.h
[INFO] [stderr]   -- Looking for C++ include sys/types.h - found
[INFO] [stderr]   -- Looking for C++ include stdint.h
[INFO] [stderr]   -- Looking for C++ include stdint.h - found
[INFO] [stderr]   -- Looking for C++ include stddef.h
[INFO] [stderr]   -- Looking for C++ include stddef.h - found
[INFO] [stderr]   -- Check size of long
[INFO] [stderr]   -- Check size of long - done
[INFO] [stderr]   -- Found long size: 8
[INFO] [stderr]   -- Check size of long long
[INFO] [stderr]   -- Check size of long long - done
[INFO] [stderr]   -- Found long long size: 8
[INFO] [stderr]   -- Check size of int64_t
[INFO] [stderr]   -- Check size of int64_t - done
[INFO] [stderr]   -- Found int64_t size: 8
[INFO] [stderr]   -- Check size of unsigned long
[INFO] [stderr]   -- Check size of unsigned long - done
[INFO] [stderr]   -- Found unsigned long size: 8
[INFO] [stderr]   -- Check size of unsigned long long
[INFO] [stderr]   -- Check size of unsigned long long - done
[INFO] [stderr]   -- Found unsigned long long size: 8
[INFO] [stderr]   -- Check size of uint64_t
[INFO] [stderr]   -- Check size of uint64_t - done
[INFO] [stderr]   -- Found uint64_t size: 8
[INFO] [stderr]   -- Check size of int *
[INFO] [stderr]   -- Check size of int * - done
[INFO] [stderr]   -- Found int * size: 8
[INFO] [stderr]   -- IPO / LTO supported by compiler: YES
[INFO] [stderr]   -- IPO / LTO: FALSE as requested by user
[INFO] [stderr]   -- Performing Test HIGHS_HAVE_MM_PAUSE
[INFO] [stderr]   -- Performing Test HIGHS_HAVE_MM_PAUSE - Success
[INFO] [stderr]   -- Performing Test HIGHS_HAVE_BUILTIN_CLZ
[INFO] [stderr]   -- Performing Test HIGHS_HAVE_BUILTIN_CLZ - Success
[INFO] [stderr]   -- Performing Test COMPILER_SUPPORTS_POPCNT
[INFO] [stderr]   -- Performing Test COMPILER_SUPPORTS_POPCNT - Success
[INFO] [stderr]   -- FAST_BUILD set to on.
[INFO] [stderr]   -- Build examples: ON
[INFO] [stderr]   -- Build C++ example: ON
[INFO] [stderr]   -- Build CSharp example: OFF
[INFO] [stderr]   -- Build dotnet package: OFF
[INFO] [stderr]   -- Performing Test COMPILER_SUPPORTS_INVALID_OFFSET
[INFO] [stderr]   -- Performing Test COMPILER_SUPPORTS_INVALID_OFFSET - Success
[INFO] [stderr]   -- No CSharp support
[INFO] [stderr]   -- Performing Test CMAKE_HAVE_LIBC_PTHREAD
[INFO] [stderr]   -- Performing Test CMAKE_HAVE_LIBC_PTHREAD - Success
[INFO] [stderr]   -- Found Threads: TRUE
[INFO] [stderr]   -- Performing Test HAVE_CXX_ATOMICS_WITHOUT_LIB
[INFO] [stderr]   -- Performing Test HAVE_CXX_ATOMICS_WITHOUT_LIB - Success
[INFO] [stderr]   -- Performing Test HAVE_CXX_ATOMICS64_WITHOUT_LIB
[INFO] [stderr]   -- Performing Test HAVE_CXX_ATOMICS64_WITHOUT_LIB - Success
[INFO] [stderr]   -- Performing Test COMPILER_HAS_HIDDEN_VISIBILITY
[INFO] [stderr]   -- Performing Test COMPILER_HAS_HIDDEN_VISIBILITY - Success
[INFO] [stderr]   -- Performing Test COMPILER_HAS_HIDDEN_INLINE_VISIBILITY
[INFO] [stderr]   -- Performing Test COMPILER_HAS_HIDDEN_INLINE_VISIBILITY - Success
[INFO] [stderr]   -- Performing Test COMPILER_HAS_DEPRECATED_ATTR
[INFO] [stderr]   -- Performing Test COMPILER_HAS_DEPRECATED_ATTR - Success
[INFO] [stderr]   -- Configuring test /opt/rustwide/cargo-home/registry/src/index.crates.io-1949cf8c6b5b557f/highs-sys-1.12.1/HiGHS/examples/call_highs_from_cpp.cpp: ...
[INFO] [stderr]   -- Configuring test /opt/rustwide/cargo-home/registry/src/index.crates.io-1949cf8c6b5b557f/highs-sys-1.12.1/HiGHS/examples/call_highs_from_cpp.cpp: ...DONE
[INFO] [stderr]   -- Configuring test /opt/rustwide/cargo-home/registry/src/index.crates.io-1949cf8c6b5b557f/highs-sys-1.12.1/HiGHS/examples/call_highs_from_c_minimal.c: ...
[INFO] [stderr]   -- Configuring test /opt/rustwide/cargo-home/registry/src/index.crates.io-1949cf8c6b5b557f/highs-sys-1.12.1/HiGHS/examples/call_highs_from_c_minimal.c: ...DONE
[INFO] [stderr]   -- .Net: Use .Net Framework 2.1 support: ON
[INFO] [stderr]   -- Configuring done (10.1s)
[INFO] [stderr]   -- Generating done (0.1s)
[INFO] [stderr]   -- Build files have been written to: /opt/rustwide/target/debug/build/highs-sys/f0d8cb50ea679d46/out/build
[INFO] [stderr]   running: cd "/opt/rustwide/target/debug/build/highs-sys/f0d8cb50ea679d46/out/build" && LC_ALL="C" MAKEFLAGS="-j --jobserver-fds=4,5 --jobserver-auth=4,5" "cmake" "--build" "/opt/rustwide/target/debug/build/highs-sys/f0d8cb50ea679d46/out/build" "--target" "install" "--config" "Release"
[INFO] [stderr]   [  0%] Building CXX object highs/CMakeFiles/highs.dir/io/Filereader.cpp.o
[INFO] [stderr]   [  0%] Building CXX object highs/CMakeFiles/highs.dir/io/HMpsFF.cpp.o
[INFO] [stderr]   [  0%] Building CXX object highs/CMakeFiles/highs.dir/__/extern/filereaderlp/reader.cpp.o
[INFO] [stderr]   [  1%] Building CXX object highs/CMakeFiles/highs.dir/io/FilereaderMps.cpp.o
[INFO] [stderr]   [  2%] Building CXX object highs/CMakeFiles/highs.dir/interfaces/highs_c_api.cpp.o
[INFO] [stderr]   [  2%] Building CXX object highs/CMakeFiles/highs.dir/io/LoadOptions.cpp.o
[INFO] [stderr]   [  3%] Building CXX object highs/CMakeFiles/highs.dir/io/HMPSIO.cpp.o
[INFO] [stderr]   [  4%] Building CXX object highs/CMakeFiles/highs.dir/io/FilereaderEms.cpp.o
[INFO] [stderr]   [  4%] Building CXX object highs/CMakeFiles/highs.dir/io/FilereaderLp.cpp.o
[INFO] [stderr]   [  5%] Building CXX object highs/CMakeFiles/highs.dir/ipm/IpxWrapper.cpp.o
[INFO] [stderr]   [  6%] Building CXX object highs/CMakeFiles/highs.dir/lp_data/HighsCallback.cpp.o
[INFO] [stderr]   [  6%] Building CXX object highs/CMakeFiles/highs.dir/lp_data/Highs.cpp.o
[INFO] [stderr]   [  6%] Building CXX object highs/CMakeFiles/highs.dir/lp_data/HighsDebug.cpp.o
[INFO] [stderr]   [  6%] Building CXX object highs/CMakeFiles/highs.dir/lp_data/HighsInfo.cpp.o
[INFO] [stderr]   [  7%] Building CXX object highs/CMakeFiles/highs.dir/lp_data/HighsIis.cpp.o
[INFO] [stderr]   [  8%] Building CXX object highs/CMakeFiles/highs.dir/io/HighsIO.cpp.o
[INFO] [stderr]   [  9%] Building CXX object highs/CMakeFiles/highs.dir/lp_data/HighsInfoDebug.cpp.o
[INFO] [stderr] 
[INFO] [stderr]   --- stderr
[INFO] [stderr]   /opt/rustwide/cargo-home/registry/src/index.crates.io-1949cf8c6b5b557f/highs-sys-1.12.1/HiGHS/examples/call_highs_from_c_minimal.c
[INFO] [stderr]   CMake Warning:
[INFO] [stderr]     Manually-specified variables were not used by the project:
[INFO] [stderr] 
[INFO] [stderr]       CMAKE_ASM_COMPILER
[INFO] [stderr]       CMAKE_ASM_FLAGS
[INFO] [stderr] 
[INFO] [stderr] 
[INFO] [stderr]   c++: fatal error: Killed signal terminated program cc1plus
[INFO] [stderr]   compilation terminated.
[INFO] [stderr]   gmake[2]: *** [highs/CMakeFiles/highs.dir/build.make:233: highs/CMakeFiles/highs.dir/lp_data/Highs.cpp.o] Error 1
[INFO] [stderr]   gmake[2]: *** Waiting for unfinished jobs....
[INFO] [stderr]   c++: fatal error: Killed signal terminated program cc1plus
[INFO] [stderr]   compilation terminated.
[INFO] [stderr]   gmake[2]: *** [highs/CMakeFiles/highs.dir/build.make:135: highs/CMakeFiles/highs.dir/io/FilereaderLp.cpp.o] Error 1
[INFO] [stderr]   gmake[1]: *** [CMakeFiles/Makefile2:1102: highs/CMakeFiles/highs.dir/all] Error 2
[INFO] [stderr]   gmake: *** [Makefile:166: all] Error 2
[INFO] [stderr] 
[INFO] [stderr]   thread 'main' (1542) panicked at /opt/rustwide/cargo-home/registry/src/index.crates.io-1949cf8c6b5b557f/cmake-0.1.54/src/lib.rs:1119:5:
[INFO] [stderr] 
[INFO] [stderr]   command did not execute successfully, got: exit status: 2
[INFO] [stderr] 
[INFO] [stderr]   build script failed, must exit now
[INFO] [stderr]   stack backtrace:
[INFO] [stderr]      0:     0x59b3f8ad8721 - std[69db903323f584ec]::backtrace_rs::backtrace::libunwind::trace
[INFO] [stderr]                                  at /rustc/ed77b7b8699e342c2dc842c83cb5fe4025252ee8/library/std/src/../../backtrace/src/backtrace/libunwind.rs:117:9
[INFO] [stderr]      1:     0x59b3f8ad8721 - std[69db903323f584ec]::backtrace_rs::backtrace::trace_unsynchronized::<std[69db903323f584ec]::sys::backtrace::_print_fmt::{closure#1}>
[INFO] [stderr]                                  at /rustc/ed77b7b8699e342c2dc842c83cb5fe4025252ee8/library/std/src/../../backtrace/src/backtrace/mod.rs:66:14
[INFO] [stderr]      2:     0x59b3f8ad8721 - std[69db903323f584ec]::sys::backtrace::_print_fmt
[INFO] [stderr]                                  at /rustc/ed77b7b8699e342c2dc842c83cb5fe4025252ee8/library/std/src/sys/backtrace.rs:74:9
[INFO] [stderr]      3:     0x59b3f8ad8721 - <<std[69db903323f584ec]::sys::backtrace::BacktraceLock>::print::DisplayBacktrace as core[f960d09af7566be7]::fmt::Display>::fmt
[INFO] [stderr]                                  at /rustc/ed77b7b8699e342c2dc842c83cb5fe4025252ee8/library/std/src/sys/backtrace.rs:44:26
[INFO] [stderr]      4:     0x59b3f8af050a - <core[f960d09af7566be7]::fmt::rt::Argument>::fmt
[INFO] [stderr]                                  at /rustc/ed77b7b8699e342c2dc842c83cb5fe4025252ee8/library/core/src/fmt/rt.rs:152:76
[INFO] [stderr]      5:     0x59b3f8af050a - core[f960d09af7566be7]::fmt::write
[INFO] [stderr]      6:     0x59b3f8ade90c - core[f960d09af7566be7]::io::write::default_write_fmt::<std[69db903323f584ec]::sys::stdio::unix::Stderr>
[INFO] [stderr]                                  at /rustc/ed77b7b8699e342c2dc842c83cb5fe4025252ee8/library/core/src/io/write.rs:402:11
[INFO] [stderr]      7:     0x59b3f8ade90c - <std[69db903323f584ec]::sys::stdio::unix::Stderr as core[f960d09af7566be7]::io::write::Write>::write_fmt
[INFO] [stderr]                                  at /rustc/ed77b7b8699e342c2dc842c83cb5fe4025252ee8/library/core/src/io/write.rs:335:13
[INFO] [stderr]      8:     0x59b3f8ab53b6 - <std[69db903323f584ec]::sys::backtrace::BacktraceLock>::print
[INFO] [stderr]                                  at /rustc/ed77b7b8699e342c2dc842c83cb5fe4025252ee8/library/std/src/sys/backtrace.rs:47:9
[INFO] [stderr]      9:     0x59b3f8ab53b6 - std[69db903323f584ec]::panicking::default_hook::{closure#0}
[INFO] [stderr]                                  at /rustc/ed77b7b8699e342c2dc842c83cb5fe4025252ee8/library/std/src/panicking.rs:289:27
[INFO] [stderr]     10:     0x59b3f8ad23e1 - std[69db903323f584ec]::panicking::default_hook
[INFO] [stderr]                                  at /rustc/ed77b7b8699e342c2dc842c83cb5fe4025252ee8/library/std/src/panicking.rs:316:9
[INFO] [stderr]     11:     0x59b3f8ad270b - std[69db903323f584ec]::panicking::panic_with_hook
[INFO] [stderr]                                  at /rustc/ed77b7b8699e342c2dc842c83cb5fe4025252ee8/library/std/src/panicking.rs:811:13
[INFO] [stderr]     12:     0x59b3f8ab5462 - std[69db903323f584ec]::panicking::panic_handler::{closure#0}
[INFO] [stderr]                                  at /rustc/ed77b7b8699e342c2dc842c83cb5fe4025252ee8/library/std/src/panicking.rs:685:13
[INFO] [stderr]     13:     0x59b3f8aaeda9 - std[69db903323f584ec]::sys::backtrace::__rust_end_short_backtrace::<std[69db903323f584ec]::panicking::panic_handler::{closure#0}, !>
[INFO] [stderr]                                  at /rustc/ed77b7b8699e342c2dc842c83cb5fe4025252ee8/library/std/src/sys/backtrace.rs:182:18
[INFO] [stderr]     14:     0x59b3f8ab5c9d - __rustc[a117f566bec10e26]::rust_begin_unwind
[INFO] [stderr]                                  at /rustc/ed77b7b8699e342c2dc842c83cb5fe4025252ee8/library/std/src/panicking.rs:676:5
[INFO] [stderr]     15:     0x59b3f8af0dac - core[f960d09af7566be7]::panicking::panic_fmt
[INFO] [stderr]                                  at /rustc/ed77b7b8699e342c2dc842c83cb5fe4025252ee8/library/core/src/panicking.rs:80:14
[INFO] [stderr]     16:     0x59b3f8a3d797 - cmake[f6e9c889979f2c4d]::fail
[INFO] [stderr]     17:     0x59b3f8a3d423 - cmake[f6e9c889979f2c4d]::run
[INFO] [stderr]     18:     0x59b3f8a43294 - <cmake[f6e9c889979f2c4d]::Config>::build
[INFO] [stderr]     19:     0x59b3f851fc84 - build_script_build[7a987c080439e14e]::build
[INFO] [stderr]     20:     0x59b3f851facf - build_script_build[7a987c080439e14e]::main
[INFO] [stderr]     21:     0x59b3f8521bb3 - <fn() as core[f960d09af7566be7]::ops::function::FnOnce<()>>::call_once
[INFO] [stderr]     22:     0x59b3f851f49e - std[69db903323f584ec]::sys::backtrace::__rust_begin_short_backtrace::<fn(), ()>
[INFO] [stderr]     23:     0x59b3f851fa99 - std[69db903323f584ec]::rt::lang_start::<()>::{closure#0}
[INFO] [stderr]     24:     0x59b3f8ad16d8 - <&dyn core[f960d09af7566be7]::ops::function::Fn<(), Output = i32> + core[f960d09af7566be7]::marker::Sync + core[f960d09af7566be7]::panic::unwind_safe::RefUnwindSafe as core[f960d09af7566be7]::ops::function::FnOnce<()>>::call_once
[INFO] [stderr]                                  at /rustc/ed77b7b8699e342c2dc842c83cb5fe4025252ee8/library/core/src/ops/function.rs:287:21
[INFO] [stderr]     25:     0x59b3f8ad16d8 - std[69db903323f584ec]::panicking::catch_unwind::do_call::<&dyn core[f960d09af7566be7]::ops::function::Fn<(), Output = i32> + core[f960d09af7566be7]::marker::Sync + core[f960d09af7566be7]::panic::unwind_safe::RefUnwindSafe, i32>
[INFO] [stderr]                                  at /rustc/ed77b7b8699e342c2dc842c83cb5fe4025252ee8/library/std/src/panicking.rs:573:43
[INFO] [stderr]     26:     0x59b3f8ad16d8 - std[69db903323f584ec]::panicking::catch_unwind::<i32, &dyn core[f960d09af7566be7]::ops::function::Fn<(), Output = i32> + core[f960d09af7566be7]::marker::Sync + core[f960d09af7566be7]::panic::unwind_safe::RefUnwindSafe>
[INFO] [stderr]                                  at /rustc/ed77b7b8699e342c2dc842c83cb5fe4025252ee8/library/std/src/panicking.rs:541:19
[INFO] [stderr]     27:     0x59b3f8ad16d8 - std[69db903323f584ec]::panic::catch_unwind::<&dyn core[f960d09af7566be7]::ops::function::Fn<(), Output = i32> + core[f960d09af7566be7]::marker::Sync + core[f960d09af7566be7]::panic::unwind_safe::RefUnwindSafe, i32>
[INFO] [stderr]                                  at /rustc/ed77b7b8699e342c2dc842c83cb5fe4025252ee8/library/std/src/panic.rs:359:14
[INFO] [stderr]     28:     0x59b3f8ad16d8 - std[69db903323f584ec]::rt::lang_start_internal::{closure#0}
[INFO] [stderr]                                  at /rustc/ed77b7b8699e342c2dc842c83cb5fe4025252ee8/library/std/src/rt.rs:175:24
[INFO] [stderr]     29:     0x59b3f8ad16d8 - std[69db903323f584ec]::panicking::catch_unwind::do_call::<std[69db903323f584ec]::rt::lang_start_internal::{closure#0}, isize>
[INFO] [stderr]                                  at /rustc/ed77b7b8699e342c2dc842c83cb5fe4025252ee8/library/std/src/panicking.rs:573:43
[INFO] [stderr]     30:     0x59b3f8ad16d8 - std[69db903323f584ec]::panicking::catch_unwind::<isize, std[69db903323f584ec]::rt::lang_start_internal::{closure#0}>
[INFO] [stderr]                                  at /rustc/ed77b7b8699e342c2dc842c83cb5fe4025252ee8/library/std/src/panicking.rs:541:19
[INFO] [stderr]     31:     0x59b3f8ad16d8 - std[69db903323f584ec]::panic::catch_unwind::<std[69db903323f584ec]::rt::lang_start_internal::{closure#0}, isize>
[INFO] [stderr]                                  at /rustc/ed77b7b8699e342c2dc842c83cb5fe4025252ee8/library/std/src/panic.rs:359:14
[INFO] [stderr]     32:     0x59b3f8ad16d8 - std[69db903323f584ec]::rt::lang_start_internal
[INFO] [stderr]                                  at /rustc/ed77b7b8699e342c2dc842c83cb5fe4025252ee8/library/std/src/rt.rs:171:5
[INFO] [stderr]     33:     0x59b3f851ee71 - std[69db903323f584ec]::rt::lang_start::<()>
[INFO] [stderr]     34:     0x59b3f8521e15 - main
[INFO] [stderr]     35:     0x7e7575359601 - <unknown>
[INFO] [stderr]     36:     0x7e7575359718 - __libc_start_main
[INFO] [stderr]     37:     0x59b3f851d565 - _start
[INFO] [stderr]     38:                0x0 - <unknown>
[INFO] running `Command { std: "docker" "inspect" "d7b15c55868ff247884402b5c04658b76f026ddc6620553178fcbef062ad8609", kill_on_drop: false }`
[INFO] running `Command { std: "docker" "rm" "-f" "d7b15c55868ff247884402b5c04658b76f026ddc6620553178fcbef062ad8609", kill_on_drop: false }`
[INFO] [stdout] d7b15c55868ff247884402b5c04658b76f026ddc6620553178fcbef062ad8609
