[INFO] cloning repository https://github.com/dev-davexoyinbo/distkit
[INFO] running `Command { std: "git" "-c" "credential.helper=" "-c" "credential.helper=/workspace/cargo-home/bin/git-credential-null" "clone" "--bare" "https://github.com/dev-davexoyinbo/distkit" "/workspace/cache/git-repos/https%3A%2F%2Fgithub.com%2Fdev-davexoyinbo%2Fdistkit", kill_on_drop: false }`
[INFO] [stderr] Cloning into bare repository '/workspace/cache/git-repos/https%3A%2F%2Fgithub.com%2Fdev-davexoyinbo%2Fdistkit'...
[INFO] running `Command { std: "git" "rev-parse" "HEAD", kill_on_drop: false }`
[INFO] [stdout] da250b64faa373557940a16aa1cd220fc6d422ae
[INFO] checking dev-davexoyinbo/distkit against 0335fc7ee9e33d92e03d99f3e2fb0fe6119f3cc0 for pr-158915-1
[INFO] running `Command { std: "git" "clone" "/workspace/cache/git-repos/https%3A%2F%2Fgithub.com%2Fdev-davexoyinbo%2Fdistkit" "/workspace/builds/worker-2-tc2/source", kill_on_drop: false }`
[INFO] [stderr] Cloning into '/workspace/builds/worker-2-tc2/source'...
[INFO] [stderr] done.
[INFO] started tweaking git repo https://github.com/dev-davexoyinbo/distkit
[INFO] finished tweaking git repo https://github.com/dev-davexoyinbo/distkit
[INFO] tweaked toml for git repo https://github.com/dev-davexoyinbo/distkit written to /workspace/builds/worker-2-tc2/source/Cargo.toml
[INFO] validating manifest of git repo https://github.com/dev-davexoyinbo/distkit on toolchain 0335fc7ee9e33d92e03d99f3e2fb0fe6119f3cc0
[INFO] running `Command { std: CARGO_HOME="/workspace/cargo-home" RUSTUP_HOME="/workspace/rustup-home" "/workspace/cargo-home/bin/cargo" "+0335fc7ee9e33d92e03d99f3e2fb0fe6119f3cc0" "metadata" "--manifest-path" "Cargo.toml" "--no-deps", kill_on_drop: false }`
[INFO] crate git repo https://github.com/dev-davexoyinbo/distkit already has a lockfile, it will not be regenerated
[INFO] running `Command { std: CARGO_HOME="/workspace/cargo-home" RUSTUP_HOME="/workspace/rustup-home" "/workspace/cargo-home/bin/cargo" "+0335fc7ee9e33d92e03d99f3e2fb0fe6119f3cc0" "fetch" "--manifest-path" "Cargo.toml", kill_on_drop: false }`
[INFO] [stderr] warning: explicit `package.readme` can be inferred
[INFO] [stderr]   --> Cargo.toml:69:1
[INFO] [stderr]    |
[INFO] [stderr] 69 | readme = "README.md"
[INFO] [stderr]    | ^^^^^^^^^^^^^^^^^^^^
[INFO] [stderr]    |
[INFO] [stderr]    = note: `cargo::manual_readme` is set to `warn` by default
[INFO] [stderr] help: consider removing `package.readme`
[INFO] [stderr] warning: `distkit` (manifest) generated 1 warning
[INFO] [stderr]     Blocking waiting for file lock on package cache
[INFO] [stderr]     Blocking waiting for file lock on package cache
[INFO] [stderr]  Downloading crates ...
[INFO] [stderr]   Downloaded wasm-bindgen-macro v0.2.115
[INFO] [stderr]   Downloaded sha1_smol v1.0.1
[INFO] [stderr]   Downloaded wasm-bindgen-macro-support v0.2.115
[INFO] [stderr]   Downloaded wasm-bindgen-shared v0.2.115
[INFO] [stderr]   Downloaded wasm-bindgen v0.2.115
[INFO] [stderr]   Downloaded uuid v1.23.0
[INFO] [stderr]   Downloaded dashmap v6.2.1
[INFO] [stderr]   Downloaded cc v1.2.58
[INFO] [stderr]   Downloaded futures-executor v0.3.33
[INFO] [stderr]   Downloaded criterion-plot v0.8.2
[INFO] [stderr]   Downloaded arcstr v1.2.0
[INFO] [stderr]   Downloaded futures-macro v0.3.33
[INFO] [stderr]   Downloaded page_size v0.6.0
[INFO] [stderr]   Downloaded xxhash-rust v0.8.15
[INFO] [stderr]   Downloaded alloca v0.4.0
[INFO] [stderr]   Downloaded backon v1.6.0
[INFO] [stderr]   Downloaded trypema v2.0.0
[INFO] [stderr]   Downloaded clap v4.6.0
[INFO] [stderr]   Downloaded js-sys v0.3.92
[INFO] [stderr]   Downloaded futures v0.3.33
[INFO] [stderr]   Downloaded criterion v0.8.2
[INFO] [stderr]   Downloaded redis v1.5.0
[INFO] [stderr]   Downloaded web-sys v0.3.92
[INFO] running `Command { std: "docker" "create" "-v" "/var/lib/crater-agent-workspace/builds/worker-2-tc2/source:/opt/rustwide/workdir:ro,Z" "-v" "/var/lib/crater-agent-workspace/builds/worker-2-tc2/target:/opt/rustwide/target:rw,Z" "-v" "/var/lib/crater-agent-workspace/cargo-home:/opt/rustwide/cargo-home:ro,Z" "-v" "/var/lib/crater-agent-workspace/rustup-home:/opt/rustwide/rustup-home:ro,Z" "-m" "1610612736" "--network" "none" "ghcr.io/rust-lang/crates-build-env/linux@sha256:8683fc1fc2eb5c9ac98e0d076ab094b2ffac7f99da555d2b6a2e27f346de2ec7" "sleep" "infinity", kill_on_drop: false }`
[INFO] [stdout] 919c08847e3bc8a8c29ad69bed143b629cc4e4ce5224bd36b3eb7417c295370b
[INFO] running `Command { std: "docker" "start" "919c08847e3bc8a8c29ad69bed143b629cc4e4ce5224bd36b3eb7417c295370b", kill_on_drop: false }`
[INFO] running `Command { std: "docker" "inspect" "919c08847e3bc8a8c29ad69bed143b629cc4e4ce5224bd36b3eb7417c295370b", kill_on_drop: false }`
[INFO] running `Command { std: "docker" "exec" "-e" "SOURCE_DIR=/opt/rustwide/workdir" "-e" "CARGO_HOME=/opt/rustwide/cargo-home" "-e" "RUSTUP_HOME=/opt/rustwide/rustup-home" "-e" "CARGO_TARGET_DIR=/opt/rustwide/target" "-w" "/opt/rustwide/workdir" "--user" "0:0" "919c08847e3bc8a8c29ad69bed143b629cc4e4ce5224bd36b3eb7417c295370b" "/opt/rustwide/cargo-home/bin/cargo" "+0335fc7ee9e33d92e03d99f3e2fb0fe6119f3cc0" "metadata" "--no-deps" "--format-version=1", kill_on_drop: false }`
[INFO] running `Command { std: "docker" "inspect" "919c08847e3bc8a8c29ad69bed143b629cc4e4ce5224bd36b3eb7417c295370b", kill_on_drop: false }`
[INFO] running `Command { std: "docker" "exec" "-e" "SOURCE_DIR=/opt/rustwide/workdir" "-e" "CARGO_HOME=/opt/rustwide/cargo-home" "-e" "RUSTUP_HOME=/opt/rustwide/rustup-home" "-e" "CARGO_TARGET_DIR=/opt/rustwide/target" "-e" "CARGO_INCREMENTAL=0" "-e" "RUST_BACKTRACE=full" "-e" "RUSTFLAGS=--cap-lints=forbid" "-e" "RUSTDOCFLAGS=--cap-lints=forbid" "-w" "/opt/rustwide/workdir" "--user" "0:0" "919c08847e3bc8a8c29ad69bed143b629cc4e4ce5224bd36b3eb7417c295370b" "/opt/rustwide/cargo-home/bin/cargo" "+0335fc7ee9e33d92e03d99f3e2fb0fe6119f3cc0" "check" "--frozen" "--all" "--all-targets" "--message-format=json", kill_on_drop: false }`
[INFO] [stderr] warning: explicit `package.readme` can be inferred
[INFO] [stderr]   --> Cargo.toml:69:1
[INFO] [stderr]    |
[INFO] [stderr] 69 | readme = "README.md"
[INFO] [stderr]    | ^^^^^^^^^^^^^^^^^^^^
[INFO] [stderr]    |
[INFO] [stderr]    = note: `cargo::manual_readme` is set to `warn` by default
[INFO] [stderr] help: consider removing `package.readme`
[INFO] [stderr] warning: `distkit` (manifest) generated 1 warning
[INFO] [stderr]    Compiling libc v0.2.183
[INFO] [stderr]     Checking memchr v2.8.0
[INFO] [stderr]    Compiling num-traits v0.2.19
[INFO] [stderr]     Checking futures-core v0.3.33
[INFO] [stderr]    Compiling zerocopy v0.8.48
[INFO] [stderr]    Compiling find-msvc-tools v0.1.9
[INFO] [stderr]     Checking futures-sink v0.3.33
[INFO] [stderr]     Checking concurrent-queue v2.5.0
[INFO] [stderr]    Compiling syn v3.0.3
[INFO] [stderr]    Compiling tokio-macros v2.7.0
[INFO] [stderr]    Compiling zerocopy-derive v0.8.48
[INFO] [stderr]     Checking regex-syntax v0.8.10
[INFO] [stderr]    Compiling getrandom v0.4.2
[INFO] [stderr]     Checking once_cell v1.21.4
[INFO] [stderr]    Compiling rayon-core v1.13.0
[INFO] [stderr]     Checking form_urlencoded v1.2.2
[INFO] [stderr]     Checking serde v1.0.228
[INFO] [stderr]     Checking clap_lex v1.1.0
[INFO] [stderr]    Compiling cc v1.2.58
[INFO] [stderr]     Checking futures-task v0.3.33
[INFO] [stderr]     Checking fastrand v2.3.0
[INFO] [stderr]    Compiling thiserror v2.0.20
[INFO] [stderr]     Checking anstyle v1.0.14
[INFO] [stderr]     Checking futures-util v0.3.33
[INFO] [stderr]     Checking tracing-core v0.1.36
[INFO] [stderr]     Checking event-listener v5.4.1
[INFO] [stderr]     Checking aho-corasick v1.1.4
[INFO] [stderr]     Checking backon v1.6.0
[INFO] [stderr]     Checking clap_builder v4.6.0
[INFO] [stderr]     Checking serde_json v1.0.149
[INFO] [stderr]     Checking url v2.5.8
[INFO] [stderr]     Checking event-listener-strategy v0.5.4
[INFO] [stderr]     Checking arc-swap v1.9.2
[INFO] [stderr]     Checking futures-channel v0.3.33
[INFO] [stderr]     Checking async-lock v3.4.2
[INFO] [stderr]     Checking itertools v0.13.0
[INFO] [stderr]    Compiling tracing-attributes v0.1.31
[INFO] [stderr]     Checking arcstr v1.2.0
[INFO] [stderr]     Checking num-integer v0.1.46
[INFO] [stderr]     Checking sha1_smol v1.0.1
[INFO] [stderr]     Checking xxhash-rust v0.8.15
[INFO] [stderr]    Compiling strum_macros v0.28.0
[INFO] [stderr]     Checking plotters v0.3.7
[INFO] [stderr]     Checking rayon v1.11.0
[INFO] [stderr]     Checking strum v0.28.0
[INFO] [stderr]     Checking tinytemplate v1.2.1
[INFO] [stderr]     Checking num-bigint v0.4.6
[INFO] [stderr]     Checking parking_lot_core v0.9.12
[INFO] [stderr]     Checking errno v0.3.14
[INFO] [stderr]     Checking socket2 v0.6.3
[INFO] [stderr]     Checking mio v1.2.0
[INFO] [stderr]     Checking parking_lot v0.12.5
[INFO] [stderr]     Checking signal-hook-registry v1.4.8
[INFO] [stderr]     Checking uuid v1.23.0
[INFO] [stderr]     Checking dashmap v6.2.1
[INFO] [stderr]     Checking tracing v0.1.44
[INFO] [stderr]     Checking page_size v0.6.0
[INFO] [stderr]    Compiling alloca v0.4.0
[INFO] [stderr]     Checking tokio v1.53.1
[INFO] [stderr]     Checking regex-automata v0.4.14
[INFO] [stderr]     Checking clap v4.6.0
[INFO] [stderr]     Checking criterion-plot v0.8.2
[INFO] [stderr]    Compiling thiserror-impl v2.0.20
[INFO] [stderr]    Compiling async-trait v0.1.91
[INFO] [stderr]     Checking regex v1.12.3
[INFO] [stderr]     Checking half v2.7.1
[INFO] [stderr]     Checking tokio-util v0.7.18
[INFO] [stderr]     Checking ciborium-ll v0.2.2
[INFO] [stderr]     Checking ciborium v0.2.2
[INFO] [stderr]     Checking combine v4.6.7
[INFO] [stderr]     Checking criterion v0.8.2
[INFO] [stderr]     Checking redis v1.5.0
[INFO] [stderr]     Checking distkit v0.7.0 (/opt/rustwide/workdir)
[INFO] [stdout] error[E0432]: unresolved import `distkit::lock`
[INFO] [stdout]   --> benches/common.rs:13:14
[INFO] [stdout]    |
[INFO] [stdout] 13 | use distkit::lock::{LockOptions, Mutex, RwLock};
[INFO] [stdout]    |              ^^^^ could not find `lock` in `distkit`
[INFO] [stdout]    |
[INFO] [stdout] note: found an item that was configured out
[INFO] [stdout]   --> src/lib.rs:14:9
[INFO] [stdout]    |
[INFO] [stdout] 13 | #[cfg(feature = "lock")]
[INFO] [stdout]    |       ---------------- the item is gated behind the `lock` feature
[INFO] [stdout] 14 | pub mod lock;
[INFO] [stdout]    |         ^^^^
[INFO] [stdout] 
[INFO] [stdout] 
[INFO] [stdout] error[E0432]: unresolved import `distkit::lock`
[INFO] [stdout]   --> benches/common.rs:13:14
[INFO] [stdout]    |
[INFO] [stdout] 13 | use distkit::lock::{LockOptions, Mutex, RwLock};
[INFO] [stdout]    |              ^^^^ could not find `lock` in `distkit`
[INFO] [stdout]    |
[INFO] [stdout] note: found an item that was configured out
[INFO] [stdout]   --> src/lib.rs:14:9
[INFO] [stdout]    |
[INFO] [stdout] 13 | #[cfg(feature = "lock")]
[INFO] [stdout]    |       ---------------- the item is gated behind the `lock` feature
[INFO] [stdout] 14 | pub mod lock;
[INFO] [stdout]    |         ^^^^
[INFO] [stdout] 
[INFO] [stdout] 
[INFO] [stdout] error[E0432]: unresolved import `distkit::lock`
[INFO] [stdout]   --> benches/common.rs:13:14
[INFO] [stdout]    |
[INFO] [stdout] 13 | use distkit::lock::{LockOptions, Mutex, RwLock};
[INFO] [stdout]    |              ^^^^ could not find `lock` in `distkit`
[INFO] [stdout]    |
[INFO] [stdout] note: found an item that was configured out
[INFO] [stdout]   --> src/lib.rs:14:9
[INFO] [stdout]    |
[INFO] [stdout] 13 | #[cfg(feature = "lock")]
[INFO] [stdout]    |       ---------------- the item is gated behind the `lock` feature
[INFO] [stdout] 14 | pub mod lock;
[INFO] [stdout]    |         ^^^^
[INFO] [stdout] 
[INFO] [stdout] 
[INFO] [stdout] error[E0432]: unresolved import `distkit::lock`
[INFO] [stdout]   --> benches/common.rs:13:14
[INFO] [stdout]    |
[INFO] [stdout] 13 | use distkit::lock::{LockOptions, Mutex, RwLock};
[INFO] [stdout]    |              ^^^^ could not find `lock` in `distkit`
[INFO] [stdout]    |
[INFO] [stdout] note: found an item that was configured out
[INFO] [stdout]   --> src/lib.rs:14:9
[INFO] [stdout]    |
[INFO] [stdout] 13 | #[cfg(feature = "lock")]
[INFO] [stdout]    |       ---------------- the item is gated behind the `lock` feature
[INFO] [stdout] 14 | pub mod lock;
[INFO] [stdout]    |         ^^^^
[INFO] [stdout] 
[INFO] [stdout] 
[INFO] [stdout] error[E0432]: unresolved import `distkit::lock`
[INFO] [stdout]   --> benches/common.rs:13:14
[INFO] [stdout]    |
[INFO] [stdout] 13 | use distkit::lock::{LockOptions, Mutex, RwLock};
[INFO] [stdout]    |              ^^^^ could not find `lock` in `distkit`
[INFO] [stdout]    |
[INFO] [stdout] note: found an item that was configured out
[INFO] [stdout]   --> src/lib.rs:14:9
[INFO] [stdout]    |
[INFO] [stdout] 13 | #[cfg(feature = "lock")]
[INFO] [stdout]    |       ---------------- the item is gated behind the `lock` feature
[INFO] [stdout] 14 | pub mod lock;
[INFO] [stdout]    |         ^^^^
[INFO] [stdout] 
[INFO] [stdout] 
[INFO] [stdout] For more information about this error, try `rustc --explain E0432`.
[INFO] [stdout] 
[INFO] [stdout] error[E0432]: unresolved import `distkit::lock`
[INFO] [stdout]   --> benches/common.rs:13:14
[INFO] [stdout]    |
[INFO] [stdout] 13 | use distkit::lock::{LockOptions, Mutex, RwLock};
[INFO] [stdout]    |              ^^^^ could not find `lock` in `distkit`
[INFO] [stdout]    |
[INFO] [stdout] note: found an item that was configured out
[INFO] [stdout]   --> src/lib.rs:14:9
[INFO] [stdout]    |
[INFO] [stdout] 13 | #[cfg(feature = "lock")]
[INFO] [stdout]    |       ---------------- the item is gated behind the `lock` feature
[INFO] [stdout] 14 | pub mod lock;
[INFO] [stdout]    |         ^^^^
[INFO] [stdout] 
[INFO] [stdout] 
[INFO] [stdout] For more information about this error, try `rustc --explain E0432`.
[INFO] [stdout] 
[INFO] [stderr] error: could not compile `distkit` (bench "strict_instance_aware_counter") due to 1 previous error
[INFO] [stderr] warning: build failed, waiting for other jobs to finish...
[INFO] [stderr] error: could not compile `distkit` (bench "common") due to 1 previous error
[INFO] [stdout] For more information about this error, try `rustc --explain E0432`.
[INFO] [stdout] 
[INFO] [stderr] error: could not compile `distkit` (bench "lax_counter") due to 1 previous error
[INFO] [stdout] For more information about this error, try `rustc --explain E0432`.
[INFO] [stdout] 
[INFO] [stderr] error: could not compile `distkit` (bench "strict_counter") due to 1 previous error
[INFO] [stdout] For more information about this error, try `rustc --explain E0432`.
[INFO] [stdout] 
[INFO] [stderr] error: could not compile `distkit` (bench "lax_instance_aware_counter") due to 1 previous error
[INFO] [stdout] For more information about this error, try `rustc --explain E0432`.
[INFO] [stdout] 
[INFO] [stderr] error: could not compile `distkit` (bench "lock") due to 1 previous error
[INFO] [stderr] warning: unused dependency `strum`
[INFO] [stderr]   --> Cargo.toml:25:1
[INFO] [stderr]    |
[INFO] [stderr] 25 | strum = "0.28.0"
[INFO] [stderr]    | ^^^^^^^^^^^^^^^^
[INFO] [stderr]    |
[INFO] [stderr]    = note: `cargo::unused_dependencies` is set to `warn` by default
[INFO] [stderr] help: consider removing the dependency on `strum`
[INFO] [stderr] warning: `distkit` (manifest) generated 1 warning
[INFO] running `Command { std: "docker" "inspect" "919c08847e3bc8a8c29ad69bed143b629cc4e4ce5224bd36b3eb7417c295370b", kill_on_drop: false }`
[INFO] running `Command { std: "docker" "rm" "-f" "919c08847e3bc8a8c29ad69bed143b629cc4e4ce5224bd36b3eb7417c295370b", kill_on_drop: false }`
[INFO] [stdout] 919c08847e3bc8a8c29ad69bed143b629cc4e4ce5224bd36b3eb7417c295370b
