[INFO] cloning repository https://github.com/dbanty/rust-fastapi-experiments
[INFO] running `Command { std: "git" "-c" "credential.helper=" "-c" "credential.helper=/workspace/cargo-home/bin/git-credential-null" "clone" "--bare" "https://github.com/dbanty/rust-fastapi-experiments" "/workspace/cache/git-repos/https%3A%2F%2Fgithub.com%2Fdbanty%2Frust-fastapi-experiments", kill_on_drop: false }`
[INFO] [stderr] Cloning into bare repository '/workspace/cache/git-repos/https%3A%2F%2Fgithub.com%2Fdbanty%2Frust-fastapi-experiments'...
[INFO] running `Command { std: "git" "rev-parse" "HEAD", kill_on_drop: false }`
[INFO] [stdout] 028f09d0514ae0a3465bc9e2630c363259e58144
[INFO] checking dbanty/rust-fastapi-experiments against 0335fc7ee9e33d92e03d99f3e2fb0fe6119f3cc0 for pr-158915-1
[INFO] running `Command { std: "git" "clone" "/workspace/cache/git-repos/https%3A%2F%2Fgithub.com%2Fdbanty%2Frust-fastapi-experiments" "/workspace/builds/worker-2-tc2/source", kill_on_drop: false }`
[INFO] [stderr] Cloning into '/workspace/builds/worker-2-tc2/source'...
[INFO] [stderr] done.
[INFO] removed /workspace/builds/worker-2-tc2/source/.cargo/config.toml
[INFO] started tweaking git repo https://github.com/dbanty/rust-fastapi-experiments
[INFO] finished tweaking git repo https://github.com/dbanty/rust-fastapi-experiments
[INFO] tweaked toml for git repo https://github.com/dbanty/rust-fastapi-experiments written to /workspace/builds/worker-2-tc2/source/Cargo.toml
[INFO] validating manifest of git repo https://github.com/dbanty/rust-fastapi-experiments on toolchain 0335fc7ee9e33d92e03d99f3e2fb0fe6119f3cc0
[INFO] running `Command { std: CARGO_HOME="/workspace/cargo-home" RUSTUP_HOME="/workspace/rustup-home" "/workspace/cargo-home/bin/cargo" "+0335fc7ee9e33d92e03d99f3e2fb0fe6119f3cc0" "metadata" "--manifest-path" "Cargo.toml" "--no-deps", kill_on_drop: false }`
[INFO] crate git repo https://github.com/dbanty/rust-fastapi-experiments already has a lockfile, it will not be regenerated
[INFO] running `Command { std: CARGO_HOME="/workspace/cargo-home" RUSTUP_HOME="/workspace/rustup-home" "/workspace/cargo-home/bin/cargo" "+0335fc7ee9e33d92e03d99f3e2fb0fe6119f3cc0" "fetch" "--manifest-path" "Cargo.toml", kill_on_drop: false }`
[INFO] [stderr]     Blocking waiting for file lock on package cache
[INFO] [stderr]     Updating crates.io index
[INFO] [stderr]     Blocking waiting for file lock on package cache
[ERROR] error running command: no output for 300 seconds
[INFO] checking dbanty/rust-fastapi-experiments against 0335fc7ee9e33d92e03d99f3e2fb0fe6119f3cc0 for pr-158915-1
[INFO] running `Command { std: "git" "clone" "/workspace/cache/git-repos/https%3A%2F%2Fgithub.com%2Fdbanty%2Frust-fastapi-experiments" "/workspace/builds/worker-2-tc2/source", kill_on_drop: false }`
[INFO] [stderr] Cloning into '/workspace/builds/worker-2-tc2/source'...
[INFO] [stderr] done.
[INFO] removed /workspace/builds/worker-2-tc2/source/.cargo/config.toml
[INFO] started tweaking git repo https://github.com/dbanty/rust-fastapi-experiments
[INFO] finished tweaking git repo https://github.com/dbanty/rust-fastapi-experiments
[INFO] tweaked toml for git repo https://github.com/dbanty/rust-fastapi-experiments written to /workspace/builds/worker-2-tc2/source/Cargo.toml
[INFO] validating manifest of git repo https://github.com/dbanty/rust-fastapi-experiments on toolchain 0335fc7ee9e33d92e03d99f3e2fb0fe6119f3cc0
[INFO] running `Command { std: CARGO_HOME="/workspace/cargo-home" RUSTUP_HOME="/workspace/rustup-home" "/workspace/cargo-home/bin/cargo" "+0335fc7ee9e33d92e03d99f3e2fb0fe6119f3cc0" "metadata" "--manifest-path" "Cargo.toml" "--no-deps", kill_on_drop: false }`
[INFO] crate git repo https://github.com/dbanty/rust-fastapi-experiments already has a lockfile, it will not be regenerated
[INFO] running `Command { std: CARGO_HOME="/workspace/cargo-home" RUSTUP_HOME="/workspace/rustup-home" "/workspace/cargo-home/bin/cargo" "+0335fc7ee9e33d92e03d99f3e2fb0fe6119f3cc0" "fetch" "--manifest-path" "Cargo.toml", kill_on_drop: false }`
[INFO] [stderr]     Blocking waiting for file lock on package cache
[INFO] [stderr]     Blocking waiting for file lock on package cache
[INFO] [stderr]  Downloading crates ...
[INFO] [stderr]   Downloaded polyval v0.3.3
[INFO] [stderr]   Downloaded schemars v0.7.6
[INFO] [stderr]   Downloaded enum-as-inner v0.3.3
[INFO] [stderr]   Downloaded serde_derive v1.0.119
[INFO] [stderr]   Downloaded darling_core v0.10.2
[INFO] [stderr]   Downloaded byteorder v1.4.2
[INFO] [stderr]   Downloaded serde v1.0.119
[INFO] [stderr]   Downloaded syn v1.0.58
[INFO] [stderr]   Downloaded num_cpus v1.13.0
[INFO] [stderr]   Downloaded ghash v0.2.3
[INFO] [stderr]   Downloaded devise_codegen v0.2.0
[INFO] [stderr]   Downloaded rocket_okapi_codegen v0.5.1
[INFO] [stderr]   Downloaded fake-simd v0.1.2
[INFO] [stderr]   Downloaded unicode-normalization v0.1.16
[INFO] [stderr]   Downloaded tokio-sync v0.1.8
[INFO] [stderr]   Downloaded block-buffer v0.7.3
[INFO] [stderr]   Downloaded net2 v0.2.37
[INFO] [stderr]   Downloaded quote v1.0.8
[INFO] [stderr]   Downloaded smallvec v1.6.1
[INFO] [stderr]   Downloaded yansi v0.5.0
[INFO] [stderr]   Downloaded tokio-fs v0.1.7
[INFO] [stderr]   Downloaded typenum v1.12.0
[INFO] [stderr]   Downloaded lock_api v0.3.4
[INFO] [stderr]   Downloaded aes v0.3.2
[INFO] [stderr]   Downloaded paperclip-actix v0.3.0
[INFO] [stderr]   Downloaded futures v0.1.30
[INFO] [stderr]   Downloaded strum v0.19.5
[INFO] [stderr]   Downloaded futures-core v0.3.12
[INFO] [stderr]   Downloaded schemars_derive v0.7.6
[INFO] [stderr]   Downloaded sha2 v0.8.2
[INFO] [stderr]   Downloaded subtle v1.0.0
[INFO] [stderr]   Downloaded zeroize v1.2.0
[INFO] [stderr]   Downloaded aes-soft v0.3.3
[INFO] [stderr]   Downloaded aead v0.2.0
[INFO] [stderr]   Downloaded lambda_runtime_errors_derive v0.1.1
[INFO] [stderr]   Downloaded form_urlencoded v1.0.0
[INFO] [stderr]   Downloaded proc-macro-nested v0.1.7
[INFO] [stderr]   Downloaded generic-array v0.12.3
[INFO] [stderr]   Downloaded synstructure v0.10.2
[INFO] [stderr]   Downloaded filetime v0.2.13
[INFO] [stderr]   Downloaded wasm-bindgen-shared v0.2.69
[INFO] [stderr]   Downloaded walkdir v2.3.1
[INFO] [stderr]   Downloaded rustc-demangle v0.1.18
[INFO] [stderr]   Downloaded object v0.22.0
[INFO] [stderr]   Downloaded httparse v1.3.4
[INFO] [stderr]   Downloaded aes-gcm v0.5.0
[INFO] [stderr]   Downloaded rocket v0.4.6
[INFO] [stderr]   Downloaded crossbeam-queue v0.2.3
[INFO] [stderr]   Downloaded crossbeam-epoch v0.8.2
[INFO] [stderr]   Downloaded lambda_runtime_core v0.1.2
[INFO] [stderr]   Downloaded backtrace v0.3.55
[INFO] [stderr]   Downloaded lambda_http v0.1.1
[INFO] [stderr]   Downloaded sha1 v0.6.0
[INFO] [stderr]   Downloaded rocket_http v0.4.6
[INFO] [stderr]   Downloaded universal-hash v0.3.0
[INFO] [stderr]   Downloaded pear v0.1.4
[INFO] [stderr]   Downloaded glob v0.3.0
[INFO] [stderr]   Downloaded okapi v0.4.0
[INFO] [stderr]   Downloaded lambda_runtime v0.2.1
[INFO] [stderr]   Downloaded ppv-lite86 v0.2.10
[INFO] [stderr]   Downloaded signal-hook-registry v1.3.0
[INFO] [stderr]   Downloaded rocket_contrib v0.4.6
[INFO] [stderr]   Downloaded tokio-io v0.1.13
[INFO] [stderr]   Downloaded hkdf v0.8.0
[INFO] [stderr]   Downloaded pin-project-internal v0.4.27
[INFO] [stderr]   Downloaded serde_json v1.0.61
[INFO] [stderr]   Downloaded indexmap v1.6.1
[INFO] [stderr]   Downloaded log v0.4.13
[INFO] [stderr]   Downloaded cookie v0.11.3
[INFO] [stderr]   Downloaded hmac v0.7.1
[INFO] [stderr]   Downloaded aesni v0.6.0
[INFO] [stderr]   Downloaded tokio-tcp v0.1.4
[INFO] [stderr]   Downloaded miniz_oxide v0.4.3
[INFO] [stderr]   Downloaded addr2line v0.14.1
[INFO] [stderr]   Downloaded itoa v0.4.7
[INFO] [stderr]   Downloaded pear_codegen v0.1.4
[INFO] [stderr]   Downloaded digest v0.8.1
[INFO] [stderr]   Downloaded byte-tools v0.3.1
[INFO] [stderr]   Downloaded subtle v2.4.0
[INFO] [stderr]   Downloaded strsim v0.9.3
[INFO] [stderr]   Downloaded rocket_codegen v0.4.6
[INFO] [stderr]   Downloaded redox_syscall v0.1.57
[INFO] [stderr]   Downloaded tokio v0.1.22
[INFO] [stderr]   Downloaded tokio-current-thread v0.1.7
[INFO] [stderr]   Downloaded lambda_runtime_errors v0.1.1
[INFO] [stderr]   Downloaded synstructure v0.12.4
[INFO] [stderr]   Downloaded adler v0.2.3
[INFO] [stderr]   Downloaded ucd-trie v0.1.3
[INFO] [stderr]   Downloaded brotli2 v0.3.2
[INFO] [stderr]   Downloaded serde_derive_internals v0.25.0
[INFO] [stderr]   Downloaded darling_macro v0.10.2
[INFO] [stderr]   Downloaded notify v4.0.15
[INFO] [stderr]   Downloaded rocket_lamb v0.6.0
[INFO] [stderr]   Downloaded tokio-uds v0.2.7
[INFO] [stderr]   Downloaded tokio-reactor v0.1.12
[INFO] [stderr]   Downloaded devise v0.2.0
[INFO] [stderr]   Downloaded smallvec v0.6.14
[INFO] [stderr]   Downloaded actix-service v1.0.6
[INFO] [stderr]   Downloaded actix-codec v0.3.0
[INFO] [stderr]   Downloaded state v0.4.2
[INFO] [stderr]   Downloaded tokio-codec v0.1.2
[INFO] [stderr]   Downloaded inotify-sys v0.1.4
[INFO] [stderr]   Downloaded tokio-udp v0.1.6
[INFO] [stderr]   Downloaded crossbeam-deque v0.7.3
[INFO] [stderr]   Downloaded memoffset v0.5.6
[INFO] [stderr]   Downloaded actix-rt v1.1.1
[INFO] [stderr]   Downloaded tracing-attributes v0.1.11
[INFO] [stderr]   Downloaded futures v0.3.12
[INFO] [stderr]   Downloaded tinyvec v1.1.0
[INFO] [stderr]   Downloaded opaque-debug v0.2.3
[INFO] [stderr]   Downloaded devise_core v0.2.0
[INFO] [stderr]   Downloaded flate2 v1.0.19
[INFO] [stderr]   Downloaded time v0.2.24
[INFO] [stderr]   Downloaded block-padding v0.1.5
[INFO] [stderr]   Downloaded sha-1 v0.9.2
[INFO] [stderr]   Downloaded tracing-futures v0.2.4
[INFO] [stderr]   Downloaded crypto-mac v0.7.0
[INFO] [stderr]   Downloaded tokio-threadpool v0.1.18
[INFO] [stderr]   Downloaded actix-threadpool v0.3.3
[INFO] [stderr]   Downloaded rocket_okapi v0.5.1
[INFO] [stderr]   Downloaded cpuid-bool v0.1.2
[INFO] [stderr]   Downloaded pin-project v0.4.27
[INFO] [stderr]   Downloaded generic-array v0.14.4
[INFO] [stderr]   Downloaded actix-connect v2.0.0
[INFO] [stderr]   Downloaded wasm-bindgen v0.2.69
[INFO] [stderr]   Downloaded actix-http v2.2.0
[INFO] [stderr]   Downloaded copyless v0.1.5
[INFO] [stderr]   Downloaded cc v1.0.66
[INFO] [stderr]   Downloaded block-cipher-trait v0.6.2
[INFO] [stderr]   Downloaded tracing v0.1.22
[INFO] [stderr]   Downloaded brotli-sys v0.3.2
[INFO] [stderr]   Downloaded pin-project-lite v0.1.11
[INFO] [stderr]   Downloaded darling v0.10.2
[INFO] [stderr]   Downloaded gimli v0.23.0
[INFO] [stderr]   Downloaded actix-web-codegen v0.4.0
[INFO] [stderr]   Downloaded libc v0.2.82
[INFO] [stderr]   Downloaded futures-channel v0.3.12
[INFO] [stderr]   Downloaded awc v2.0.3
[INFO] [stderr]   Downloaded tokio v0.2.24
[INFO] [stderr]   Downloaded tracing-core v0.1.17
[INFO] [stderr]   Downloaded actix-router v0.2.6
[INFO] [stderr]   Downloaded tokio-stream v0.1.2
[INFO] [stderr]   Downloaded parking_lot v0.11.1
[INFO] [stderr]   Downloaded wasm-bindgen-macro v0.2.69
[INFO] [stderr]   Downloaded url v2.2.0
[INFO] [stderr]   Downloaded aws_lambda_events v0.4.0
[INFO] [stderr]   Downloaded bumpalo v3.4.0
[INFO] [stderr]   Downloaded futures-macro v0.3.12
[INFO] [stderr]   Downloaded miow v0.3.6
[INFO] [stderr]   Downloaded derive_more v0.99.11
[INFO] [stderr]   Downloaded actix-utils v2.0.0
[INFO] [stderr]   Downloaded crc32fast v1.2.1
[INFO] [stderr]   Downloaded lock_api v0.4.2
[INFO] [stderr]   Downloaded paperclip-macros v0.4.0
[INFO] [stderr]   Downloaded base-x v0.2.8
[INFO] [stderr]   Downloaded bytestring v1.0.0
[INFO] [stderr]   Downloaded aho-corasick v0.7.15
[INFO] [stderr]   Downloaded futures-executor v0.3.12
[INFO] [stderr]   Downloaded actix-tls v2.0.0
[INFO] [stderr]   Downloaded time-macros-impl v0.1.1
[INFO] [stderr]   Downloaded actix-web v3.3.2
[INFO] [stderr]   Downloaded hyper v0.12.35
[INFO] [stderr]   Downloaded regex v1.4.3
[INFO] [stderr]   Downloaded num-integer v0.1.44
[INFO] [stderr]   Downloaded pin-project v1.0.4
[INFO] [stderr]   Downloaded num-traits v0.2.14
[INFO] [stderr]   Downloaded thiserror-impl v1.0.23
[INFO] [stderr]   Downloaded futures-sink v0.3.12
[INFO] [stderr]   Downloaded http v0.2.3
[INFO] [stderr]   Downloaded wasm-bindgen-macro-support v0.2.69
[INFO] [stderr]   Downloaded http-body v0.1.0
[INFO] [stderr]   Downloaded heck v0.3.2
[INFO] [stderr]   Downloaded actix-testing v1.0.1
[INFO] [stderr]   Downloaded serde_urlencoded v0.7.0
[INFO] [stderr]   Downloaded http v0.1.21
[INFO] [stderr]   Downloaded netlify_lambda v0.2.0
[INFO] [stderr]   Downloaded cookie v0.14.3
[INFO] [stderr]   Downloaded idna v0.2.0
[INFO] [stderr]   Downloaded hyper v0.14.2
[INFO] [stderr]   Downloaded thiserror v1.0.23
[INFO] [stderr]   Downloaded unicode-segmentation v1.7.1
[INFO] [stderr]   Downloaded paperclip-core v0.3.0
[INFO] [stderr]   Downloaded h2 v0.3.0
[INFO] [stderr]   Downloaded trust-dns-proto v0.19.6
[INFO] [stderr]   Downloaded once_cell v1.5.2
[INFO] [stderr]   Downloaded serde_urlencoded v0.5.5
[INFO] [stderr]   Downloaded bytes v1.0.1
[INFO] [stderr]   Downloaded async-stream v0.3.0
[INFO] [stderr]   Downloaded parking_lot_core v0.8.2
[INFO] [stderr]   Downloaded tokio-macros v1.0.0
[INFO] [stderr]   Downloaded tokio v1.0.2
[INFO] [stderr]   Downloaded standback v0.2.14
[INFO] [stderr]   Downloaded pest v2.1.3
[INFO] [stderr]   Downloaded ntapi v0.3.6
[INFO] [stderr]   Downloaded regex-syntax v0.6.22
[INFO] [stderr]   Downloaded lambda_runtime_client v0.2.2
[INFO] [stderr]   Downloaded netlify_lambda_http v0.2.0
[INFO] [stderr]   Downloaded trust-dns-resolver v0.19.6
[INFO] [stderr]   Downloaded http-serde v1.0.1
[INFO] [stderr]   Downloaded actix-macros v0.1.3
[INFO] [stderr]   Downloaded serde_yaml v0.8.15
[INFO] [stderr]   Downloaded futures-io v0.3.12
[INFO] [stderr]   Downloaded async-trait v0.1.42
[INFO] [stderr]   Downloaded pin-project-internal v1.0.4
[INFO] [stderr]   Downloaded mio v0.7.7
[INFO] [stderr]   Downloaded actix-server v1.0.4
[INFO] [stderr]   Downloaded http-body v0.4.0
[INFO] [stderr]   Downloaded async-stream-impl v0.3.0
[INFO] [stderr]   Downloaded tokio-util v0.6.1
[INFO] [stderr]   Downloaded netlify_lambda_attributes v0.2.0
[INFO] [stderr]   Downloaded string v0.2.1
[INFO] [stderr]   Downloaded tokio-buf v0.1.1
[INFO] [stderr]   Downloaded instant v0.1.9
[INFO] [stderr]   Downloaded anyhow v1.0.38
[INFO] [stderr]   Downloaded strum_macros v0.19.4
[INFO] [stderr]   Downloaded tower-service v0.3.0
[INFO] [stderr]   Downloaded thread_local v1.1.0
[INFO] [stderr]   Downloaded futures-util v0.3.12
[INFO] [stderr]   Downloaded futures-task v0.3.12
[INFO] [stderr]   Downloaded semver-parser v0.10.2
[INFO] [stderr]   Downloaded want v0.2.0
[INFO] [stderr]   Downloaded const_fn v0.4.5
[INFO] [stderr]   Downloaded wasm-bindgen-backend v0.2.69
[INFO] [stderr]   Downloaded pin-project-lite v0.2.4
[INFO] [stderr]   Downloaded dtoa v0.4.7
[INFO] [stderr]   Downloaded h2 v0.1.26
[INFO] [stderr]   Downloaded paperclip v0.5.0
[INFO] [stderr]   Downloaded encoding_rs v0.8.26
[INFO] running `Command { std: "docker" "create" "-v" "/var/lib/crater-agent-workspace/builds/worker-2-tc2/source:/opt/rustwide/workdir:ro,Z" "-v" "/var/lib/crater-agent-workspace/builds/worker-2-tc2/target:/opt/rustwide/target:rw,Z" "-v" "/var/lib/crater-agent-workspace/cargo-home:/opt/rustwide/cargo-home:ro,Z" "-v" "/var/lib/crater-agent-workspace/rustup-home:/opt/rustwide/rustup-home:ro,Z" "-m" "1610612736" "--network" "none" "ghcr.io/rust-lang/crates-build-env/linux@sha256:8683fc1fc2eb5c9ac98e0d076ab094b2ffac7f99da555d2b6a2e27f346de2ec7" "sleep" "infinity", kill_on_drop: false }`
[INFO] [stdout] a63ff7b99dfc8e4a8980472e0bbcfac07f07bb28a269fade5c82a2349f1661d3
[INFO] running `Command { std: "docker" "start" "a63ff7b99dfc8e4a8980472e0bbcfac07f07bb28a269fade5c82a2349f1661d3", kill_on_drop: false }`
[INFO] running `Command { std: "docker" "inspect" "a63ff7b99dfc8e4a8980472e0bbcfac07f07bb28a269fade5c82a2349f1661d3", kill_on_drop: false }`
[INFO] running `Command { std: "docker" "exec" "-e" "SOURCE_DIR=/opt/rustwide/workdir" "-e" "CARGO_HOME=/opt/rustwide/cargo-home" "-e" "RUSTUP_HOME=/opt/rustwide/rustup-home" "-e" "CARGO_TARGET_DIR=/opt/rustwide/target" "-w" "/opt/rustwide/workdir" "--user" "0:0" "a63ff7b99dfc8e4a8980472e0bbcfac07f07bb28a269fade5c82a2349f1661d3" "/opt/rustwide/cargo-home/bin/cargo" "+0335fc7ee9e33d92e03d99f3e2fb0fe6119f3cc0" "metadata" "--no-deps" "--format-version=1", kill_on_drop: false }`
[INFO] running `Command { std: "docker" "inspect" "a63ff7b99dfc8e4a8980472e0bbcfac07f07bb28a269fade5c82a2349f1661d3", kill_on_drop: false }`
[INFO] running `Command { std: "docker" "exec" "-e" "SOURCE_DIR=/opt/rustwide/workdir" "-e" "CARGO_HOME=/opt/rustwide/cargo-home" "-e" "RUSTUP_HOME=/opt/rustwide/rustup-home" "-e" "CARGO_TARGET_DIR=/opt/rustwide/target" "-e" "CARGO_INCREMENTAL=0" "-e" "RUST_BACKTRACE=full" "-e" "RUSTFLAGS=--cap-lints=forbid" "-e" "RUSTDOCFLAGS=--cap-lints=forbid" "-w" "/opt/rustwide/workdir" "--user" "0:0" "a63ff7b99dfc8e4a8980472e0bbcfac07f07bb28a269fade5c82a2349f1661d3" "/opt/rustwide/cargo-home/bin/cargo" "+0335fc7ee9e33d92e03d99f3e2fb0fe6119f3cc0" "check" "--frozen" "--all" "--all-targets" "--message-format=json", kill_on_drop: false }`
[INFO] [stderr]    Compiling libc v0.2.82
[INFO] [stderr]    Compiling proc-macro2 v1.0.24
[INFO] [stderr]    Compiling unicode-xid v0.2.1
[INFO] [stderr]    Compiling syn v1.0.58
[INFO] [stderr]    Compiling autocfg v1.0.1
[INFO] [stderr]    Compiling log v0.4.13
[INFO] [stderr]    Compiling typenum v1.12.0
[INFO] [stderr]    Compiling serde_derive v1.0.119
[INFO] [stderr]    Compiling serde v1.0.119
[INFO] [stderr]    Compiling version_check v0.9.2
[INFO] [stderr]     Checking slab v0.4.2
[INFO] [stderr]     Checking byteorder v1.4.2
[INFO] [stderr]    Compiling memchr v2.3.4
[INFO] [stderr]     Checking itoa v0.4.7
[INFO] [stderr]     Checking either v1.6.1
[INFO] [stderr]     Checking futures-core v0.3.12
[INFO] [stderr]     Checking smallvec v1.6.1
[INFO] [stderr]    Compiling proc-macro-hack v0.5.19
[INFO] [stderr]    Compiling httparse v1.3.4
[INFO] [stderr]     Checking futures-sink v0.3.12
[INFO] [stderr]     Checking pin-project-lite v0.2.4
[INFO] [stderr]     Checking matches v0.1.8
[INFO] [stderr]     Checking once_cell v1.5.2
[INFO] [stderr]    Compiling bitflags v1.2.1
[INFO] [stderr]    Compiling proc-macro2 v0.4.30
[INFO] [stderr]     Checking tinyvec_macros v0.1.0
[INFO] [stderr]     Checking hashbrown v0.9.1
[INFO] [stderr]    Compiling proc-macro-nested v0.1.7
[INFO] [stderr]    Compiling ryu v1.0.5
[INFO] [stderr]     Checking tinyvec v1.1.0
[INFO] [stderr]     Checking futures-channel v0.3.12
[INFO] [stderr]     Checking futures v0.1.30
[INFO] [stderr]     Checking futures-task v0.3.12
[INFO] [stderr]    Compiling indexmap v1.6.1
[INFO] [stderr]     Checking unicode-bidi v0.3.4
[INFO] [stderr]    Compiling syn v0.15.44
[INFO] [stderr]    Compiling semver-parser v0.7.0
[INFO] [stderr]    Compiling serde_json v1.0.61
[INFO] [stderr]     Checking futures-io v0.3.12
[INFO] [stderr]    Compiling miniz_oxide v0.4.3
[INFO] [stderr]     Checking instant v0.1.9
[INFO] [stderr]    Compiling semver v0.9.0
[INFO] [stderr]    Compiling pin-project-internal v0.4.27
[INFO] [stderr]     Checking iovec v0.1.4
[INFO] [stderr]    Compiling quote v1.0.8
[INFO] [stderr]     Checking num_cpus v1.13.0
[INFO] [stderr]     Checking net2 v0.2.37
[INFO] [stderr]     Checking signal-hook-registry v1.3.0
[INFO] [stderr]     Checking parking_lot_core v0.8.2
[INFO] [stderr]    Compiling crossbeam-utils v0.7.2
[INFO] [stderr]    Compiling rustc_version v0.2.3
[INFO] [stderr]     Checking bytes v1.0.1
[INFO] [stderr]     Checking adler v0.2.3
[INFO] [stderr]     Checking mio v0.6.23
[INFO] [stderr]    Compiling quote v0.6.13
[INFO] [stderr]    Compiling maybe-uninit v2.0.0
[INFO] [stderr]     Checking getrandom v0.1.16
[INFO] [stderr]     Checking gimli v0.23.0
[INFO] [stderr]     Checking unicode-normalization v0.1.16
[INFO] [stderr]     Checking bytes v0.4.12
[INFO] [stderr]     Checking rand_core v0.5.1
[INFO] [stderr]     Checking object v0.22.0
[INFO] [stderr]     Checking ppv-lite86 v0.2.10
[INFO] [stderr]     Checking rustc-demangle v0.1.18
[INFO] [stderr]     Checking pin-project-lite v0.1.11
[INFO] [stderr]     Checking time v0.1.44
[INFO] [stderr]    Compiling yansi v0.5.0
[INFO] [stderr]     Checking http v0.2.3
[INFO] [stderr]    Compiling cfg-if v0.1.10
[INFO] [stderr]    Compiling parking_lot_core v0.6.2
[INFO] [stderr]    Compiling version_check v0.1.5
[INFO] [stderr]     Checking mio-uds v0.6.8
[INFO] [stderr]     Checking language-tags v0.2.2
[INFO] [stderr]     Checking rand_chacha v0.2.2
[INFO] [stderr]     Checking tokio-executor v0.1.10
[INFO] [stderr]     Checking tokio-io v0.1.13
[INFO] [stderr]     Checking smallvec v0.6.14
[INFO] [stderr]    Compiling parking_lot v0.9.0
[INFO] [stderr]     Checking threadpool v1.8.1
[INFO] [stderr]    Compiling memoffset v0.5.6
[INFO] [stderr]    Compiling standback v0.2.14
[INFO] [stderr]    Compiling unicase v1.4.2
[INFO] [stderr]     Checking rand v0.7.3
[INFO] [stderr]     Checking tracing-core v0.1.17
[INFO] [stderr]    Compiling unicode-segmentation v1.7.1
[INFO] [stderr]     Checking generic-array v0.12.3
[INFO] [stderr]    Compiling pear_codegen v0.1.4
[INFO] [stderr]     Checking form_urlencoded v1.0.0
[INFO] [stderr]    Compiling crossbeam-epoch v0.8.2
[INFO] [stderr]    Compiling num-traits v0.2.14
[INFO] [stderr]     Checking lock_api v0.3.4
[INFO] [stderr]    Compiling subtle v2.4.0
[INFO] [stderr]    Compiling opaque-debug v0.2.3
[INFO] [stderr]     Checking copyless v0.1.5
[INFO] [stderr]    Compiling block-cipher-trait v0.6.2
[INFO] [stderr]    Compiling universal-hash v0.3.0
[INFO] [stderr]    Compiling digest v0.8.1
[INFO] [stderr]    Compiling heck v0.3.2
[INFO] [stderr]     Checking tokio-sync v0.1.8
[INFO] [stderr]    Compiling num-integer v0.1.44
[INFO] [stderr]    Compiling generic-array v0.14.4
[INFO] [stderr]    Compiling subtle v1.0.0
[INFO] [stderr]     Checking linked-hash-map v0.5.4
[INFO] [stderr]    Compiling byte-tools v0.3.1
[INFO] [stderr]    Compiling block-padding v0.1.5
[INFO] [stderr]    Compiling crypto-mac v0.7.0
[INFO] [stderr]    Compiling polyval v0.3.3
[INFO] [stderr]    Compiling aes-soft v0.3.3
[INFO] [stderr]     Checking idna v0.2.0
[INFO] [stderr]     Checking tokio-reactor v0.1.12
[INFO] [stderr]    Compiling const_fn v0.4.5
[INFO] [stderr]     Checking match_cfg v0.1.0
[INFO] [stderr]    Compiling cc v1.0.66
[INFO] [stderr]     Checking base64 v0.12.3
[INFO] [stderr]     Checking hostname v0.3.1
[INFO] [stderr]    Compiling log v0.3.9
[INFO] [stderr]     Checking crossbeam-deque v0.7.3
[INFO] [stderr]    Compiling aes v0.3.2
[INFO] [stderr]    Compiling ghash v0.2.3
[INFO] [stderr]    Compiling hmac v0.7.1
[INFO] [stderr]    Compiling block-buffer v0.7.3
[INFO] [stderr]    Compiling aead v0.2.0
[INFO] [stderr]     Checking url v2.2.0
[INFO] [stderr]     Checking tokio-codec v0.1.2
[INFO] [stderr]     Checking idna v0.1.5
[INFO] [stderr]     Checking crossbeam-queue v0.2.3
[INFO] [stderr]     Checking socket2 v0.3.19
[INFO] [stderr]    Compiling time v0.2.24
[INFO] [stderr]    Compiling failure_derive v0.1.8
[INFO] [stderr]     Checking quick-error v1.2.3
[INFO] [stderr]     Checking addr2line v0.14.1
[INFO] [stderr]     Checking dtoa v0.4.7
[INFO] [stderr]    Compiling safemem v0.3.3
[INFO] [stderr]    Compiling fake-simd v0.1.2
[INFO] [stderr]    Compiling zeroize v1.2.0
[INFO] [stderr]    Compiling crc32fast v1.2.1
[INFO] [stderr]     Checking percent-encoding v1.0.1
[INFO] [stderr]    Compiling sha2 v0.8.2
[INFO] [stderr]    Compiling base64 v0.9.3
[INFO] [stderr]     Checking resolv-conf v0.7.0
[INFO] [stderr]    Compiling aes-gcm v0.5.0
[INFO] [stderr]     Checking backtrace v0.3.55
[INFO] [stderr]     Checking url v1.7.2
[INFO] [stderr]     Checking tokio-threadpool v0.1.18
[INFO] [stderr]    Compiling hkdf v0.8.0
[INFO] [stderr]    Compiling mime v0.2.6
[INFO] [stderr]    Compiling brotli-sys v0.3.2
[INFO] [stderr]     Checking lru-cache v0.1.2
[INFO] [stderr]     Checking http v0.1.21
[INFO] [stderr]     Checking aho-corasick v0.7.15
[INFO] [stderr]    Compiling tokio v1.0.2
[INFO] [stderr]    Compiling cookie v0.14.3
[INFO] [stderr]     Checking thread_local v1.1.0
[INFO] [stderr]    Compiling percent-encoding v2.1.0
[INFO] [stderr]     Checking regex-syntax v0.6.22
[INFO] [stderr]    Compiling traitobject v0.1.0
[INFO] [stderr]    Compiling encoding_rs v0.8.26
[INFO] [stderr]    Compiling typeable v0.1.2
[INFO] [stdout] error[E0119]: conflicting implementations of trait `Trait` for type `(dyn Send + Sync + 'static)`
[INFO] [stdout]   --> /opt/rustwide/cargo-home/registry/src/index.crates.io-1949cf8c6b5b557f/traitobject-0.1.0/src/impls.rs:72:1
[INFO] [stdout]    |
[INFO] [stdout] 71 | unsafe impl Trait for ::std::marker::Send + Sync { }
[INFO] [stdout]    | ------------------------------------------------ first implementation here
[INFO] [stdout] 72 | unsafe impl Trait for ::std::marker::Send + Send + Sync { }
[INFO] [stdout]    | ^^^^^^^^^^^^^^^^^^^^^^^^^^^^^^^^^^^^^^^^^^^^^^^^^^^^^^^ conflicting implementation for `(dyn Send + Sync + 'static)`
[INFO] [stdout] 
[INFO] [stdout] 
[INFO] [stdout] error[E0119]: conflicting implementations of trait `Trait` for type `(dyn Send + Sync + 'static)`
[INFO] [stdout]   --> /opt/rustwide/cargo-home/registry/src/index.crates.io-1949cf8c6b5b557f/traitobject-0.1.0/src/impls.rs:73:1
[INFO] [stdout]    |
[INFO] [stdout] 71 | unsafe impl Trait for ::std::marker::Send + Sync { }
[INFO] [stdout]    | ------------------------------------------------ first implementation here
[INFO] [stdout] 72 | unsafe impl Trait for ::std::marker::Send + Send + Sync { }
[INFO] [stdout] 73 | unsafe impl Trait for ::std::marker::Sync + Send { }
[INFO] [stdout]    | ^^^^^^^^^^^^^^^^^^^^^^^^^^^^^^^^^^^^^^^^^^^^^^^^ conflicting implementation for `(dyn Send + Sync + 'static)`
[INFO] [stdout] 
[INFO] [stdout] 
[INFO] [stdout] error[E0119]: conflicting implementations of trait `Trait` for type `(dyn Send + Sync + 'static)`
[INFO] [stdout]   --> /opt/rustwide/cargo-home/registry/src/index.crates.io-1949cf8c6b5b557f/traitobject-0.1.0/src/impls.rs:75:1
[INFO] [stdout]    |
[INFO] [stdout] 71 | unsafe impl Trait for ::std::marker::Send + Sync { }
[INFO] [stdout]    | ------------------------------------------------ first implementation here
[INFO] [stdout] ...
[INFO] [stdout] 75 | unsafe impl Trait for ::std::marker::Sync + Send + Sync { }
[INFO] [stdout]    | ^^^^^^^^^^^^^^^^^^^^^^^^^^^^^^^^^^^^^^^^^^^^^^^^^^^^^^^ conflicting implementation for `(dyn Send + Sync + 'static)`
[INFO] [stdout] 
[INFO] [stdout] 
[INFO] [stdout] For more information about this error, try `rustc --explain E0119`.
[INFO] [stdout] 
[INFO] [stderr] error: could not compile `traitobject` (lib) due to 3 previous errors
[INFO] [stderr] warning: build failed, waiting for other jobs to finish...
[INFO] running `Command { std: "docker" "inspect" "a63ff7b99dfc8e4a8980472e0bbcfac07f07bb28a269fade5c82a2349f1661d3", kill_on_drop: false }`
[INFO] running `Command { std: "docker" "rm" "-f" "a63ff7b99dfc8e4a8980472e0bbcfac07f07bb28a269fade5c82a2349f1661d3", kill_on_drop: false }`
[INFO] [stdout] a63ff7b99dfc8e4a8980472e0bbcfac07f07bb28a269fade5c82a2349f1661d3
