[INFO] cloning repository https://github.com/codacy-open-source-project-scans/device-mapper-persistent-data
[INFO] running `Command { std: "git" "-c" "credential.helper=" "-c" "credential.helper=/workspace/cargo-home/bin/git-credential-null" "clone" "--bare" "https://github.com/codacy-open-source-project-scans/device-mapper-persistent-data" "/workspace/cache/git-repos/https%3A%2F%2Fgithub.com%2Fcodacy-open-source-project-scans%2Fdevice-mapper-persistent-data", kill_on_drop: false }`
[INFO] [stderr] Cloning into bare repository '/workspace/cache/git-repos/https%3A%2F%2Fgithub.com%2Fcodacy-open-source-project-scans%2Fdevice-mapper-persistent-data'...
[INFO] running `Command { std: "git" "rev-parse" "HEAD", kill_on_drop: false }`
[INFO] [stdout] 870c6d834619f4e8aa11013c2f23f299bcbc1472
[INFO] checking codacy-open-source-project-scans/device-mapper-persistent-data against 0335fc7ee9e33d92e03d99f3e2fb0fe6119f3cc0 for pr-158915-1
[INFO] running `Command { std: "git" "clone" "/workspace/cache/git-repos/https%3A%2F%2Fgithub.com%2Fcodacy-open-source-project-scans%2Fdevice-mapper-persistent-data" "/workspace/builds/worker-0-tc2/source", kill_on_drop: false }`
[INFO] [stderr] Cloning into '/workspace/builds/worker-0-tc2/source'...
[INFO] [stderr] done.
[INFO] started tweaking git repo https://github.com/codacy-open-source-project-scans/device-mapper-persistent-data
[INFO] finished tweaking git repo https://github.com/codacy-open-source-project-scans/device-mapper-persistent-data
[INFO] tweaked toml for git repo https://github.com/codacy-open-source-project-scans/device-mapper-persistent-data written to /workspace/builds/worker-0-tc2/source/Cargo.toml
[INFO] validating manifest of git repo https://github.com/codacy-open-source-project-scans/device-mapper-persistent-data on toolchain 0335fc7ee9e33d92e03d99f3e2fb0fe6119f3cc0
[INFO] running `Command { std: CARGO_HOME="/workspace/cargo-home" RUSTUP_HOME="/workspace/rustup-home" "/workspace/cargo-home/bin/cargo" "+0335fc7ee9e33d92e03d99f3e2fb0fe6119f3cc0" "metadata" "--manifest-path" "Cargo.toml" "--no-deps", kill_on_drop: false }`
[INFO] crate git repo https://github.com/codacy-open-source-project-scans/device-mapper-persistent-data already has a lockfile, it will not be regenerated
[INFO] running `Command { std: CARGO_HOME="/workspace/cargo-home" RUSTUP_HOME="/workspace/rustup-home" "/workspace/cargo-home/bin/cargo" "+0335fc7ee9e33d92e03d99f3e2fb0fe6119f3cc0" "fetch" "--manifest-path" "Cargo.toml", kill_on_drop: false }`
[INFO] [stderr] warning: binary `pdata_tools` should have a kebab-case name
[INFO] [stderr]   |
[INFO] [stderr] 1 | /workspace/builds/worker-0-tc2/source/target/.../pdata_tools
[INFO] [stderr]   |                                                  ^^^^^^^^^^^
[INFO] [stderr]   |
[INFO] [stderr]   = note: `cargo::non_kebab_case_bins` is set to `warn` by default
[INFO] [stderr] help: to change the binary name to `pdata-tools`, convert the file stem
[INFO] [stderr]   |
[INFO] [stderr] 1 - src/bin/pdata_tools.rs
[INFO] [stderr] 1 + src/bin/pdata-tools.rs
[INFO] [stderr]   |
[INFO] [stderr] warning: binary `pdata_tools_dev` should have a kebab-case name
[INFO] [stderr]   |
[INFO] [stderr] 1 | /workspace/builds/worker-0-tc2/source/target/.../pdata_tools_dev
[INFO] [stderr]   |                                                  ^^^^^^^^^^^^^^^
[INFO] [stderr]   |
[INFO] [stderr] help: to change the binary name to `pdata-tools-dev`, convert `bin.name`
[INFO] [stderr]  --> Cargo.toml:2:8
[INFO] [stderr]   |
[INFO] [stderr] 2 - name = "pdata_tools_dev"
[INFO] [stderr] 2 + name = "pdata-tools-dev"
[INFO] [stderr]   |
[INFO] [stderr] warning: `thinp` (manifest) generated 2 warnings
[INFO] [stderr]     Blocking waiting for file lock on package cache
[INFO] [stderr]     Blocking waiting for file lock on package cache
[INFO] [stderr]  Downloading crates ...
[INFO] [stderr]   Downloaded instability v0.3.9
[INFO] [stderr]   Downloaded roaring v0.11.2
[INFO] [stderr]   Downloaded ratatui-termion v0.1.0
[INFO] [stderr]   Downloaded retry v2.1.0
[INFO] [stderr]   Downloaded crc32c v0.6.8
[INFO] [stderr]   Downloaded udev v0.9.3
[INFO] [stderr]   Downloaded termion v4.0.5
[INFO] [stderr]   Downloaded quickcheck_macros v1.1.0
[INFO] [stderr]   Downloaded quickcheck v1.0.3
[INFO] [stderr]   Downloaded sigchld v0.2.4
[INFO] [stderr]   Downloaded shared_child v1.1.1
[INFO] [stderr]   Downloaded devicemapper-sys v0.3.3
[INFO] [stderr]   Downloaded shared_thread v0.2.0
[INFO] [stderr]   Downloaded duct v1.1.1
[INFO] [stderr]   Downloaded console v0.16.1
[INFO] [stderr]   Downloaded devicemapper v0.34.5
[INFO] [stderr]   Downloaded clap v4.5.52
[INFO] [stderr]   Downloaded io-uring v0.7.11
[INFO] [stderr]   Downloaded clap_builder v4.5.52
[INFO] [stderr]   Downloaded os_pipe v1.2.3
[INFO] running `Command { std: "docker" "create" "-v" "/var/lib/crater-agent-workspace/builds/worker-0-tc2/source:/opt/rustwide/workdir:ro,Z" "-v" "/var/lib/crater-agent-workspace/builds/worker-0-tc2/target:/opt/rustwide/target:rw,Z" "-v" "/var/lib/crater-agent-workspace/cargo-home:/opt/rustwide/cargo-home:ro,Z" "-v" "/var/lib/crater-agent-workspace/rustup-home:/opt/rustwide/rustup-home:ro,Z" "-m" "1610612736" "--network" "none" "ghcr.io/rust-lang/crates-build-env/linux@sha256:8683fc1fc2eb5c9ac98e0d076ab094b2ffac7f99da555d2b6a2e27f346de2ec7" "sleep" "infinity", kill_on_drop: false }`
[INFO] [stdout] cc69c98f9c793ccaff3b5d9ccd01395a5713a73298dc7d4b7f58acfa81de7581
[INFO] running `Command { std: "docker" "start" "cc69c98f9c793ccaff3b5d9ccd01395a5713a73298dc7d4b7f58acfa81de7581", kill_on_drop: false }`
[INFO] running `Command { std: "docker" "inspect" "cc69c98f9c793ccaff3b5d9ccd01395a5713a73298dc7d4b7f58acfa81de7581", kill_on_drop: false }`
[INFO] running `Command { std: "docker" "exec" "-e" "SOURCE_DIR=/opt/rustwide/workdir" "-e" "CARGO_HOME=/opt/rustwide/cargo-home" "-e" "RUSTUP_HOME=/opt/rustwide/rustup-home" "-e" "CARGO_TARGET_DIR=/opt/rustwide/target" "-w" "/opt/rustwide/workdir" "--user" "0:0" "cc69c98f9c793ccaff3b5d9ccd01395a5713a73298dc7d4b7f58acfa81de7581" "/opt/rustwide/cargo-home/bin/cargo" "+0335fc7ee9e33d92e03d99f3e2fb0fe6119f3cc0" "metadata" "--no-deps" "--format-version=1", kill_on_drop: false }`
[INFO] running `Command { std: "docker" "inspect" "cc69c98f9c793ccaff3b5d9ccd01395a5713a73298dc7d4b7f58acfa81de7581", kill_on_drop: false }`
[INFO] running `Command { std: "docker" "exec" "-e" "SOURCE_DIR=/opt/rustwide/workdir" "-e" "CARGO_HOME=/opt/rustwide/cargo-home" "-e" "RUSTUP_HOME=/opt/rustwide/rustup-home" "-e" "CARGO_TARGET_DIR=/opt/rustwide/target" "-e" "CARGO_INCREMENTAL=0" "-e" "RUST_BACKTRACE=full" "-e" "RUSTFLAGS=--cap-lints=forbid" "-e" "RUSTDOCFLAGS=--cap-lints=forbid" "-w" "/opt/rustwide/workdir" "--user" "0:0" "cc69c98f9c793ccaff3b5d9ccd01395a5713a73298dc7d4b7f58acfa81de7581" "/opt/rustwide/cargo-home/bin/cargo" "+0335fc7ee9e33d92e03d99f3e2fb0fe6119f3cc0" "check" "--frozen" "--all" "--all-targets" "--message-format=json", kill_on_drop: false }`
[INFO] [stderr] warning: binary `pdata_tools` should have a kebab-case name
[INFO] [stderr]   |
[INFO] [stderr] 1 | /opt/rustwide/target/.../pdata_tools
[INFO] [stderr]   |                          ^^^^^^^^^^^
[INFO] [stderr]   |
[INFO] [stderr]   = note: `cargo::non_kebab_case_bins` is set to `warn` by default
[INFO] [stderr] help: to change the binary name to `pdata-tools`, convert the file stem
[INFO] [stderr]   |
[INFO] [stderr] 1 - src/bin/pdata_tools.rs
[INFO] [stderr] 1 + src/bin/pdata-tools.rs
[INFO] [stderr]   |
[INFO] [stderr] warning: binary `pdata_tools_dev` should have a kebab-case name
[INFO] [stderr]   |
[INFO] [stderr] 1 | /opt/rustwide/target/.../pdata_tools_dev
[INFO] [stderr]   |                          ^^^^^^^^^^^^^^^
[INFO] [stderr]   |
[INFO] [stderr] help: to change the binary name to `pdata-tools-dev`, convert `bin.name`
[INFO] [stderr]  --> Cargo.toml:2:8
[INFO] [stderr]   |
[INFO] [stderr] 2 - name = "pdata_tools_dev"
[INFO] [stderr] 2 + name = "pdata-tools-dev"
[INFO] [stderr]   |
[INFO] [stderr] warning: `thinp` (manifest) generated 2 warnings
[INFO] [stderr]    Compiling libc v0.2.177
[INFO] [stderr]    Compiling proc-macro2 v1.0.103
[INFO] [stderr]    Compiling quote v1.0.42
[INFO] [stderr]    Compiling unicode-ident v1.0.22
[INFO] [stderr]    Compiling glob v0.3.3
[INFO] [stderr]    Compiling prettyplease v0.2.37
[INFO] [stderr]    Compiling memchr v2.7.6
[INFO] [stderr]    Compiling regex-syntax v0.8.8
[INFO] [stderr]    Compiling libloading v0.8.9
[INFO] [stderr]    Compiling either v1.15.0
[INFO] [stderr]    Compiling clang-sys v1.8.1
[INFO] [stderr]     Checking bitflags v2.10.0
[INFO] [stderr]    Compiling nom v7.1.3
[INFO] [stderr]    Compiling bindgen v0.72.1
[INFO] [stderr]    Compiling itertools v0.13.0
[INFO] [stderr]    Compiling rustversion v1.0.22
[INFO] [stderr]    Compiling log v0.4.28
[INFO] [stderr]    Compiling rustc-hash v2.1.1
[INFO] [stderr]     Checking aho-corasick v1.1.4
[INFO] [stderr]    Compiling thiserror v2.0.17
[INFO] [stderr]    Compiling syn v2.0.110
[INFO] [stderr]    Compiling semver v1.0.27
[INFO] [stderr]     Checking unicode-width v0.2.0
[INFO] [stderr]    Compiling regex-automata v0.4.13
[INFO] [stderr]     Checking anstyle v1.0.13
[INFO] [stderr]     Checking hashbrown v0.16.1
[INFO] [stderr]    Compiling zerocopy v0.8.27
[INFO] [stderr]     Checking itertools v0.14.0
[INFO] [stderr]     Checking getrandom v0.3.4
[INFO] [stderr]     Checking castaway v0.2.4
[INFO] [stderr]    Compiling instability v0.3.9
[INFO] [stderr]    Compiling indoc v2.0.7
[INFO] [stderr]     Checking compact_str v0.9.0
[INFO] [stderr]    Compiling cexpr v0.6.0
[INFO] [stderr]     Checking lru v0.16.4
[INFO] [stderr]     Checking anstyle-parse v0.2.7
[INFO] [stderr]     Checking deranged v0.5.8
[INFO] [stderr]    Compiling regex v1.12.2
[INFO] [stderr]     Checking unicode-truncate v2.0.1
[INFO] [stderr]    Compiling nix v0.30.1
[INFO] [stderr]     Checking rand_core v0.9.3
[INFO] [stderr]    Compiling rustc_version v0.4.1
[INFO] [stderr]    Compiling libudev-sys v0.1.4
[INFO] [stderr]    Compiling serde v1.0.228
[INFO] [stderr]     Checking colorchoice v1.0.4
[INFO] [stderr]    Compiling io-lifetimes v1.0.11
[INFO] [stderr]     Checking time-core v0.1.8
[INFO] [stderr]     Checking num-conv v0.2.1
[INFO] [stderr]     Checking num_threads v0.1.7
[INFO] [stderr]    Compiling portable-atomic v1.13.1
[INFO] [stderr]     Checking anstream v0.6.21
[INFO] [stderr]    Compiling num-traits v0.2.19
[INFO] [stderr]    Compiling darling_core v0.20.11
[INFO] [stderr]     Checking ppv-lite86 v0.2.21
[INFO] [stderr]     Checking time v0.3.47
[INFO] [stderr]     Checking termion v4.0.5
[INFO] [stderr]    Compiling crc32c v0.6.8
[INFO] [stderr]     Checking rand_chacha v0.9.0
[INFO] [stderr]     Checking env_filter v0.1.4
[INFO] [stderr]     Checking line-clipping v0.3.5
[INFO] [stderr]     Checking clap_lex v0.7.6
[INFO] [stderr]    Compiling signal-hook v0.3.18
[INFO] [stderr]     Checking jiff v0.2.16
[INFO] [stderr]     Checking simd-adler32 v0.3.7
[INFO] [stderr]    Compiling anyhow v1.0.100
[INFO] [stderr]     Checking clap_builder v4.5.52
[INFO] [stderr]     Checking miniz_oxide v0.8.9
[INFO] [stderr]     Checking rand v0.9.4
[INFO] [stderr]     Checking console v0.16.1
[INFO] [stderr]    Compiling thiserror-impl v2.0.17
[INFO] [stderr]    Compiling strum_macros v0.27.2
[INFO] [stderr]     Checking signal-hook-registry v1.4.6
[INFO] [stderr]     Checking bytemuck v1.24.0
[INFO] [stderr]     Checking retry v2.1.0
[INFO] [stderr]     Checking unit-prefix v0.5.2
[INFO] [stderr]     Checking roaring v0.11.2
[INFO] [stderr]     Checking indicatif v0.18.3
[INFO] [stderr]     Checking clap v4.5.52
[INFO] [stderr]     Checking udev v0.9.3
[INFO] [stderr]    Compiling darling_macro v0.20.11
[INFO] [stderr]    Compiling num-derive v0.4.2
[INFO] [stderr]    Compiling darling v0.20.11
[INFO] [stderr]     Checking kasuari v0.4.12
[INFO] [stderr]     Checking flate2 v1.1.5
[INFO] [stderr]     Checking num_cpus v1.17.0
[INFO] [stderr]     Checking getrandom v0.2.16
[INFO] [stderr]     Checking os_pipe v1.2.3
[INFO] [stderr]     Checking iovec v0.1.4
[INFO] [stderr]     Checking nom v8.0.0
[INFO] [stderr]     Checking quick-xml v0.38.4
[INFO] [stderr]     Checking predicates-core v1.0.9
[INFO] [stderr]     Checking fixedbitset v0.5.7
[INFO] [stderr]    Compiling rustix v1.1.2
[INFO] [stderr]     Checking data-encoding v2.9.0
[INFO] [stderr]     Checking rangemap v1.7.0
[INFO] [stderr]    Compiling mockall_derive v0.13.1
[INFO] [stderr]     Checking exitcode v1.1.2
[INFO] [stderr]     Checking sigchld v0.2.4
[INFO] [stderr]     Checking rand_core v0.6.4
[INFO] [stderr]     Checking termtree v0.5.1
[INFO] [stderr]     Checking strum v0.27.2
[INFO] [stderr]     Checking shared_child v1.1.1
[INFO] [stderr]     Checking ratatui-core v0.1.0
[INFO] [stderr]     Checking predicates-tree v1.0.12
[INFO] [stderr]     Checking rand v0.8.6
[INFO] [stderr]     Checking predicates v3.1.3
[INFO] [stderr]     Checking env_logger v0.8.4
[INFO] [stderr]     Checking env_logger v0.11.8
[INFO] [stderr]     Checking fragile v2.0.1
[INFO] [stderr]     Checking shared_thread v0.2.0
[INFO] [stderr]     Checking downcast v0.11.0
[INFO] [stderr]     Checking duct v1.1.1
[INFO] [stderr]     Checking quickcheck v1.0.3
[INFO] [stderr]    Compiling quickcheck_macros v1.1.0
[INFO] [stderr]     Checking ratatui-widgets v0.3.0
[INFO] [stderr]     Checking ratatui-termion v0.1.0
[INFO] [stderr]     Checking tempfile v3.23.0
[INFO] [stderr]     Checking ratatui v0.30.0
[INFO] [stderr]    Compiling devicemapper-sys v0.3.3
[INFO] [stderr]     Checking mockall v0.13.1
[INFO] [stderr]    Compiling devicemapper v0.34.5
[INFO] [stderr]     Checking thinp v1.3.2 (/opt/rustwide/workdir)
[INFO] [stdout] error[E0583]: file not found for module `version`
[INFO] [stdout]   --> src/lib.rs:26:1
[INFO] [stdout]    |
[INFO] [stdout] 26 | pub mod version;
[INFO] [stdout]    | ^^^^^^^^^^^^^^^^
[INFO] [stdout]    |
[INFO] [stdout]    = help: to create the module `version`, create file "src/version.rs" or "src/version/mod.rs"
[INFO] [stdout]    = note: if there is a `mod version` elsewhere in the crate already, import it with `use crate::...` instead
[INFO] [stdout] 
[INFO] [stdout] 
[INFO] [stdout] error[E0433]: cannot find `tools_version` in the crate root
[INFO] [stdout]   --> src/commands/cache_check.rs:21:29
[INFO] [stdout]    |
[INFO] [stdout] 21 |             .version(crate::tools_version!())
[INFO] [stdout]    |                             ^^^^^^^^^^^^^ could not find `tools_version` in the crate root
[INFO] [stdout] 
[INFO] [stdout] 
[INFO] [stdout] error[E0433]: cannot find `tools_version` in the crate root
[INFO] [stdout]   --> src/commands/cache_dump.rs:20:29
[INFO] [stdout]    |
[INFO] [stdout] 20 |             .version(crate::tools_version!())
[INFO] [stdout]    |                             ^^^^^^^^^^^^^ could not find `tools_version` in the crate root
[INFO] [stdout] 
[INFO] [stdout] 
[INFO] [stdout] error[E0433]: cannot find `tools_version` in the crate root
[INFO] [stdout]   --> src/commands/cache_metadata_size.rs:46:29
[INFO] [stdout]    |
[INFO] [stdout] 46 |             .version(crate::tools_version!())
[INFO] [stdout]    |                             ^^^^^^^^^^^^^ could not find `tools_version` in the crate root
[INFO] [stdout] 
[INFO] [stdout] 
[INFO] [stdout] error[E0433]: cannot find `tools_version` in the crate root
[INFO] [stdout]   --> src/commands/cache_repair.rs:19:29
[INFO] [stdout]    |
[INFO] [stdout] 19 |             .version(crate::tools_version!())
[INFO] [stdout]    |                             ^^^^^^^^^^^^^ could not find `tools_version` in the crate root
[INFO] [stdout] 
[INFO] [stdout] 
[INFO] [stdout] error[E0433]: cannot find `tools_version` in the crate root
[INFO] [stdout]   --> src/commands/cache_restore.rs:20:29
[INFO] [stdout]    |
[INFO] [stdout] 20 |             .version(crate::tools_version!())
[INFO] [stdout]    |                             ^^^^^^^^^^^^^ could not find `tools_version` in the crate root
[INFO] [stdout] 
[INFO] [stdout] 
[INFO] [stdout] error[E0433]: cannot find `tools_version` in the crate root
[INFO] [stdout]   --> src/commands/cache_writeback.rs:18:29
[INFO] [stdout]    |
[INFO] [stdout] 18 |             .version(crate::tools_version!())
[INFO] [stdout]    |                             ^^^^^^^^^^^^^ could not find `tools_version` in the crate root
[INFO] [stdout] 
[INFO] [stdout] 
[INFO] [stdout] error[E0433]: cannot find `tools_version` in the crate root
[INFO] [stdout]   --> src/commands/era_check.rs:21:29
[INFO] [stdout]    |
[INFO] [stdout] 21 |             .version(crate::tools_version!())
[INFO] [stdout]    |                             ^^^^^^^^^^^^^ could not find `tools_version` in the crate root
[INFO] [stdout] 
[INFO] [stdout] 
[INFO] [stdout] error[E0433]: cannot find `tools_version` in the crate root
[INFO] [stdout]   --> src/commands/era_dump.rs:20:29
[INFO] [stdout]    |
[INFO] [stdout] 20 |             .version(crate::tools_version!())
[INFO] [stdout]    |                             ^^^^^^^^^^^^^ could not find `tools_version` in the crate root
[INFO] [stdout] 
[INFO] [stdout] 
[INFO] [stdout] error[E0433]: cannot find `tools_version` in the crate root
[INFO] [stdout]   --> src/commands/era_invalidate.rs:18:29
[INFO] [stdout]    |
[INFO] [stdout] 18 |             .version(crate::tools_version!())
[INFO] [stdout]    |                             ^^^^^^^^^^^^^ could not find `tools_version` in the crate root
[INFO] [stdout] 
[INFO] [stdout] 
[INFO] [stdout] error[E0433]: cannot find `tools_version` in the crate root
[INFO] [stdout]   --> src/commands/era_repair.rs:19:29
[INFO] [stdout]    |
[INFO] [stdout] 19 |             .version(crate::tools_version!())
[INFO] [stdout]    |                             ^^^^^^^^^^^^^ could not find `tools_version` in the crate root
[INFO] [stdout] 
[INFO] [stdout] 
[INFO] [stdout] error[E0433]: cannot find `tools_version` in the crate root
[INFO] [stdout]   --> src/commands/era_restore.rs:19:29
[INFO] [stdout]    |
[INFO] [stdout] 19 |             .version(crate::tools_version!())
[INFO] [stdout]    |                             ^^^^^^^^^^^^^ could not find `tools_version` in the crate root
[INFO] [stdout] 
[INFO] [stdout] 
[INFO] [stdout] error[E0433]: cannot find `tools_version` in the crate root
[INFO] [stdout]   --> src/commands/thin_check.rs:17:29
[INFO] [stdout]    |
[INFO] [stdout] 17 |             .version(crate::tools_version!())
[INFO] [stdout]    |                             ^^^^^^^^^^^^^ could not find `tools_version` in the crate root
[INFO] [stdout] 
[INFO] [stdout] 
[INFO] [stdout] error[E0433]: cannot find `tools_version` in the crate root
[INFO] [stdout]   --> src/commands/thin_delta.rs:22:29
[INFO] [stdout]    |
[INFO] [stdout] 22 |             .version(crate::tools_version!())
[INFO] [stdout]    |                             ^^^^^^^^^^^^^ could not find `tools_version` in the crate root
[INFO] [stdout] 
[INFO] [stdout] 
[INFO] [stdout] error[E0433]: cannot find `tools_version` in the crate root
[INFO] [stdout]   --> src/commands/thin_dump.rs:21:29
[INFO] [stdout]    |
[INFO] [stdout] 21 |             .version(crate::tools_version!())
[INFO] [stdout]    |                             ^^^^^^^^^^^^^ could not find `tools_version` in the crate root
[INFO] [stdout] 
[INFO] [stdout] 
[INFO] [stdout] error[E0433]: cannot find `tools_version` in the crate root
[INFO] [stdout]   --> src/commands/thin_ls.rs:19:29
[INFO] [stdout]    |
[INFO] [stdout] 19 |             .version(crate::tools_version!())
[INFO] [stdout]    |                             ^^^^^^^^^^^^^ could not find `tools_version` in the crate root
[INFO] [stdout] 
[INFO] [stdout] 
[INFO] [stdout] error[E0433]: cannot find `tools_version` in the crate root
[INFO] [stdout]   --> src/commands/thin_metadata_pack.rs:17:29
[INFO] [stdout]    |
[INFO] [stdout] 17 |             .version(crate::tools_version!())
[INFO] [stdout]    |                             ^^^^^^^^^^^^^ could not find `tools_version` in the crate root
[INFO] [stdout] 
[INFO] [stdout] 
[INFO] [stdout] error[E0433]: cannot find `tools_version` in the crate root
[INFO] [stdout]   --> src/commands/thin_metadata_size.rs:45:29
[INFO] [stdout]    |
[INFO] [stdout] 45 |             .version(crate::tools_version!())
[INFO] [stdout]    |                             ^^^^^^^^^^^^^ could not find `tools_version` in the crate root
[INFO] [stdout] 
[INFO] [stdout] 
[INFO] [stdout] error[E0433]: cannot find `tools_version` in the crate root
[INFO] [stdout]   --> src/commands/thin_metadata_unpack.rs:19:29
[INFO] [stdout]    |
[INFO] [stdout] 19 |             .version(crate::tools_version!())
[INFO] [stdout]    |                             ^^^^^^^^^^^^^ could not find `tools_version` in the crate root
[INFO] [stdout] 
[INFO] [stdout] 
[INFO] [stdout] error[E0433]: cannot find `tools_version` in the crate root
[INFO] [stdout]   --> src/commands/thin_migrate.rs:21:29
[INFO] [stdout]    |
[INFO] [stdout] 21 |             .version(crate::tools_version!())
[INFO] [stdout]    |                             ^^^^^^^^^^^^^ could not find `tools_version` in the crate root
[INFO] [stdout] 
[INFO] [stdout] 
[INFO] [stdout] error[E0433]: cannot find `tools_version` in the crate root
[INFO] [stdout]   --> src/commands/thin_repair.rs:20:29
[INFO] [stdout]    |
[INFO] [stdout] 20 |             .version(crate::tools_version!())
[INFO] [stdout]    |                             ^^^^^^^^^^^^^ could not find `tools_version` in the crate root
[INFO] [stdout] 
[INFO] [stdout] 
[INFO] [stdout] error[E0433]: cannot find `tools_version` in the crate root
[INFO] [stdout]   --> src/commands/thin_restore.rs:20:29
[INFO] [stdout]    |
[INFO] [stdout] 20 |             .version(crate::tools_version!())
[INFO] [stdout]    |                             ^^^^^^^^^^^^^ could not find `tools_version` in the crate root
[INFO] [stdout] 
[INFO] [stdout] 
[INFO] [stdout] error[E0433]: cannot find `tools_version` in the crate root
[INFO] [stdout]   --> src/commands/thin_rmap.rs:21:29
[INFO] [stdout]    |
[INFO] [stdout] 21 |             .version(crate::tools_version!())
[INFO] [stdout]    |                             ^^^^^^^^^^^^^ could not find `tools_version` in the crate root
[INFO] [stdout] 
[INFO] [stdout] 
[INFO] [stdout] error[E0433]: cannot find `tools_version` in the crate root
[INFO] [stdout]   --> src/commands/thin_shrink.rs:24:29
[INFO] [stdout]    |
[INFO] [stdout] 24 |             .version(crate::tools_version!())
[INFO] [stdout]    |                             ^^^^^^^^^^^^^ could not find `tools_version` in the crate root
[INFO] [stdout] 
[INFO] [stdout] 
[INFO] [stdout] error[E0433]: cannot find `tools_version` in the crate root
[INFO] [stdout]   --> src/commands/thin_trim.rs:22:29
[INFO] [stdout]    |
[INFO] [stdout] 22 |             .version(crate::tools_version!())
[INFO] [stdout]    |                             ^^^^^^^^^^^^^ could not find `tools_version` in the crate root
[INFO] [stdout] 
[INFO] [stdout] 
[INFO] [stdout] error[E0433]: cannot find `tools_version` in the crate root
[INFO] [stdout]   --> src/commands/cache_generate_damage.rs:19:29
[INFO] [stdout]    |
[INFO] [stdout] 19 |             .version(crate::tools_version!())
[INFO] [stdout]    |                             ^^^^^^^^^^^^^ could not find `tools_version` in the crate root
[INFO] [stdout] 
[INFO] [stdout] 
[INFO] [stdout] error[E0433]: cannot find `tools_version` in the crate root
[INFO] [stdout]   --> src/commands/cache_generate_metadata.rs:21:29
[INFO] [stdout]    |
[INFO] [stdout] 21 |             .version(crate::tools_version!())
[INFO] [stdout]    |                             ^^^^^^^^^^^^^ could not find `tools_version` in the crate root
[INFO] [stdout] 
[INFO] [stdout] 
[INFO] [stdout] error[E0433]: cannot find `tools_version` in the crate root
[INFO] [stdout]   --> src/commands/era_generate_metadata.rs:20:29
[INFO] [stdout]    |
[INFO] [stdout] 20 |             .version(crate::tools_version!())
[INFO] [stdout]    |                             ^^^^^^^^^^^^^ could not find `tools_version` in the crate root
[INFO] [stdout] 
[INFO] [stdout] 
[INFO] [stdout] error[E0433]: cannot find `tools_version` in the crate root
[INFO] [stdout]    --> src/commands/thin_explore.rs:883:29
[INFO] [stdout]     |
[INFO] [stdout] 883 |             .version(crate::tools_version!())
[INFO] [stdout]     |                             ^^^^^^^^^^^^^ could not find `tools_version` in the crate root
[INFO] [stdout] 
[INFO] [stdout] 
[INFO] [stdout] error[E0433]: cannot find `tools_version` in the crate root
[INFO] [stdout]   --> src/commands/thin_generate_damage.rs:19:29
[INFO] [stdout]    |
[INFO] [stdout] 19 |             .version(crate::tools_version!())
[INFO] [stdout]    |                             ^^^^^^^^^^^^^ could not find `tools_version` in the crate root
[INFO] [stdout] 
[INFO] [stdout] 
[INFO] [stdout] error[E0433]: cannot find `tools_version` in the crate root
[INFO] [stdout]   --> src/commands/thin_generate_metadata.rs:19:29
[INFO] [stdout]    |
[INFO] [stdout] 19 |             .version(crate::tools_version!())
[INFO] [stdout]    |                             ^^^^^^^^^^^^^ could not find `tools_version` in the crate root
[INFO] [stdout] 
[INFO] [stdout] 
[INFO] [stdout] error[E0433]: cannot find `tools_version` in the crate root
[INFO] [stdout]   --> src/commands/thin_stat.rs:19:29
[INFO] [stdout]    |
[INFO] [stdout] 19 |             .version(crate::tools_version!())
[INFO] [stdout]    |                             ^^^^^^^^^^^^^ could not find `tools_version` in the crate root
[INFO] [stdout] 
[INFO] [stdout] 
[INFO] [stdout] warning: unused import: `crate::version::*`
[INFO] [stdout]   --> src/commands/cache_check.rs:11:5
[INFO] [stdout]    |
[INFO] [stdout] 11 | use crate::version::*;
[INFO] [stdout]    |     ^^^^^^^^^^^^^^^^^
[INFO] [stdout]    |
[INFO] [stdout]    = note: `#[warn(unused_imports)]` (part of `#[warn(unused)]`) on by default
[INFO] [stdout] 
[INFO] [stdout] 
[INFO] [stdout] warning: unused import: `crate::version::*`
[INFO] [stdout]   --> src/commands/cache_dump.rs:10:5
[INFO] [stdout]    |
[INFO] [stdout] 10 | use crate::version::*;
[INFO] [stdout]    |     ^^^^^^^^^^^^^^^^^
[INFO] [stdout] 
[INFO] [stdout] 
[INFO] [stdout] warning: unused import: `crate::version::*`
[INFO] [stdout]   --> src/commands/cache_metadata_size.rs:14:5
[INFO] [stdout]    |
[INFO] [stdout] 14 | use crate::version::*;
[INFO] [stdout]    |     ^^^^^^^^^^^^^^^^^
[INFO] [stdout] 
[INFO] [stdout] 
[INFO] [stdout] warning: unused import: `crate::version::*`
[INFO] [stdout]   --> src/commands/cache_repair.rs:11:5
[INFO] [stdout]    |
[INFO] [stdout] 11 | use crate::version::*;
[INFO] [stdout]    |     ^^^^^^^^^^^^^^^^^
[INFO] [stdout] 
[INFO] [stdout] 
[INFO] [stdout] warning: unused import: `crate::version::*`
[INFO] [stdout]   --> src/commands/cache_restore.rs:12:5
[INFO] [stdout]    |
[INFO] [stdout] 12 | use crate::version::*;
[INFO] [stdout]    |     ^^^^^^^^^^^^^^^^^
[INFO] [stdout] 
[INFO] [stdout] 
[INFO] [stdout] warning: unused import: `crate::version::*`
[INFO] [stdout]   --> src/commands/cache_writeback.rs:10:5
[INFO] [stdout]    |
[INFO] [stdout] 10 | use crate::version::*;
[INFO] [stdout]    |     ^^^^^^^^^^^^^^^^^
[INFO] [stdout] 
[INFO] [stdout] 
[INFO] [stdout] warning: unused import: `crate::version::*`
[INFO] [stdout]   --> src/commands/era_check.rs:11:5
[INFO] [stdout]    |
[INFO] [stdout] 11 | use crate::version::*;
[INFO] [stdout]    |     ^^^^^^^^^^^^^^^^^
[INFO] [stdout] 
[INFO] [stdout] 
[INFO] [stdout] warning: unused import: `crate::version::*`
[INFO] [stdout]   --> src/commands/era_dump.rs:10:5
[INFO] [stdout]    |
[INFO] [stdout] 10 | use crate::version::*;
[INFO] [stdout]    |     ^^^^^^^^^^^^^^^^^
[INFO] [stdout] 
[INFO] [stdout] 
[INFO] [stdout] warning: unused import: `crate::version::*`
[INFO] [stdout]  --> src/commands/era_invalidate.rs:8:5
[INFO] [stdout]   |
[INFO] [stdout] 8 | use crate::version::*;
[INFO] [stdout]   |     ^^^^^^^^^^^^^^^^^
[INFO] [stdout] 
[INFO] [stdout] 
[INFO] [stdout] warning: unused import: `crate::version::*`
[INFO] [stdout]   --> src/commands/era_repair.rs:11:5
[INFO] [stdout]    |
[INFO] [stdout] 11 | use crate::version::*;
[INFO] [stdout]    |     ^^^^^^^^^^^^^^^^^
[INFO] [stdout] 
[INFO] [stdout] 
[INFO] [stdout] warning: unused import: `crate::version::*`
[INFO] [stdout]   --> src/commands/era_restore.rs:11:5
[INFO] [stdout]    |
[INFO] [stdout] 11 | use crate::version::*;
[INFO] [stdout]    |     ^^^^^^^^^^^^^^^^^
[INFO] [stdout] 
[INFO] [stdout] 
[INFO] [stdout] warning: unused import: `crate::version::*`
[INFO] [stdout]  --> src/commands/thin_check.rs:9:5
[INFO] [stdout]   |
[INFO] [stdout] 9 | use crate::version::*;
[INFO] [stdout]   |     ^^^^^^^^^^^^^^^^^
[INFO] [stdout] 
[INFO] [stdout] 
[INFO] [stdout] warning: unused import: `crate::version::*`
[INFO] [stdout]   --> src/commands/thin_delta.rs:12:5
[INFO] [stdout]    |
[INFO] [stdout] 12 | use crate::version::*;
[INFO] [stdout]    |     ^^^^^^^^^^^^^^^^^
[INFO] [stdout] 
[INFO] [stdout] 
[INFO] [stdout] warning: unused import: `crate::version::*`
[INFO] [stdout]   --> src/commands/thin_dump.rs:13:5
[INFO] [stdout]    |
[INFO] [stdout] 13 | use crate::version::*;
[INFO] [stdout]    |     ^^^^^^^^^^^^^^^^^
[INFO] [stdout] 
[INFO] [stdout] 
[INFO] [stdout] warning: unused import: `crate::version::*`
[INFO] [stdout]   --> src/commands/thin_ls.rs:11:5
[INFO] [stdout]    |
[INFO] [stdout] 11 | use crate::version::*;
[INFO] [stdout]    |     ^^^^^^^^^^^^^^^^^
[INFO] [stdout] 
[INFO] [stdout] 
[INFO] [stdout] warning: unused import: `crate::version::*`
[INFO] [stdout]  --> src/commands/thin_metadata_pack.rs:9:5
[INFO] [stdout]   |
[INFO] [stdout] 9 | use crate::version::*;
[INFO] [stdout]   |     ^^^^^^^^^^^^^^^^^
[INFO] [stdout] 
[INFO] [stdout] 
[INFO] [stdout] warning: unused import: `crate::version::*`
[INFO] [stdout]   --> src/commands/thin_metadata_size.rs:13:5
[INFO] [stdout]    |
[INFO] [stdout] 13 | use crate::version::*;
[INFO] [stdout]    |     ^^^^^^^^^^^^^^^^^
[INFO] [stdout] 
[INFO] [stdout] 
[INFO] [stdout] warning: unused import: `crate::version::*`
[INFO] [stdout]   --> src/commands/thin_metadata_unpack.rs:11:5
[INFO] [stdout]    |
[INFO] [stdout] 11 | use crate::version::*;
[INFO] [stdout]    |     ^^^^^^^^^^^^^^^^^
[INFO] [stdout] 
[INFO] [stdout] 
[INFO] [stdout] warning: unused import: `crate::version::*`
[INFO] [stdout]   --> src/commands/thin_migrate.rs:12:5
[INFO] [stdout]    |
[INFO] [stdout] 12 | use crate::version::*;
[INFO] [stdout]    |     ^^^^^^^^^^^^^^^^^
[INFO] [stdout] 
[INFO] [stdout] 
[INFO] [stdout] warning: unused import: `crate::version::*`
[INFO] [stdout]   --> src/commands/thin_repair.rs:12:5
[INFO] [stdout]    |
[INFO] [stdout] 12 | use crate::version::*;
[INFO] [stdout]    |     ^^^^^^^^^^^^^^^^^
[INFO] [stdout] 
[INFO] [stdout] 
[INFO] [stdout] warning: unused import: `crate::version::*`
[INFO] [stdout]   --> src/commands/thin_restore.rs:12:5
[INFO] [stdout]    |
[INFO] [stdout] 12 | use crate::version::*;
[INFO] [stdout]    |     ^^^^^^^^^^^^^^^^^
[INFO] [stdout] 
[INFO] [stdout] 
[INFO] [stdout] warning: unused import: `crate::version::*`
[INFO] [stdout]   --> src/commands/thin_rmap.rs:11:5
[INFO] [stdout]    |
[INFO] [stdout] 11 | use crate::version::*;
[INFO] [stdout]    |     ^^^^^^^^^^^^^^^^^
[INFO] [stdout] 
[INFO] [stdout] 
[INFO] [stdout] warning: unused import: `crate::version::*`
[INFO] [stdout]   --> src/commands/thin_shrink.rs:16:5
[INFO] [stdout]    |
[INFO] [stdout] 16 | use crate::version::*;
[INFO] [stdout]    |     ^^^^^^^^^^^^^^^^^
[INFO] [stdout] 
[INFO] [stdout] 
[INFO] [stdout] warning: unused import: `crate::version::*`
[INFO] [stdout]   --> src/commands/thin_trim.rs:11:5
[INFO] [stdout]    |
[INFO] [stdout] 11 | use crate::version::*;
[INFO] [stdout]    |     ^^^^^^^^^^^^^^^^^
[INFO] [stdout] 
[INFO] [stdout] 
[INFO] [stdout] warning: unused import: `crate::version::*`
[INFO] [stdout]  --> src/commands/cache_generate_damage.rs:8:5
[INFO] [stdout]   |
[INFO] [stdout] 8 | use crate::version::*;
[INFO] [stdout]   |     ^^^^^^^^^^^^^^^^^
[INFO] [stdout] 
[INFO] [stdout] 
[INFO] [stdout] warning: unused import: `crate::version::*`
[INFO] [stdout]   --> src/commands/cache_generate_metadata.rs:11:5
[INFO] [stdout]    |
[INFO] [stdout] 11 | use crate::version::*;
[INFO] [stdout]    |     ^^^^^^^^^^^^^^^^^
[INFO] [stdout] 
[INFO] [stdout] 
[INFO] [stdout] warning: unused import: `crate::version::*`
[INFO] [stdout]   --> src/commands/era_generate_metadata.rs:10:5
[INFO] [stdout]    |
[INFO] [stdout] 10 | use crate::version::*;
[INFO] [stdout]    |     ^^^^^^^^^^^^^^^^^
[INFO] [stdout] 
[INFO] [stdout] 
[INFO] [stdout] warning: unused import: `crate::version::*`
[INFO] [stdout]   --> src/commands/thin_explore.rs:41:5
[INFO] [stdout]    |
[INFO] [stdout] 41 | use crate::version::*;
[INFO] [stdout]    |     ^^^^^^^^^^^^^^^^^
[INFO] [stdout] 
[INFO] [stdout] 
[INFO] [stdout] warning: unused import: `crate::version::*`
[INFO] [stdout]  --> src/commands/thin_generate_damage.rs:8:5
[INFO] [stdout]   |
[INFO] [stdout] 8 | use crate::version::*;
[INFO] [stdout]   |     ^^^^^^^^^^^^^^^^^
[INFO] [stdout] 
[INFO] [stdout] 
[INFO] [stdout] warning: unused import: `crate::version::*`
[INFO] [stdout]  --> src/commands/thin_generate_metadata.rs:8:5
[INFO] [stdout]   |
[INFO] [stdout] 8 | use crate::version::*;
[INFO] [stdout]   |     ^^^^^^^^^^^^^^^^^
[INFO] [stdout] 
[INFO] [stdout] 
[INFO] [stdout] warning: unused import: `crate::version::*`
[INFO] [stdout]  --> src/commands/thin_stat.rs:8:5
[INFO] [stdout]   |
[INFO] [stdout] 8 | use crate::version::*;
[INFO] [stdout]   |     ^^^^^^^^^^^^^^^^^
[INFO] [stdout] 
[INFO] [stdout] 
[INFO] [stdout] warning: unused import: `crate::copier::sync_copier::*`
[INFO] [stdout]   --> src/thin/migrate/base.rs:10:5
[INFO] [stdout]    |
[INFO] [stdout] 10 | use crate::copier::sync_copier::*;
[INFO] [stdout]    |     ^^^^^^^^^^^^^^^^^^^^^^^^^^^^^
[INFO] [stdout] 
[INFO] [stdout] 
[INFO] [stdout] error[E0425]: cannot find function `version_args` in this scope
[INFO] [stdout]   --> src/commands/cache_check.rs:81:34
[INFO] [stdout]    |
[INFO] [stdout] 81 |         verbose_args(engine_args(version_args(cmd)))
[INFO] [stdout]    |                                  ^^^^^^^^^^^^ not found in this scope
[INFO] [stdout]    |
[INFO] [stdout] note: similarly named function `verbose_args` defined here
[INFO] [stdout]   --> src/report.rs:35:1
[INFO] [stdout]    |
[INFO] [stdout] 35 | pub fn verbose_args(cmd: clap::Command) -> clap::Command {
[INFO] [stdout]    | ^^^^^^^^^^^^^^^^^^^^^^^^^^^^^^^^^^^^^^^^^^^^^^^^^^^^^^^^
[INFO] [stdout] help: a function with a similar name exists
[INFO] [stdout]    |
[INFO] [stdout] 81 -         verbose_args(engine_args(version_args(cmd)))
[INFO] [stdout] 81 +         verbose_args(engine_args(verbose_args(cmd)))
[INFO] [stdout]    |
[INFO] [stdout] 
[INFO] [stdout] 
[INFO] [stdout] error[E0425]: cannot find function `display_version` in this scope
[INFO] [stdout]   --> src/commands/cache_check.rs:92:9
[INFO] [stdout]    |
[INFO] [stdout] 92 |         display_version(&matches);
[INFO] [stdout]    |         ^^^^^^^^^^^^^^^ not found in this scope
[INFO] [stdout] 
[INFO] [stdout] 
[INFO] [stdout] error[E0425]: cannot find function `version_args` in this scope
[INFO] [stdout]   --> src/commands/cache_dump.rs:45:21
[INFO] [stdout]    |
[INFO] [stdout] 45 |         engine_args(version_args(cmd))
[INFO] [stdout]    |                     ^^^^^^^^^^^^ not found in this scope
[INFO] [stdout] 
[INFO] [stdout] 
[INFO] [stdout] error[E0425]: cannot find function `display_version` in this scope
[INFO] [stdout]   --> src/commands/cache_dump.rs:56:9
[INFO] [stdout]    |
[INFO] [stdout] 56 |         display_version(&matches);
[INFO] [stdout]    |         ^^^^^^^^^^^^^^^ not found in this scope
[INFO] [stdout] 
[INFO] [stdout] 
[INFO] [stdout] error[E0425]: cannot find function `version_args` in this scope
[INFO] [stdout]    --> src/commands/cache_metadata_size.rs:105:9
[INFO] [stdout]     |
[INFO] [stdout] 105 |         version_args(cmd)
[INFO] [stdout]     |         ^^^^^^^^^^^^ not found in this scope
[INFO] [stdout] 
[INFO] [stdout] 
[INFO] [stdout] error[E0425]: cannot find function `display_version` in this scope
[INFO] [stdout]    --> src/commands/cache_metadata_size.rs:114:9
[INFO] [stdout]     |
[INFO] [stdout] 114 |         display_version(&matches);
[INFO] [stdout]     |         ^^^^^^^^^^^^^^^ not found in this scope
[INFO] [stdout] 
[INFO] [stdout] 
[INFO] [stdout] error[E0425]: cannot find function `version_args` in this scope
[INFO] [stdout]   --> src/commands/cache_repair.rs:49:34
[INFO] [stdout]    |
[INFO] [stdout] 49 |         verbose_args(engine_args(version_args(cmd)))
[INFO] [stdout]    |                                  ^^^^^^^^^^^^ not found in this scope
[INFO] [stdout]    |
[INFO] [stdout] note: similarly named function `verbose_args` defined here
[INFO] [stdout]   --> src/report.rs:35:1
[INFO] [stdout]    |
[INFO] [stdout] 35 | pub fn verbose_args(cmd: clap::Command) -> clap::Command {
[INFO] [stdout]    | ^^^^^^^^^^^^^^^^^^^^^^^^^^^^^^^^^^^^^^^^^^^^^^^^^^^^^^^^
[INFO] [stdout] help: a function with a similar name exists
[INFO] [stdout]    |
[INFO] [stdout] 49 -         verbose_args(engine_args(version_args(cmd)))
[INFO] [stdout] 49 +         verbose_args(engine_args(verbose_args(cmd)))
[INFO] [stdout]    |
[INFO] [stdout] 
[INFO] [stdout] 
[INFO] [stdout] error[E0425]: cannot find function `display_version` in this scope
[INFO] [stdout]   --> src/commands/cache_repair.rs:60:9
[INFO] [stdout]    |
[INFO] [stdout] 60 |         display_version(&matches);
[INFO] [stdout]    |         ^^^^^^^^^^^^^^^ not found in this scope
[INFO] [stdout] 
[INFO] [stdout] 
[INFO] [stdout] error[E0425]: cannot find function `version_args` in this scope
[INFO] [stdout]   --> src/commands/cache_restore.rs:63:34
[INFO] [stdout]    |
[INFO] [stdout] 63 |         verbose_args(engine_args(version_args(cmd)))
[INFO] [stdout]    |                                  ^^^^^^^^^^^^ not found in this scope
[INFO] [stdout]    |
[INFO] [stdout] note: similarly named function `verbose_args` defined here
[INFO] [stdout]   --> src/report.rs:35:1
[INFO] [stdout]    |
[INFO] [stdout] 35 | pub fn verbose_args(cmd: clap::Command) -> clap::Command {
[INFO] [stdout]    | ^^^^^^^^^^^^^^^^^^^^^^^^^^^^^^^^^^^^^^^^^^^^^^^^^^^^^^^^
[INFO] [stdout] help: a function with a similar name exists
[INFO] [stdout]    |
[INFO] [stdout] 63 -         verbose_args(engine_args(version_args(cmd)))
[INFO] [stdout] 63 +         verbose_args(engine_args(verbose_args(cmd)))
[INFO] [stdout]    |
[INFO] [stdout] 
[INFO] [stdout] 
[INFO] [stdout] error[E0425]: cannot find function `display_version` in this scope
[INFO] [stdout]   --> src/commands/cache_restore.rs:74:9
[INFO] [stdout]    |
[INFO] [stdout] 74 |         display_version(&matches);
[INFO] [stdout]    |         ^^^^^^^^^^^^^^^ not found in this scope
[INFO] [stdout] 
[INFO] [stdout] 
[INFO] [stdout] error[E0425]: cannot find function `version_args` in this scope
[INFO] [stdout]   --> src/commands/cache_writeback.rs:93:34
[INFO] [stdout]    |
[INFO] [stdout] 93 |         verbose_args(engine_args(version_args(cmd)))
[INFO] [stdout]    |                                  ^^^^^^^^^^^^ not found in this scope
[INFO] [stdout]    |
[INFO] [stdout] note: similarly named function `verbose_args` defined here
[INFO] [stdout]   --> src/report.rs:35:1
[INFO] [stdout]    |
[INFO] [stdout] 35 | pub fn verbose_args(cmd: clap::Command) -> clap::Command {
[INFO] [stdout]    | ^^^^^^^^^^^^^^^^^^^^^^^^^^^^^^^^^^^^^^^^^^^^^^^^^^^^^^^^
[INFO] [stdout] help: a function with a similar name exists
[INFO] [stdout]    |
[INFO] [stdout] 93 -         verbose_args(engine_args(version_args(cmd)))
[INFO] [stdout] 93 +         verbose_args(engine_args(verbose_args(cmd)))
[INFO] [stdout]    |
[INFO] [stdout] 
[INFO] [stdout] 
[INFO] [stdout] error[E0425]: cannot find function `display_version` in this scope
[INFO] [stdout]    --> src/commands/cache_writeback.rs:104:9
[INFO] [stdout]     |
[INFO] [stdout] 104 |         display_version(&matches);
[INFO] [stdout]     |         ^^^^^^^^^^^^^^^ not found in this scope
[INFO] [stdout] 
[INFO] [stdout] 
[INFO] [stdout] error[E0425]: cannot find function `version_args` in this scope
[INFO] [stdout]   --> src/commands/era_check.rs:51:34
[INFO] [stdout]    |
[INFO] [stdout] 51 |         verbose_args(engine_args(version_args(cmd)))
[INFO] [stdout]    |                                  ^^^^^^^^^^^^ not found in this scope
[INFO] [stdout]    |
[INFO] [stdout] note: similarly named function `verbose_args` defined here
[INFO] [stdout]   --> src/report.rs:35:1
[INFO] [stdout]    |
[INFO] [stdout] 35 | pub fn verbose_args(cmd: clap::Command) -> clap::Command {
[INFO] [stdout]    | ^^^^^^^^^^^^^^^^^^^^^^^^^^^^^^^^^^^^^^^^^^^^^^^^^^^^^^^^
[INFO] [stdout] help: a function with a similar name exists
[INFO] [stdout]    |
[INFO] [stdout] 51 -         verbose_args(engine_args(version_args(cmd)))
[INFO] [stdout] 51 +         verbose_args(engine_args(verbose_args(cmd)))
[INFO] [stdout]    |
[INFO] [stdout] 
[INFO] [stdout] 
[INFO] [stdout] error[E0425]: cannot find function `display_version` in this scope
[INFO] [stdout]   --> src/commands/era_check.rs:62:9
[INFO] [stdout]    |
[INFO] [stdout] 62 |         display_version(&matches);
[INFO] [stdout]    |         ^^^^^^^^^^^^^^^ not found in this scope
[INFO] [stdout] 
[INFO] [stdout] 
[INFO] [stdout] error[E0425]: cannot find function `version_args` in this scope
[INFO] [stdout]   --> src/commands/era_dump.rs:51:21
[INFO] [stdout]    |
[INFO] [stdout] 51 |         engine_args(version_args(cmd))
[INFO] [stdout]    |                     ^^^^^^^^^^^^ not found in this scope
[INFO] [stdout] 
[INFO] [stdout] 
[INFO] [stdout] error[E0425]: cannot find function `display_version` in this scope
[INFO] [stdout]   --> src/commands/era_dump.rs:62:9
[INFO] [stdout]    |
[INFO] [stdout] 62 |         display_version(&matches);
[INFO] [stdout]    |         ^^^^^^^^^^^^^^^ not found in this scope
[INFO] [stdout] 
[INFO] [stdout] 
[INFO] [stdout] error[E0425]: cannot find function `version_args` in this scope
[INFO] [stdout]   --> src/commands/era_invalidate.rs:50:21
[INFO] [stdout]    |
[INFO] [stdout] 50 |         engine_args(version_args(cmd))
[INFO] [stdout]    |                     ^^^^^^^^^^^^ not found in this scope
[INFO] [stdout] 
[INFO] [stdout] 
[INFO] [stdout] error[E0425]: cannot find function `display_version` in this scope
[INFO] [stdout]   --> src/commands/era_invalidate.rs:61:9
[INFO] [stdout]    |
[INFO] [stdout] 61 |         display_version(&matches);
[INFO] [stdout]    |         ^^^^^^^^^^^^^^^ not found in this scope
[INFO] [stdout] 
[INFO] [stdout] 
[INFO] [stdout] error[E0425]: cannot find function `version_args` in this scope
[INFO] [stdout]   --> src/commands/era_repair.rs:46:34
[INFO] [stdout]    |
[INFO] [stdout] 46 |         verbose_args(engine_args(version_args(cmd)))
[INFO] [stdout]    |                                  ^^^^^^^^^^^^ not found in this scope
[INFO] [stdout]    |
[INFO] [stdout] note: similarly named function `verbose_args` defined here
[INFO] [stdout]   --> src/report.rs:35:1
[INFO] [stdout]    |
[INFO] [stdout] 35 | pub fn verbose_args(cmd: clap::Command) -> clap::Command {
[INFO] [stdout]    | ^^^^^^^^^^^^^^^^^^^^^^^^^^^^^^^^^^^^^^^^^^^^^^^^^^^^^^^^
[INFO] [stdout] help: a function with a similar name exists
[INFO] [stdout]    |
[INFO] [stdout] 46 -         verbose_args(engine_args(version_args(cmd)))
[INFO] [stdout] 46 +         verbose_args(engine_args(verbose_args(cmd)))
[INFO] [stdout]    |
[INFO] [stdout] 
[INFO] [stdout] 
[INFO] [stdout] error[E0425]: cannot find function `display_version` in this scope
[INFO] [stdout]   --> src/commands/era_repair.rs:57:9
[INFO] [stdout]    |
[INFO] [stdout] 57 |         display_version(&matches);
[INFO] [stdout]    |         ^^^^^^^^^^^^^^^ not found in this scope
[INFO] [stdout] 
[INFO] [stdout] 
[INFO] [stdout] error[E0425]: cannot find function `version_args` in this scope
[INFO] [stdout]   --> src/commands/era_restore.rs:47:34
[INFO] [stdout]    |
[INFO] [stdout] 47 |         verbose_args(engine_args(version_args(cmd)))
[INFO] [stdout]    |                                  ^^^^^^^^^^^^ not found in this scope
[INFO] [stdout]    |
[INFO] [stdout] note: similarly named function `verbose_args` defined here
[INFO] [stdout]   --> src/report.rs:35:1
[INFO] [stdout]    |
[INFO] [stdout] 35 | pub fn verbose_args(cmd: clap::Command) -> clap::Command {
[INFO] [stdout]    | ^^^^^^^^^^^^^^^^^^^^^^^^^^^^^^^^^^^^^^^^^^^^^^^^^^^^^^^^
[INFO] [stdout] help: a function with a similar name exists
[INFO] [stdout]    |
[INFO] [stdout] 47 -         verbose_args(engine_args(version_args(cmd)))
[INFO] [stdout] 47 +         verbose_args(engine_args(verbose_args(cmd)))
[INFO] [stdout]    |
[INFO] [stdout] 
[INFO] [stdout] 
[INFO] [stdout] error[E0425]: cannot find function `display_version` in this scope
[INFO] [stdout]   --> src/commands/era_restore.rs:58:9
[INFO] [stdout]    |
[INFO] [stdout] 58 |         display_version(&matches);
[INFO] [stdout]    |         ^^^^^^^^^^^^^^^ not found in this scope
[INFO] [stdout] 
[INFO] [stdout] 
[INFO] [stdout] error[E0425]: cannot find function `version_args` in this scope
[INFO] [stdout]    --> src/commands/thin_check.rs:102:34
[INFO] [stdout]     |
[INFO] [stdout] 102 |         verbose_args(engine_args(version_args(cmd)))
[INFO] [stdout]     |                                  ^^^^^^^^^^^^ not found in this scope
[INFO] [stdout]     |
[INFO] [stdout] note: similarly named function `verbose_args` defined here
[INFO] [stdout]    --> src/report.rs:35:1
[INFO] [stdout]     |
[INFO] [stdout]  35 | pub fn verbose_args(cmd: clap::Command) -> clap::Command {
[INFO] [stdout]     | ^^^^^^^^^^^^^^^^^^^^^^^^^^^^^^^^^^^^^^^^^^^^^^^^^^^^^^^^
[INFO] [stdout] help: a function with a similar name exists
[INFO] [stdout]     |
[INFO] [stdout] 102 -         verbose_args(engine_args(version_args(cmd)))
[INFO] [stdout] 102 +         verbose_args(engine_args(verbose_args(cmd)))
[INFO] [stdout]     |
[INFO] [stdout] 
[INFO] [stdout] 
[INFO] [stdout] error[E0425]: cannot find function `display_version` in this scope
[INFO] [stdout]    --> src/commands/thin_check.rs:113:9
[INFO] [stdout]     |
[INFO] [stdout] 113 |         display_version(&matches);
[INFO] [stdout]     |         ^^^^^^^^^^^^^^^ not found in this scope
[INFO] [stdout] 
[INFO] [stdout] 
[INFO] [stdout] error[E0425]: cannot find function `version_args` in this scope
[INFO] [stdout]   --> src/commands/thin_delta.rs:85:21
[INFO] [stdout]    |
[INFO] [stdout] 85 |         engine_args(version_args(cmd))
[INFO] [stdout]    |                     ^^^^^^^^^^^^ not found in this scope
[INFO] [stdout] 
[INFO] [stdout] 
[INFO] [stdout] error[E0425]: cannot find function `display_version` in this scope
[INFO] [stdout]   --> src/commands/thin_delta.rs:96:9
[INFO] [stdout]    |
[INFO] [stdout] 96 |         display_version(&matches);
[INFO] [stdout]    |         ^^^^^^^^^^^^^^^ not found in this scope
[INFO] [stdout] 
[INFO] [stdout] 
[INFO] [stdout] error[E0425]: cannot find function `version_args` in this scope
[INFO] [stdout]    --> src/commands/thin_dump.rs:113:34
[INFO] [stdout]     |
[INFO] [stdout] 113 |         verbose_args(engine_args(version_args(cmd)))
[INFO] [stdout]     |                                  ^^^^^^^^^^^^ not found in this scope
[INFO] [stdout]     |
[INFO] [stdout] note: similarly named function `verbose_args` defined here
[INFO] [stdout]    --> src/report.rs:35:1
[INFO] [stdout]     |
[INFO] [stdout]  35 | pub fn verbose_args(cmd: clap::Command) -> clap::Command {
[INFO] [stdout]     | ^^^^^^^^^^^^^^^^^^^^^^^^^^^^^^^^^^^^^^^^^^^^^^^^^^^^^^^^
[INFO] [stdout] help: a function with a similar name exists
[INFO] [stdout]     |
[INFO] [stdout] 113 -         verbose_args(engine_args(version_args(cmd)))
[INFO] [stdout] 113 +         verbose_args(engine_args(verbose_args(cmd)))
[INFO] [stdout]     |
[INFO] [stdout] 
[INFO] [stdout] 
[INFO] [stdout] error[E0425]: cannot find function `display_version` in this scope
[INFO] [stdout]    --> src/commands/thin_dump.rs:124:9
[INFO] [stdout]     |
[INFO] [stdout] 124 |         display_version(&matches);
[INFO] [stdout]     |         ^^^^^^^^^^^^^^^ not found in this scope
[INFO] [stdout] 
[INFO] [stdout] 
[INFO] [stdout] error[E0425]: cannot find function `version_args` in this scope
[INFO] [stdout]   --> src/commands/thin_ls.rs:52:34
[INFO] [stdout]    |
[INFO] [stdout] 52 |         verbose_args(engine_args(version_args(cmd)))
[INFO] [stdout]    |                                  ^^^^^^^^^^^^ not found in this scope
[INFO] [stdout]    |
[INFO] [stdout] note: similarly named function `verbose_args` defined here
[INFO] [stdout]   --> src/report.rs:35:1
[INFO] [stdout]    |
[INFO] [stdout] 35 | pub fn verbose_args(cmd: clap::Command) -> clap::Command {
[INFO] [stdout]    | ^^^^^^^^^^^^^^^^^^^^^^^^^^^^^^^^^^^^^^^^^^^^^^^^^^^^^^^^
[INFO] [stdout] help: a function with a similar name exists
[INFO] [stdout]    |
[INFO] [stdout] 52 -         verbose_args(engine_args(version_args(cmd)))
[INFO] [stdout] 52 +         verbose_args(engine_args(verbose_args(cmd)))
[INFO] [stdout]    |
[INFO] [stdout] 
[INFO] [stdout] 
[INFO] [stdout] error[E0425]: cannot find function `display_version` in this scope
[INFO] [stdout]   --> src/commands/thin_ls.rs:65:9
[INFO] [stdout]    |
[INFO] [stdout] 65 |         display_version(&matches);
[INFO] [stdout]    |         ^^^^^^^^^^^^^^^ not found in this scope
[INFO] [stdout] 
[INFO] [stdout] 
[INFO] [stdout] error[E0425]: cannot find function `version_args` in this scope
[INFO] [stdout]   --> src/commands/thin_metadata_pack.rs:40:9
[INFO] [stdout]    |
[INFO] [stdout] 40 |         version_args(cmd)
[INFO] [stdout]    |         ^^^^^^^^^^^^ not found in this scope
[INFO] [stdout]    |
[INFO] [stdout] note: similarly named function `verbose_args` defined here
[INFO] [stdout]   --> src/report.rs:35:1
[INFO] [stdout]    |
[INFO] [stdout] 35 | pub fn verbose_args(cmd: clap::Command) -> clap::Command {
[INFO] [stdout]    | ^^^^^^^^^^^^^^^^^^^^^^^^^^^^^^^^^^^^^^^^^^^^^^^^^^^^^^^^
[INFO] [stdout] help: a function with a similar name exists
[INFO] [stdout]    |
[INFO] [stdout] 40 -         version_args(cmd)
[INFO] [stdout] 40 +         verbose_args(cmd)
[INFO] [stdout]    |
[INFO] [stdout] 
[INFO] [stdout] 
[INFO] [stdout] error[E0425]: cannot find function `display_version` in this scope
[INFO] [stdout]   --> src/commands/thin_metadata_pack.rs:51:9
[INFO] [stdout]    |
[INFO] [stdout] 51 |         display_version(&matches);
[INFO] [stdout]    |         ^^^^^^^^^^^^^^^ not found in this scope
[INFO] [stdout] 
[INFO] [stdout] 
[INFO] [stdout] error[E0425]: cannot find function `version_args` in this scope
[INFO] [stdout]    --> src/commands/thin_metadata_size.rs:101:9
[INFO] [stdout]     |
[INFO] [stdout] 101 |         version_args(cmd)
[INFO] [stdout]     |         ^^^^^^^^^^^^ not found in this scope
[INFO] [stdout] 
[INFO] [stdout] 
[INFO] [stdout] error[E0425]: cannot find function `display_version` in this scope
[INFO] [stdout]    --> src/commands/thin_metadata_size.rs:110:9
[INFO] [stdout]     |
[INFO] [stdout] 110 |         display_version(&matches);
[INFO] [stdout]     |         ^^^^^^^^^^^^^^^ not found in this scope
[INFO] [stdout] 
[INFO] [stdout] 
[INFO] [stdout] error[E0425]: cannot find function `version_args` in this scope
[INFO] [stdout]   --> src/commands/thin_metadata_unpack.rs:47:21
[INFO] [stdout]    |
[INFO] [stdout] 47 |         engine_args(version_args(cmd))
[INFO] [stdout]    |                     ^^^^^^^^^^^^ not found in this scope
[INFO] [stdout] 
[INFO] [stdout] 
[INFO] [stdout] error[E0425]: cannot find function `display_version` in this scope
[INFO] [stdout]   --> src/commands/thin_metadata_unpack.rs:58:9
[INFO] [stdout]    |
[INFO] [stdout] 58 |         display_version(&matches);
[INFO] [stdout]    |         ^^^^^^^^^^^^^^^ not found in this scope
[INFO] [stdout] 
[INFO] [stdout] 
[INFO] [stdout] error[E0425]: cannot find function `version_args` in this scope
[INFO] [stdout]   --> src/commands/thin_migrate.rs:71:34
[INFO] [stdout]    |
[INFO] [stdout] 71 |         verbose_args(engine_args(version_args(cmd)))
[INFO] [stdout]    |                                  ^^^^^^^^^^^^ not found in this scope
[INFO] [stdout]    |
[INFO] [stdout] note: similarly named function `verbose_args` defined here
[INFO] [stdout]   --> src/report.rs:35:1
[INFO] [stdout]    |
[INFO] [stdout] 35 | pub fn verbose_args(cmd: clap::Command) -> clap::Command {
[INFO] [stdout]    | ^^^^^^^^^^^^^^^^^^^^^^^^^^^^^^^^^^^^^^^^^^^^^^^^^^^^^^^^
[INFO] [stdout] help: a function with a similar name exists
[INFO] [stdout]    |
[INFO] [stdout] 71 -         verbose_args(engine_args(version_args(cmd)))
[INFO] [stdout] 71 +         verbose_args(engine_args(verbose_args(cmd)))
[INFO] [stdout]    |
[INFO] [stdout] 
[INFO] [stdout] 
[INFO] [stdout] error[E0425]: cannot find function `display_version` in this scope
[INFO] [stdout]    --> src/commands/thin_migrate.rs:113:9
[INFO] [stdout]     |
[INFO] [stdout] 113 |         display_version(&matches);
[INFO] [stdout]     |         ^^^^^^^^^^^^^^^ not found in this scope
[INFO] [stdout] 
[INFO] [stdout] 
[INFO] [stdout] error[E0425]: cannot find function `version_args` in this scope
[INFO] [stdout]   --> src/commands/thin_repair.rs:71:34
[INFO] [stdout]    |
[INFO] [stdout] 71 |         verbose_args(engine_args(version_args(cmd)))
[INFO] [stdout]    |                                  ^^^^^^^^^^^^ not found in this scope
[INFO] [stdout]    |
[INFO] [stdout] note: similarly named function `verbose_args` defined here
[INFO] [stdout]   --> src/report.rs:35:1
[INFO] [stdout]    |
[INFO] [stdout] 35 | pub fn verbose_args(cmd: clap::Command) -> clap::Command {
[INFO] [stdout]    | ^^^^^^^^^^^^^^^^^^^^^^^^^^^^^^^^^^^^^^^^^^^^^^^^^^^^^^^^
[INFO] [stdout] help: a function with a similar name exists
[INFO] [stdout]    |
[INFO] [stdout] 71 -         verbose_args(engine_args(version_args(cmd)))
[INFO] [stdout] 71 +         verbose_args(engine_args(verbose_args(cmd)))
[INFO] [stdout]    |
[INFO] [stdout] 
[INFO] [stdout] 
[INFO] [stdout] error[E0425]: cannot find function `display_version` in this scope
[INFO] [stdout]   --> src/commands/thin_repair.rs:82:9
[INFO] [stdout]    |
[INFO] [stdout] 82 |         display_version(&matches);
[INFO] [stdout]    |         ^^^^^^^^^^^^^^^ not found in this scope
[INFO] [stdout] 
[INFO] [stdout] 
[INFO] [stdout] error[E0425]: cannot find function `version_args` in this scope
[INFO] [stdout]   --> src/commands/thin_restore.rs:68:34
[INFO] [stdout]    |
[INFO] [stdout] 68 |         verbose_args(engine_args(version_args(cmd)))
[INFO] [stdout]    |                                  ^^^^^^^^^^^^ not found in this scope
[INFO] [stdout]    |
[INFO] [stdout] note: similarly named function `verbose_args` defined here
[INFO] [stdout]   --> src/report.rs:35:1
[INFO] [stdout]    |
[INFO] [stdout] 35 | pub fn verbose_args(cmd: clap::Command) -> clap::Command {
[INFO] [stdout]    | ^^^^^^^^^^^^^^^^^^^^^^^^^^^^^^^^^^^^^^^^^^^^^^^^^^^^^^^^
[INFO] [stdout] help: a function with a similar name exists
[INFO] [stdout]    |
[INFO] [stdout] 68 -         verbose_args(engine_args(version_args(cmd)))
[INFO] [stdout] 68 +         verbose_args(engine_args(verbose_args(cmd)))
[INFO] [stdout]    |
[INFO] [stdout] 
[INFO] [stdout] 
[INFO] [stdout] error[E0425]: cannot find function `display_version` in this scope
[INFO] [stdout]   --> src/commands/thin_restore.rs:79:9
[INFO] [stdout]    |
[INFO] [stdout] 79 |         display_version(&matches);
[INFO] [stdout]    |         ^^^^^^^^^^^^^^^ not found in this scope
[INFO] [stdout] 
[INFO] [stdout] 
[INFO] [stdout] error[E0425]: cannot find function `version_args` in this scope
[INFO] [stdout]   --> src/commands/thin_rmap.rs:44:21
[INFO] [stdout]    |
[INFO] [stdout] 44 |         engine_args(version_args(cmd))
[INFO] [stdout]    |                     ^^^^^^^^^^^^ not found in this scope
[INFO] [stdout] 
[INFO] [stdout] 
[INFO] [stdout] error[E0425]: cannot find function `display_version` in this scope
[INFO] [stdout]   --> src/commands/thin_rmap.rs:55:9
[INFO] [stdout]    |
[INFO] [stdout] 55 |         display_version(&matches);
[INFO] [stdout]    |         ^^^^^^^^^^^^^^^ not found in this scope
[INFO] [stdout] 
[INFO] [stdout] 
[INFO] [stdout] error[E0425]: cannot find function `version_args` in this scope
[INFO] [stdout]   --> src/commands/thin_shrink.rs:71:9
[INFO] [stdout]    |
[INFO] [stdout] 71 |         version_args(cmd)
[INFO] [stdout]    |         ^^^^^^^^^^^^ not found in this scope
[INFO] [stdout]    |
[INFO] [stdout] note: similarly named function `verbose_args` defined here
[INFO] [stdout]   --> src/report.rs:35:1
[INFO] [stdout]    |
[INFO] [stdout] 35 | pub fn verbose_args(cmd: clap::Command) -> clap::Command {
[INFO] [stdout]    | ^^^^^^^^^^^^^^^^^^^^^^^^^^^^^^^^^^^^^^^^^^^^^^^^^^^^^^^^
[INFO] [stdout] help: a function with a similar name exists
[INFO] [stdout]    |
[INFO] [stdout] 71 -         version_args(cmd)
[INFO] [stdout] 71 +         verbose_args(cmd)
[INFO] [stdout]    |
[INFO] [stdout] 
[INFO] [stdout] 
[INFO] [stdout] error[E0425]: cannot find function `display_version` in this scope
[INFO] [stdout]   --> src/commands/thin_shrink.rs:80:9
[INFO] [stdout]    |
[INFO] [stdout] 80 |         display_version(&matches);
[INFO] [stdout]    |         ^^^^^^^^^^^^^^^ not found in this scope
[INFO] [stdout] 
[INFO] [stdout] 
[INFO] [stdout] error[E0425]: cannot find function `version_args` in this scope
[INFO] [stdout]   --> src/commands/thin_trim.rs:47:34
[INFO] [stdout]    |
[INFO] [stdout] 47 |         verbose_args(engine_args(version_args(cmd)))
[INFO] [stdout]    |                                  ^^^^^^^^^^^^ not found in this scope
[INFO] [stdout]    |
[INFO] [stdout] note: similarly named function `verbose_args` defined here
[INFO] [stdout]   --> src/report.rs:35:1
[INFO] [stdout]    |
[INFO] [stdout] 35 | pub fn verbose_args(cmd: clap::Command) -> clap::Command {
[INFO] [stdout]    | ^^^^^^^^^^^^^^^^^^^^^^^^^^^^^^^^^^^^^^^^^^^^^^^^^^^^^^^^
[INFO] [stdout] help: a function with a similar name exists
[INFO] [stdout]    |
[INFO] [stdout] 47 -         verbose_args(engine_args(version_args(cmd)))
[INFO] [stdout] 47 +         verbose_args(engine_args(verbose_args(cmd)))
[INFO] [stdout]    |
[INFO] [stdout] 
[INFO] [stdout] 
[INFO] [stdout] error[E0425]: cannot find function `display_version` in this scope
[INFO] [stdout]   --> src/commands/thin_trim.rs:58:9
[INFO] [stdout]    |
[INFO] [stdout] 58 |         display_version(&matches);
[INFO] [stdout]    |         ^^^^^^^^^^^^^^^ not found in this scope
[INFO] [stdout] 
[INFO] [stdout] 
[INFO] [stdout] error[E0425]: cannot find function `version_args` in this scope
[INFO] [stdout]   --> src/commands/cache_generate_damage.rs:64:21
[INFO] [stdout]    |
[INFO] [stdout] 64 |         engine_args(version_args(cmd))
[INFO] [stdout]    |                     ^^^^^^^^^^^^ not found in this scope
[INFO] [stdout] 
[INFO] [stdout] 
[INFO] [stdout] error[E0425]: cannot find function `display_version` in this scope
[INFO] [stdout]   --> src/commands/cache_generate_damage.rs:75:9
[INFO] [stdout]    |
[INFO] [stdout] 75 |         display_version(&matches);
[INFO] [stdout]    |         ^^^^^^^^^^^^^^^ not found in this scope
[INFO] [stdout] 
[INFO] [stdout] 
[INFO] [stdout] error[E0425]: cannot find function `version_args` in this scope
[INFO] [stdout]    --> src/commands/cache_generate_metadata.rs:133:21
[INFO] [stdout]     |
[INFO] [stdout] 133 |         engine_args(version_args(cmd))
[INFO] [stdout]     |                     ^^^^^^^^^^^^ not found in this scope
[INFO] [stdout] 
[INFO] [stdout] 
[INFO] [stdout] error[E0425]: cannot find function `display_version` in this scope
[INFO] [stdout]    --> src/commands/cache_generate_metadata.rs:144:9
[INFO] [stdout]     |
[INFO] [stdout] 144 |         display_version(&matches);
[INFO] [stdout]     |         ^^^^^^^^^^^^^^^ not found in this scope
[INFO] [stdout] 
[INFO] [stdout] 
[INFO] [stdout] error[E0425]: cannot find function `version_args` in this scope
[INFO] [stdout]   --> src/commands/era_generate_metadata.rs:72:21
[INFO] [stdout]    |
[INFO] [stdout] 72 |         engine_args(version_args(cmd))
[INFO] [stdout]    |                     ^^^^^^^^^^^^ not found in this scope
[INFO] [stdout] 
[INFO] [stdout] 
[INFO] [stdout] error[E0425]: cannot find function `display_version` in this scope
[INFO] [stdout]   --> src/commands/era_generate_metadata.rs:83:9
[INFO] [stdout]    |
[INFO] [stdout] 83 |         display_version(&matches);
[INFO] [stdout]    |         ^^^^^^^^^^^^^^^ not found in this scope
[INFO] [stdout] 
[INFO] [stdout] 
[INFO] [stdout] error[E0425]: cannot find function `version_args` in this scope
[INFO] [stdout]    --> src/commands/thin_explore.rs:900:9
[INFO] [stdout]     |
[INFO] [stdout] 900 |         version_args(cmd)
[INFO] [stdout]     |         ^^^^^^^^^^^^ not found in this scope
[INFO] [stdout] 
[INFO] [stdout] 
[INFO] [stdout] error[E0425]: cannot find function `display_version` in this scope
[INFO] [stdout]    --> src/commands/thin_explore.rs:911:9
[INFO] [stdout]     |
[INFO] [stdout] 911 |         display_version(&matches);
[INFO] [stdout]     |         ^^^^^^^^^^^^^^^ not found in this scope
[INFO] [stdout] 
[INFO] [stdout] 
[INFO] [stdout] error[E0425]: cannot find function `version_args` in this scope
[INFO] [stdout]   --> src/commands/thin_generate_damage.rs:97:21
[INFO] [stdout]    |
[INFO] [stdout] 97 |         engine_args(version_args(cmd))
[INFO] [stdout]    |                     ^^^^^^^^^^^^ not found in this scope
[INFO] [stdout] 
[INFO] [stdout] 
[INFO] [stdout] error[E0425]: cannot find function `display_version` in this scope
[INFO] [stdout]    --> src/commands/thin_generate_damage.rs:108:9
[INFO] [stdout]     |
[INFO] [stdout] 108 |         display_version(&matches);
[INFO] [stdout]     |         ^^^^^^^^^^^^^^^ not found in this scope
[INFO] [stdout] 
[INFO] [stdout] 
[INFO] [stdout] error[E0425]: cannot find function `version_args` in this scope
[INFO] [stdout]   --> src/commands/thin_generate_metadata.rs:69:21
[INFO] [stdout]    |
[INFO] [stdout] 69 |         engine_args(version_args(cmd))
[INFO] [stdout]    |                     ^^^^^^^^^^^^ not found in this scope
[INFO] [stdout] 
[INFO] [stdout] 
[INFO] [stdout] error[E0425]: cannot find function `display_version` in this scope
[INFO] [stdout]   --> src/commands/thin_generate_metadata.rs:80:9
[INFO] [stdout]    |
[INFO] [stdout] 80 |         display_version(&matches);
[INFO] [stdout]    |         ^^^^^^^^^^^^^^^ not found in this scope
[INFO] [stdout] 
[INFO] [stdout] 
[INFO] [stdout] error[E0425]: cannot find function `version_args` in this scope
[INFO] [stdout]   --> src/commands/thin_stat.rs:35:21
[INFO] [stdout]    |
[INFO] [stdout] 35 |         engine_args(version_args(cmd))
[INFO] [stdout]    |                     ^^^^^^^^^^^^ not found in this scope
[INFO] [stdout] 
[INFO] [stdout] 
[INFO] [stdout] error[E0425]: cannot find function `display_version` in this scope
[INFO] [stdout]   --> src/commands/thin_stat.rs:46:9
[INFO] [stdout]    |
[INFO] [stdout] 46 |         display_version(&matches);
[INFO] [stdout]    |         ^^^^^^^^^^^^^^^ not found in this scope
[INFO] [stdout] 
[INFO] [stdout] 
[INFO] [stdout] Some errors have detailed explanations: E0425, E0433, E0583.
[INFO] [stdout] 
[INFO] [stdout] For more information about an error, try `rustc --explain E0425`.
[INFO] [stdout] 
[INFO] [stderr] error: could not compile `thinp` (lib) due to 94 previous errors; 32 warnings emitted
[INFO] running `Command { std: "docker" "inspect" "cc69c98f9c793ccaff3b5d9ccd01395a5713a73298dc7d4b7f58acfa81de7581", kill_on_drop: false }`
[INFO] running `Command { std: "docker" "rm" "-f" "cc69c98f9c793ccaff3b5d9ccd01395a5713a73298dc7d4b7f58acfa81de7581", kill_on_drop: false }`
[INFO] [stdout] cc69c98f9c793ccaff3b5d9ccd01395a5713a73298dc7d4b7f58acfa81de7581
