[INFO] cloning repository https://github.com/casoon/loomchart
[INFO] running `Command { std: "git" "-c" "credential.helper=" "-c" "credential.helper=/workspace/cargo-home/bin/git-credential-null" "clone" "--bare" "https://github.com/casoon/loomchart" "/workspace/cache/git-repos/https%3A%2F%2Fgithub.com%2Fcasoon%2Floomchart", kill_on_drop: false }`
[INFO] [stderr] Cloning into bare repository '/workspace/cache/git-repos/https%3A%2F%2Fgithub.com%2Fcasoon%2Floomchart'...
[INFO] running `Command { std: "git" "rev-parse" "HEAD", kill_on_drop: false }`
[INFO] [stdout] 27d10e9fbfb739609fead9a37067c47ec082d117
[INFO] checking casoon/loomchart/27d10e9fbfb739609fead9a37067c47ec082d117 against ed77b7b8699e342c2dc842c83cb5fe4025252ee8 for pr-158915-1
[INFO] running `Command { std: "git" "clone" "/workspace/cache/git-repos/https%3A%2F%2Fgithub.com%2Fcasoon%2Floomchart" "/workspace/builds/worker-6-tc1/source", kill_on_drop: false }`
[INFO] [stderr] Cloning into '/workspace/builds/worker-6-tc1/source'...
[INFO] [stderr] done.
[INFO] started tweaking git repo https://github.com/casoon/loomchart
[INFO] finished tweaking git repo https://github.com/casoon/loomchart
[INFO] tweaked toml for git repo https://github.com/casoon/loomchart written to /workspace/builds/worker-6-tc1/source/Cargo.toml
[INFO] validating manifest of git repo https://github.com/casoon/loomchart on toolchain ed77b7b8699e342c2dc842c83cb5fe4025252ee8
[INFO] running `Command { std: CARGO_HOME="/workspace/cargo-home" RUSTUP_HOME="/workspace/rustup-home" "/workspace/cargo-home/bin/cargo" "+ed77b7b8699e342c2dc842c83cb5fe4025252ee8" "metadata" "--manifest-path" "Cargo.toml" "--no-deps", kill_on_drop: false }`
[INFO] crate git repo https://github.com/casoon/loomchart already has a lockfile, it will not be regenerated
[INFO] running `Command { std: CARGO_HOME="/workspace/cargo-home" RUSTUP_HOME="/workspace/rustup-home" "/workspace/cargo-home/bin/cargo" "+ed77b7b8699e342c2dc842c83cb5fe4025252ee8" "fetch" "--manifest-path" "Cargo.toml", kill_on_drop: false }`
[INFO] [stderr] warning: profiles for the non root package will be ignored, specify profiles at the workspace root:
[INFO] [stderr] package:   /workspace/builds/worker-6-tc1/source/packages/indicators/Cargo.toml
[INFO] [stderr] workspace: /workspace/builds/worker-6-tc1/source/Cargo.toml
[INFO] [stderr] warning: profiles for the non root package will be ignored, specify profiles at the workspace root:
[INFO] [stderr] package:   /workspace/builds/worker-6-tc1/source/crates/chartcore/Cargo.toml
[INFO] [stderr] workspace: /workspace/builds/worker-6-tc1/source/Cargo.toml
[INFO] [stderr] warning: unused workspace dependency `chrono`
[INFO] [stderr]   --> Cargo.toml:19:25
[INFO] [stderr]    |
[INFO] [stderr] 19 | [workspace.dependencies.chrono]
[INFO] [stderr]    |                         ^^^^^^
[INFO] [stderr]    |
[INFO] [stderr]    = note: `cargo::unused_workspace_dependencies` is set to `warn` by default
[INFO] [stderr] help: consider removing the workspace dependency `chrono`
[INFO] [stderr] warning: unused workspace dependency `loom-backtest`
[INFO] [stderr]   --> Cargo.toml:23:25
[INFO] [stderr]    |
[INFO] [stderr] 23 | [workspace.dependencies.loom-backtest]
[INFO] [stderr]    |                         ^^^^^^^^^^^^^
[INFO] [stderr]    |
[INFO] [stderr] help: consider removing the workspace dependency `loom-backtest`
[INFO] [stderr] warning: unused workspace dependency `loom-chart`
[INFO] [stderr]   --> Cargo.toml:26:25
[INFO] [stderr]    |
[INFO] [stderr] 26 | [workspace.dependencies.loom-chart]
[INFO] [stderr]    |                         ^^^^^^^^^^
[INFO] [stderr]    |
[INFO] [stderr] help: consider removing the workspace dependency `loom-chart`
[INFO] [stderr] warning: unused workspace dependency `loom-core`
[INFO] [stderr]   --> Cargo.toml:29:25
[INFO] [stderr]    |
[INFO] [stderr] 29 | [workspace.dependencies.loom-core]
[INFO] [stderr]    |                         ^^^^^^^^^
[INFO] [stderr]    |
[INFO] [stderr] help: consider removing the workspace dependency `loom-core`
[INFO] [stderr] warning: unused workspace dependency `loom-data`
[INFO] [stderr]   --> Cargo.toml:32:25
[INFO] [stderr]    |
[INFO] [stderr] 32 | [workspace.dependencies.loom-data]
[INFO] [stderr]    |                         ^^^^^^^^^
[INFO] [stderr]    |
[INFO] [stderr] help: consider removing the workspace dependency `loom-data`
[INFO] [stderr] warning: unused workspace dependency `loom-indicators`
[INFO] [stderr]   --> Cargo.toml:35:25
[INFO] [stderr]    |
[INFO] [stderr] 35 | [workspace.dependencies.loom-indicators]
[INFO] [stderr]    |                         ^^^^^^^^^^^^^^^
[INFO] [stderr]    |
[INFO] [stderr] help: consider removing the workspace dependency `loom-indicators`
[INFO] [stderr] warning: unused workspace dependency `loom-risk`
[INFO] [stderr]   --> Cargo.toml:38:25
[INFO] [stderr]    |
[INFO] [stderr] 38 | [workspace.dependencies.loom-risk]
[INFO] [stderr]    |                         ^^^^^^^^^
[INFO] [stderr]    |
[INFO] [stderr] help: consider removing the workspace dependency `loom-risk`
[INFO] [stderr] warning: unused workspace dependency `loom-signals`
[INFO] [stderr]   --> Cargo.toml:41:25
[INFO] [stderr]    |
[INFO] [stderr] 41 | [workspace.dependencies.loom-signals]
[INFO] [stderr]    |                         ^^^^^^^^^^^^
[INFO] [stderr]    |
[INFO] [stderr] help: consider removing the workspace dependency `loom-signals`
[INFO] [stderr] warning: unused workspace dependency `serde`
[INFO] [stderr]   --> Cargo.toml:44:25
[INFO] [stderr]    |
[INFO] [stderr] 44 | [workspace.dependencies.serde]
[INFO] [stderr]    |                         ^^^^^
[INFO] [stderr]    |
[INFO] [stderr] help: consider removing the workspace dependency `serde`
[INFO] [stderr] warning: unused workspace dependency `serde_json`
[INFO] [stderr]   --> Cargo.toml:16:1
[INFO] [stderr]    |
[INFO] [stderr] 16 | serde_json = "1.0"
[INFO] [stderr]    | ^^^^^^^^^^
[INFO] [stderr]    |
[INFO] [stderr] help: consider removing the workspace dependency `serde_json`
[INFO] [stderr] warning: unused workspace dependency `thiserror`
[INFO] [stderr]   --> Cargo.toml:17:1
[INFO] [stderr]    |
[INFO] [stderr] 17 | thiserror = "1.0"
[INFO] [stderr]    | ^^^^^^^^^
[INFO] [stderr]    |
[INFO] [stderr] help: consider removing the workspace dependency `thiserror`
[INFO] [stderr] warning: unused field `edition` in `workspace.package`
[INFO] [stderr]   --> Cargo.toml:49:1
[INFO] [stderr]    |
[INFO] [stderr] 49 | edition = "2021"
[INFO] [stderr]    | ^^^^^^^
[INFO] [stderr]    |
[INFO] [stderr]    = note: `cargo::unused_workspace_package_fields` is set to `warn` by default
[INFO] [stderr] help: consider removing the field `workspace.package.edition`
[INFO] [stderr] warning: unused field `license` in `workspace.package`
[INFO] [stderr]   --> Cargo.toml:50:1
[INFO] [stderr]    |
[INFO] [stderr] 50 | license = "MIT"
[INFO] [stderr]    | ^^^^^^^
[INFO] [stderr]    |
[INFO] [stderr] help: consider removing the field `workspace.package.license`
[INFO] [stderr] warning: unused field `repository` in `workspace.package`
[INFO] [stderr]   --> Cargo.toml:51:1
[INFO] [stderr]    |
[INFO] [stderr] 51 | repository = "https://github.com/casoon/loom"
[INFO] [stderr]    | ^^^^^^^^^^
[INFO] [stderr]    |
[INFO] [stderr] help: consider removing the field `workspace.package.repository`
[INFO] [stderr] warning: unused field `version` in `workspace.package`
[INFO] [stderr]   --> Cargo.toml:52:1
[INFO] [stderr]    |
[INFO] [stderr] 52 | version = "0.1.0"
[INFO] [stderr]    | ^^^^^^^
[INFO] [stderr]    |
[INFO] [stderr] help: consider removing the field `workspace.package.version`
[INFO] [stderr] warning: workspace (manifest) generated 15 warnings
[INFO] [stderr] warning: explicit `package.readme` can be inferred
[INFO] [stderr]   --> packages/indicators/Cargo.toml:11:1
[INFO] [stderr]    |
[INFO] [stderr] 11 | readme = "README.md"
[INFO] [stderr]    | ^^^^^^^^^^^^^^^^^^^^
[INFO] [stderr]    |
[INFO] [stderr]    = note: `cargo::manual_readme` is set to `warn` by default
[INFO] [stderr] help: consider removing `package.readme`
[INFO] [stderr] warning: `loom-indicators` (manifest) generated 1 warning
[INFO] [stderr]     Updating crates.io index
[INFO] [stderr]  Downloading crates ...
[INFO] [stderr]   Downloaded base64ct v1.8.1
[INFO] [stderr]   Downloaded rsa v0.9.9
[INFO] [stderr]   Downloaded quickcheck v1.0.3
[INFO] [stderr]   Downloaded quickcheck_macros v1.1.0
[INFO] running `Command { std: "docker" "create" "-v" "/var/lib/crater-agent-workspace/builds/worker-6-tc1/source:/opt/rustwide/workdir:ro,Z" "-v" "/var/lib/crater-agent-workspace/builds/worker-6-tc1/target:/opt/rustwide/target:rw,Z" "-v" "/var/lib/crater-agent-workspace/cargo-home:/opt/rustwide/cargo-home:ro,Z" "-v" "/var/lib/crater-agent-workspace/rustup-home:/opt/rustwide/rustup-home:ro,Z" "-m" "1610612736" "--network" "none" "ghcr.io/rust-lang/crates-build-env/linux@sha256:8683fc1fc2eb5c9ac98e0d076ab094b2ffac7f99da555d2b6a2e27f346de2ec7" "sleep" "infinity", kill_on_drop: false }`
[INFO] [stdout] 8404bd1eac849410136c296e2e9e8936cf03762fa69bd268c8c46e35b50c315f
[INFO] running `Command { std: "docker" "start" "8404bd1eac849410136c296e2e9e8936cf03762fa69bd268c8c46e35b50c315f", kill_on_drop: false }`
[INFO] running `Command { std: "docker" "inspect" "8404bd1eac849410136c296e2e9e8936cf03762fa69bd268c8c46e35b50c315f", kill_on_drop: false }`
[INFO] running `Command { std: "docker" "exec" "-e" "SOURCE_DIR=/opt/rustwide/workdir" "-e" "CARGO_HOME=/opt/rustwide/cargo-home" "-e" "RUSTUP_HOME=/opt/rustwide/rustup-home" "-e" "CARGO_TARGET_DIR=/opt/rustwide/target" "-w" "/opt/rustwide/workdir" "--user" "0:0" "8404bd1eac849410136c296e2e9e8936cf03762fa69bd268c8c46e35b50c315f" "/opt/rustwide/cargo-home/bin/cargo" "+ed77b7b8699e342c2dc842c83cb5fe4025252ee8" "metadata" "--no-deps" "--format-version=1", kill_on_drop: false }`
[INFO] running `Command { std: "docker" "inspect" "8404bd1eac849410136c296e2e9e8936cf03762fa69bd268c8c46e35b50c315f", kill_on_drop: false }`
[INFO] running `Command { std: "docker" "exec" "-e" "SOURCE_DIR=/opt/rustwide/workdir" "-e" "CARGO_HOME=/opt/rustwide/cargo-home" "-e" "RUSTUP_HOME=/opt/rustwide/rustup-home" "-e" "CARGO_TARGET_DIR=/opt/rustwide/target" "-e" "CARGO_INCREMENTAL=0" "-e" "RUST_BACKTRACE=full" "-e" "RUSTFLAGS=--cap-lints=forbid" "-e" "RUSTDOCFLAGS=--cap-lints=forbid" "-w" "/opt/rustwide/workdir" "--user" "0:0" "8404bd1eac849410136c296e2e9e8936cf03762fa69bd268c8c46e35b50c315f" "/opt/rustwide/cargo-home/bin/cargo" "+ed77b7b8699e342c2dc842c83cb5fe4025252ee8" "check" "--frozen" "--all" "--all-targets" "--message-format=json", kill_on_drop: false }`
[INFO] [stderr] warning: profiles for the non root package will be ignored, specify profiles at the workspace root:
[INFO] [stderr] package:   /opt/rustwide/workdir/packages/indicators/Cargo.toml
[INFO] [stderr] workspace: /opt/rustwide/workdir/Cargo.toml
[INFO] [stderr] warning: profiles for the non root package will be ignored, specify profiles at the workspace root:
[INFO] [stderr] package:   /opt/rustwide/workdir/crates/chartcore/Cargo.toml
[INFO] [stderr] workspace: /opt/rustwide/workdir/Cargo.toml
[INFO] [stderr] warning: unused workspace dependency `chrono`
[INFO] [stderr]   --> Cargo.toml:19:25
[INFO] [stderr]    |
[INFO] [stderr] 19 | [workspace.dependencies.chrono]
[INFO] [stderr]    |                         ^^^^^^
[INFO] [stderr]    |
[INFO] [stderr]    = note: `cargo::unused_workspace_dependencies` is set to `warn` by default
[INFO] [stderr] help: consider removing the workspace dependency `chrono`
[INFO] [stderr] warning: unused workspace dependency `loom-backtest`
[INFO] [stderr]   --> Cargo.toml:23:25
[INFO] [stderr]    |
[INFO] [stderr] 23 | [workspace.dependencies.loom-backtest]
[INFO] [stderr]    |                         ^^^^^^^^^^^^^
[INFO] [stderr]    |
[INFO] [stderr] help: consider removing the workspace dependency `loom-backtest`
[INFO] [stderr] warning: unused workspace dependency `loom-chart`
[INFO] [stderr]   --> Cargo.toml:26:25
[INFO] [stderr]    |
[INFO] [stderr] 26 | [workspace.dependencies.loom-chart]
[INFO] [stderr]    |                         ^^^^^^^^^^
[INFO] [stderr]    |
[INFO] [stderr] help: consider removing the workspace dependency `loom-chart`
[INFO] [stderr] warning: unused workspace dependency `loom-core`
[INFO] [stderr]   --> Cargo.toml:29:25
[INFO] [stderr]    |
[INFO] [stderr] 29 | [workspace.dependencies.loom-core]
[INFO] [stderr]    |                         ^^^^^^^^^
[INFO] [stderr]    |
[INFO] [stderr] help: consider removing the workspace dependency `loom-core`
[INFO] [stderr] warning: unused workspace dependency `loom-data`
[INFO] [stderr]   --> Cargo.toml:32:25
[INFO] [stderr]    |
[INFO] [stderr] 32 | [workspace.dependencies.loom-data]
[INFO] [stderr]    |                         ^^^^^^^^^
[INFO] [stderr]    |
[INFO] [stderr] help: consider removing the workspace dependency `loom-data`
[INFO] [stderr] warning: unused workspace dependency `loom-indicators`
[INFO] [stderr]   --> Cargo.toml:35:25
[INFO] [stderr]    |
[INFO] [stderr] 35 | [workspace.dependencies.loom-indicators]
[INFO] [stderr]    |                         ^^^^^^^^^^^^^^^
[INFO] [stderr]    |
[INFO] [stderr] help: consider removing the workspace dependency `loom-indicators`
[INFO] [stderr] warning: unused workspace dependency `loom-risk`
[INFO] [stderr]   --> Cargo.toml:38:25
[INFO] [stderr]    |
[INFO] [stderr] 38 | [workspace.dependencies.loom-risk]
[INFO] [stderr]    |                         ^^^^^^^^^
[INFO] [stderr]    |
[INFO] [stderr] help: consider removing the workspace dependency `loom-risk`
[INFO] [stderr] warning: unused workspace dependency `loom-signals`
[INFO] [stderr]   --> Cargo.toml:41:25
[INFO] [stderr]    |
[INFO] [stderr] 41 | [workspace.dependencies.loom-signals]
[INFO] [stderr]    |                         ^^^^^^^^^^^^
[INFO] [stderr]    |
[INFO] [stderr] help: consider removing the workspace dependency `loom-signals`
[INFO] [stderr] warning: unused workspace dependency `serde`
[INFO] [stderr]   --> Cargo.toml:44:25
[INFO] [stderr]    |
[INFO] [stderr] 44 | [workspace.dependencies.serde]
[INFO] [stderr]    |                         ^^^^^
[INFO] [stderr]    |
[INFO] [stderr] help: consider removing the workspace dependency `serde`
[INFO] [stderr] warning: unused workspace dependency `serde_json`
[INFO] [stderr]   --> Cargo.toml:16:1
[INFO] [stderr]    |
[INFO] [stderr] 16 | serde_json = "1.0"
[INFO] [stderr]    | ^^^^^^^^^^
[INFO] [stderr]    |
[INFO] [stderr] help: consider removing the workspace dependency `serde_json`
[INFO] [stderr] warning: unused workspace dependency `thiserror`
[INFO] [stderr]   --> Cargo.toml:17:1
[INFO] [stderr]    |
[INFO] [stderr] 17 | thiserror = "1.0"
[INFO] [stderr]    | ^^^^^^^^^
[INFO] [stderr]    |
[INFO] [stderr] help: consider removing the workspace dependency `thiserror`
[INFO] [stderr] warning: unused field `edition` in `workspace.package`
[INFO] [stderr]   --> Cargo.toml:49:1
[INFO] [stderr]    |
[INFO] [stderr] 49 | edition = "2021"
[INFO] [stderr]    | ^^^^^^^
[INFO] [stderr]    |
[INFO] [stderr]    = note: `cargo::unused_workspace_package_fields` is set to `warn` by default
[INFO] [stderr] help: consider removing the field `workspace.package.edition`
[INFO] [stderr] warning: unused field `license` in `workspace.package`
[INFO] [stderr]   --> Cargo.toml:50:1
[INFO] [stderr]    |
[INFO] [stderr] 50 | license = "MIT"
[INFO] [stderr]    | ^^^^^^^
[INFO] [stderr]    |
[INFO] [stderr] help: consider removing the field `workspace.package.license`
[INFO] [stderr] warning: unused field `repository` in `workspace.package`
[INFO] [stderr]   --> Cargo.toml:51:1
[INFO] [stderr]    |
[INFO] [stderr] 51 | repository = "https://github.com/casoon/loom"
[INFO] [stderr]    | ^^^^^^^^^^
[INFO] [stderr]    |
[INFO] [stderr] help: consider removing the field `workspace.package.repository`
[INFO] [stderr] warning: unused field `version` in `workspace.package`
[INFO] [stderr]   --> Cargo.toml:52:1
[INFO] [stderr]    |
[INFO] [stderr] 52 | version = "0.1.0"
[INFO] [stderr]    | ^^^^^^^
[INFO] [stderr]    |
[INFO] [stderr] help: consider removing the field `workspace.package.version`
[INFO] [stderr] warning: workspace (manifest) generated 15 warnings
[INFO] [stderr] warning: explicit `package.readme` can be inferred
[INFO] [stderr]   --> packages/indicators/Cargo.toml:11:1
[INFO] [stderr]    |
[INFO] [stderr] 11 | readme = "README.md"
[INFO] [stderr]    | ^^^^^^^^^^^^^^^^^^^^
[INFO] [stderr]    |
[INFO] [stderr]    = note: `cargo::manual_readme` is set to `warn` by default
[INFO] [stderr] help: consider removing `package.readme`
[INFO] [stderr] warning: `loom-indicators` (manifest) generated 1 warning
[INFO] [stderr]    Compiling proc-macro2 v1.0.103
[INFO] [stderr]    Compiling quote v1.0.42
[INFO] [stderr]    Compiling unicode-ident v1.0.22
[INFO] [stderr]    Compiling libc v0.2.178
[INFO] [stderr]     Checking memchr v2.7.6
[INFO] [stderr]     Checking bytes v1.11.0
[INFO] [stderr]    Compiling zerocopy v0.8.31
[INFO] [stderr]    Compiling serde_json v1.0.148
[INFO] [stderr]     Checking bitflags v2.10.0
[INFO] [stderr]     Checking zmij v1.0.0
[INFO] [stderr]     Checking slab v0.4.11
[INFO] [stderr]    Compiling find-msvc-tools v0.1.6
[INFO] [stderr]     Checking crypto-common v0.1.7
[INFO] [stderr]     Checking indexmap v2.12.1
[INFO] [stderr]    Compiling cc v1.2.51
[INFO] [stderr]     Checking digest v0.10.7
[INFO] [stderr]     Checking iana-time-zone v0.1.64
[INFO] [stderr]     Checking regex-syntax v0.8.8
[INFO] [stderr]     Checking http v1.4.0
[INFO] [stderr]     Checking aho-corasick v1.1.4
[INFO] [stderr]    Compiling syn v2.0.111
[INFO] [stderr]     Checking errno v0.3.14
[INFO] [stderr]     Checking socket2 v0.6.1
[INFO] [stderr]     Checking mio v1.1.1
[INFO] [stderr]     Checking signal-hook-registry v1.4.8
[INFO] [stderr]     Checking getrandom v0.2.16
[INFO] [stderr]    Compiling native-tls v0.2.14
[INFO] [stderr]     Checking rand_core v0.6.4
[INFO] [stderr]     Checking openssl-probe v0.1.6
[INFO] [stderr]     Checking ryu v1.0.22
[INFO] [stderr]     Checking getrandom v0.3.4
[INFO] [stderr]     Checking sha1 v0.10.6
[INFO] [stderr]    Compiling thiserror v2.0.17
[INFO] [stderr]     Checking data-encoding v2.9.0
[INFO] [stderr]     Checking utf-8 v0.7.6
[INFO] [stderr]    Compiling subtle v2.6.1
[INFO] [stderr]     Checking ipnet v2.11.0
[INFO] [stderr]    Compiling openssl-sys v0.9.111
[INFO] [stderr]    Compiling num-traits v0.2.19
[INFO] [stderr]    Compiling libm v0.2.15
[INFO] [stderr]    Compiling openssl v0.10.75
[INFO] [stderr]     Checking regex-automata v0.4.13
[INFO] [stderr]     Checking http v0.2.12
[INFO] [stderr]     Checking csv-core v0.1.13
[INFO] [stderr]     Checking ciborium-io v0.2.2
[INFO] [stderr]    Compiling futures-sink v0.3.31
[INFO] [stderr]     Checking plotters-backend v0.3.7
[INFO] [stderr]     Checking anstyle v1.0.13
[INFO] [stderr]     Checking clap_lex v0.7.6
[INFO] [stderr]     Checking plotters-svg v0.3.7
[INFO] [stderr]     Checking csv v1.4.0
[INFO] [stderr]     Checking clap_builder v4.5.53
[INFO] [stderr]     Checking http-body v1.0.1
[INFO] [stderr]     Checking cast v0.3.0
[INFO] [stderr]    Compiling futures-io v0.3.31
[INFO] [stderr]    Compiling event-listener v5.4.1
[INFO] [stderr]    Compiling tokio v1.48.0
[INFO] [stderr]    Compiling chrono v0.4.42
[INFO] [stderr]    Compiling futures-util v0.3.31
[INFO] [stderr]    Compiling sha2 v0.10.9
[INFO] [stderr]    Compiling ppv-lite86 v0.2.21
[INFO] [stderr]     Checking regex v1.12.2
[INFO] [stderr]    Compiling rand_chacha v0.3.1
[INFO] [stderr]     Checking clap v4.5.53
[INFO] [stderr]     Checking walkdir v2.5.0
[INFO] [stderr]     Checking plotters v0.3.7
[INFO] [stderr]    Compiling hashlink v0.10.0
[INFO] [stderr]    Compiling synstructure v0.13.2
[INFO] [stderr]    Compiling unicode-normalization v0.1.25
[INFO] [stderr]     Checking http-body v0.4.6
[INFO] [stderr]     Checking loom-indicators v0.1.0 (/opt/rustwide/workdir/packages/indicators)
[INFO] [stderr]    Compiling hmac v0.12.1
[INFO] [stderr]    Compiling crossbeam-queue v0.3.12
[INFO] [stderr]     Checking socket2 v0.5.10
[INFO] [stderr]     Checking is-terminal v0.4.17
[INFO] [stderr]     Checking oorandom v11.1.5
[INFO] [stderr]    Compiling rustix v1.1.3
[INFO] [stderr]     Checking anes v0.1.6
[INFO] [stderr]    Compiling base64 v0.22.1
[INFO] [stderr]    Compiling stringprep v0.1.5
[INFO] [stderr]    Compiling hkdf v0.12.4
[INFO] [stderr]    Compiling rand v0.8.5
[INFO] [stderr]    Compiling futures-channel v0.3.31
[INFO] [stderr]    Compiling atoi v2.0.0
[INFO] [stderr]    Compiling md-5 v0.10.6
[INFO] [stderr]     Checking rand_core v0.9.3
[INFO] [stderr]     Checking concurrent-queue v2.5.0
[INFO] [stderr]    Compiling whoami v1.6.1
[INFO] [stderr]    Compiling dotenvy v0.15.7
[INFO] [stderr]     Checking crc-catalog v2.4.0
[INFO] [stderr]     Checking linux-raw-sys v0.11.0
[INFO] [stderr]    Compiling byteorder v1.5.0
[INFO] [stderr]    Compiling home v0.5.12
[INFO] [stderr]     Checking crc v3.4.0
[INFO] [stderr]     Checking rustls-pemfile v1.0.4
[INFO] [stderr]    Compiling serde_derive v1.0.228
[INFO] [stderr]    Compiling zerofrom-derive v0.1.6
[INFO] [stderr]    Compiling yoke-derive v0.8.1
[INFO] [stderr]    Compiling zerovec-derive v0.11.2
[INFO] [stderr]    Compiling displaydoc v0.2.5
[INFO] [stderr]    Compiling zerocopy-derive v0.8.31
[INFO] [stderr]    Compiling tokio-macros v2.6.0
[INFO] [stderr]    Compiling tracing-attributes v0.1.31
[INFO] [stderr]     Checking zerofrom v0.1.6
[INFO] [stderr]     Checking yoke v0.8.1
[INFO] [stderr]    Compiling futures-macro v0.3.31
[INFO] [stderr]     Checking zerovec v0.11.5
[INFO] [stderr]     Checking zerotrie v0.2.3
[INFO] [stderr]    Compiling openssl-macros v0.1.1
[INFO] [stderr]     Checking tinystr v0.8.2
[INFO] [stderr]     Checking tracing v0.1.44
[INFO] [stderr]     Checking icu_locale_core v2.1.1
[INFO] [stderr]     Checking potential_utf v0.1.4
[INFO] [stderr]     Checking icu_collections v2.1.1
[INFO] [stderr]    Compiling thiserror-impl v1.0.69
[INFO] [stderr]     Checking icu_provider v2.1.1
[INFO] [stderr]     Checking icu_properties v2.1.2
[INFO] [stderr]    Compiling thiserror-impl v2.0.17
[INFO] [stderr]     Checking serde v1.0.228
[INFO] [stderr]     Checking thiserror v1.0.69
[INFO] [stderr]     Checking smallvec v1.15.1
[INFO] [stderr]     Checking either v1.15.0
[INFO] [stderr]     Checking parking_lot_core v0.9.12
[INFO] [stderr]     Checking parking_lot v0.12.5
[INFO] [stderr]     Checking icu_normalizer v2.1.1
[INFO] [stderr]     Checking loom-core v0.1.0 (/opt/rustwide/workdir/packages/core)
[INFO] [stdout] warning: unused import: `core::cmp::Ordering`
[INFO] [stdout]  --> packages/core/src/candle.rs:6:5
[INFO] [stdout]   |
[INFO] [stdout] 6 | use core::cmp::Ordering;
[INFO] [stdout]   |     ^^^^^^^^^^^^^^^^^^^
[INFO] [stdout]   |
[INFO] [stdout]   = note: `#[warn(unused_imports)]` (part of `#[warn(unused)]`) on by default
[INFO] [stdout] 
[INFO] [stdout] 
[INFO] [stdout] warning: unused import: `crate::Timestamp`
[INFO] [stdout]  --> packages/core/src/session.rs:5:5
[INFO] [stdout]   |
[INFO] [stdout] 5 | use crate::Timestamp;
[INFO] [stdout]   |     ^^^^^^^^^^^^^^^^
[INFO] [stdout] 
[INFO] [stdout] 
[INFO] [stderr]     Checking idna_adapter v1.2.1
[INFO] [stderr]     Checking serde_urlencoded v0.7.1
[INFO] [stderr]     Checking idna v1.1.0
[INFO] [stderr]     Checking half v2.7.1
[INFO] [stderr]     Checking loom-signals v0.1.0 (/opt/rustwide/workdir/packages/signals)
[INFO] [stderr]     Checking url v2.5.7
[INFO] [stdout] warning: unused import: `OHLCV`
[INFO] [stdout]   --> packages/signals/src/elliott.rs:23:25
[INFO] [stdout]    |
[INFO] [stdout] 23 | use loom_core::{Candle, OHLCV, Price, Timestamp};
[INFO] [stdout]    |                         ^^^^^
[INFO] [stdout]    |
[INFO] [stdout]    = note: `#[warn(unused_imports)]` (part of `#[warn(unused)]`) on by default
[INFO] [stdout] 
[INFO] [stdout] 
[INFO] [stdout] warning: variable `last_swing_high` is assigned to, but never used
[INFO] [stdout]    --> packages/signals/src/smc.rs:430:13
[INFO] [stdout]     |
[INFO] [stdout] 430 |         let mut last_swing_high: Option<&Swing> = None;
[INFO] [stdout]     |             ^^^^^^^^^^^^^^^^^^^
[INFO] [stdout]     |
[INFO] [stdout]     = note: consider using `_last_swing_high` instead
[INFO] [stdout]     = note: `#[warn(unused_variables)]` (part of `#[warn(unused)]`) on by default
[INFO] [stdout] 
[INFO] [stdout] 
[INFO] [stdout] warning: variable `last_swing_low` is assigned to, but never used
[INFO] [stdout]    --> packages/signals/src/smc.rs:431:13
[INFO] [stdout]     |
[INFO] [stdout] 431 |         let mut last_swing_low: Option<&Swing> = None;
[INFO] [stdout]     |             ^^^^^^^^^^^^^^^^^^
[INFO] [stdout]     |
[INFO] [stdout]     = note: consider using `_last_swing_low` instead
[INFO] [stdout] 
[INFO] [stdout] 
[INFO] [stdout] warning: value assigned to `last_swing_high` is never read
[INFO] [stdout]    --> packages/signals/src/smc.rs:435:17
[INFO] [stdout]     |
[INFO] [stdout] 435 |                 last_swing_high = Some(swing);
[INFO] [stdout]     |                 ^^^^^^^^^^^^^^^^^^^^^^^^^^^^^
[INFO] [stdout]     |
[INFO] [stdout]     = help: maybe it is overwritten before being read?
[INFO] [stdout]     = note: `#[warn(unused_assignments)]` (part of `#[warn(unused)]`) on by default
[INFO] [stdout] 
[INFO] [stdout] 
[INFO] [stdout] warning: value assigned to `last_swing_low` is never read
[INFO] [stdout]    --> packages/signals/src/smc.rs:437:17
[INFO] [stdout]     |
[INFO] [stdout] 437 |                 last_swing_low = Some(swing);
[INFO] [stdout]     |                 ^^^^^^^^^^^^^^^^^^^^^^^^^^^^
[INFO] [stdout]     |
[INFO] [stdout]     = help: maybe it is overwritten before being read?
[INFO] [stdout] 
[INFO] [stdout] 
[INFO] [stdout] warning: field `breakout_threshold` is never read
[INFO] [stdout]    --> packages/signals/src/wyckoff.rs:158:5
[INFO] [stdout]     |
[INFO] [stdout] 150 | pub struct WyckoffAnalyzer {
[INFO] [stdout]     |            --------------- field in this struct
[INFO] [stdout] ...
[INFO] [stdout] 158 |     breakout_threshold: f64,
[INFO] [stdout]     |     ^^^^^^^^^^^^^^^^^^
[INFO] [stdout]     |
[INFO] [stdout]     = note: `#[warn(dead_code)]` (part of `#[warn(unused)]`) on by default
[INFO] [stdout] 
[INFO] [stdout] 
[INFO] [stderr]     Checking ciborium-ll v0.2.2
[INFO] [stderr]     Checking itertools v0.10.5
[INFO] [stderr]     Checking loom-risk v0.1.0 (/opt/rustwide/workdir/packages/risk)
[INFO] [stdout] warning: unused import: `loom_core::Price`
[INFO] [stdout]  --> packages/risk/src/limits.rs:5:5
[INFO] [stdout]   |
[INFO] [stdout] 5 | use loom_core::Price;
[INFO] [stdout]   |     ^^^^^^^^^^^^^^^^
[INFO] [stdout]   |
[INFO] [stdout]   = note: `#[warn(unused_imports)]` (part of `#[warn(unused)]`) on by default
[INFO] [stdout] 
[INFO] [stdout] 
[INFO] [stderr]     Checking ciborium v0.2.2
[INFO] [stdout] warning: unused variable: `annual_vol`
[INFO] [stdout]    --> packages/risk/src/sizing.rs:121:13
[INFO] [stdout]     |
[INFO] [stdout] 121 |         let annual_vol = daily_volatility * (self.trading_days).sqrt();
[INFO] [stdout]     |             ^^^^^^^^^^ help: if this is intentional, prefix it with an underscore: `_annual_vol`
[INFO] [stdout]     |
[INFO] [stdout]     = note: `#[warn(unused_variables)]` (part of `#[warn(unused)]`) on by default
[INFO] [stdout] 
[INFO] [stdout] 
[INFO] [stdout] warning: unused variable: `price`
[INFO] [stdout]    --> packages/risk/src/sizing.rs:172:52
[INFO] [stdout]     |
[INFO] [stdout] 172 |     pub fn calculate_with_atr(&self, balance: f64, price: Price, atr: f64) -> f64 {
[INFO] [stdout]     |                                                    ^^^^^ help: if this is intentional, prefix it with an underscore: `_price`
[INFO] [stdout] 
[INFO] [stdout] 
[INFO] [stderr]    Compiling futures-intrusive v0.5.0
[INFO] [stderr]     Checking rayon v1.11.0
[INFO] [stderr]     Checking tinytemplate v1.2.1
[INFO] [stderr]    Compiling tokio-stream v0.1.17
[INFO] [stderr]     Checking tungstenite v0.21.0
[INFO] [stderr]     Checking loom-chart v0.1.0 (/opt/rustwide/workdir/packages/chart)
[INFO] [stdout] error[E0432]: unresolved import `primitives::Shape`
[INFO] [stdout]   --> packages/chart/src/lib.rs:56:5
[INFO] [stdout]    |
[INFO] [stdout] 56 |     Shape, Rectangle, Triangle, Circle, Ellipse, Arc,
[INFO] [stdout]    |     ^^^^^ no `Shape` in `primitives`
[INFO] [stdout] 
[INFO] [stdout] 
[INFO] [stdout] warning: unused import: `std::collections::HashMap`
[INFO] [stdout]   --> packages/chart/src/context.rs:11:5
[INFO] [stdout]    |
[INFO] [stdout] 11 | use std::collections::HashMap;
[INFO] [stdout]    |     ^^^^^^^^^^^^^^^^^^^^^^^^^
[INFO] [stdout]    |
[INFO] [stdout]    = note: `#[warn(unused_imports)]` (part of `#[warn(unused)]`) on by default
[INFO] [stdout] 
[INFO] [stdout] 
[INFO] [stdout] warning: unused import: `LayerId`
[INFO] [stdout]   --> packages/chart/src/plugins/pivots.rs:13:31
[INFO] [stdout]    |
[INFO] [stdout] 13 |     context::{DrawingContext, LayerId},
[INFO] [stdout]    |                               ^^^^^^^
[INFO] [stdout] 
[INFO] [stdout] 
[INFO] [stdout] warning: unused import: `Price`
[INFO] [stdout]  --> packages/chart/src/plugins/wyckoff.rs:5:32
[INFO] [stdout]   |
[INFO] [stdout] 5 | use loom_core::{Candle, OHLCV, Price, Timestamp};
[INFO] [stdout]   |                                ^^^^^
[INFO] [stdout] 
[INFO] [stdout] 
[INFO] [stdout] warning: unused imports: `Price` and `Timestamp`
[INFO] [stdout]  --> packages/chart/src/plugins/smc.rs:5:32
[INFO] [stdout]   |
[INFO] [stdout] 5 | use loom_core::{Candle, OHLCV, Price, Timestamp};
[INFO] [stdout]   |                                ^^^^^  ^^^^^^^^^
[INFO] [stdout] 
[INFO] [stdout] 
[INFO] [stdout] warning: unused imports: `BreakOfStructure`, `FairValueGap`, `LiquidityZone`, `MarketStructure`, `OrderBlock`, and `Swing`
[INFO] [stdout]  --> packages/chart/src/plugins/smc.rs:7:18
[INFO] [stdout]   |
[INFO] [stdout] 7 |     SmcAnalyzer, OrderBlock, FairValueGap, LiquidityZone,
[INFO] [stdout]   |                  ^^^^^^^^^^  ^^^^^^^^^^^^  ^^^^^^^^^^^^^
[INFO] [stdout] 8 |     BreakOfStructure, MarketStructure, Swing,
[INFO] [stdout]   |     ^^^^^^^^^^^^^^^^  ^^^^^^^^^^^^^^^  ^^^^^
[INFO] [stdout] 
[INFO] [stdout] 
[INFO] [stdout] warning: unused imports: `Price` and `Timestamp`
[INFO] [stdout]  --> packages/chart/src/plugins/elliott.rs:5:32
[INFO] [stdout]   |
[INFO] [stdout] 5 | use loom_core::{Candle, OHLCV, Price, Timestamp};
[INFO] [stdout]   |                                ^^^^^  ^^^^^^^^^
[INFO] [stdout] 
[INFO] [stdout] 
[INFO] [stdout] warning: unused import: `LayerId`
[INFO] [stdout]   --> packages/chart/src/plugins/trendlines.rs:13:31
[INFO] [stdout]    |
[INFO] [stdout] 13 |     context::{DrawingContext, LayerId},
[INFO] [stdout]    |                               ^^^^^^^
[INFO] [stdout] 
[INFO] [stdout] 
[INFO] [stdout] error: lifetime may not live long enough
[INFO] [stdout]    --> packages/chart/src/plugin.rs:274:41
[INFO] [stdout]     |
[INFO] [stdout] 273 |     pub fn iter_mut(&mut self) -> impl Iterator<Item = &mut dyn ChartPlugin> {
[INFO] [stdout]     |                     - let's call the lifetime of this reference `'1`
[INFO] [stdout] 274 |         self.plugins.iter_mut().map(|p| p.as_mut())
[INFO] [stdout]     |                                         ^^^^^^^^^^ returning this value requires that `'1` must outlive `'static`
[INFO] [stdout]     |
[INFO] [stdout] help: to declare that `impl Iterator<Item = &mut dyn ChartPlugin>` captures data from argument `self`, you can add an explicit `'_` lifetime bound
[INFO] [stdout]     |
[INFO] [stdout] 273 |     pub fn iter_mut(&mut self) -> impl Iterator<Item = &mut dyn ChartPlugin> + '_ {
[INFO] [stdout]     |                                                                              ++++
[INFO] [stdout] help: to declare that the trait object captures data from argument `self`, you can add an explicit `'_` lifetime bound
[INFO] [stdout]     |
[INFO] [stdout] 273 |     pub fn iter_mut(&mut self) -> impl Iterator<Item = &mut dyn ChartPlugin + '_> {
[INFO] [stdout]     |                                                                             ++++
[INFO] [stdout] help: consider adding 'move' keyword before the nested closure
[INFO] [stdout]     |
[INFO] [stdout] 274 |         self.plugins.iter_mut().map(move |p| p.as_mut())
[INFO] [stdout]     |                                     ++++
[INFO] [stdout] 
[INFO] [stdout] 
[INFO] [stderr]     Checking futures-executor v0.3.31
[INFO] [stdout] error[E0599]: no method named `into_drawing` found for struct `primitives::VerticalLine` in the current scope
[INFO] [stdout]     --> packages/chart/src/context.rs:186:43
[INFO] [stdout]      |
[INFO] [stdout]  186 |         self.draw(VerticalLine::new(time).into_drawing())
[INFO] [stdout]      |                                           ^^^^^^^^^^^^ method not found in `primitives::VerticalLine`
[INFO] [stdout]      |
[INFO] [stdout]     ::: packages/chart/src/primitives.rs:256:1
[INFO] [stdout]      |
[INFO] [stdout]  256 | pub struct VerticalLine {
[INFO] [stdout]      | ----------------------- method `into_drawing` not found for this struct
[INFO] [stdout]      |
[INFO] [stdout]      = help: items from traits can only be used if the trait is implemented and in scope
[INFO] [stdout] note: `primitives::IntoDrawing` defines an item `into_drawing`, perhaps you need to implement it
[INFO] [stdout]     --> packages/chart/src/primitives.rs:1142:1
[INFO] [stdout]      |
[INFO] [stdout] 1142 | pub trait IntoDrawing {
[INFO] [stdout]      | ^^^^^^^^^^^^^^^^^^^^^
[INFO] [stdout] 
[INFO] [stdout] 
[INFO] [stdout] warning: unused import: `OHLCV`
[INFO] [stdout]  --> packages/chart/src/plugins/support_resistance.rs:5:25
[INFO] [stdout]   |
[INFO] [stdout] 5 | use loom_core::{Candle, OHLCV, Price, Timestamp};
[INFO] [stdout]   |                         ^^^^^
[INFO] [stdout] 
[INFO] [stdout] 
[INFO] [stdout] warning: unused import: `OHLCV`
[INFO] [stdout]  --> packages/chart/src/plugins/trendlines.rs:5:25
[INFO] [stdout]   |
[INFO] [stdout] 5 | use loom_core::{Candle, OHLCV, Price, Timestamp};
[INFO] [stdout]   |                         ^^^^^
[INFO] [stdout] 
[INFO] [stdout] 
[INFO] [stdout] warning: unused import: `OHLCV`
[INFO] [stdout]  --> packages/chart/src/plugins/pivots.rs:5:25
[INFO] [stdout]   |
[INFO] [stdout] 5 | use loom_core::{Candle, OHLCV, Price, Timestamp};
[INFO] [stdout]   |                         ^^^^^
[INFO] [stdout] 
[INFO] [stdout] 
[INFO] [stdout] warning: unused import: `OHLCV`
[INFO] [stdout]  --> packages/chart/src/plugins/wyckoff.rs:5:25
[INFO] [stdout]   |
[INFO] [stdout] 5 | use loom_core::{Candle, OHLCV, Price, Timestamp};
[INFO] [stdout]   |                         ^^^^^
[INFO] [stdout] 
[INFO] [stdout] 
[INFO] [stdout] warning: unused import: `OHLCV`
[INFO] [stdout]  --> packages/chart/src/plugins/elliott.rs:5:25
[INFO] [stdout]   |
[INFO] [stdout] 5 | use loom_core::{Candle, OHLCV, Price, Timestamp};
[INFO] [stdout]   |                         ^^^^^
[INFO] [stdout] 
[INFO] [stdout] 
[INFO] [stdout] warning: unused import: `OHLCV`
[INFO] [stdout]  --> packages/chart/src/plugins/smc.rs:5:25
[INFO] [stdout]   |
[INFO] [stdout] 5 | use loom_core::{Candle, OHLCV, Price, Timestamp};
[INFO] [stdout]   |                         ^^^^^
[INFO] [stdout] 
[INFO] [stdout] 
[INFO] [stdout] error: lifetime may not live long enough
[INFO] [stdout]    --> packages/chart/src/plugin.rs:264:68
[INFO] [stdout]     |
[INFO] [stdout] 263 |     pub fn get_mut(&mut self, name: &str) -> Option<&mut dyn ChartPlugin> {
[INFO] [stdout]     |                    - let's call the lifetime of this reference `'1`
[INFO] [stdout] 264 |         self.plugins.iter_mut().find(|p| p.name() == name).map(|p| p.as_mut())
[INFO] [stdout]     |                                                                    ^^^^^^^^^^ returning this value requires that `'1` must outlive `'static`
[INFO] [stdout]     |
[INFO] [stdout] help: to declare that the trait object captures data from argument `self`, you can add an explicit `'_` lifetime bound
[INFO] [stdout]     |
[INFO] [stdout] 263 |     pub fn get_mut(&mut self, name: &str) -> Option<&mut dyn ChartPlugin + '_> {
[INFO] [stdout]     |                                                                          ++++
[INFO] [stdout] help: consider adding 'move' keyword before the nested closure
[INFO] [stdout]     |
[INFO] [stdout] 264 |         self.plugins.iter_mut().find(|p| p.name() == name).map(move |p| p.as_mut())
[INFO] [stdout]     |                                                                ++++
[INFO] [stdout] 
[INFO] [stdout] 
[INFO] [stdout] error[E0502]: cannot borrow `*self` as mutable because it is also borrowed as immutable
[INFO] [stdout]    --> packages/chart/src/plugins/wyckoff.rs:96:21
[INFO] [stdout]     |
[INFO] [stdout]  88 |         let cfg = &self.visual_config;
[INFO] [stdout]     |                   ------------------- immutable borrow occurs here
[INFO] [stdout] ...
[INFO] [stdout]  96 |                     self.draw_spring(ctx, candle, &spring);
[INFO] [stdout]     |                     ^^^^^^^^^^^^^^^^^^^^^^^^^^^^^^^^^^^^^^ mutable borrow occurs here
[INFO] [stdout] ...
[INFO] [stdout] 102 |         if cfg.show_upthrusts {
[INFO] [stdout]     |            ------------------ immutable borrow later used here
[INFO] [stdout] 
[INFO] [stdout] 
[INFO] [stdout] error[E0502]: cannot borrow `*self` as mutable because it is also borrowed as immutable
[INFO] [stdout]    --> packages/chart/src/plugins/wyckoff.rs:107:21
[INFO] [stdout]     |
[INFO] [stdout]  88 |         let cfg = &self.visual_config;
[INFO] [stdout]     |                   ------------------- immutable borrow occurs here
[INFO] [stdout] ...
[INFO] [stdout] 107 |                     self.draw_upthrust(ctx, candle, &upthrust);
[INFO] [stdout]     |                     ^^^^^^^^^^^^^^^^^^^^^^^^^^^^^^^^^^^^^^^^^^ mutable borrow occurs here
[INFO] [stdout] ...
[INFO] [stdout] 113 |         if cfg.show_phases {
[INFO] [stdout]     |            --------------- immutable borrow later used here
[INFO] [stdout] 
[INFO] [stdout] 
[INFO] [stdout] error[E0502]: cannot borrow `*self` as mutable because it is also borrowed as immutable
[INFO] [stdout]    --> packages/chart/src/plugins/smc.rs:124:13
[INFO] [stdout]     |
[INFO] [stdout] 120 |         let cfg = &self.visual_config;
[INFO] [stdout]     |                   ------------------- immutable borrow occurs here
[INFO] [stdout] ...
[INFO] [stdout] 124 |             self.draw_order_blocks(ctx);
[INFO] [stdout]     |             ^^^^^^^^^^^^^^^^^^^^^^^^^^^ mutable borrow occurs here
[INFO] [stdout] ...
[INFO] [stdout] 128 |         if cfg.show_fvg {
[INFO] [stdout]     |            ------------ immutable borrow later used here
[INFO] [stdout] 
[INFO] [stdout] 
[INFO] [stdout] error[E0502]: cannot borrow `*self` as mutable because it is also borrowed as immutable
[INFO] [stdout]    --> packages/chart/src/plugins/smc.rs:129:13
[INFO] [stdout]     |
[INFO] [stdout] 120 |         let cfg = &self.visual_config;
[INFO] [stdout]     |                   ------------------- immutable borrow occurs here
[INFO] [stdout] ...
[INFO] [stdout] 129 |             self.draw_fvgs(ctx);
[INFO] [stdout]     |             ^^^^^^^^^^^^^^^^^^^ mutable borrow occurs here
[INFO] [stdout] ...
[INFO] [stdout] 133 |         if cfg.show_liquidity {
[INFO] [stdout]     |            ------------------ immutable borrow later used here
[INFO] [stdout] 
[INFO] [stdout] 
[INFO] [stdout] error[E0502]: cannot borrow `*self` as mutable because it is also borrowed as immutable
[INFO] [stdout]    --> packages/chart/src/plugins/smc.rs:134:13
[INFO] [stdout]     |
[INFO] [stdout] 120 |         let cfg = &self.visual_config;
[INFO] [stdout]     |                   ------------------- immutable borrow occurs here
[INFO] [stdout] ...
[INFO] [stdout] 134 |             self.draw_liquidity(ctx);
[INFO] [stdout]     |             ^^^^^^^^^^^^^^^^^^^^^^^^ mutable borrow occurs here
[INFO] [stdout] ...
[INFO] [stdout] 138 |         if cfg.show_bos {
[INFO] [stdout]     |            ------------ immutable borrow later used here
[INFO] [stdout] 
[INFO] [stdout] 
[INFO] [stdout] error[E0502]: cannot borrow `*self` as mutable because it is also borrowed as immutable
[INFO] [stdout]    --> packages/chart/src/plugins/smc.rs:139:13
[INFO] [stdout]     |
[INFO] [stdout] 120 |         let cfg = &self.visual_config;
[INFO] [stdout]     |                   ------------------- immutable borrow occurs here
[INFO] [stdout] ...
[INFO] [stdout] 139 |             self.draw_bos(ctx);
[INFO] [stdout]     |             ^^^^^^^^^^^^^^^^^^ mutable borrow occurs here
[INFO] [stdout] ...
[INFO] [stdout] 143 |         if cfg.show_swings {
[INFO] [stdout]     |            --------------- immutable borrow later used here
[INFO] [stdout] 
[INFO] [stdout] 
[INFO] [stdout] error[E0502]: cannot borrow `*self` as mutable because it is also borrowed as immutable
[INFO] [stdout]    --> packages/chart/src/plugins/smc.rs:144:13
[INFO] [stdout]     |
[INFO] [stdout] 120 |         let cfg = &self.visual_config;
[INFO] [stdout]     |                   ------------------- immutable borrow occurs here
[INFO] [stdout] ...
[INFO] [stdout] 144 |             self.draw_swings(ctx);
[INFO] [stdout]     |             ^^^^^^^^^^^^^^^^^^^^^ mutable borrow occurs here
[INFO] [stdout] ...
[INFO] [stdout] 148 |         if cfg.show_premium_discount {
[INFO] [stdout]     |            ------------------------- immutable borrow later used here
[INFO] [stdout] 
[INFO] [stdout] 
[INFO] [stdout] warning: unused variable: `candle`
[INFO] [stdout]    --> packages/chart/src/plugins/smc.rs:171:17
[INFO] [stdout]     |
[INFO] [stdout] 171 |             let candle = &self.candle_buffer[ob.index];
[INFO] [stdout]     |                 ^^^^^^ help: if this is intentional, prefix it with an underscore: `_candle`
[INFO] [stdout]     |
[INFO] [stdout]     = note: `#[warn(unused_variables)]` (part of `#[warn(unused)]`) on by default
[INFO] [stdout] 
[INFO] [stdout] 
[INFO] [stdout] error[E0716]: temporary value dropped while borrowed
[INFO] [stdout]    --> packages/chart/src/plugins/smc.rs:219:60
[INFO] [stdout]     |
[INFO] [stdout] 219 |                         if fvg.filled { "Filled" } else { &format!("{:.0}", fvg.fill_percent) }
[INFO] [stdout]     |                         -----------------------------------^^^^^^^^^^^^^^^^^^^^^^^^^^^^^^^^^^--
[INFO] [stdout]     |                         |                                  |                                  |
[INFO] [stdout]     |                         |                                  |                                  temporary value is freed at the end of this statement
[INFO] [stdout]     |                         |                                  creates a temporary value which is freed while still in use
[INFO] [stdout]     |                         borrow later used here
[INFO] [stdout]     |
[INFO] [stdout]     = note: consider using a `let` binding to create a longer lived value
[INFO] [stdout] 
[INFO] [stdout] 
[INFO] [stdout] warning: unused variable: `candle`
[INFO] [stdout]    --> packages/chart/src/plugins/smc.rs:210:17
[INFO] [stdout]     |
[INFO] [stdout] 210 |             let candle = &self.candle_buffer[fvg.index];
[INFO] [stdout]     |                 ^^^^^^ help: if this is intentional, prefix it with an underscore: `_candle`
[INFO] [stdout] 
[INFO] [stdout] 
[INFO] [stdout] warning: unused variable: `discount_top`
[INFO] [stdout]    --> packages/chart/src/plugins/smc.rs:371:22
[INFO] [stdout]     |
[INFO] [stdout] 371 |         if let Some((discount_top, eq, premium_bottom)) =
[INFO] [stdout]     |                      ^^^^^^^^^^^^ help: if this is intentional, prefix it with an underscore: `_discount_top`
[INFO] [stdout] 
[INFO] [stdout] 
[INFO] [stdout] warning: unused variable: `premium_bottom`
[INFO] [stdout]    --> packages/chart/src/plugins/smc.rs:371:40
[INFO] [stdout]     |
[INFO] [stdout] 371 |         if let Some((discount_top, eq, premium_bottom)) =
[INFO] [stdout]     |                                        ^^^^^^^^^^^^^^ help: if this is intentional, prefix it with an underscore: `_premium_bottom`
[INFO] [stdout] 
[INFO] [stdout] 
[INFO] [stdout] error[E0502]: cannot borrow `*self` as mutable because it is also borrowed as immutable
[INFO] [stdout]    --> packages/chart/src/plugins/elliott.rs:138:17
[INFO] [stdout]     |
[INFO] [stdout] 109 |         let cfg = &self.visual_config;
[INFO] [stdout]     |                   ------------------- immutable borrow occurs here
[INFO] [stdout] ...
[INFO] [stdout] 138 |                 self.draw_wave_label(ctx, wave);
[INFO] [stdout]     |                 ^^^^^^^^^^^^^^^^^^^^^^^^^^^^^^^ mutable borrow occurs here
[INFO] [stdout] ...
[INFO] [stdout] 143 |         if cfg.show_projections {
[INFO] [stdout]     |            -------------------- immutable borrow later used here
[INFO] [stdout] 
[INFO] [stdout] 
[INFO] [stdout] error[E0502]: cannot borrow `*self` as mutable because it is also borrowed as immutable
[INFO] [stdout]    --> packages/chart/src/plugins/elliott.rs:144:13
[INFO] [stdout]     |
[INFO] [stdout] 109 |         let cfg = &self.visual_config;
[INFO] [stdout]     |                   ------------------- immutable borrow occurs here
[INFO] [stdout] ...
[INFO] [stdout] 144 |             self.draw_projections(ctx, count);
[INFO] [stdout]     |             ^^^^^^^^^^^^^^^^^^^^^^^^^^^^^^^^^ mutable borrow occurs here
[INFO] [stdout] ...
[INFO] [stdout] 148 |         if cfg.show_targets {
[INFO] [stdout]     |            ---------------- immutable borrow later used here
[INFO] [stdout] 
[INFO] [stdout] 
[INFO] [stdout] warning: unused variable: `cfg`
[INFO] [stdout]    --> packages/chart/src/plugins/elliott.rs:204:13
[INFO] [stdout]     |
[INFO] [stdout] 204 |         let cfg = &self.visual_config;
[INFO] [stdout]     |             ^^^ help: if this is intentional, prefix it with an underscore: `_cfg`
[INFO] [stdout] 
[INFO] [stdout] 
[INFO] [stdout] Some errors have detailed explanations: E0432, E0502, E0599, E0716.
[INFO] [stdout] 
[INFO] [stdout] For more information about an error, try `rustc --explain E0432`.
[INFO] [stdout] 
[INFO] [stderr] error: could not compile `loom-chart` (lib) due to 14 previous errors; 18 warnings emitted
[INFO] [stderr] warning: build failed, waiting for other jobs to finish...
[INFO] running `Command { std: "docker" "inspect" "8404bd1eac849410136c296e2e9e8936cf03762fa69bd268c8c46e35b50c315f", kill_on_drop: false }`
[INFO] running `Command { std: "docker" "rm" "-f" "8404bd1eac849410136c296e2e9e8936cf03762fa69bd268c8c46e35b50c315f", kill_on_drop: false }`
[INFO] [stdout] 8404bd1eac849410136c296e2e9e8936cf03762fa69bd268c8c46e35b50c315f
