[INFO] cloning repository https://github.com/ameetnaik/adaptive-denoise
[INFO] running `Command { std: "git" "-c" "credential.helper=" "-c" "credential.helper=/workspace/cargo-home/bin/git-credential-null" "clone" "--bare" "https://github.com/ameetnaik/adaptive-denoise" "/workspace/cache/git-repos/https%3A%2F%2Fgithub.com%2Fameetnaik%2Fadaptive-denoise", kill_on_drop: false }`
[INFO] [stderr] Cloning into bare repository '/workspace/cache/git-repos/https%3A%2F%2Fgithub.com%2Fameetnaik%2Fadaptive-denoise'...
[INFO] running `Command { std: "git" "rev-parse" "HEAD", kill_on_drop: false }`
[INFO] [stdout] b43514537a5f725cdf433b31c45ddef5a6e6b6ac
[INFO] checking ameetnaik/adaptive-denoise/b43514537a5f725cdf433b31c45ddef5a6e6b6ac against ed77b7b8699e342c2dc842c83cb5fe4025252ee8 for pr-158915-1
[INFO] running `Command { std: "git" "clone" "/workspace/cache/git-repos/https%3A%2F%2Fgithub.com%2Fameetnaik%2Fadaptive-denoise" "/workspace/builds/worker-1-tc1/source", kill_on_drop: false }`
[INFO] [stderr] Cloning into '/workspace/builds/worker-1-tc1/source'...
[INFO] [stderr] done.
[INFO] [stderr] Updating files:  77% (17/22)
Updating files:  81% (18/22)
Updating files:  86% (19/22)
Updating files:  90% (20/22)
Updating files:  95% (21/22)
Updating files: 100% (22/22)
Updating files: 100% (22/22), done.
[INFO] started tweaking git repo https://github.com/ameetnaik/adaptive-denoise
[INFO] finished tweaking git repo https://github.com/ameetnaik/adaptive-denoise
[INFO] tweaked toml for git repo https://github.com/ameetnaik/adaptive-denoise written to /workspace/builds/worker-1-tc1/source/Cargo.toml
[INFO] validating manifest of git repo https://github.com/ameetnaik/adaptive-denoise on toolchain ed77b7b8699e342c2dc842c83cb5fe4025252ee8
[INFO] running `Command { std: CARGO_HOME="/workspace/cargo-home" RUSTUP_HOME="/workspace/rustup-home" "/workspace/cargo-home/bin/cargo" "+ed77b7b8699e342c2dc842c83cb5fe4025252ee8" "metadata" "--manifest-path" "Cargo.toml" "--no-deps", kill_on_drop: false }`
[INFO] crate git repo https://github.com/ameetnaik/adaptive-denoise already has a lockfile, it will not be regenerated
[INFO] running `Command { std: CARGO_HOME="/workspace/cargo-home" RUSTUP_HOME="/workspace/rustup-home" "/workspace/cargo-home/bin/cargo" "+ed77b7b8699e342c2dc842c83cb5fe4025252ee8" "fetch" "--manifest-path" "Cargo.toml", kill_on_drop: false }`
[INFO] [stderr]     Updating crates.io index
[INFO] [stderr]  Downloading crates ...
[INFO] [stderr]   Downloaded scan_fmt v0.2.6
[INFO] [stderr]   Downloaded tract-pulse-opl v0.20.7
[INFO] [stderr]   Downloaded tract-core v0.20.7
[INFO] [stderr]   Downloaded tract-pulse v0.20.7
[INFO] [stderr]   Downloaded tract-nnef v0.20.7
[INFO] [stderr]   Downloaded tract-data v0.20.7
[INFO] [stderr]   Downloaded string-interner v0.14.0
[INFO] [stderr]   Downloaded liquid-core v0.26.10
[INFO] [stderr]   Downloaded liquid v0.26.10
[INFO] [stderr]   Downloaded tract-linalg v0.20.7
[INFO] [stderr]   Downloaded rust-embed-impl v8.7.2
[INFO] [stderr]   Downloaded liquid-derive v0.26.10
[INFO] [stderr]   Downloaded tract-onnx v0.20.7
[INFO] [stderr]   Downloaded liquid-lib v0.26.10
[INFO] [stderr]   Downloaded rubato v0.14.1
[INFO] [stderr]   Downloaded rust-embed-utils v8.7.2
[INFO] [stderr]   Downloaded rust-embed v8.7.2
[INFO] [stderr]   Downloaded pbr v1.1.1
[INFO] [stderr]   Downloaded rustfft v6.3.0
[INFO] [stderr]   Downloaded tract-onnx-opl v0.20.7
[INFO] [stderr]   Downloaded tract-hir v0.20.7
[INFO] [stderr]   Downloaded realfft v3.4.0
[INFO] running `Command { std: "docker" "create" "-v" "/var/lib/crater-agent-workspace/builds/worker-1-tc1/source:/opt/rustwide/workdir:ro,Z" "-v" "/var/lib/crater-agent-workspace/builds/worker-1-tc1/target:/opt/rustwide/target:rw,Z" "-v" "/var/lib/crater-agent-workspace/cargo-home:/opt/rustwide/cargo-home:ro,Z" "-v" "/var/lib/crater-agent-workspace/rustup-home:/opt/rustwide/rustup-home:ro,Z" "-m" "1610612736" "--network" "none" "ghcr.io/rust-lang/crates-build-env/linux@sha256:8683fc1fc2eb5c9ac98e0d076ab094b2ffac7f99da555d2b6a2e27f346de2ec7" "sleep" "infinity", kill_on_drop: false }`
[INFO] [stdout] a3d419e01c309df96469b936db95af97be9fee2250fd070a1455b8d96a90f0a3
[INFO] running `Command { std: "docker" "start" "a3d419e01c309df96469b936db95af97be9fee2250fd070a1455b8d96a90f0a3", kill_on_drop: false }`
[INFO] running `Command { std: "docker" "inspect" "a3d419e01c309df96469b936db95af97be9fee2250fd070a1455b8d96a90f0a3", kill_on_drop: false }`
[INFO] running `Command { std: "docker" "exec" "-e" "SOURCE_DIR=/opt/rustwide/workdir" "-e" "CARGO_HOME=/opt/rustwide/cargo-home" "-e" "RUSTUP_HOME=/opt/rustwide/rustup-home" "-e" "CARGO_TARGET_DIR=/opt/rustwide/target" "-w" "/opt/rustwide/workdir" "--user" "0:0" "a3d419e01c309df96469b936db95af97be9fee2250fd070a1455b8d96a90f0a3" "/opt/rustwide/cargo-home/bin/cargo" "+ed77b7b8699e342c2dc842c83cb5fe4025252ee8" "metadata" "--no-deps" "--format-version=1", kill_on_drop: false }`
[INFO] running `Command { std: "docker" "inspect" "a3d419e01c309df96469b936db95af97be9fee2250fd070a1455b8d96a90f0a3", kill_on_drop: false }`
[INFO] running `Command { std: "docker" "exec" "-e" "SOURCE_DIR=/opt/rustwide/workdir" "-e" "CARGO_HOME=/opt/rustwide/cargo-home" "-e" "RUSTUP_HOME=/opt/rustwide/rustup-home" "-e" "CARGO_TARGET_DIR=/opt/rustwide/target" "-e" "CARGO_INCREMENTAL=0" "-e" "RUST_BACKTRACE=full" "-e" "RUSTFLAGS=--cap-lints=forbid" "-e" "RUSTDOCFLAGS=--cap-lints=forbid" "-w" "/opt/rustwide/workdir" "--user" "0:0" "a3d419e01c309df96469b936db95af97be9fee2250fd070a1455b8d96a90f0a3" "/opt/rustwide/cargo-home/bin/cargo" "+ed77b7b8699e342c2dc842c83cb5fe4025252ee8" "check" "--frozen" "--all" "--all-targets" "--message-format=json", kill_on_drop: false }`
[INFO] [stderr]    Compiling syn v2.0.101
[INFO] [stderr]    Compiling num-traits v0.2.19
[INFO] [stderr]    Compiling either v1.15.0
[INFO] [stderr]    Compiling thiserror v2.0.12
[INFO] [stderr]    Compiling serde v1.0.219
[INFO] [stderr]    Compiling aho-corasick v1.1.3
[INFO] [stderr]    Compiling deranged v0.4.0
[INFO] [stderr]    Compiling static_assertions v1.1.0
[INFO] [stderr]    Compiling anymap2 v0.13.0
[INFO] [stderr]    Compiling libm v0.2.15
[INFO] [stderr]     Checking regex-automata v0.4.9
[INFO] [stderr]    Compiling matrixmultiply v0.3.10
[INFO] [stderr]     Checking once_cell v1.21.3
[INFO] [stderr]    Compiling syn v1.0.109
[INFO] [stderr]    Compiling rustfft v6.3.0
[INFO] [stderr]     Checking strength_reduce v0.2.4
[INFO] [stderr]    Compiling cc v1.2.24
[INFO] [stderr]    Compiling smallvec v1.15.0
[INFO] [stderr]    Compiling rustix v1.0.7
[INFO] [stderr]    Compiling itertools v0.14.0
[INFO] [stderr]     Checking ahash v0.7.8
[INFO] [stderr]     Checking bit-vec v0.6.3
[INFO] [stderr]     Checking dyn-clone v1.0.19
[INFO] [stderr]    Compiling libc v0.2.172
[INFO] [stderr]     Checking hashbrown v0.11.2
[INFO] [stderr]    Compiling crunchy v0.2.3
[INFO] [stderr]     Checking miniz_oxide v0.8.8
[INFO] [stderr]     Checking bit-set v0.5.3
[INFO] [stderr]     Checking filetime v0.2.25
[INFO] [stderr]    Compiling tiny-keccak v2.0.2
[INFO] [stderr]    Compiling digest v0.10.7
[INFO] [stderr]     Checking rand v0.8.5
[INFO] [stderr]    Compiling itertools v0.10.5
[INFO] [stderr]     Checking num-integer v0.1.46
[INFO] [stderr]     Checking num-complex v0.4.6
[INFO] [stderr]     Checking half v2.2.1
[INFO] [stderr]    Compiling time v0.3.41
[INFO] [stderr]     Checking string-interner v0.14.0
[INFO] [stderr]     Checking primal-check v0.3.4
[INFO] [stderr]     Checking transpose v0.2.3
[INFO] [stderr]     Checking flate2 v1.1.1
[INFO] [stderr]    Compiling sha2 v0.10.9
[INFO] [stderr]     Checking ndarray v0.15.6
[INFO] [stderr]    Compiling getrandom v0.2.16
[INFO] [stderr]    Compiling anyhow v1.0.98
[INFO] [stderr]    Compiling const-random-macro v0.1.16
[INFO] [stderr]     Checking rand_distr v0.4.3
[INFO] [stderr]     Checking const-random v0.1.18
[INFO] [stderr]     Checking dlv-list v0.5.2
[INFO] [stderr]    Compiling rust-embed-utils v8.7.2
[INFO] [stderr]     Checking regex v1.11.1
[INFO] [stderr]     Checking clap_builder v4.5.39
[INFO] [stderr]     Checking memmap2 v0.5.10
[INFO] [stderr]     Checking is-terminal v0.4.16
[INFO] [stderr]     Checking trim-in-place v0.1.7
[INFO] [stderr]     Checking pbr v1.1.1
[INFO] [stderr]     Checking ordered-multimap v0.7.3
[INFO] [stderr]     Checking xattr v1.5.0
[INFO] [stderr]     Checking tar v0.4.44
[INFO] [stderr]     Checking scan_fmt v0.2.6
[INFO] [stderr]     Checking env_logger v0.10.2
[INFO] [stderr]     Checking rust-ini v0.21.1
[INFO] [stderr]    Compiling derive-new v0.5.9
[INFO] [stderr]    Compiling prost-derive v0.11.9
[INFO] [stderr]    Compiling thiserror-impl v2.0.12
[INFO] [stderr]    Compiling serde_derive v1.0.219
[INFO] [stderr]    Compiling liquid-derive v0.26.10
[INFO] [stderr]    Compiling rust-embed-impl v8.7.2
[INFO] [stderr]    Compiling thiserror-impl v1.0.69
[INFO] [stderr]    Compiling clap_derive v4.5.32
[INFO] [stderr]     Checking prost v0.11.9
[INFO] [stderr]     Checking rust-embed v8.7.2
[INFO] [stderr]     Checking thiserror v1.0.69
[INFO] [stderr]    Compiling pest v2.8.0
[INFO] [stderr]     Checking tract-data v0.20.7
[INFO] [stderr]     Checking clap v4.5.39
[INFO] [stderr]    Compiling pest_meta v2.8.0
[INFO] [stderr]     Checking realfft v3.4.0
[INFO] [stderr]     Checking rubato v0.14.1
[INFO] [stderr]    Compiling pest_generator v2.8.0
[INFO] [stderr]    Compiling pest_derive v2.8.0
[INFO] [stderr]    Compiling kstring v2.0.2
[INFO] [stderr]    Compiling liquid-core v0.26.10
[INFO] [stderr]    Compiling liquid-lib v0.26.10
[INFO] [stderr]    Compiling liquid v0.26.10
[INFO] [stderr]    Compiling tract-linalg v0.20.7
[INFO] [stderr]     Checking tract-core v0.20.7
[INFO] [stderr]     Checking tract-nnef v0.20.7
[INFO] [stderr]     Checking tract-hir v0.20.7
[INFO] [stderr]     Checking tract-pulse-opl v0.20.7
[INFO] [stderr]     Checking tract-onnx-opl v0.20.7
[INFO] [stderr]     Checking tract-pulse v0.20.7
[INFO] [stderr]     Checking tract-onnx v0.20.7
[INFO] [stderr]     Checking ad v0.1.0 (/opt/rustwide/workdir)
[INFO] [stdout] error[E0433]: cannot find module or crate `rand` in this scope
[INFO] [stdout]    --> src/df.rs:620:9
[INFO] [stdout]     |
[INFO] [stdout] 620 |     use rand::distributions::{Distribution, Uniform};
[INFO] [stdout]     |         ^^^^ use of unresolved module or unlinked crate `rand`
[INFO] [stdout]     |
[INFO] [stdout]     = help: if you wanted to use a crate named `rand`, use `cargo add rand` to add it to your `Cargo.toml`
[INFO] [stdout] 
[INFO] [stdout] 
[INFO] [stdout] error[E0432]: unresolved import `crate::util`
[INFO] [stdout]    --> src/transforms.rs:614:16
[INFO] [stdout]     |
[INFO] [stdout] 614 |     use crate::util::seed_from_u64;
[INFO] [stdout]     |                ^^^^ unresolved import
[INFO] [stdout]     |
[INFO] [stdout] help: a similar path exists
[INFO] [stdout]     |
[INFO] [stdout] 614 |     use crate::time::util::seed_from_u64;
[INFO] [stdout]     |                ++++++
[INFO] [stdout] 
[INFO] [stdout] 
[INFO] [stdout] error[E0425]: cannot find function `find_max_abs` in this scope
[INFO] [stdout]    --> src/transforms.rs:735:19
[INFO] [stdout]     |
[INFO] [stdout] 735 |         let max = find_max_abs(x.iter().flatten()).expect("NaN");
[INFO] [stdout]     |                   ^^^^^^^^^^^^ not found in this scope
[INFO] [stdout]     |
[INFO] [stdout] note: similarly named function `find_max` defined here
[INFO] [stdout]    --> src/df.rs:486:1
[INFO] [stdout]     |
[INFO] [stdout] 486 | / pub fn find_max<'a, I>(vals: I) -> Option<f32>
[INFO] [stdout] 487 | | where
[INFO] [stdout] 488 | |     I: IntoIterator<Item = &'a f32>,
[INFO] [stdout] ...   |
[INFO] [stdout] 496 | |     })
[INFO] [stdout] 497 | | }
[INFO] [stdout]     | |_^
[INFO] [stdout] help: a function with a similar name exists
[INFO] [stdout]     |
[INFO] [stdout] 735 -         let max = find_max_abs(x.iter().flatten()).expect("NaN");
[INFO] [stdout] 735 +         let max = find_max(x.iter().flatten()).expect("NaN");
[INFO] [stdout]     |
[INFO] [stdout] help: consider importing this function through its public re-export
[INFO] [stdout]     |
[INFO] [stdout] 611 +     use crate::find_max_abs;
[INFO] [stdout]     |
[INFO] [stdout] 
[INFO] [stdout] 
[INFO] [stdout] error[E0433]: cannot find module or crate `rand` in this scope
[INFO] [stdout]    --> src/df.rs:634:23
[INFO] [stdout]     |
[INFO] [stdout] 634 |         let mut rng = rand::thread_rng();
[INFO] [stdout]     |                       ^^^^ use of unresolved module or unlinked crate `rand`
[INFO] [stdout]     |
[INFO] [stdout]     = help: if you wanted to use a crate named `rand`, use `cargo add rand` to add it to your `Cargo.toml`
[INFO] [stdout] 
[INFO] [stdout] 
[INFO] [stdout] warning: hiding a lifetime that's elided elsewhere is confusing
[INFO] [stdout]    --> src/tract.rs:701:27
[INFO] [stdout]     |
[INFO] [stdout] 701 |     pub fn get_spec_noisy(&self) -> ArrayView2<Complex32> {
[INFO] [stdout]     |                           ^^^^^     ^^^^^^^^^^^^^^^^^^^^^ the same lifetime is hidden here
[INFO] [stdout]     |                           |
[INFO] [stdout]     |                           the lifetime is elided here
[INFO] [stdout]     |
[INFO] [stdout]     = help: the same lifetime is referred to in inconsistent ways, making the signature confusing
[INFO] [stdout]     = note: `#[warn(mismatched_lifetime_syntaxes)]` on by default
[INFO] [stdout] help: use `'_` for type paths
[INFO] [stdout]     |
[INFO] [stdout] 701 |     pub fn get_spec_noisy(&self) -> ArrayView2<'_, Complex32> {
[INFO] [stdout]     |                                                +++
[INFO] [stdout] 
[INFO] [stdout] 
[INFO] [stdout] warning: hiding a lifetime that's elided elsewhere is confusing
[INFO] [stdout]    --> src/tract.rs:713:25
[INFO] [stdout]     |
[INFO] [stdout] 713 |     pub fn get_spec_enh(&self) -> ArrayView2<Complex32> {
[INFO] [stdout]     |                         ^^^^^     ^^^^^^^^^^^^^^^^^^^^^ the same lifetime is hidden here
[INFO] [stdout]     |                         |
[INFO] [stdout]     |                         the lifetime is elided here
[INFO] [stdout]     |
[INFO] [stdout]     = help: the same lifetime is referred to in inconsistent ways, making the signature confusing
[INFO] [stdout] help: use `'_` for type paths
[INFO] [stdout]     |
[INFO] [stdout] 713 |     pub fn get_spec_enh(&self) -> ArrayView2<'_, Complex32> {
[INFO] [stdout]     |                                              +++
[INFO] [stdout] 
[INFO] [stdout] 
[INFO] [stdout] warning: hiding a lifetime that's elided elsewhere is confusing
[INFO] [stdout]    --> src/tract.rs:721:29
[INFO] [stdout]     |
[INFO] [stdout] 721 |     pub fn get_mut_spec_enh(&mut self) -> ArrayViewMut2<Complex32> {
[INFO] [stdout]     |                             ^^^^^^^^^     ^^^^^^^^^^^^^^^^^^^^^^^^ the same lifetime is hidden here
[INFO] [stdout]     |                             |
[INFO] [stdout]     |                             the lifetime is elided here
[INFO] [stdout]     |
[INFO] [stdout]     = help: the same lifetime is referred to in inconsistent ways, making the signature confusing
[INFO] [stdout] help: use `'_` for type paths
[INFO] [stdout]     |
[INFO] [stdout] 721 |     pub fn get_mut_spec_enh(&mut self) -> ArrayViewMut2<'_, Complex32> {
[INFO] [stdout]     |                                                         +++
[INFO] [stdout] 
[INFO] [stdout] 
[INFO] [stdout] warning: hiding a lifetime that's elided elsewhere is confusing
[INFO] [stdout]     --> src/tract.rs:1088:36
[INFO] [stdout]      |
[INFO] [stdout] 1088 | pub fn tvalue_to_array_view_mut(x: &mut TValue) -> ArrayViewMutD<f32> {
[INFO] [stdout]      |                                    ^^^^^^^^^^^     ^^^^^^^^^^^^^^^^^^ the same lifetime is hidden here
[INFO] [stdout]      |                                    |
[INFO] [stdout]      |                                    the lifetime is elided here
[INFO] [stdout]      |
[INFO] [stdout]      = help: the same lifetime is referred to in inconsistent ways, making the signature confusing
[INFO] [stdout] help: use `'_` for type paths
[INFO] [stdout]      |
[INFO] [stdout] 1088 | pub fn tvalue_to_array_view_mut(x: &mut TValue) -> ArrayViewMutD<'_, f32> {
[INFO] [stdout]      |                                                                  +++
[INFO] [stdout] 
[INFO] [stdout] 
[INFO] [stdout] Some errors have detailed explanations: E0425, E0432, E0433.
[INFO] [stdout] 
[INFO] [stdout] For more information about an error, try `rustc --explain E0425`.
[INFO] [stdout] 
[INFO] [stderr] error: could not compile `ad` (lib test) due to 4 previous errors
[INFO] [stderr] warning: build failed, waiting for other jobs to finish...
[INFO] [stderr] warning: unused dependency `time`
[INFO] [stderr]   --> Cargo.toml:16:1
[INFO] [stderr]    |
[INFO] [stderr] 16 | time = "0.3.35"
[INFO] [stderr]    | ^^^^^^^^^^^^^^^
[INFO] [stderr]    |
[INFO] [stderr]    = note: `cargo::unused_dependencies` is set to `warn` by default
[INFO] [stderr] help: consider removing the dependency on `time`
[INFO] [stderr] warning: `ad` (manifest) generated 1 warning
[INFO] running `Command { std: "docker" "inspect" "a3d419e01c309df96469b936db95af97be9fee2250fd070a1455b8d96a90f0a3", kill_on_drop: false }`
[INFO] running `Command { std: "docker" "rm" "-f" "a3d419e01c309df96469b936db95af97be9fee2250fd070a1455b8d96a90f0a3", kill_on_drop: false }`
[INFO] [stdout] a3d419e01c309df96469b936db95af97be9fee2250fd070a1455b8d96a90f0a3
