[INFO] cloning repository https://github.com/aatifsyed/capsule-rtp
[INFO] running `Command { std: "git" "-c" "credential.helper=" "-c" "credential.helper=/workspace/cargo-home/bin/git-credential-null" "clone" "--bare" "https://github.com/aatifsyed/capsule-rtp" "/workspace/cache/git-repos/https%3A%2F%2Fgithub.com%2Faatifsyed%2Fcapsule-rtp", kill_on_drop: false }`
[INFO] [stderr] Cloning into bare repository '/workspace/cache/git-repos/https%3A%2F%2Fgithub.com%2Faatifsyed%2Fcapsule-rtp'...
[INFO] running `Command { std: "git" "rev-parse" "HEAD", kill_on_drop: false }`
[INFO] [stdout] c6c86b65a793f1b6fd09abbb30f880979cc1ddff
[INFO] checking aatifsyed/capsule-rtp against 0335fc7ee9e33d92e03d99f3e2fb0fe6119f3cc0 for pr-158915-1
[INFO] running `Command { std: "git" "clone" "/workspace/cache/git-repos/https%3A%2F%2Fgithub.com%2Faatifsyed%2Fcapsule-rtp" "/workspace/builds/worker-7-tc2/source", kill_on_drop: false }`
[INFO] [stderr] Cloning into '/workspace/builds/worker-7-tc2/source'...
[INFO] [stderr] done.
[INFO] started tweaking git repo https://github.com/aatifsyed/capsule-rtp
[INFO] finished tweaking git repo https://github.com/aatifsyed/capsule-rtp
[INFO] tweaked toml for git repo https://github.com/aatifsyed/capsule-rtp written to /workspace/builds/worker-7-tc2/source/Cargo.toml
[INFO] validating manifest of git repo https://github.com/aatifsyed/capsule-rtp on toolchain 0335fc7ee9e33d92e03d99f3e2fb0fe6119f3cc0
[INFO] running `Command { std: CARGO_HOME="/workspace/cargo-home" RUSTUP_HOME="/workspace/rustup-home" "/workspace/cargo-home/bin/cargo" "+0335fc7ee9e33d92e03d99f3e2fb0fe6119f3cc0" "metadata" "--manifest-path" "Cargo.toml" "--no-deps", kill_on_drop: false }`
[INFO] crate git repo https://github.com/aatifsyed/capsule-rtp already has a lockfile, it will not be regenerated
[INFO] running `Command { std: CARGO_HOME="/workspace/cargo-home" RUSTUP_HOME="/workspace/rustup-home" "/workspace/cargo-home/bin/cargo" "+0335fc7ee9e33d92e03d99f3e2fb0fe6119f3cc0" "fetch" "--manifest-path" "Cargo.toml", kill_on_drop: false }`
[INFO] [stderr]     Blocking waiting for file lock on package cache
[INFO] [stderr]     Updating crates.io index
[INFO] [stderr]     Blocking waiting for file lock on package cache
[ERROR] error running command: no output for 300 seconds
[INFO] checking aatifsyed/capsule-rtp against 0335fc7ee9e33d92e03d99f3e2fb0fe6119f3cc0 for pr-158915-1
[INFO] running `Command { std: "git" "clone" "/workspace/cache/git-repos/https%3A%2F%2Fgithub.com%2Faatifsyed%2Fcapsule-rtp" "/workspace/builds/worker-7-tc2/source", kill_on_drop: false }`
[INFO] [stderr] Cloning into '/workspace/builds/worker-7-tc2/source'...
[INFO] [stderr] done.
[INFO] started tweaking git repo https://github.com/aatifsyed/capsule-rtp
[INFO] finished tweaking git repo https://github.com/aatifsyed/capsule-rtp
[INFO] tweaked toml for git repo https://github.com/aatifsyed/capsule-rtp written to /workspace/builds/worker-7-tc2/source/Cargo.toml
[INFO] validating manifest of git repo https://github.com/aatifsyed/capsule-rtp on toolchain 0335fc7ee9e33d92e03d99f3e2fb0fe6119f3cc0
[INFO] running `Command { std: CARGO_HOME="/workspace/cargo-home" RUSTUP_HOME="/workspace/rustup-home" "/workspace/cargo-home/bin/cargo" "+0335fc7ee9e33d92e03d99f3e2fb0fe6119f3cc0" "metadata" "--manifest-path" "Cargo.toml" "--no-deps", kill_on_drop: false }`
[INFO] crate git repo https://github.com/aatifsyed/capsule-rtp already has a lockfile, it will not be regenerated
[INFO] running `Command { std: CARGO_HOME="/workspace/cargo-home" RUSTUP_HOME="/workspace/rustup-home" "/workspace/cargo-home/bin/cargo" "+0335fc7ee9e33d92e03d99f3e2fb0fe6119f3cc0" "fetch" "--manifest-path" "Cargo.toml", kill_on_drop: false }`
[INFO] [stderr]     Blocking waiting for file lock on package cache
[INFO] [stderr]     Blocking waiting for file lock on package cache
[INFO] [stderr]  Downloading crates ...
[INFO] [stderr]   Downloaded tracing-subscriber v0.2.16
[INFO] [stderr]   Downloaded rtp-rs v0.6.0
[INFO] [stderr]   Downloaded tracing-attributes v0.1.14
[INFO] [stderr]   Downloaded tokio-macros v0.2.0-alpha.6
[INFO] [stderr]   Downloaded futures-executor-preview v0.3.0-alpha.19
[INFO] [stderr]   Downloaded crossbeam v0.7.3
[INFO] [stderr]   Downloaded darling_macro v0.12.2
[INFO] [stderr]   Downloaded futures-sink-preview v0.3.0-alpha.19
[INFO] [stderr]   Downloaded metrics v0.12.1
[INFO] [stderr]   Downloaded capsule-macros v0.1.5
[INFO] [stderr]   Downloaded metrics-util v0.3.2
[INFO] [stderr]   Downloaded atomic-shim v0.1.0
[INFO] [stderr]   Downloaded futures-io-preview v0.3.0-alpha.19
[INFO] [stderr]   Downloaded tokio-codec v0.2.0-alpha.6
[INFO] [stderr]   Downloaded quanta v0.3.2
[INFO] [stderr]   Downloaded ctor v0.1.19
[INFO] [stderr]   Downloaded metrics-core v0.5.2
[INFO] [stderr]   Downloaded tokio-fs v0.2.0-alpha.6
[INFO] [stderr]   Downloaded tokio-io v0.2.0-alpha.6
[INFO] [stderr]   Downloaded darling v0.12.2
[INFO] [stderr]   Downloaded metrics-runtime v0.13.1
[INFO] [stderr]   Downloaded rand_xoshiro v0.4.0
[INFO] [stderr]   Downloaded arc-swap v0.4.8
[INFO] [stderr]   Downloaded tokio v0.2.0-alpha.6
[INFO] [stderr]   Downloaded tokio-timer v0.3.0-alpha.6
[INFO] [stderr]   Downloaded darling_core v0.12.2
[INFO] [stderr]   Downloaded futures-preview v0.3.0-alpha.19
[INFO] [stderr]   Downloaded capsule v0.1.5
[INFO] [stderr]   Downloaded tokio-net v0.2.0-alpha.6
[INFO] [stderr]   Downloaded sized-chunks v0.6.4
[INFO] [stderr]   Downloaded capsule-ffi v0.1.5
[INFO] [stderr]   Downloaded crossbeam-channel v0.3.9
[INFO] [stderr]   Downloaded im v15.0.0
[INFO] [stderr]   Downloaded regex v1.4.4
[INFO] [stderr]   Downloaded bindgen v0.57.0
[INFO] running `Command { std: "docker" "create" "-v" "/var/lib/crater-agent-workspace/builds/worker-7-tc2/source:/opt/rustwide/workdir:ro,Z" "-v" "/var/lib/crater-agent-workspace/builds/worker-7-tc2/target:/opt/rustwide/target:rw,Z" "-v" "/var/lib/crater-agent-workspace/cargo-home:/opt/rustwide/cargo-home:ro,Z" "-v" "/var/lib/crater-agent-workspace/rustup-home:/opt/rustwide/rustup-home:ro,Z" "-m" "1610612736" "--network" "none" "ghcr.io/rust-lang/crates-build-env/linux@sha256:8683fc1fc2eb5c9ac98e0d076ab094b2ffac7f99da555d2b6a2e27f346de2ec7" "sleep" "infinity", kill_on_drop: false }`
[INFO] [stdout] 3fdd4378574c86ec846db2ed354aef2af86300ee1c253c9f423d58ee17ade3e1
[INFO] running `Command { std: "docker" "start" "3fdd4378574c86ec846db2ed354aef2af86300ee1c253c9f423d58ee17ade3e1", kill_on_drop: false }`
[INFO] running `Command { std: "docker" "inspect" "3fdd4378574c86ec846db2ed354aef2af86300ee1c253c9f423d58ee17ade3e1", kill_on_drop: false }`
[INFO] running `Command { std: "docker" "exec" "-e" "SOURCE_DIR=/opt/rustwide/workdir" "-e" "CARGO_HOME=/opt/rustwide/cargo-home" "-e" "RUSTUP_HOME=/opt/rustwide/rustup-home" "-e" "CARGO_TARGET_DIR=/opt/rustwide/target" "-w" "/opt/rustwide/workdir" "--user" "0:0" "3fdd4378574c86ec846db2ed354aef2af86300ee1c253c9f423d58ee17ade3e1" "/opt/rustwide/cargo-home/bin/cargo" "+0335fc7ee9e33d92e03d99f3e2fb0fe6119f3cc0" "metadata" "--no-deps" "--format-version=1", kill_on_drop: false }`
[INFO] running `Command { std: "docker" "inspect" "3fdd4378574c86ec846db2ed354aef2af86300ee1c253c9f423d58ee17ade3e1", kill_on_drop: false }`
[INFO] running `Command { std: "docker" "exec" "-e" "SOURCE_DIR=/opt/rustwide/workdir" "-e" "CARGO_HOME=/opt/rustwide/cargo-home" "-e" "RUSTUP_HOME=/opt/rustwide/rustup-home" "-e" "CARGO_TARGET_DIR=/opt/rustwide/target" "-e" "CARGO_INCREMENTAL=0" "-e" "RUST_BACKTRACE=full" "-e" "RUSTFLAGS=--cap-lints=forbid" "-e" "RUSTDOCFLAGS=--cap-lints=forbid" "-w" "/opt/rustwide/workdir" "--user" "0:0" "3fdd4378574c86ec846db2ed354aef2af86300ee1c253c9f423d58ee17ade3e1" "/opt/rustwide/cargo-home/bin/cargo" "+0335fc7ee9e33d92e03d99f3e2fb0fe6119f3cc0" "check" "--frozen" "--all" "--all-targets" "--message-format=json", kill_on_drop: false }`
[INFO] [stderr]    Compiling libc v0.2.88
[INFO] [stderr]    Compiling proc-macro2 v1.0.24
[INFO] [stderr]    Compiling syn v1.0.63
[INFO] [stderr]    Compiling maybe-uninit v2.0.0
[INFO] [stderr]     Checking futures-core-preview v0.3.0-alpha.19
[INFO] [stderr]    Compiling version_check v0.9.2
[INFO] [stderr]     Checking futures-sink-preview v0.3.0-alpha.19
[INFO] [stderr]    Compiling crossbeam-utils v0.7.2
[INFO] [stderr]    Compiling memoffset v0.5.6
[INFO] [stderr]    Compiling crossbeam-epoch v0.8.2
[INFO] [stderr]    Compiling semver-parser v0.7.0
[INFO] [stderr]     Checking tracing-core v0.1.17
[INFO] [stderr]     Checking futures-io-preview v0.3.0-alpha.19
[INFO] [stderr]    Compiling memchr v2.3.4
[INFO] [stderr]    Compiling serde_derive v1.0.124
[INFO] [stderr]    Compiling serde v1.0.124
[INFO] [stderr]    Compiling glob v0.3.0
[INFO] [stderr]     Checking futures-channel-preview v0.3.0-alpha.19
[INFO] [stderr]    Compiling pin-project-internal v0.4.27
[INFO] [stderr]    Compiling semver v0.9.0
[INFO] [stderr]     Checking crossbeam-utils v0.6.6
[INFO] [stderr]    Compiling typenum v1.12.0
[INFO] [stderr]    Compiling unicode-width v0.1.8
[INFO] [stderr]    Compiling nom v5.1.2
[INFO] [stderr]    Compiling aho-corasick v0.7.15
[INFO] [stderr]    Compiling regex-syntax v0.6.23
[INFO] [stderr]     Checking futures-util-preview v0.3.0-alpha.19
[INFO] [stderr]    Compiling log v0.4.14
[INFO] [stderr]    Compiling textwrap v0.11.0
[INFO] [stderr]    Compiling libloading v0.7.0
[INFO] [stderr]    Compiling rustc_version v0.2.3
[INFO] [stderr]    Compiling clang-sys v1.1.1
[INFO] [stderr]    Compiling bitflags v1.2.1
[INFO] [stderr]     Checking lock_api v0.3.4
[INFO] [stderr]     Checking crossbeam-queue v0.1.2
[INFO] [stderr]     Checking crossbeam-channel v0.3.9
[INFO] [stderr]    Compiling termcolor v1.1.2
[INFO] [stderr]    Compiling vec_map v0.8.2
[INFO] [stderr]    Compiling parking_lot_core v0.6.2
[INFO] [stderr]    Compiling humantime v2.1.0
[INFO] [stderr]    Compiling ansi_term v0.11.0
[INFO] [stderr]    Compiling quote v1.0.9
[INFO] [stderr]    Compiling bindgen v0.57.0
[INFO] [stderr]    Compiling atty v0.2.14
[INFO] [stderr]    Compiling strsim v0.8.0
[INFO] [stderr]    Compiling which v3.1.1
[INFO] [stderr]     Checking iovec v0.1.4
[INFO] [stderr]     Checking num_cpus v1.13.0
[INFO] [stderr]     Checking net2 v0.2.37
[INFO] [stderr]    Compiling parking_lot v0.9.0
[INFO] [stderr]     Checking smallvec v0.6.14
[INFO] [stderr]     Checking bytes v0.4.12
[INFO] [stderr]     Checking crossbeam-deque v0.7.3
[INFO] [stderr]    Compiling clap v2.33.3
[INFO] [stderr]    Compiling num-traits v0.2.14
[INFO] [stderr]    Compiling lazycell v1.3.0
[INFO] [stderr]    Compiling shlex v0.1.1
[INFO] [stderr]    Compiling rustc-hash v1.1.0
[INFO] [stderr]    Compiling peeking_take_while v0.1.2
[INFO] [stderr]    Compiling im v15.0.0
[INFO] [stderr]    Compiling num-integer v0.1.44
[INFO] [stderr]     Checking rand_core v0.5.1
[INFO] [stderr]    Compiling metrics v0.12.1
[INFO] [stderr]     Checking parking_lot_core v0.7.2
[INFO] [stderr]     Checking mio v0.6.23
[INFO] [stderr]     Checking rand_xoshiro v0.4.0
[INFO] [stderr]     Checking signal-hook-registry v1.3.0
[INFO] [stderr]     Checking atomic-shim v0.1.0
[INFO] [stderr]    Compiling anyhow v1.0.40
[INFO] [stderr]     Checking metrics-core v0.5.2
[INFO] [stderr]    Compiling serde_json v1.0.64
[INFO] [stderr]     Checking quanta v0.3.2
[INFO] [stderr]     Checking parking_lot v0.10.2
[INFO] [stderr]     Checking arc-swap v0.4.8
[INFO] [stderr]     Checking itoa v0.4.7
[INFO] [stderr]     Checking thread_local v1.1.3
[INFO] [stderr]     Checking tracing-log v0.1.2
[INFO] [stderr]     Checking sharded-slab v0.1.1
[INFO] [stderr]     Checking rtp-rs v0.6.0
[INFO] [stderr]     Checking bitmaps v2.1.0
[INFO] [stderr]     Checking mio-uds v0.6.8
[INFO] [stderr]     Checking chrono v0.4.19
[INFO] [stderr]     Checking tokio-sync v0.2.0-alpha.6
[INFO] [stderr]     Checking futures-executor-preview v0.3.0-alpha.19
[INFO] [stderr]    Compiling regex v1.4.4
[INFO] [stderr]     Checking futures-preview v0.3.0-alpha.19
[INFO] [stderr]     Checking sized-chunks v0.6.4
[INFO] [stderr]     Checking regex-automata v0.1.9
[INFO] [stderr]    Compiling cexpr v0.4.0
[INFO] [stderr]     Checking matchers v0.0.1
[INFO] [stderr]    Compiling env_logger v0.8.3
[INFO] [stderr]    Compiling darling_core v0.12.2
[INFO] [stderr]    Compiling tracing-attributes v0.1.14
[INFO] [stderr]    Compiling thiserror-impl v1.0.24
[INFO] [stderr]    Compiling tokio-macros v0.2.0-alpha.6
[INFO] [stderr]     Checking tracing v0.1.25
[INFO] [stderr]     Checking thiserror v1.0.24
[INFO] [stderr]     Checking tokio-executor v0.2.0-alpha.6
[INFO] [stderr]     Checking pin-project v0.4.27
[INFO] [stderr]     Checking tokio-io v0.2.0-alpha.6
[INFO] [stderr]    Compiling darling_macro v0.12.2
[INFO] [stderr]     Checking tokio-codec v0.2.0-alpha.6
[INFO] [stderr]    Compiling darling v0.12.2
[INFO] [stderr]    Compiling capsule-macros v0.1.5
[INFO] [stderr]     Checking tokio-fs v0.2.0-alpha.6
[INFO] [stderr]     Checking tokio-timer v0.3.0-alpha.6
[INFO] [stderr]     Checking tokio-net v0.2.0-alpha.6
[INFO] [stderr]     Checking tokio v0.2.0-alpha.6
[INFO] [stderr]    Compiling capsule-ffi v0.1.5
[INFO] [stderr] warning: capsule-ffi@0.1.5: src/shim.c:19:10: fatal error: rte_errno.h: No such file or directory
[INFO] [stderr] warning: capsule-ffi@0.1.5:    19 | #include <rte_errno.h>
[INFO] [stderr] warning: capsule-ffi@0.1.5:       |          ^~~~~~~~~~~~~
[INFO] [stderr] warning: capsule-ffi@0.1.5: compilation terminated.
[INFO] [stderr] error: failed to run custom build command for `capsule-ffi v0.1.5`
[INFO] [stderr] note: To improve backtraces for build dependencies, set the CARGO_PROFILE_DEV_BUILD_OVERRIDE_DEBUG=true environment variable to enable debug information generation.
[INFO] [stderr] 
[INFO] [stderr] Caused by:
[INFO] [stderr]   process didn't exit successfully: `/opt/rustwide/target/debug/build/capsule-ffi/49f0be313a3cf573/out/build_script_build` (exit status: 1)
[INFO] [stderr]   --- stdout
[INFO] [stderr]   TARGET = Some("x86_64-unknown-linux-gnu")
[INFO] [stderr]   OPT_LEVEL = Some("0")
[INFO] [stderr]   HOST = Some("x86_64-unknown-linux-gnu")
[INFO] [stderr]   CC_x86_64-unknown-linux-gnu = None
[INFO] [stderr]   CC_x86_64_unknown_linux_gnu = None
[INFO] [stderr]   HOST_CC = None
[INFO] [stderr]   CC = None
[INFO] [stderr]   CFLAGS_x86_64-unknown-linux-gnu = None
[INFO] [stderr]   CFLAGS_x86_64_unknown_linux_gnu = None
[INFO] [stderr]   HOST_CFLAGS = None
[INFO] [stderr]   CFLAGS = None
[INFO] [stderr]   CRATE_CC_NO_DEFAULTS = None
[INFO] [stderr]   DEBUG = Some("true")
[INFO] [stderr]   CARGO_CFG_TARGET_FEATURE = Some("fxsr,sse,sse2,x87")
[INFO] [stderr]   running: "cc" "-O0" "-ffunction-sections" "-fdata-sections" "-fPIC" "-g" "-fno-omit-frame-pointer" "-m64" "-Wall" "-Wextra" "-march=corei7-avx" "-o" "/opt/rustwide/target/debug/build/capsule-ffi/5704a0702725bda8/out/src/shim.o" "-c" "src/shim.c"
[INFO] [stderr]   cargo:warning=src/shim.c:19:10: fatal error: rte_errno.h: No such file or directory
[INFO] [stderr]   cargo:warning=   19 | #include <rte_errno.h>
[INFO] [stderr]   cargo:warning=      |          ^~~~~~~~~~~~~
[INFO] [stderr]   cargo:warning=compilation terminated.
[INFO] [stderr]   exit status: 1
[INFO] [stderr] 
[INFO] [stderr]   --- stderr
[INFO] [stderr] 
[INFO] [stderr] 
[INFO] [stderr]   error occurred: Command "cc" "-O0" "-ffunction-sections" "-fdata-sections" "-fPIC" "-g" "-fno-omit-frame-pointer" "-m64" "-Wall" "-Wextra" "-march=corei7-avx" "-o" "/opt/rustwide/target/debug/build/capsule-ffi/5704a0702725bda8/out/src/shim.o" "-c" "src/shim.c" with args "cc" did not execute successfully (status code exit status: 1).
[INFO] [stderr] 
[INFO] [stderr] 
[INFO] [stderr] warning: build failed, waiting for other jobs to finish...
[INFO] running `Command { std: "docker" "inspect" "3fdd4378574c86ec846db2ed354aef2af86300ee1c253c9f423d58ee17ade3e1", kill_on_drop: false }`
[INFO] running `Command { std: "docker" "rm" "-f" "3fdd4378574c86ec846db2ed354aef2af86300ee1c253c9f423d58ee17ade3e1", kill_on_drop: false }`
[INFO] [stdout] 3fdd4378574c86ec846db2ed354aef2af86300ee1c253c9f423d58ee17ade3e1
