[INFO] cloning repository https://github.com/Yamboy1/rust_bot
[INFO] running `Command { std: "git" "-c" "credential.helper=" "-c" "credential.helper=/workspace/cargo-home/bin/git-credential-null" "clone" "--bare" "https://github.com/Yamboy1/rust_bot" "/workspace/cache/git-repos/https%3A%2F%2Fgithub.com%2FYamboy1%2Frust_bot", kill_on_drop: false }`
[INFO] [stderr] Cloning into bare repository '/workspace/cache/git-repos/https%3A%2F%2Fgithub.com%2FYamboy1%2Frust_bot'...
[INFO] running `Command { std: "git" "rev-parse" "HEAD", kill_on_drop: false }`
[INFO] [stdout] c4c953b62862abde7840521e08b84d3e73e40337
[INFO] checking Yamboy1/rust_bot/c4c953b62862abde7840521e08b84d3e73e40337 against ed77b7b8699e342c2dc842c83cb5fe4025252ee8 for pr-158915-1
[INFO] running `Command { std: "git" "clone" "/workspace/cache/git-repos/https%3A%2F%2Fgithub.com%2FYamboy1%2Frust_bot" "/workspace/builds/worker-7-tc1/source", kill_on_drop: false }`
[INFO] [stderr] Cloning into '/workspace/builds/worker-7-tc1/source'...
[INFO] [stderr] done.
[INFO] started tweaking git repo https://github.com/Yamboy1/rust_bot
[INFO] finished tweaking git repo https://github.com/Yamboy1/rust_bot
[INFO] tweaked toml for git repo https://github.com/Yamboy1/rust_bot written to /workspace/builds/worker-7-tc1/source/Cargo.toml
[INFO] validating manifest of git repo https://github.com/Yamboy1/rust_bot on toolchain ed77b7b8699e342c2dc842c83cb5fe4025252ee8
[INFO] running `Command { std: CARGO_HOME="/workspace/cargo-home" RUSTUP_HOME="/workspace/rustup-home" "/workspace/cargo-home/bin/cargo" "+ed77b7b8699e342c2dc842c83cb5fe4025252ee8" "metadata" "--manifest-path" "Cargo.toml" "--no-deps", kill_on_drop: false }`
[INFO] crate git repo https://github.com/Yamboy1/rust_bot already has a lockfile, it will not be regenerated
[INFO] running `Command { std: CARGO_HOME="/workspace/cargo-home" RUSTUP_HOME="/workspace/rustup-home" "/workspace/cargo-home/bin/cargo" "+ed77b7b8699e342c2dc842c83cb5fe4025252ee8" "fetch" "--manifest-path" "Cargo.toml", kill_on_drop: false }`
[INFO] [stderr]     Updating crates.io index
[INFO] [stderr]  Downloading crates ...
[INFO] [stderr]   Downloaded webpki v0.21.0
[INFO] [stderr]   Downloaded untrusted v0.7.0
[INFO] [stderr]   Downloaded block-padding v0.1.4
[INFO] [stderr]   Downloaded utf-8 v0.7.5
[INFO] [stderr]   Downloaded sourcefile v0.1.4
[INFO] [stderr]   Downloaded unsafe-any v0.4.2
[INFO] [stderr]   Downloaded wasm-bindgen-shared v0.2.53
[INFO] [stderr]   Downloaded wasm-bindgen-macro v0.2.53
[INFO] [stderr]   Downloaded uwl v0.4.2
[INFO] [stderr]   Downloaded input_buffer v0.2.0
[INFO] [stderr]   Downloaded sha-1 v0.8.1
[INFO] [stderr]   Downloaded tokio-executor v0.1.8
[INFO] [stderr]   Downloaded wasm-bindgen-backend v0.2.53
[INFO] [stderr]   Downloaded wasm-bindgen-webidl v0.2.53
[INFO] [stderr]   Downloaded wasm-bindgen-macro-support v0.2.53
[INFO] [stderr]   Downloaded tokio-rustls v0.10.2
[INFO] [stderr]   Downloaded tokio-timer v0.2.11
[INFO] [stderr]   Downloaded tokio-reactor v0.1.10
[INFO] [stderr]   Downloaded tungstenite v0.9.1
[INFO] [stderr]   Downloaded weedle v0.10.0
[INFO] [stderr]   Downloaded serde_urlencoded v0.5.5
[INFO] [stderr]   Downloaded serde_derive v1.0.102
[INFO] [stderr]   Downloaded unicase v2.5.1
[INFO] [stderr]   Downloaded hyper-rustls v0.17.1
[INFO] [stderr]   Downloaded unicode-normalization v0.1.8
[INFO] [stderr]   Downloaded js-sys v0.3.30
[INFO] [stderr]   Downloaded serde_json v1.0.41
[INFO] [stderr]   Downloaded serde v1.0.102
[INFO] [stderr]   Downloaded tokio-threadpool v0.1.16
[INFO] [stderr]   Downloaded ct-logs v0.6.0
[INFO] [stderr]   Downloaded reqwest v0.9.22
[INFO] [stderr]   Downloaded flate2 v1.0.12
[INFO] [stderr]   Downloaded cookie_store v0.7.0
[INFO] [stderr]   Downloaded try_from v0.3.2
[INFO] [stderr]   Downloaded publicsuffix v1.5.3
[INFO] [stderr]   Downloaded webpki-roots v0.17.0
[INFO] [stderr]   Downloaded bumpalo v2.6.0
[INFO] [stderr]   Downloaded wasm-bindgen v0.2.53
[INFO] [stderr]   Downloaded cookie v0.12.0
[INFO] [stderr]   Downloaded command_attr v0.1.5
[INFO] [stderr]   Downloaded web-sys v0.3.30
[INFO] [stderr]   Downloaded rustls v0.16.0
[INFO] [stderr]   Downloaded serenity v0.7.2
[INFO] [stderr]   Downloaded ring v0.16.9
[INFO] running `Command { std: "docker" "create" "-v" "/var/lib/crater-agent-workspace/builds/worker-7-tc1/source:/opt/rustwide/workdir:ro,Z" "-v" "/var/lib/crater-agent-workspace/builds/worker-7-tc1/target:/opt/rustwide/target:rw,Z" "-v" "/var/lib/crater-agent-workspace/cargo-home:/opt/rustwide/cargo-home:ro,Z" "-v" "/var/lib/crater-agent-workspace/rustup-home:/opt/rustwide/rustup-home:ro,Z" "-m" "1610612736" "--network" "none" "ghcr.io/rust-lang/crates-build-env/linux@sha256:8683fc1fc2eb5c9ac98e0d076ab094b2ffac7f99da555d2b6a2e27f346de2ec7" "sleep" "infinity", kill_on_drop: false }`
[INFO] [stdout] 82718facc6363469d788a1b7d39658078e263abac32c6459d24402a6ef40b24d
[INFO] running `Command { std: "docker" "start" "82718facc6363469d788a1b7d39658078e263abac32c6459d24402a6ef40b24d", kill_on_drop: false }`
[INFO] running `Command { std: "docker" "inspect" "82718facc6363469d788a1b7d39658078e263abac32c6459d24402a6ef40b24d", kill_on_drop: false }`
[INFO] running `Command { std: "docker" "exec" "-e" "SOURCE_DIR=/opt/rustwide/workdir" "-e" "CARGO_HOME=/opt/rustwide/cargo-home" "-e" "RUSTUP_HOME=/opt/rustwide/rustup-home" "-e" "CARGO_TARGET_DIR=/opt/rustwide/target" "-w" "/opt/rustwide/workdir" "--user" "0:0" "82718facc6363469d788a1b7d39658078e263abac32c6459d24402a6ef40b24d" "/opt/rustwide/cargo-home/bin/cargo" "+ed77b7b8699e342c2dc842c83cb5fe4025252ee8" "metadata" "--no-deps" "--format-version=1", kill_on_drop: false }`
[INFO] running `Command { std: "docker" "inspect" "82718facc6363469d788a1b7d39658078e263abac32c6459d24402a6ef40b24d", kill_on_drop: false }`
[INFO] running `Command { std: "docker" "exec" "-e" "SOURCE_DIR=/opt/rustwide/workdir" "-e" "CARGO_HOME=/opt/rustwide/cargo-home" "-e" "RUSTUP_HOME=/opt/rustwide/rustup-home" "-e" "CARGO_TARGET_DIR=/opt/rustwide/target" "-e" "CARGO_INCREMENTAL=0" "-e" "RUST_BACKTRACE=full" "-e" "RUSTFLAGS=--cap-lints=forbid" "-e" "RUSTDOCFLAGS=--cap-lints=forbid" "-w" "/opt/rustwide/workdir" "--user" "0:0" "82718facc6363469d788a1b7d39658078e263abac32c6459d24402a6ef40b24d" "/opt/rustwide/cargo-home/bin/cargo" "+ed77b7b8699e342c2dc842c83cb5fe4025252ee8" "check" "--frozen" "--all" "--all-targets" "--message-format=json", kill_on_drop: false }`
[INFO] [stderr]    Compiling libc v0.2.65
[INFO] [stderr]    Compiling cc v1.0.46
[INFO] [stderr]     Checking smallvec v0.6.12
[INFO] [stderr]    Compiling log v0.4.8
[INFO] [stderr]     Checking either v1.5.3
[INFO] [stderr]    Compiling proc-macro2 v1.0.6
[INFO] [stderr]    Compiling syn v1.0.7
[INFO] [stderr]    Compiling arrayvec v0.4.12
[INFO] [stderr]     Checking tokio-executor v0.1.8
[INFO] [stderr]     Checking spin v0.5.2
[INFO] [stderr]     Checking untrusted v0.7.0
[INFO] [stderr]     Checking rand_core v0.3.1
[INFO] [stderr]     Checking nodrop v0.1.14
[INFO] [stderr]     Checking lock_api v0.3.1
[INFO] [stderr]    Compiling memoffset v0.5.2
[INFO] [stderr]    Compiling unicase v2.5.1
[INFO] [stderr]    Compiling memchr v2.2.1
[INFO] [stderr]    Compiling serde v1.0.102
[INFO] [stderr]    Compiling indexmap v1.3.0
[INFO] [stderr]     Checking rustc-demangle v0.1.16
[INFO] [stderr]    Compiling error-chain v0.12.1
[INFO] [stderr]     Checking percent-encoding v2.1.0
[INFO] [stderr]     Checking rand_chacha v0.1.1
[INFO] [stderr]     Checking tokio-current-thread v0.1.6
[INFO] [stderr]     Checking iovec v0.1.4
[INFO] [stderr]     Checking num_cpus v1.11.0
[INFO] [stderr]     Checking net2 v0.2.33
[INFO] [stderr]     Checking time v0.1.42
[INFO] [stderr]     Checking bytes v0.4.12
[INFO] [stderr]     Checking rand_os v0.1.3
[INFO] [stderr]     Checking tokio-timer v0.2.11
[INFO] [stderr]     Checking rand_hc v0.1.0
[INFO] [stderr]     Checking rand_isaac v0.1.1
[INFO] [stderr]     Checking unicode-normalization v0.1.8
[INFO] [stderr]     Checking parking_lot_core v0.6.2
[INFO] [stderr]     Checking mio v0.6.19
[INFO] [stderr]     Checking rand_xorshift v0.1.1
[INFO] [stderr]    Compiling hyper v0.12.35
[INFO] [stderr]    Compiling num-traits v0.2.8
[INFO] [stderr]     Checking thread_local v0.3.6
[INFO] [stderr]     Checking try-lock v0.2.2
[INFO] [stderr]     Checking tokio-io v0.1.12
[INFO] [stderr]     Checking http v0.1.19
[INFO] [stderr]     Checking string v0.2.1
[INFO] [stderr]     Checking parking_lot v0.9.0
[INFO] [stderr]    Compiling ring v0.16.9
[INFO] [stderr]    Compiling backtrace-sys v0.1.32
[INFO] [stderr]     Checking tokio-buf v0.1.1
[INFO] [stderr]     Checking regex-syntax v0.6.12
[INFO] [stderr]    Compiling crc32fast v1.2.0
[INFO] [stderr]     Checking block-padding v0.1.4
[INFO] [stderr]     Checking aho-corasick v0.7.6
[INFO] [stderr]     Checking want v0.2.0
[INFO] [stderr]     Checking rand v0.6.5
[INFO] [stderr]    Compiling quote v1.0.2
[INFO] [stderr]     Checking futures-cpupool v0.1.8
[INFO] [stderr]    Compiling mime_guess v2.0.1
[INFO] [stderr]    Compiling num-integer v0.1.41
[INFO] [stderr]     Checking adler32 v1.0.4
[INFO] [stderr]    Compiling encoding_rs v0.8.20
[INFO] [stderr]     Checking crossbeam-epoch v0.7.2
[INFO] [stderr]     Checking miniz_oxide v0.3.5
[INFO] [stderr]     Checking block-buffer v0.7.3
[INFO] [stderr]     Checking tokio-reactor v0.1.10
[INFO] [stderr]     Checking try_from v0.3.2
[INFO] [stderr]     Checking dtoa v0.4.4
[INFO] [stderr]     Checking traitobject v0.1.0
[INFO] [stdout] error[E0119]: conflicting implementations of trait `Trait` for type `(dyn Send + Sync + 'static)`
[INFO] [stdout]   --> /opt/rustwide/cargo-home/registry/src/index.crates.io-1949cf8c6b5b557f/traitobject-0.1.0/src/impls.rs:72:1
[INFO] [stdout]    |
[INFO] [stdout] 71 | unsafe impl Trait for ::std::marker::Send + Sync { }
[INFO] [stdout]    | ------------------------------------------------ first implementation here
[INFO] [stdout] 72 | unsafe impl Trait for ::std::marker::Send + Send + Sync { }
[INFO] [stdout]    | ^^^^^^^^^^^^^^^^^^^^^^^^^^^^^^^^^^^^^^^^^^^^^^^^^^^^^^^ conflicting implementation for `(dyn Send + Sync + 'static)`
[INFO] [stdout] 
[INFO] [stdout] 
[INFO] [stdout] error[E0119]: conflicting implementations of trait `Trait` for type `(dyn Send + Sync + 'static)`
[INFO] [stdout]   --> /opt/rustwide/cargo-home/registry/src/index.crates.io-1949cf8c6b5b557f/traitobject-0.1.0/src/impls.rs:73:1
[INFO] [stdout]    |
[INFO] [stdout] 71 | unsafe impl Trait for ::std::marker::Send + Sync { }
[INFO] [stdout]    | ------------------------------------------------ first implementation here
[INFO] [stdout] 72 | unsafe impl Trait for ::std::marker::Send + Send + Sync { }
[INFO] [stdout] 73 | unsafe impl Trait for ::std::marker::Sync + Send { }
[INFO] [stdout]    | ^^^^^^^^^^^^^^^^^^^^^^^^^^^^^^^^^^^^^^^^^^^^^^^^ conflicting implementation for `(dyn Send + Sync + 'static)`
[INFO] [stdout] 
[INFO] [stdout] 
[INFO] [stdout] error[E0119]: conflicting implementations of trait `Trait` for type `(dyn Send + Sync + 'static)`
[INFO] [stdout]   --> /opt/rustwide/cargo-home/registry/src/index.crates.io-1949cf8c6b5b557f/traitobject-0.1.0/src/impls.rs:75:1
[INFO] [stdout]    |
[INFO] [stdout] 71 | unsafe impl Trait for ::std::marker::Send + Sync { }
[INFO] [stdout]    | ------------------------------------------------ first implementation here
[INFO] [stdout] ...
[INFO] [stdout] 75 | unsafe impl Trait for ::std::marker::Sync + Send + Sync { }
[INFO] [stdout]    | ^^^^^^^^^^^^^^^^^^^^^^^^^^^^^^^^^^^^^^^^^^^^^^^^^^^^^^^ conflicting implementation for `(dyn Send + Sync + 'static)`
[INFO] [stdout] 
[INFO] [stdout] 
[INFO] [stdout] For more information about this error, try `rustc --explain E0119`.
[INFO] [stdout] 
[INFO] [stderr] error: could not compile `traitobject` (lib) due to 3 previous errors
[INFO] [stderr] warning: build failed, waiting for other jobs to finish...
[INFO] running `Command { std: "docker" "inspect" "82718facc6363469d788a1b7d39658078e263abac32c6459d24402a6ef40b24d", kill_on_drop: false }`
[INFO] running `Command { std: "docker" "rm" "-f" "82718facc6363469d788a1b7d39658078e263abac32c6459d24402a6ef40b24d", kill_on_drop: false }`
[INFO] [stdout] 82718facc6363469d788a1b7d39658078e263abac32c6459d24402a6ef40b24d
