[INFO] fetching crate randomx-rs 1.6.0...
[INFO] checking randomx-rs-1.6.0 against e4d5758286bf2cf6f415802f2cf861747a7c6c8c for pr-152972
[INFO] extracting crate randomx-rs 1.6.0 into /workspace/builds/worker-2-tc2/source
[INFO] removed /workspace/builds/worker-2-tc2/source/rust-toolchain.toml
[INFO] started tweaking crates.io crate randomx-rs 1.6.0
[INFO] finished tweaking crates.io crate randomx-rs 1.6.0
[INFO] tweaked toml for crates.io crate randomx-rs 1.6.0 written to /workspace/builds/worker-2-tc2/source/Cargo.toml
[INFO] validating manifest of crates.io crate randomx-rs 1.6.0 on toolchain e4d5758286bf2cf6f415802f2cf861747a7c6c8c
[INFO] running `Command { std: CARGO_HOME="/workspace/cargo-home" RUSTUP_HOME="/workspace/rustup-home" "/workspace/cargo-home/bin/cargo" "+e4d5758286bf2cf6f415802f2cf861747a7c6c8c" "metadata" "--manifest-path" "Cargo.toml" "--no-deps", kill_on_drop: false }`
[INFO] crate crates.io crate randomx-rs 1.6.0 already has a lockfile, it will not be regenerated
[INFO] running `Command { std: CARGO_HOME="/workspace/cargo-home" RUSTUP_HOME="/workspace/rustup-home" "/workspace/cargo-home/bin/cargo" "+e4d5758286bf2cf6f415802f2cf861747a7c6c8c" "fetch" "--manifest-path" "Cargo.toml", kill_on_drop: false }`
[INFO] running `Command { std: "docker" "create" "-v" "/var/lib/crater-agent-workspace/builds/worker-2-tc2/source:/opt/rustwide/workdir:ro,Z" "-v" "/var/lib/crater-agent-workspace/builds/worker-2-tc2/target:/opt/rustwide/target:rw,Z" "-v" "/var/lib/crater-agent-workspace/cargo-home:/opt/rustwide/cargo-home:ro,Z" "-v" "/var/lib/crater-agent-workspace/rustup-home:/opt/rustwide/rustup-home:ro,Z" "-m" "1610612736" "--network" "none" "ghcr.io/rust-lang/crates-build-env/linux@sha256:3111399a4047eeb3a02b7a90e478d715f38a8c6669b5c4b49d30a17385265909" "sleep" "infinity", kill_on_drop: false }`
[INFO] [stdout] daab404e3db18f1c495a20bb4830b421843634a771bc9148155676a4a5611a8c
[INFO] running `Command { std: "docker" "start" "daab404e3db18f1c495a20bb4830b421843634a771bc9148155676a4a5611a8c", kill_on_drop: false }`
[INFO] running `Command { std: "docker" "inspect" "daab404e3db18f1c495a20bb4830b421843634a771bc9148155676a4a5611a8c", kill_on_drop: false }`
[INFO] running `Command { std: "docker" "exec" "-e" "SOURCE_DIR=/opt/rustwide/workdir" "-e" "CARGO_HOME=/opt/rustwide/cargo-home" "-e" "RUSTUP_HOME=/opt/rustwide/rustup-home" "-e" "CARGO_TARGET_DIR=/opt/rustwide/target" "-w" "/opt/rustwide/workdir" "--user" "0:0" "daab404e3db18f1c495a20bb4830b421843634a771bc9148155676a4a5611a8c" "/opt/rustwide/cargo-home/bin/cargo" "+e4d5758286bf2cf6f415802f2cf861747a7c6c8c" "metadata" "--no-deps" "--format-version=1", kill_on_drop: false }`
[INFO] running `Command { std: "docker" "inspect" "daab404e3db18f1c495a20bb4830b421843634a771bc9148155676a4a5611a8c", kill_on_drop: false }`
[INFO] running `Command { std: "docker" "exec" "-e" "SOURCE_DIR=/opt/rustwide/workdir" "-e" "CARGO_HOME=/opt/rustwide/cargo-home" "-e" "RUSTUP_HOME=/opt/rustwide/rustup-home" "-e" "CARGO_TARGET_DIR=/opt/rustwide/target" "-e" "CARGO_INCREMENTAL=0" "-e" "RUST_BACKTRACE=full" "-e" "RUSTFLAGS=--cap-lints=forbid" "-e" "RUSTDOCFLAGS=--cap-lints=forbid" "-w" "/opt/rustwide/workdir" "--user" "0:0" "daab404e3db18f1c495a20bb4830b421843634a771bc9148155676a4a5611a8c" "/opt/rustwide/cargo-home/bin/cargo" "+e4d5758286bf2cf6f415802f2cf861747a7c6c8c" "check" "--frozen" "--all" "--all-targets" "--message-format=json", kill_on_drop: false }`
[INFO] [stderr]    Compiling libc v0.2.151
[INFO] [stderr]     Checking memchr v2.6.4
[INFO] [stderr]     Checking regex-syntax v0.8.2
[INFO] [stderr]     Checking log v0.4.20
[INFO] [stderr]    Compiling proc-macro2 v1.0.95
[INFO] [stderr]    Compiling cc v1.2.23
[INFO] [stderr]    Compiling quote v1.0.40
[INFO] [stderr]     Checking getrandom v0.2.11
[INFO] [stderr]     Checking aho-corasick v1.1.2
[INFO] [stderr]    Compiling syn v2.0.101
[INFO] [stderr]     Checking rand_core v0.6.4
[INFO] [stderr]    Compiling cmake v0.1.54
[INFO] [stderr]     Checking rand v0.8.5
[INFO] [stderr]    Compiling randomx-rs v1.6.0 (/opt/rustwide/workdir)
[INFO] [stderr]     Checking regex-automata v0.4.3
[INFO] [stderr]    Compiling thiserror-impl v1.0.69
[INFO] [stderr]     Checking thiserror v1.0.69
[INFO] [stderr] error: could not compile `regex-automata` (lib)
[INFO] [stderr] 
[INFO] [stderr] Caused by:
[INFO] [stderr]   process didn't exit successfully: `/opt/rustwide/rustup-home/toolchains/e4d5758286bf2cf6f415802f2cf861747a7c6c8c/bin/rustc --crate-name regex_automata --edition=2021 /opt/rustwide/cargo-home/registry/src/index.crates.io-1949cf8c6b5b557f/regex-automata-0.4.3/src/lib.rs --error-format=json --json=diagnostic-rendered-ansi,artifacts,future-incompat,unused-externs-silent --crate-type lib --emit=dep-info,metadata -C embed-bitcode=no -C debuginfo=2 --cfg 'feature="alloc"' --cfg 'feature="dfa-onepass"' --cfg 'feature="hybrid"' --cfg 'feature="meta"' --cfg 'feature="nfa-backtrack"' --cfg 'feature="nfa-pikevm"' --cfg 'feature="nfa-thompson"' --cfg 'feature="perf-inline"' --cfg 'feature="perf-literal"' --cfg 'feature="perf-literal-multisubstring"' --cfg 'feature="perf-literal-substring"' --cfg 'feature="std"' --cfg 'feature="syntax"' --check-cfg 'cfg(docsrs,test)' --check-cfg 'cfg(feature, values("alloc", "default", "dfa", "dfa-build", "dfa-onepass", "dfa-search", "hybrid", "internal-instrument", "internal-instrument-pikevm", "logging", "meta", "nfa", "nfa-backtrack", "nfa-pikevm", "nfa-thompson", "perf", "perf-inline", "perf-literal", "perf-literal-multisubstring", "perf-literal-substring", "std", "syntax", "unicode", "unicode-age", "unicode-bool", "unicode-case", "unicode-gencat", "unicode-perl", "unicode-script", "unicode-segment", "unicode-word-boundary"))' -C metadata=2581340b6aeae541 -C extra-filename=-b4e635051992bdd5 --out-dir /opt/rustwide/target/debug/build/regex-automata/b4e635051992bdd5/out -L dependency=/opt/rustwide/target/debug/build/memchr/9ea79bdcc2de081c/out --extern aho_corasick=/opt/rustwide/target/debug/build/aho-corasick/bbee9a9b1fdc4101/out/libaho_corasick-bbee9a9b1fdc4101.rmeta --extern memchr=/opt/rustwide/target/debug/build/memchr/9ea79bdcc2de081c/out/libmemchr-9ea79bdcc2de081c.rmeta --extern regex_syntax=/opt/rustwide/target/debug/build/regex-syntax/7c448851375cc204/out/libregex_syntax-7c448851375cc204.rmeta --cap-lints allow --cap-lints=forbid --force-warn=unused_crate_dependencies` (signal: 9, SIGKILL: kill)
[INFO] [stderr] warning: build failed, waiting for other jobs to finish...
[INFO] [stderr] error: failed to run custom build command for `randomx-rs v1.6.0 (/opt/rustwide/workdir)`
[INFO] [stderr] note: To improve backtraces for build dependencies, set the CARGO_PROFILE_DEV_BUILD_OVERRIDE_DEBUG=true environment variable to enable debug information generation.
[INFO] [stderr] 
[INFO] [stderr] Caused by:
[INFO] [stderr]   process didn't exit successfully: `/opt/rustwide/target/debug/build/randomx-rs/d414a658752d27ea/out/build_script_build` (exit status: 101)
[INFO] [stderr]   --- stdout
[INFO] [stderr]   CMAKE_TOOLCHAIN_FILE_x86_64-unknown-linux-gnu = None
[INFO] [stderr]   CMAKE_TOOLCHAIN_FILE_x86_64_unknown_linux_gnu = None
[INFO] [stderr]   HOST_CMAKE_TOOLCHAIN_FILE = None
[INFO] [stderr]   CMAKE_TOOLCHAIN_FILE = None
[INFO] [stderr]   CMAKE_GENERATOR_x86_64-unknown-linux-gnu = None
[INFO] [stderr]   CMAKE_GENERATOR_x86_64_unknown_linux_gnu = None
[INFO] [stderr]   HOST_CMAKE_GENERATOR = None
[INFO] [stderr]   CMAKE_GENERATOR = None
[INFO] [stderr]   CMAKE_PREFIX_PATH_x86_64-unknown-linux-gnu = None
[INFO] [stderr]   CMAKE_PREFIX_PATH_x86_64_unknown_linux_gnu = None
[INFO] [stderr]   HOST_CMAKE_PREFIX_PATH = None
[INFO] [stderr]   CMAKE_PREFIX_PATH = None
[INFO] [stderr]   CMAKE_x86_64-unknown-linux-gnu = None
[INFO] [stderr]   CMAKE_x86_64_unknown_linux_gnu = None
[INFO] [stderr]   HOST_CMAKE = None
[INFO] [stderr]   CMAKE = None
[INFO] [stderr]   running: cd "/opt/rustwide/target/debug/build/randomx-rs/1a55ab7de140d146/out/build" && CMAKE_PREFIX_PATH="" LC_ALL="C" "cmake" "/opt/rustwide/workdir/RandomX" "-DDARCH=native" "-DCMAKE_INSTALL_PREFIX=/opt/rustwide/target/debug/build/randomx-rs/1a55ab7de140d146/out" "-DCMAKE_C_FLAGS= -ffunction-sections -fdata-sections -fPIC -m64" "-DCMAKE_C_COMPILER=/usr/bin/cc" "-DCMAKE_CXX_FLAGS= -ffunction-sections -fdata-sections -fPIC -m64" "-DCMAKE_CXX_COMPILER=/usr/bin/c++" "-DCMAKE_ASM_FLAGS= -ffunction-sections -fdata-sections -fPIC -m64" "-DCMAKE_ASM_COMPILER=/usr/bin/cc" "-DCMAKE_BUILD_TYPE=Debug"
[INFO] [stderr]   -- The C compiler identification is GNU 15.2.0
[INFO] [stderr]   -- The CXX compiler identification is GNU 15.2.0
[INFO] [stderr]   -- Detecting C compiler ABI info
[INFO] [stderr]   -- Detecting C compiler ABI info - done
[INFO] [stderr]   -- Check for working C compiler: /usr/bin/cc - skipped
[INFO] [stderr]   -- Detecting C compile features
[INFO] [stderr]   -- Detecting C compile features - done
[INFO] [stderr]   -- Detecting CXX compiler ABI info
[INFO] [stderr]   -- Detecting CXX compiler ABI info - done
[INFO] [stderr]   -- Check for working CXX compiler: /usr/bin/c++ - skipped
[INFO] [stderr]   -- Detecting CXX compile features
[INFO] [stderr]   -- Detecting CXX compile features - done
[INFO] [stderr]   -- Performing Test _maes_cxx
[INFO] [stderr]   -- Performing Test _maes_cxx - Success
[INFO] [stderr]   -- Setting CXX flag -maes
[INFO] [stderr]   -- Performing Test _maes_c
[INFO] [stderr]   -- Performing Test _maes_c - Success
[INFO] [stderr]   -- Setting C flag -maes
[INFO] [stderr]   -- Performing Test HAVE_SSSE3
[INFO] [stderr]   -- Performing Test HAVE_SSSE3 - Success
[INFO] [stderr]   -- Performing Test HAVE_AVX2
[INFO] [stderr]   -- Performing Test HAVE_AVX2 - Success
[INFO] [stderr]   -- Performing Test CMAKE_HAVE_LIBC_PTHREAD
[INFO] [stderr]   -- Performing Test CMAKE_HAVE_LIBC_PTHREAD - Success
[INFO] [stderr]   -- Found Threads: TRUE
[INFO] [stderr]   -- Performing Test HAVE_CXX_ATOMICS
[INFO] [stderr]   -- Performing Test HAVE_CXX_ATOMICS - Success
[INFO] [stderr]   -- Configuring done (4.2s)
[INFO] [stderr]   -- Generating done (0.0s)
[INFO] [stderr]   -- Build files have been written to: /opt/rustwide/target/debug/build/randomx-rs/1a55ab7de140d146/out/build
[INFO] [stderr]   running: cd "/opt/rustwide/target/debug/build/randomx-rs/1a55ab7de140d146/out/build" && LC_ALL="C" MAKEFLAGS="-j --jobserver-fds=4,5 --jobserver-auth=4,5" "cmake" "--build" "/opt/rustwide/target/debug/build/randomx-rs/1a55ab7de140d146/out/build" "--target" "install" "--config" "Debug"
[INFO] [stderr]   [  2%] Building C object CMakeFiles/randomx.dir/src/argon2_avx2.c.o
[INFO] [stderr]   [  5%] Building C object CMakeFiles/randomx.dir/src/argon2_ssse3.c.o
[INFO] [stderr]   [  8%] Building CXX object CMakeFiles/randomx.dir/src/bytecode_machine.cpp.o
[INFO] [stderr]   [ 11%] Building C object CMakeFiles/randomx.dir/src/argon2_ref.c.o
[INFO] [stderr]   [ 14%] Building CXX object CMakeFiles/randomx.dir/src/soft_aes.cpp.o
[INFO] [stderr]   [ 17%] Building CXX object CMakeFiles/randomx.dir/src/randomx.cpp.o
[INFO] [stderr]   [ 20%] Building CXX object CMakeFiles/randomx.dir/src/assembly_generator_x86.cpp.o
[INFO] [stderr]   [ 23%] Building C object CMakeFiles/randomx.dir/src/virtual_memory.c.o
[INFO] [stderr]   [ 26%] Building CXX object CMakeFiles/randomx.dir/src/dataset.cpp.o
[INFO] [stderr]   [ 32%] Building CXX object CMakeFiles/randomx.dir/src/instruction.cpp.o
[INFO] [stderr]   [ 35%] Building CXX object CMakeFiles/randomx.dir/src/cpu.cpp.o
[INFO] [stderr]   [ 35%] Building CXX object CMakeFiles/randomx.dir/src/aes_hash.cpp.o
[INFO] [stderr]   [ 38%] Building CXX object CMakeFiles/randomx.dir/src/allocator.cpp.o
[INFO] [stderr]   [ 41%] Building CXX object CMakeFiles/randomx.dir/src/superscalar.cpp.o
[INFO] [stderr]   [ 44%] Building CXX object CMakeFiles/randomx.dir/src/vm_interpreted.cpp.o
[INFO] [stderr]   [ 47%] Building CXX object CMakeFiles/randomx.dir/src/vm_compiled.cpp.o
[INFO] [stderr]   [ 50%] Building CXX object CMakeFiles/randomx.dir/src/vm_interpreted_light.cpp.o
[INFO] [stderr]   [ 52%] Building C object CMakeFiles/randomx.dir/src/argon2_core.c.o
[INFO] [stderr]   [ 55%] Building CXX object CMakeFiles/randomx.dir/src/blake2_generator.cpp.o
[INFO] [stderr]   [ 58%] Building CXX object CMakeFiles/randomx.dir/src/instructions_portable.cpp.o
[INFO] [stderr]   [ 61%] Building C object CMakeFiles/randomx.dir/src/reciprocal.c.o
[INFO] [stderr]   [ 64%] Building CXX object CMakeFiles/randomx.dir/src/virtual_machine.cpp.o
[INFO] [stderr]   [ 67%] Building CXX object CMakeFiles/randomx.dir/src/vm_compiled_light.cpp.o
[INFO] [stderr]   [ 70%] Building C object CMakeFiles/randomx.dir/src/blake2/blake2b.c.o
[INFO] [stderr]   [ 73%] Building CXX object CMakeFiles/randomx.dir/src/jit_compiler_x86.cpp.o
[INFO] [stderr] 
[INFO] [stderr]   --- stderr
[INFO] [stderr]   CMake Warning:
[INFO] [stderr]     Manually-specified variables were not used by the project:
[INFO] [stderr] 
[INFO] [stderr]       CMAKE_ASM_COMPILER
[INFO] [stderr]       CMAKE_ASM_FLAGS
[INFO] [stderr]       DARCH
[INFO] [stderr] 
[INFO] [stderr] 
[INFO] [stderr]   c++: fatal error: Killed signal terminated program cc1plus
[INFO] [stderr]   compilation terminated.
[INFO] [stderr]   gmake[2]: *** [CMakeFiles/randomx.dir/build.make:163: CMakeFiles/randomx.dir/src/dataset.cpp.o] Error 1
[INFO] [stderr]   gmake[2]: *** Waiting for unfinished jobs....
[INFO] [stderr]   gmake[1]: *** [CMakeFiles/Makefile2:96: CMakeFiles/randomx.dir/all] Error 2
[INFO] [stderr]   gmake: *** [Makefile:136: all] Error 2
[INFO] [stderr] 
[INFO] [stderr]   thread 'main' (200) panicked at /opt/rustwide/cargo-home/registry/src/index.crates.io-1949cf8c6b5b557f/cmake-0.1.54/src/lib.rs:1119:5:
[INFO] [stderr] 
[INFO] [stderr]   command did not execute successfully, got: exit status: 2
[INFO] [stderr] 
[INFO] [stderr]   build script failed, must exit now
[INFO] [stderr]   stack backtrace:
[INFO] [stderr]      0:     0x58682ef787e1 - std[cbafc1a513166901]::backtrace_rs::backtrace::libunwind::trace
[INFO] [stderr]                                  at /rustc/e4d5758286bf2cf6f415802f2cf861747a7c6c8c/library/std/src/../../backtrace/src/backtrace/libunwind.rs:117:9
[INFO] [stderr]      1:     0x58682ef787e1 - std[cbafc1a513166901]::backtrace_rs::backtrace::trace_unsynchronized::<std[cbafc1a513166901]::sys::backtrace::_print_fmt::{closure#1}>
[INFO] [stderr]                                  at /rustc/e4d5758286bf2cf6f415802f2cf861747a7c6c8c/library/std/src/../../backtrace/src/backtrace/mod.rs:66:14
[INFO] [stderr]      2:     0x58682ef787e1 - std[cbafc1a513166901]::sys::backtrace::_print_fmt
[INFO] [stderr]                                  at /rustc/e4d5758286bf2cf6f415802f2cf861747a7c6c8c/library/std/src/sys/backtrace.rs:74:9
[INFO] [stderr]      3:     0x58682ef787e1 - <<std[cbafc1a513166901]::sys::backtrace::BacktraceLock>::print::DisplayBacktrace as core[1ebd966819e03bce]::fmt::Display>::fmt
[INFO] [stderr]                                  at /rustc/e4d5758286bf2cf6f415802f2cf861747a7c6c8c/library/std/src/sys/backtrace.rs:44:26
[INFO] [stderr]      4:     0x58682ef8c7ca - <core[1ebd966819e03bce]::fmt::rt::Argument>::fmt
[INFO] [stderr]                                  at /rustc/e4d5758286bf2cf6f415802f2cf861747a7c6c8c/library/core/src/fmt/rt.rs:152:76
[INFO] [stderr]      5:     0x58682ef8c7ca - core[1ebd966819e03bce]::fmt::write
[INFO] [stderr]      6:     0x58682ef7e03c - core[1ebd966819e03bce]::io::write::default_write_fmt::<std[cbafc1a513166901]::sys::stdio::unix::Stderr>
[INFO] [stderr]                                  at /rustc/e4d5758286bf2cf6f415802f2cf861747a7c6c8c/library/core/src/io/write.rs:402:11
[INFO] [stderr]      7:     0x58682ef7e03c - <std[cbafc1a513166901]::sys::stdio::unix::Stderr as core[1ebd966819e03bce]::io::write::Write>::write_fmt
[INFO] [stderr]                                  at /rustc/e4d5758286bf2cf6f415802f2cf861747a7c6c8c/library/core/src/io/write.rs:335:13
[INFO] [stderr]      8:     0x58682ef58056 - <std[cbafc1a513166901]::sys::backtrace::BacktraceLock>::print
[INFO] [stderr]                                  at /rustc/e4d5758286bf2cf6f415802f2cf861747a7c6c8c/library/std/src/sys/backtrace.rs:47:9
[INFO] [stderr]      9:     0x58682ef58056 - std[cbafc1a513166901]::panicking::default_hook::{closure#0}
[INFO] [stderr]                                  at /rustc/e4d5758286bf2cf6f415802f2cf861747a7c6c8c/library/std/src/panicking.rs:289:27
[INFO] [stderr]     10:     0x58682ef73511 - std[cbafc1a513166901]::panicking::default_hook
[INFO] [stderr]                                  at /rustc/e4d5758286bf2cf6f415802f2cf861747a7c6c8c/library/std/src/panicking.rs:316:9
[INFO] [stderr]     11:     0x58682ef736cb - std[cbafc1a513166901]::panicking::panic_with_hook
[INFO] [stderr]                                  at /rustc/e4d5758286bf2cf6f415802f2cf861747a7c6c8c/library/std/src/panicking.rs:811:13
[INFO] [stderr]     12:     0x58682ef58102 - std[cbafc1a513166901]::panicking::panic_handler::{closure#0}
[INFO] [stderr]                                  at /rustc/e4d5758286bf2cf6f415802f2cf861747a7c6c8c/library/std/src/panicking.rs:685:13
[INFO] [stderr]     13:     0x58682ef51f79 - std[cbafc1a513166901]::sys::backtrace::__rust_end_short_backtrace::<std[cbafc1a513166901]::panicking::panic_handler::{closure#0}, !>
[INFO] [stderr]                                  at /rustc/e4d5758286bf2cf6f415802f2cf861747a7c6c8c/library/std/src/sys/backtrace.rs:182:18
[INFO] [stderr]     14:     0x58682ef588ed - __rustc[1080c69225188e79]::rust_begin_unwind
[INFO] [stderr]                                  at /rustc/e4d5758286bf2cf6f415802f2cf861747a7c6c8c/library/std/src/panicking.rs:676:5
[INFO] [stderr]     15:     0x58682ef8cfbc - core[1ebd966819e03bce]::panicking::panic_fmt
[INFO] [stderr]                                  at /rustc/e4d5758286bf2cf6f415802f2cf861747a7c6c8c/library/core/src/panicking.rs:80:14
[INFO] [stderr]     16:     0x58682eee9137 - cmake[b7c911b8e954b195]::fail
[INFO] [stderr]     17:     0x58682eee8dc3 - cmake[b7c911b8e954b195]::run
[INFO] [stderr]     18:     0x58682eeeec14 - <cmake[b7c911b8e954b195]::Config>::build
[INFO] [stderr]     19:     0x58682eedb58a - build_script_build[81abe0073fead18a]::main
[INFO] [stderr]     20:     0x58682eedbfe3 - <fn() as core[1ebd966819e03bce]::ops::function::FnOnce<()>>::call_once
[INFO] [stderr]     21:     0x58682eedb3fe - std[cbafc1a513166901]::sys::backtrace::__rust_begin_short_backtrace::<fn(), ()>
[INFO] [stderr]     22:     0x58682eedb409 - std[cbafc1a513166901]::rt::lang_start::<()>::{closure#0}
[INFO] [stderr]     23:     0x58682ef72818 - <&dyn core[1ebd966819e03bce]::ops::function::Fn<(), Output = i32> + core[1ebd966819e03bce]::panic::unwind_safe::RefUnwindSafe + core[1ebd966819e03bce]::marker::Sync as core[1ebd966819e03bce]::ops::function::FnOnce<()>>::call_once
[INFO] [stderr]                                  at /rustc/e4d5758286bf2cf6f415802f2cf861747a7c6c8c/library/core/src/ops/function.rs:287:21
[INFO] [stderr]     24:     0x58682ef72818 - std[cbafc1a513166901]::panicking::catch_unwind::do_call::<&dyn core[1ebd966819e03bce]::ops::function::Fn<(), Output = i32> + core[1ebd966819e03bce]::panic::unwind_safe::RefUnwindSafe + core[1ebd966819e03bce]::marker::Sync, i32>
[INFO] [stderr]                                  at /rustc/e4d5758286bf2cf6f415802f2cf861747a7c6c8c/library/std/src/panicking.rs:573:43
[INFO] [stderr]     25:     0x58682ef72818 - std[cbafc1a513166901]::panicking::catch_unwind::<i32, &dyn core[1ebd966819e03bce]::ops::function::Fn<(), Output = i32> + core[1ebd966819e03bce]::panic::unwind_safe::RefUnwindSafe + core[1ebd966819e03bce]::marker::Sync>
[INFO] [stderr]                                  at /rustc/e4d5758286bf2cf6f415802f2cf861747a7c6c8c/library/std/src/panicking.rs:541:19
[INFO] [stderr]     26:     0x58682ef72818 - std[cbafc1a513166901]::panic::catch_unwind::<&dyn core[1ebd966819e03bce]::ops::function::Fn<(), Output = i32> + core[1ebd966819e03bce]::panic::unwind_safe::RefUnwindSafe + core[1ebd966819e03bce]::marker::Sync, i32>
[INFO] [stderr]                                  at /rustc/e4d5758286bf2cf6f415802f2cf861747a7c6c8c/library/std/src/panic.rs:359:14
[INFO] [stderr]     27:     0x58682ef72818 - std[cbafc1a513166901]::rt::lang_start_internal::{closure#0}
[INFO] [stderr]                                  at /rustc/e4d5758286bf2cf6f415802f2cf861747a7c6c8c/library/std/src/rt.rs:175:24
[INFO] [stderr]     28:     0x58682ef72818 - std[cbafc1a513166901]::panicking::catch_unwind::do_call::<std[cbafc1a513166901]::rt::lang_start_internal::{closure#0}, isize>
[INFO] [stderr]                                  at /rustc/e4d5758286bf2cf6f415802f2cf861747a7c6c8c/library/std/src/panicking.rs:573:43
[INFO] [stderr]     29:     0x58682ef72818 - std[cbafc1a513166901]::panicking::catch_unwind::<isize, std[cbafc1a513166901]::rt::lang_start_internal::{closure#0}>
[INFO] [stderr]                                  at /rustc/e4d5758286bf2cf6f415802f2cf861747a7c6c8c/library/std/src/panicking.rs:541:19
[INFO] [stderr]     30:     0x58682ef72818 - std[cbafc1a513166901]::panic::catch_unwind::<std[cbafc1a513166901]::rt::lang_start_internal::{closure#0}, isize>
[INFO] [stderr]                                  at /rustc/e4d5758286bf2cf6f415802f2cf861747a7c6c8c/library/std/src/panic.rs:359:14
[INFO] [stderr]     31:     0x58682ef72818 - std[cbafc1a513166901]::rt::lang_start_internal
[INFO] [stderr]                                  at /rustc/e4d5758286bf2cf6f415802f2cf861747a7c6c8c/library/std/src/rt.rs:171:5
[INFO] [stderr]     32:     0x58682eedb3f1 - std[cbafc1a513166901]::rt::lang_start::<()>
[INFO] [stderr]     33:     0x58682eedc055 - main
[INFO] [stderr]     34:     0x7d2a3bd78601 - <unknown>
[INFO] [stderr]     35:     0x7d2a3bd78718 - __libc_start_main
[INFO] [stderr]     36:     0x58682eeda315 - _start
[INFO] [stderr]     37:                0x0 - <unknown>
[INFO] running `Command { std: "docker" "inspect" "daab404e3db18f1c495a20bb4830b421843634a771bc9148155676a4a5611a8c", kill_on_drop: false }`
[INFO] running `Command { std: "docker" "rm" "-f" "daab404e3db18f1c495a20bb4830b421843634a771bc9148155676a4a5611a8c", kill_on_drop: false }`
[INFO] [stdout] daab404e3db18f1c495a20bb4830b421843634a771bc9148155676a4a5611a8c
