[INFO] cloning repository https://github.com/singthai-srisoi/ApiTodo
[INFO] running `Command { std: "git" "-c" "credential.helper=" "-c" "credential.helper=/workspace/cargo-home/bin/git-credential-null" "clone" "--bare" "https://github.com/singthai-srisoi/ApiTodo" "/workspace/cache/git-repos/https%3A%2F%2Fgithub.com%2Fsingthai-srisoi%2FApiTodo", kill_on_drop: false }`
[INFO] [stderr] Cloning into bare repository '/workspace/cache/git-repos/https%3A%2F%2Fgithub.com%2Fsingthai-srisoi%2FApiTodo'...
[INFO] running `Command { std: "git" "rev-parse" "HEAD", kill_on_drop: false }`
[INFO] [stdout] 80dfc9abb180fe8e362ddd84e938095d14d02b61
[INFO] checking singthai-srisoi/ApiTodo/80dfc9abb180fe8e362ddd84e938095d14d02b61 against c999cef531ea9059e189e82fe0e82c5daf249bc9 for pr-152972
[INFO] running `Command { std: "git" "clone" "/workspace/cache/git-repos/https%3A%2F%2Fgithub.com%2Fsingthai-srisoi%2FApiTodo" "/workspace/builds/worker-1-tc1/source", kill_on_drop: false }`
[INFO] [stderr] Cloning into '/workspace/builds/worker-1-tc1/source'...
[INFO] [stderr] done.
[INFO] started tweaking git repo https://github.com/singthai-srisoi/ApiTodo
[INFO] finished tweaking git repo https://github.com/singthai-srisoi/ApiTodo
[INFO] tweaked toml for git repo https://github.com/singthai-srisoi/ApiTodo written to /workspace/builds/worker-1-tc1/source/Cargo.toml
[INFO] validating manifest of git repo https://github.com/singthai-srisoi/ApiTodo on toolchain c999cef531ea9059e189e82fe0e82c5daf249bc9
[INFO] running `Command { std: CARGO_HOME="/workspace/cargo-home" RUSTUP_HOME="/workspace/rustup-home" "/workspace/cargo-home/bin/cargo" "+c999cef531ea9059e189e82fe0e82c5daf249bc9" "metadata" "--manifest-path" "Cargo.toml" "--no-deps", kill_on_drop: false }`
[INFO] crate git repo https://github.com/singthai-srisoi/ApiTodo already has a lockfile, it will not be regenerated
[INFO] running `Command { std: CARGO_HOME="/workspace/cargo-home" RUSTUP_HOME="/workspace/rustup-home" "/workspace/cargo-home/bin/cargo" "+c999cef531ea9059e189e82fe0e82c5daf249bc9" "fetch" "--manifest-path" "Cargo.toml", kill_on_drop: false }`
[INFO] [stderr]     Updating crates.io index
[INFO] [stderr]  Downloading crates ...
[INFO] [stderr]   Downloaded migrations_macros v2.2.0
[INFO] [stderr]   Downloaded diesel_migrations v2.2.0
[INFO] [stderr]   Downloaded hermit-abi v0.5.0
[INFO] [stderr]   Downloaded diesel_table_macro_syntax v0.2.0
[INFO] [stderr]   Downloaded dsl_auto_type v0.1.3
[INFO] [stderr]   Downloaded migrations_internals v2.2.0
[INFO] [stderr]   Downloaded winnow v0.7.7
[INFO] [stderr]   Downloaded actix-server v2.5.1
[INFO] [stderr]   Downloaded diesel_derives v2.2.4
[INFO] [stderr]   Downloaded cc v1.2.19
[INFO] [stderr]   Downloaded actix-http v3.10.0
[INFO] [stderr]   Downloaded actix-web v4.10.2
[INFO] [stderr]   Downloaded diesel v2.2.9
[INFO] [stderr]   Downloaded libsqlite3-sys v0.32.0
[INFO] running `Command { std: "docker" "create" "-v" "/var/lib/crater-agent-workspace/builds/worker-1-tc1/source:/opt/rustwide/workdir:ro,Z" "-v" "/var/lib/crater-agent-workspace/builds/worker-1-tc1/target:/opt/rustwide/target:rw,Z" "-v" "/var/lib/crater-agent-workspace/cargo-home:/opt/rustwide/cargo-home:ro,Z" "-v" "/var/lib/crater-agent-workspace/rustup-home:/opt/rustwide/rustup-home:ro,Z" "-m" "1610612736" "--network" "none" "ghcr.io/rust-lang/crates-build-env/linux@sha256:3111399a4047eeb3a02b7a90e478d715f38a8c6669b5c4b49d30a17385265909" "sleep" "infinity", kill_on_drop: false }`
[INFO] [stdout] 22c20eb3ea858342dafe4b31bde6bc83191f8343a63dbd5de542ce9b4e206d83
[INFO] running `Command { std: "docker" "start" "22c20eb3ea858342dafe4b31bde6bc83191f8343a63dbd5de542ce9b4e206d83", kill_on_drop: false }`
[INFO] running `Command { std: "docker" "inspect" "22c20eb3ea858342dafe4b31bde6bc83191f8343a63dbd5de542ce9b4e206d83", kill_on_drop: false }`
[INFO] running `Command { std: "docker" "exec" "-e" "SOURCE_DIR=/opt/rustwide/workdir" "-e" "CARGO_HOME=/opt/rustwide/cargo-home" "-e" "RUSTUP_HOME=/opt/rustwide/rustup-home" "-e" "CARGO_TARGET_DIR=/opt/rustwide/target" "-w" "/opt/rustwide/workdir" "--user" "0:0" "22c20eb3ea858342dafe4b31bde6bc83191f8343a63dbd5de542ce9b4e206d83" "/opt/rustwide/cargo-home/bin/cargo" "+c999cef531ea9059e189e82fe0e82c5daf249bc9" "metadata" "--no-deps" "--format-version=1", kill_on_drop: false }`
[INFO] running `Command { std: "docker" "inspect" "22c20eb3ea858342dafe4b31bde6bc83191f8343a63dbd5de542ce9b4e206d83", kill_on_drop: false }`
[INFO] running `Command { std: "docker" "exec" "-e" "SOURCE_DIR=/opt/rustwide/workdir" "-e" "CARGO_HOME=/opt/rustwide/cargo-home" "-e" "RUSTUP_HOME=/opt/rustwide/rustup-home" "-e" "CARGO_TARGET_DIR=/opt/rustwide/target" "-e" "CARGO_INCREMENTAL=0" "-e" "RUST_BACKTRACE=full" "-e" "RUSTFLAGS=--cap-lints=forbid" "-e" "RUSTDOCFLAGS=--cap-lints=forbid" "-w" "/opt/rustwide/workdir" "--user" "0:0" "22c20eb3ea858342dafe4b31bde6bc83191f8343a63dbd5de542ce9b4e206d83" "/opt/rustwide/cargo-home/bin/cargo" "+c999cef531ea9059e189e82fe0e82c5daf249bc9" "check" "--frozen" "--all" "--all-targets" "--message-format=json", kill_on_drop: false }`
[INFO] [stderr]     Checking smallvec v1.15.0
[INFO] [stderr]     Checking log v0.4.27
[INFO] [stderr]    Compiling libc v0.2.172
[INFO] [stderr]     Checking litemap v0.7.5
[INFO] [stderr]    Compiling icu_locid_transform_data v1.5.1
[INFO] [stderr]    Compiling icu_properties_data v1.5.1
[INFO] [stderr]    Compiling getrandom v0.3.2
[INFO] [stderr]    Compiling syn v2.0.100
[INFO] [stderr]     Checking tracing-core v0.1.33
[INFO] [stderr]     Checking indexmap v2.9.0
[INFO] [stderr]    Compiling zerocopy v0.8.24
[INFO] [stderr]    Compiling icu_normalizer_data v1.5.1
[INFO] [stderr]    Compiling winnow v0.7.7
[INFO] [stderr]     Checking local-waker v0.1.4
[INFO] [stderr]    Compiling libsqlite3-sys v0.32.0
[INFO] [stderr]    Compiling bytes v1.10.1
[INFO] [stderr]    Compiling either v1.15.0
[INFO] [stderr]     Checking deranged v0.4.0
[INFO] [stderr]    Compiling time-macros v0.2.22
[INFO] [stderr]     Checking actix-utils v3.0.1
[INFO] [stderr]     Checking bytestring v1.4.0
[INFO] [stderr]     Checking actix-service v2.0.3
[INFO] [stderr]    Compiling num-traits v0.2.19
[INFO] [stderr]    Compiling cookie v0.16.2
[INFO] [stderr]     Checking time-core v0.1.4
[INFO] [stderr]    Compiling regex-lite v0.1.6
[INFO] [stderr]     Checking bitflags v2.9.0
[INFO] [stderr]     Checking sha1 v0.10.6
[INFO] [stderr]    Compiling jobserver v0.1.33
[INFO] [stderr]     Checking brotli v7.0.0
[INFO] [stderr]     Checking parking_lot_core v0.9.10
[INFO] [stderr]     Checking socket2 v0.5.9
[INFO] [stderr]     Checking signal-hook-registry v1.4.5
[INFO] [stderr]     Checking mio v1.0.3
[INFO] [stderr]     Checking parking_lot v0.12.3
[INFO] [stderr]    Compiling cc v1.2.19
[INFO] [stderr]     Checking rand_core v0.9.3
[INFO] [stderr]    Compiling tracing v0.1.41
[INFO] [stderr]     Checking local-channel v0.1.5
[INFO] [stderr]     Checking foldhash v0.1.5
[INFO] [stderr]     Checking language-tags v0.3.2
[INFO] [stderr]     Checking scheduled-thread-pool v0.2.7
[INFO] [stderr]     Checking is-terminal v0.4.16
[INFO] [stderr]     Checking r2d2 v0.8.10
[INFO] [stderr]     Checking impl-more v0.1.9
[INFO] [stderr]     Checking env_logger v0.10.2
[INFO] [stderr]     Checking tokio v1.44.2
[INFO] [stderr]     Checking time v0.3.41
[INFO] [stderr]     Checking ppv-lite86 v0.2.21
[INFO] [stderr]    Compiling zstd-sys v2.0.15+zstd.1.5.7
[INFO] [stderr]     Checking rand_chacha v0.9.0
[INFO] [stderr]     Checking rand v0.9.1
[INFO] [stderr]    Compiling synstructure v0.13.1
[INFO] [stderr]    Compiling darling_core v0.20.11
[INFO] [stderr]    Compiling diesel_table_macro_syntax v0.2.0
[INFO] [stderr]     Checking tokio-util v0.7.15
[INFO] [stderr]    Compiling serde_derive v1.0.219
[INFO] [stderr]    Compiling zerofrom-derive v0.1.6
[INFO] [stderr]    Compiling yoke-derive v0.7.5
[INFO] [stderr]    Compiling zerovec-derive v0.10.3
[INFO] [stderr]    Compiling displaydoc v0.2.5
[INFO] [stderr]    Compiling icu_provider_macros v1.5.0
[INFO] [stderr]    Compiling tracing-attributes v0.1.28
[INFO] [stderr]    Compiling actix-macros v0.2.4
[INFO] [stderr]    Compiling derive_more-impl v2.0.1
[INFO] [stderr]    Compiling thiserror-impl v1.0.69
[INFO] [stderr]     Checking actix-rt v2.10.0
[INFO] [stderr]    Compiling zstd-safe v7.2.4
[INFO] [stderr]     Checking zerofrom v0.1.6
[INFO] [stderr]     Checking zstd v0.13.3
[INFO] [stderr]     Checking yoke v0.7.5
[INFO] [stderr]     Checking thiserror v1.0.69
[INFO] [stderr]     Checking h2 v0.3.26
[INFO] [stderr]     Checking actix-codec v0.5.2
[INFO] [stderr]     Checking actix-server v2.5.1
[INFO] [stderr]     Checking zerovec v0.10.4
[INFO] [stderr]    Compiling darling_macro v0.20.11
[INFO] [stderr]    Compiling darling v0.20.11
[INFO] [stderr]    Compiling dsl_auto_type v0.1.3
[INFO] [stderr]     Checking tinystr v0.7.6
[INFO] [stderr]     Checking icu_collections v1.5.0
[INFO] [stderr]     Checking derive_more v2.0.1
[INFO] [stderr]    Compiling diesel_derives v2.2.4
[INFO] [stderr]     Checking icu_locid v1.5.0
[INFO] [stderr]     Checking icu_provider v1.5.0
[INFO] [stderr]     Checking icu_locid_transform v1.5.0
[INFO] [stderr]     Checking serde v1.0.219
[INFO] [stderr]     Checking icu_properties v1.5.1
[INFO] [stderr]     Checking actix-http v3.10.0
[INFO] [stderr]     Checking icu_normalizer v1.5.0
[INFO] [stderr]     Checking toml_datetime v0.6.8
[INFO] [stderr]     Checking serde_spanned v0.6.8
[INFO] [stderr]     Checking serde_json v1.0.140
[INFO] [stderr]     Checking actix-router v0.5.3
[INFO] [stderr]     Checking serde_urlencoded v0.7.1
[INFO] [stderr]     Checking chrono v0.4.40
[INFO] [stderr]     Checking uuid v1.16.0
[INFO] [stderr]     Checking toml_edit v0.22.24
[INFO] [stderr]     Checking idna_adapter v1.2.0
[INFO] [stderr]     Checking idna v1.0.3
[INFO] [stderr]     Checking url v2.5.4
[INFO] [stderr]    Compiling actix-web-codegen v4.3.0
[INFO] [stderr]     Checking diesel v2.2.9
[INFO] [stderr]     Checking actix-web v4.10.2
[INFO] [stderr]     Checking toml v0.8.20
[INFO] [stderr]     Checking migrations_internals v2.2.0
[INFO] [stderr]    Compiling migrations_macros v2.2.0
[INFO] [stderr]     Checking diesel_migrations v2.2.0
[INFO] [stderr]     Checking todo v0.1.0 (/opt/rustwide/workdir)
[INFO] [stdout] warning: unused import: `Deserialize`
[INFO] [stdout]  --> src/errors.rs:3:24
[INFO] [stdout]   |
[INFO] [stdout] 3 | use serde::{Serialize, Deserialize};
[INFO] [stdout]   |                        ^^^^^^^^^^^
[INFO] [stdout]   |
[INFO] [stdout]   = note: `#[warn(unused_imports)]` (part of `#[warn(unused)]`) on by default
[INFO] [stdout] 
[INFO] [stdout] 
[INFO] [stdout] warning: unused import: `std::fmt`
[INFO] [stdout]  --> src/errors.rs:4:5
[INFO] [stdout]   |
[INFO] [stdout] 4 | use std::fmt;
[INFO] [stdout]   |     ^^^^^^^^
[INFO] [stdout] 
[INFO] [stdout] 
[INFO] [stdout] warning: unused import: `Deserialize`
[INFO] [stdout]  --> src/errors.rs:3:24
[INFO] [stdout]   |
[INFO] [stdout] 3 | use serde::{Serialize, Deserialize};
[INFO] [stdout]   |                        ^^^^^^^^^^^
[INFO] [stdout]   |
[INFO] [stdout]   = note: `#[warn(unused_imports)]` (part of `#[warn(unused)]`) on by default
[INFO] [stdout] 
[INFO] [stdout] 
[INFO] [stdout] warning: unused import: `std::fmt`
[INFO] [stdout]  --> src/errors.rs:4:5
[INFO] [stdout]   |
[INFO] [stdout] 4 | use std::fmt;
[INFO] [stdout]   |     ^^^^^^^^
[INFO] [stdout] 
[INFO] [stdout] 
[INFO] [stdout] error[E0599]: no associated function or constant named `Error` found for struct `BlockingError` in the current scope
[INFO] [stdout]   --> src/api/todo.rs:52:50
[INFO] [stdout]    |
[INFO] [stdout] 52 |                 actix_web::error::BlockingError::Error(app_error) => app_error,
[INFO] [stdout]    |                                                  ^^^^^ associated function or constant not found in `BlockingError`
[INFO] [stdout] 
[INFO] [stdout] 
[INFO] [stdout] error[E0599]: no associated function or constant named `Error` found for struct `BlockingError` in the current scope
[INFO] [stdout]   --> src/api/todo.rs:52:50
[INFO] [stdout]    |
[INFO] [stdout] 52 |                 actix_web::error::BlockingError::Error(app_error) => app_error,
[INFO] [stdout]    |                                                  ^^^^^ associated function or constant not found in `BlockingError`
[INFO] [stdout] 
[INFO] [stdout] 
[INFO] [stdout] error[E0599]: no associated function or constant named `Error` found for struct `BlockingError` in the current scope
[INFO] [stdout]   --> src/api/todo.rs:73:50
[INFO] [stdout]    |
[INFO] [stdout] 73 |                 actix_web::error::BlockingError::Error(app_error) => app_error,
[INFO] [stdout]    |                                                  ^^^^^ associated function or constant not found in `BlockingError`
[INFO] [stdout] 
[INFO] [stdout] 
[INFO] [stdout] error[E0599]: no associated function or constant named `Error` found for struct `BlockingError` in the current scope
[INFO] [stdout]   --> src/api/todo.rs:73:50
[INFO] [stdout]    |
[INFO] [stdout] 73 |                 actix_web::error::BlockingError::Error(app_error) => app_error,
[INFO] [stdout]    |                                                  ^^^^^ associated function or constant not found in `BlockingError`
[INFO] [stdout] 
[INFO] [stdout] 
[INFO] [stdout] error[E0599]: no associated function or constant named `Error` found for struct `BlockingError` in the current scope
[INFO] [stdout]   --> src/api/todo.rs:96:50
[INFO] [stdout]    |
[INFO] [stdout] 96 |                 actix_web::error::BlockingError::Error(app_error) => app_error,
[INFO] [stdout]    |                                                  ^^^^^ associated function or constant not found in `BlockingError`
[INFO] [stdout] 
[INFO] [stdout] 
[INFO] [stdout] error[E0599]: no associated function or constant named `Error` found for struct `BlockingError` in the current scope
[INFO] [stdout]   --> src/api/todo.rs:96:50
[INFO] [stdout]    |
[INFO] [stdout] 96 |                 actix_web::error::BlockingError::Error(app_error) => app_error,
[INFO] [stdout]    |                                                  ^^^^^ associated function or constant not found in `BlockingError`
[INFO] [stdout] 
[INFO] [stdout] 
[INFO] [stdout] error[E0599]: no associated function or constant named `Error` found for struct `BlockingError` in the current scope
[INFO] [stdout]    --> src/api/todo.rs:117:50
[INFO] [stdout]     |
[INFO] [stdout] 117 |                 actix_web::error::BlockingError::Error(app_error) => app_error,
[INFO] [stdout]     |                                                  ^^^^^ associated function or constant not found in `BlockingError`
[INFO] [stdout] 
[INFO] [stdout] 
[INFO] [stdout] error[E0599]: no associated function or constant named `Error` found for struct `BlockingError` in the current scope
[INFO] [stdout]    --> src/api/todo.rs:117:50
[INFO] [stdout]     |
[INFO] [stdout] 117 |                 actix_web::error::BlockingError::Error(app_error) => app_error,
[INFO] [stdout]     |                                                  ^^^^^ associated function or constant not found in `BlockingError`
[INFO] [stdout] 
[INFO] [stdout] 
[INFO] [stdout] error[E0599]: no associated function or constant named `Error` found for struct `BlockingError` in the current scope
[INFO] [stdout]    --> src/api/todo.rs:138:50
[INFO] [stdout]     |
[INFO] [stdout] 138 |                 actix_web::error::BlockingError::Error(app_error) => app_error,
[INFO] [stdout]     |                                                  ^^^^^ associated function or constant not found in `BlockingError`
[INFO] [stdout] 
[INFO] [stdout] 
[INFO] [stdout] error[E0599]: no associated function or constant named `Error` found for struct `BlockingError` in the current scope
[INFO] [stdout]    --> src/api/todo.rs:138:50
[INFO] [stdout]     |
[INFO] [stdout] 138 |                 actix_web::error::BlockingError::Error(app_error) => app_error,
[INFO] [stdout]     |                                                  ^^^^^ associated function or constant not found in `BlockingError`
[INFO] [stdout] 
[INFO] [stdout] 
[INFO] [stdout] error[E0277]: the trait bound `diesel::result::Error: errors::_::_serde::Serialize` is not satisfied
[INFO] [stdout]    --> src/errors.rs:7:24
[INFO] [stdout]     |
[INFO] [stdout]   7 | #[derive(Debug, Error, Serialize)]
[INFO] [stdout]     |                        ^^^^^^^^^ the trait `errors::_::_serde::Serialize` is not implemented for `diesel::result::Error`
[INFO] [stdout] ...
[INFO] [stdout]  10 |     DatabaseError(#[from] DieselError),
[INFO] [stdout]     |                   ------------------- required by a bound introduced by this call
[INFO] [stdout]     |
[INFO] [stdout]     = note: for local types consider adding `#[derive(serde::Serialize)]` to your `diesel::result::Error` type
[INFO] [stdout]     = note: for types from other crates check whether the crate offers a `serde` feature flag
[INFO] [stdout]     = help: the following other types implement trait `errors::_::_serde::Serialize`:
[INFO] [stdout]               &'a T
[INFO] [stdout]               &'a mut T
[INFO] [stdout]               ()
[INFO] [stdout]               (T,)
[INFO] [stdout]               (T0, T1)
[INFO] [stdout]               (T0, T1, T2)
[INFO] [stdout]               (T0, T1, T2, T3)
[INFO] [stdout]               (T0, T1, T2, T3, T4)
[INFO] [stdout]             and 156 others
[INFO] [stdout] note: required by a bound in `serialize_newtype_variant`
[INFO] [stdout]    --> /opt/rustwide/cargo-home/registry/src/index.crates.io-1949cf8c6b5b557f/serde-1.0.219/src/ser/mod.rs:943:21
[INFO] [stdout]     |
[INFO] [stdout] 935 |     fn serialize_newtype_variant<T>(
[INFO] [stdout]     |        ------------------------- required by a bound in this associated function
[INFO] [stdout] ...
[INFO] [stdout] 943 |         T: ?Sized + Serialize;
[INFO] [stdout]     |                     ^^^^^^^^^ required by this bound in `Serializer::serialize_newtype_variant`
[INFO] [stdout]     = note: this error originates in the derive macro `Serialize` (in Nightly builds, run with -Z macro-backtrace for more info)
[INFO] [stdout] 
[INFO] [stdout] 
[INFO] [stdout] error[E0277]: the trait bound `diesel::result::Error: errors::_::_serde::Serialize` is not satisfied
[INFO] [stdout]    --> src/errors.rs:7:24
[INFO] [stdout]     |
[INFO] [stdout]   7 | #[derive(Debug, Error, Serialize)]
[INFO] [stdout]     |                        ^^^^^^^^^ the trait `errors::_::_serde::Serialize` is not implemented for `diesel::result::Error`
[INFO] [stdout] ...
[INFO] [stdout]  10 |     DatabaseError(#[from] DieselError),
[INFO] [stdout]     |                   ------------------- required by a bound introduced by this call
[INFO] [stdout]     |
[INFO] [stdout]     = note: for local types consider adding `#[derive(serde::Serialize)]` to your `diesel::result::Error` type
[INFO] [stdout]     = note: for types from other crates check whether the crate offers a `serde` feature flag
[INFO] [stdout]     = help: the following other types implement trait `errors::_::_serde::Serialize`:
[INFO] [stdout]               &'a T
[INFO] [stdout]               &'a mut T
[INFO] [stdout]               ()
[INFO] [stdout]               (T,)
[INFO] [stdout]               (T0, T1)
[INFO] [stdout]               (T0, T1, T2)
[INFO] [stdout]               (T0, T1, T2, T3)
[INFO] [stdout]               (T0, T1, T2, T3, T4)
[INFO] [stdout]             and 156 others
[INFO] [stdout] note: required by a bound in `serialize_newtype_variant`
[INFO] [stdout]    --> /opt/rustwide/cargo-home/registry/src/index.crates.io-1949cf8c6b5b557f/serde-1.0.219/src/ser/mod.rs:943:21
[INFO] [stdout]     |
[INFO] [stdout] 935 |     fn serialize_newtype_variant<T>(
[INFO] [stdout]     |        ------------------------- required by a bound in this associated function
[INFO] [stdout] ...
[INFO] [stdout] 943 |         T: ?Sized + Serialize;
[INFO] [stdout]     |                     ^^^^^^^^^ required by this bound in `Serializer::serialize_newtype_variant`
[INFO] [stdout]     = note: this error originates in the derive macro `Serialize` (in Nightly builds, run with -Z macro-backtrace for more info)
[INFO] [stdout] 
[INFO] [stdout] 
[INFO] [stdout] error[E0277]: the trait bound `SelectStatement<FromClause<table>, _, _, _, _>: LoadQuery<'_, _, Todo>` is not satisfied
[INFO] [stdout]     --> src/repositories/todo.rs:16:27
[INFO] [stdout]      |
[INFO] [stdout]   16 |             .load::<Todo>(conn)
[INFO] [stdout]      |              ----         ^^^^ the trait `LoadQuery<'_, _, Todo>` is not implemented for `SelectStatement<FromClause<table>, DefaultSelectClause<_>, _, _, _>`
[INFO] [stdout]      |              |
[INFO] [stdout]      |              required by a bound introduced by this call
[INFO] [stdout]      |
[INFO] [stdout] note: required by a bound in `load`
[INFO] [stdout]     --> /opt/rustwide/cargo-home/registry/src/index.crates.io-1949cf8c6b5b557f/diesel-2.2.9/src/query_dsl/mod.rs:1542:15
[INFO] [stdout]      |
[INFO] [stdout] 1540 |     fn load<'query, U>(self, conn: &mut Conn) -> QueryResult<Vec<U>>
[INFO] [stdout]      |        ---- required by a bound in this associated function
[INFO] [stdout] 1541 |     where
[INFO] [stdout] 1542 |         Self: LoadQuery<'query, Conn, U>,
[INFO] [stdout]      |               ^^^^^^^^^^^^^^^^^^^^^^^^^^ required by this bound in `RunQueryDsl::load`
[INFO] [stdout]      = note: the full name for the type has been written to '/opt/rustwide/target/debug/build/todo/94847aecaf8e66f0/out/todo-94847aecaf8e66f0.long-type-11604207822628808366.txt'
[INFO] [stdout]      = note: consider using `--verbose` to print the full type name to the console
[INFO] [stdout] 
[INFO] [stdout] 
[INFO] [stdout] error[E0277]: the trait bound `SelectStatement<FromClause<table>, _, _, _, _>: LoadQuery<'_, _, Todo>` is not satisfied
[INFO] [stdout]     --> src/repositories/todo.rs:16:27
[INFO] [stdout]      |
[INFO] [stdout]   16 |             .load::<Todo>(conn)
[INFO] [stdout]      |              ----         ^^^^ the trait `LoadQuery<'_, _, Todo>` is not implemented for `SelectStatement<FromClause<table>, DefaultSelectClause<_>, _, _, _>`
[INFO] [stdout]      |              |
[INFO] [stdout]      |              required by a bound introduced by this call
[INFO] [stdout]      |
[INFO] [stdout] note: required by a bound in `load`
[INFO] [stdout]     --> /opt/rustwide/cargo-home/registry/src/index.crates.io-1949cf8c6b5b557f/diesel-2.2.9/src/query_dsl/mod.rs:1542:15
[INFO] [stdout]      |
[INFO] [stdout] 1540 |     fn load<'query, U>(self, conn: &mut Conn) -> QueryResult<Vec<U>>
[INFO] [stdout]      |        ---- required by a bound in this associated function
[INFO] [stdout] 1541 |     where
[INFO] [stdout] 1542 |         Self: LoadQuery<'query, Conn, U>,
[INFO] [stdout]      |               ^^^^^^^^^^^^^^^^^^^^^^^^^^ required by this bound in `RunQueryDsl::load`
[INFO] [stdout]      = note: the full name for the type has been written to '/opt/rustwide/target/debug/build/todo/312ca97ef9c02df2/out/todo-312ca97ef9c02df2.long-type-14228734446402528415.txt'
[INFO] [stdout]      = note: consider using `--verbose` to print the full type name to the console
[INFO] [stdout] 
[INFO] [stdout] 
[INFO] [stdout] error[E0277]: the trait bound `SelectStatement<_, _, _, _, _, _>: LoadQuery<'_, _, Todo>` is not satisfied
[INFO] [stdout]     --> src/repositories/todo.rs:23:28
[INFO] [stdout]      |
[INFO] [stdout]   23 |             .first::<Todo>(conn)
[INFO] [stdout]      |              -----         ^^^^ the trait `LoadQuery<'_, _, Todo>` is not implemented for `SelectStatement<FromClause<table>, DefaultSelectClause<_>, _, _, _, _>`
[INFO] [stdout]      |              |
[INFO] [stdout]      |              required by a bound introduced by this call
[INFO] [stdout]      |
[INFO] [stdout] note: required by a bound in `first`
[INFO] [stdout]     --> /opt/rustwide/cargo-home/registry/src/index.crates.io-1949cf8c6b5b557f/diesel-2.2.9/src/query_dsl/mod.rs:1779:22
[INFO] [stdout]      |
[INFO] [stdout] 1776 |     fn first<'query, U>(self, conn: &mut Conn) -> QueryResult<U>
[INFO] [stdout]      |        ----- required by a bound in this associated function
[INFO] [stdout] ...
[INFO] [stdout] 1779 |         Limit<Self>: LoadQuery<'query, Conn, U>,
[INFO] [stdout]      |                      ^^^^^^^^^^^^^^^^^^^^^^^^^^ required by this bound in `RunQueryDsl::first`
[INFO] [stdout]      = note: the full name for the type has been written to '/opt/rustwide/target/debug/build/todo/94847aecaf8e66f0/out/todo-94847aecaf8e66f0.long-type-9074777041861475368.txt'
[INFO] [stdout]      = note: consider using `--verbose` to print the full type name to the console
[INFO] [stdout] 
[INFO] [stdout] 
[INFO] [stdout] error[E0277]: the trait bound `SelectStatement<_, _, _, _, _, _>: LoadQuery<'_, _, Todo>` is not satisfied
[INFO] [stdout]     --> src/repositories/todo.rs:23:28
[INFO] [stdout]      |
[INFO] [stdout]   23 |             .first::<Todo>(conn)
[INFO] [stdout]      |              -----         ^^^^ the trait `LoadQuery<'_, _, Todo>` is not implemented for `SelectStatement<FromClause<table>, DefaultSelectClause<_>, _, _, _, _>`
[INFO] [stdout]      |              |
[INFO] [stdout]      |              required by a bound introduced by this call
[INFO] [stdout]      |
[INFO] [stdout] note: required by a bound in `first`
[INFO] [stdout]     --> /opt/rustwide/cargo-home/registry/src/index.crates.io-1949cf8c6b5b557f/diesel-2.2.9/src/query_dsl/mod.rs:1779:22
[INFO] [stdout]      |
[INFO] [stdout] 1776 |     fn first<'query, U>(self, conn: &mut Conn) -> QueryResult<U>
[INFO] [stdout]      |        ----- required by a bound in this associated function
[INFO] [stdout] ...
[INFO] [stdout] 1779 |         Limit<Self>: LoadQuery<'query, Conn, U>,
[INFO] [stdout]      |                      ^^^^^^^^^^^^^^^^^^^^^^^^^^ required by this bound in `RunQueryDsl::first`
[INFO] [stdout]      = note: the full name for the type has been written to '/opt/rustwide/target/debug/build/todo/312ca97ef9c02df2/out/todo-312ca97ef9c02df2.long-type-4173020066994875536.txt'
[INFO] [stdout]      = note: consider using `--verbose` to print the full type name to the console
[INFO] [stdout] 
[INFO] [stdout] 
[INFO] [stdout] error[E0277]: the trait bound `NaiveDateTime: Expression` is not satisfied
[INFO] [stdout]   --> src/repositories/todo.rs:42:38
[INFO] [stdout]    |
[INFO] [stdout] 42 |                 todos::created_at.eq(now),
[INFO] [stdout]    |                                   -- ^^^ the trait `Expression` is not implemented for `NaiveDateTime`
[INFO] [stdout]    |                                   |
[INFO] [stdout]    |                                   required by a bound introduced by this call
[INFO] [stdout]    |
[INFO] [stdout]    = help: the following other types implement trait `Expression`:
[INFO] [stdout]              &T
[INFO] [stdout]              (T0, T1)
[INFO] [stdout]              (T0, T1, T2)
[INFO] [stdout]              (T0, T1, T2, T3)
[INFO] [stdout]              (T0, T1, T2, T3, T4)
[INFO] [stdout]              (T0, T1, T2, T3, T4, T5)
[INFO] [stdout]              (T0, T1, T2, T3, T4, T5, T6)
[INFO] [stdout]              (T0, T1, T2, T3, T4, T5, T6, T7)
[INFO] [stdout]            and 77 others
[INFO] [stdout]    = note: required for `NaiveDateTime` to implement `AsExpression<diesel::sql_types::Timestamp>`
[INFO] [stdout] note: required by a bound in `diesel::ExpressionMethods::eq`
[INFO] [stdout]   --> /opt/rustwide/cargo-home/registry/src/index.crates.io-1949cf8c6b5b557f/diesel-2.2.9/src/expression_methods/global_expression_methods.rs:74:12
[INFO] [stdout]    |
[INFO] [stdout] 71 |     fn eq<T>(self, other: T) -> dsl::Eq<Self, T>
[INFO] [stdout]    |        -- required by a bound in this associated function
[INFO] [stdout] ...
[INFO] [stdout] 74 |         T: AsExpression<Self::SqlType>,
[INFO] [stdout]    |            ^^^^^^^^^^^^^^^^^^^^^^^^^^^ required by this bound in `ExpressionMethods::eq`
[INFO] [stdout]    = note: the full name for the type has been written to '/opt/rustwide/target/debug/build/todo/312ca97ef9c02df2/out/todo-312ca97ef9c02df2.long-type-10845926083906721900.txt'
[INFO] [stdout]    = note: consider using `--verbose` to print the full type name to the console
[INFO] [stdout] 
[INFO] [stdout] 
[INFO] [stdout] error[E0277]: the trait bound `NaiveDateTime: Expression` is not satisfied
[INFO] [stdout]   --> src/repositories/todo.rs:42:38
[INFO] [stdout]    |
[INFO] [stdout] 42 |                 todos::created_at.eq(now),
[INFO] [stdout]    |                                   -- ^^^ the trait `Expression` is not implemented for `NaiveDateTime`
[INFO] [stdout]    |                                   |
[INFO] [stdout]    |                                   required by a bound introduced by this call
[INFO] [stdout]    |
[INFO] [stdout]    = help: the following other types implement trait `Expression`:
[INFO] [stdout]              &T
[INFO] [stdout]              (T0, T1)
[INFO] [stdout]              (T0, T1, T2)
[INFO] [stdout]              (T0, T1, T2, T3)
[INFO] [stdout]              (T0, T1, T2, T3, T4)
[INFO] [stdout]              (T0, T1, T2, T3, T4, T5)
[INFO] [stdout]              (T0, T1, T2, T3, T4, T5, T6)
[INFO] [stdout]              (T0, T1, T2, T3, T4, T5, T6, T7)
[INFO] [stdout]            and 77 others
[INFO] [stdout]    = note: required for `NaiveDateTime` to implement `AsExpression<diesel::sql_types::Timestamp>`
[INFO] [stdout] note: required by a bound in `diesel::ExpressionMethods::eq`
[INFO] [stdout]   --> /opt/rustwide/cargo-home/registry/src/index.crates.io-1949cf8c6b5b557f/diesel-2.2.9/src/expression_methods/global_expression_methods.rs:74:12
[INFO] [stdout]    |
[INFO] [stdout] 71 |     fn eq<T>(self, other: T) -> dsl::Eq<Self, T>
[INFO] [stdout]    |        -- required by a bound in this associated function
[INFO] [stdout] ...
[INFO] [stdout] 74 |         T: AsExpression<Self::SqlType>,
[INFO] [stdout]    |            ^^^^^^^^^^^^^^^^^^^^^^^^^^^ required by this bound in `ExpressionMethods::eq`
[INFO] [stdout]    = note: the full name for the type has been written to '/opt/rustwide/target/debug/build/todo/94847aecaf8e66f0/out/todo-94847aecaf8e66f0.long-type-4499541067882361367.txt'
[INFO] [stdout]    = note: consider using `--verbose` to print the full type name to the console
[INFO] [stdout] 
[INFO] [stdout] 
[INFO] [stdout] error[E0277]: the trait bound `NaiveDateTime: Expression` is not satisfied
[INFO] [stdout]   --> src/repositories/todo.rs:43:38
[INFO] [stdout]    |
[INFO] [stdout] 43 |                 todos::updated_at.eq(now),
[INFO] [stdout]    |                                   -- ^^^ the trait `Expression` is not implemented for `NaiveDateTime`
[INFO] [stdout]    |                                   |
[INFO] [stdout]    |                                   required by a bound introduced by this call
[INFO] [stdout]    |
[INFO] [stdout]    = help: the following other types implement trait `Expression`:
[INFO] [stdout]              &T
[INFO] [stdout]              (T0, T1)
[INFO] [stdout]              (T0, T1, T2)
[INFO] [stdout]              (T0, T1, T2, T3)
[INFO] [stdout]              (T0, T1, T2, T3, T4)
[INFO] [stdout]              (T0, T1, T2, T3, T4, T5)
[INFO] [stdout]              (T0, T1, T2, T3, T4, T5, T6)
[INFO] [stdout]              (T0, T1, T2, T3, T4, T5, T6, T7)
[INFO] [stdout]            and 77 others
[INFO] [stdout]    = note: required for `NaiveDateTime` to implement `AsExpression<diesel::sql_types::Timestamp>`
[INFO] [stdout] note: required by a bound in `diesel::ExpressionMethods::eq`
[INFO] [stdout]   --> /opt/rustwide/cargo-home/registry/src/index.crates.io-1949cf8c6b5b557f/diesel-2.2.9/src/expression_methods/global_expression_methods.rs:74:12
[INFO] [stdout]    |
[INFO] [stdout] 71 |     fn eq<T>(self, other: T) -> dsl::Eq<Self, T>
[INFO] [stdout]    |        -- required by a bound in this associated function
[INFO] [stdout] ...
[INFO] [stdout] 74 |         T: AsExpression<Self::SqlType>,
[INFO] [stdout]    |            ^^^^^^^^^^^^^^^^^^^^^^^^^^^ required by this bound in `ExpressionMethods::eq`
[INFO] [stdout]    = note: the full name for the type has been written to '/opt/rustwide/target/debug/build/todo/94847aecaf8e66f0/out/todo-94847aecaf8e66f0.long-type-4499541067882361367.txt'
[INFO] [stdout]    = note: consider using `--verbose` to print the full type name to the console
[INFO] [stdout] 
[INFO] [stdout] 
[INFO] [stdout] error[E0277]: the trait bound `NaiveDateTime: Expression` is not satisfied
[INFO] [stdout]   --> src/repositories/todo.rs:43:38
[INFO] [stdout]    |
[INFO] [stdout] 43 |                 todos::updated_at.eq(now),
[INFO] [stdout]    |                                   -- ^^^ the trait `Expression` is not implemented for `NaiveDateTime`
[INFO] [stdout]    |                                   |
[INFO] [stdout]    |                                   required by a bound introduced by this call
[INFO] [stdout]    |
[INFO] [stdout]    = help: the following other types implement trait `Expression`:
[INFO] [stdout]              &T
[INFO] [stdout]              (T0, T1)
[INFO] [stdout]              (T0, T1, T2)
[INFO] [stdout]              (T0, T1, T2, T3)
[INFO] [stdout]              (T0, T1, T2, T3, T4)
[INFO] [stdout]              (T0, T1, T2, T3, T4, T5)
[INFO] [stdout]              (T0, T1, T2, T3, T4, T5, T6)
[INFO] [stdout]              (T0, T1, T2, T3, T4, T5, T6, T7)
[INFO] [stdout]            and 77 others
[INFO] [stdout]    = note: required for `NaiveDateTime` to implement `AsExpression<diesel::sql_types::Timestamp>`
[INFO] [stdout] note: required by a bound in `diesel::ExpressionMethods::eq`
[INFO] [stdout]   --> /opt/rustwide/cargo-home/registry/src/index.crates.io-1949cf8c6b5b557f/diesel-2.2.9/src/expression_methods/global_expression_methods.rs:74:12
[INFO] [stdout]    |
[INFO] [stdout] 71 |     fn eq<T>(self, other: T) -> dsl::Eq<Self, T>
[INFO] [stdout]    |        -- required by a bound in this associated function
[INFO] [stdout] ...
[INFO] [stdout] 74 |         T: AsExpression<Self::SqlType>,
[INFO] [stdout]    |            ^^^^^^^^^^^^^^^^^^^^^^^^^^^ required by this bound in `ExpressionMethods::eq`
[INFO] [stdout]    = note: the full name for the type has been written to '/opt/rustwide/target/debug/build/todo/312ca97ef9c02df2/out/todo-312ca97ef9c02df2.long-type-10845926083906721900.txt'
[INFO] [stdout]    = note: consider using `--verbose` to print the full type name to the console
[INFO] [stdout] 
[INFO] [stdout] 
[INFO] [stdout] error[E0277]: the trait bound `InsertStatement<table, ValuesClause<_, table>>: LoadQuery<'_, _, Todo>` is not satisfied
[INFO] [stdout]     --> src/repositories/todo.rs:45:33
[INFO] [stdout]      |
[INFO] [stdout]   45 |             .get_result::<Todo>(conn)
[INFO] [stdout]      |              ----------         ^^^^ the trait `LoadQuery<'_, _, Todo>` is not implemented for `InsertStatement<table, ValuesClause<(_, _, _, _, _, _), table>>`
[INFO] [stdout]      |              |
[INFO] [stdout]      |              required by a bound introduced by this call
[INFO] [stdout]      |
[INFO] [stdout] note: required by a bound in `get_result`
[INFO] [stdout]     --> /opt/rustwide/cargo-home/registry/src/index.crates.io-1949cf8c6b5b557f/diesel-2.2.9/src/query_dsl/mod.rs:1722:15
[INFO] [stdout]      |
[INFO] [stdout] 1720 |     fn get_result<'query, U>(self, conn: &mut Conn) -> QueryResult<U>
[INFO] [stdout]      |        ---------- required by a bound in this associated function
[INFO] [stdout] 1721 |     where
[INFO] [stdout] 1722 |         Self: LoadQuery<'query, Conn, U>,
[INFO] [stdout]      |               ^^^^^^^^^^^^^^^^^^^^^^^^^^ required by this bound in `RunQueryDsl::get_result`
[INFO] [stdout]      = note: the full name for the type has been written to '/opt/rustwide/target/debug/build/todo/312ca97ef9c02df2/out/todo-312ca97ef9c02df2.long-type-2866289159410674211.txt'
[INFO] [stdout]      = note: consider using `--verbose` to print the full type name to the console
[INFO] [stdout] 
[INFO] [stdout] 
[INFO] [stdout] error[E0277]: the trait bound `InsertStatement<table, ValuesClause<_, table>>: LoadQuery<'_, _, Todo>` is not satisfied
[INFO] [stdout]     --> src/repositories/todo.rs:45:33
[INFO] [stdout]      |
[INFO] [stdout]   45 |             .get_result::<Todo>(conn)
[INFO] [stdout]      |              ----------         ^^^^ the trait `LoadQuery<'_, _, Todo>` is not implemented for `InsertStatement<table, ValuesClause<(_, _, _, _, _, _), table>>`
[INFO] [stdout]      |              |
[INFO] [stdout]      |              required by a bound introduced by this call
[INFO] [stdout]      |
[INFO] [stdout] note: required by a bound in `get_result`
[INFO] [stdout]     --> /opt/rustwide/cargo-home/registry/src/index.crates.io-1949cf8c6b5b557f/diesel-2.2.9/src/query_dsl/mod.rs:1722:15
[INFO] [stdout]      |
[INFO] [stdout] 1720 |     fn get_result<'query, U>(self, conn: &mut Conn) -> QueryResult<U>
[INFO] [stdout]      |        ---------- required by a bound in this associated function
[INFO] [stdout] 1721 |     where
[INFO] [stdout] 1722 |         Self: LoadQuery<'query, Conn, U>,
[INFO] [stdout]      |               ^^^^^^^^^^^^^^^^^^^^^^^^^^ required by this bound in `RunQueryDsl::get_result`
[INFO] [stdout]      = note: the full name for the type has been written to '/opt/rustwide/target/debug/build/todo/94847aecaf8e66f0/out/todo-94847aecaf8e66f0.long-type-15329840930342670091.txt'
[INFO] [stdout]      = note: consider using `--verbose` to print the full type name to the console
[INFO] [stdout] 
[INFO] [stdout] 
[INFO] [stdout] error[E0277]: the trait bound `NaiveDateTime: Expression` is not satisfied
[INFO] [stdout]   --> src/repositories/todo.rs:64:38
[INFO] [stdout]    |
[INFO] [stdout] 64 |                 todos::updated_at.eq(now),
[INFO] [stdout]    |                                   -- ^^^ the trait `Expression` is not implemented for `NaiveDateTime`
[INFO] [stdout]    |                                   |
[INFO] [stdout]    |                                   required by a bound introduced by this call
[INFO] [stdout]    |
[INFO] [stdout]    = help: the following other types implement trait `Expression`:
[INFO] [stdout]              &T
[INFO] [stdout]              (T0, T1)
[INFO] [stdout]              (T0, T1, T2)
[INFO] [stdout]              (T0, T1, T2, T3)
[INFO] [stdout]              (T0, T1, T2, T3, T4)
[INFO] [stdout]              (T0, T1, T2, T3, T4, T5)
[INFO] [stdout]              (T0, T1, T2, T3, T4, T5, T6)
[INFO] [stdout]              (T0, T1, T2, T3, T4, T5, T6, T7)
[INFO] [stdout]            and 77 others
[INFO] [stdout]    = note: required for `NaiveDateTime` to implement `AsExpression<diesel::sql_types::Timestamp>`
[INFO] [stdout] note: required by a bound in `diesel::ExpressionMethods::eq`
[INFO] [stdout]   --> /opt/rustwide/cargo-home/registry/src/index.crates.io-1949cf8c6b5b557f/diesel-2.2.9/src/expression_methods/global_expression_methods.rs:74:12
[INFO] [stdout]    |
[INFO] [stdout] 71 |     fn eq<T>(self, other: T) -> dsl::Eq<Self, T>
[INFO] [stdout]    |        -- required by a bound in this associated function
[INFO] [stdout] ...
[INFO] [stdout] 74 |         T: AsExpression<Self::SqlType>,
[INFO] [stdout]    |            ^^^^^^^^^^^^^^^^^^^^^^^^^^^ required by this bound in `ExpressionMethods::eq`
[INFO] [stdout]    = note: the full name for the type has been written to '/opt/rustwide/target/debug/build/todo/312ca97ef9c02df2/out/todo-312ca97ef9c02df2.long-type-10845926083906721900.txt'
[INFO] [stdout]    = note: consider using `--verbose` to print the full type name to the console
[INFO] [stdout] 
[INFO] [stdout] 
[INFO] [stdout] error[E0277]: the trait bound `NaiveDateTime: Expression` is not satisfied
[INFO] [stdout]   --> src/repositories/todo.rs:64:38
[INFO] [stdout]    |
[INFO] [stdout] 64 |                 todos::updated_at.eq(now),
[INFO] [stdout]    |                                   -- ^^^ the trait `Expression` is not implemented for `NaiveDateTime`
[INFO] [stdout]    |                                   |
[INFO] [stdout]    |                                   required by a bound introduced by this call
[INFO] [stdout]    |
[INFO] [stdout]    = help: the following other types implement trait `Expression`:
[INFO] [stdout]              &T
[INFO] [stdout]              (T0, T1)
[INFO] [stdout]              (T0, T1, T2)
[INFO] [stdout]              (T0, T1, T2, T3)
[INFO] [stdout]              (T0, T1, T2, T3, T4)
[INFO] [stdout]              (T0, T1, T2, T3, T4, T5)
[INFO] [stdout]              (T0, T1, T2, T3, T4, T5, T6)
[INFO] [stdout]              (T0, T1, T2, T3, T4, T5, T6, T7)
[INFO] [stdout]            and 77 others
[INFO] [stdout]    = note: required for `NaiveDateTime` to implement `AsExpression<diesel::sql_types::Timestamp>`
[INFO] [stdout] note: required by a bound in `diesel::ExpressionMethods::eq`
[INFO] [stdout]   --> /opt/rustwide/cargo-home/registry/src/index.crates.io-1949cf8c6b5b557f/diesel-2.2.9/src/expression_methods/global_expression_methods.rs:74:12
[INFO] [stdout]    |
[INFO] [stdout] 71 |     fn eq<T>(self, other: T) -> dsl::Eq<Self, T>
[INFO] [stdout]    |        -- required by a bound in this associated function
[INFO] [stdout] ...
[INFO] [stdout] 74 |         T: AsExpression<Self::SqlType>,
[INFO] [stdout]    |            ^^^^^^^^^^^^^^^^^^^^^^^^^^^ required by this bound in `ExpressionMethods::eq`
[INFO] [stdout]    = note: the full name for the type has been written to '/opt/rustwide/target/debug/build/todo/94847aecaf8e66f0/out/todo-94847aecaf8e66f0.long-type-4499541067882361367.txt'
[INFO] [stdout]    = note: consider using `--verbose` to print the full type name to the console
[INFO] [stdout] 
[INFO] [stdout] 
[INFO] [stdout] error[E0277]: the trait bound `UpdateStatement<table, WhereClause<_>, _>: LoadQuery<'_, _, Todo>` is not satisfied
[INFO] [stdout]     --> src/repositories/todo.rs:66:33
[INFO] [stdout]      |
[INFO] [stdout]   66 |             .get_result::<Todo>(conn)
[INFO] [stdout]      |              ----------         ^^^^ the trait `LoadQuery<'_, _, Todo>` is not implemented for `UpdateStatement<table, WhereClause<Grouped<Eq<id, _>>>, _>`
[INFO] [stdout]      |              |
[INFO] [stdout]      |              required by a bound introduced by this call
[INFO] [stdout]      |
[INFO] [stdout] note: required by a bound in `get_result`
[INFO] [stdout]     --> /opt/rustwide/cargo-home/registry/src/index.crates.io-1949cf8c6b5b557f/diesel-2.2.9/src/query_dsl/mod.rs:1722:15
[INFO] [stdout]      |
[INFO] [stdout] 1720 |     fn get_result<'query, U>(self, conn: &mut Conn) -> QueryResult<U>
[INFO] [stdout]      |        ---------- required by a bound in this associated function
[INFO] [stdout] 1721 |     where
[INFO] [stdout] 1722 |         Self: LoadQuery<'query, Conn, U>,
[INFO] [stdout]      |               ^^^^^^^^^^^^^^^^^^^^^^^^^^ required by this bound in `RunQueryDsl::get_result`
[INFO] [stdout]      = note: the full name for the type has been written to '/opt/rustwide/target/debug/build/todo/312ca97ef9c02df2/out/todo-312ca97ef9c02df2.long-type-1979492137546880627.txt'
[INFO] [stdout]      = note: consider using `--verbose` to print the full type name to the console
[INFO] [stdout] 
[INFO] [stdout] 
[INFO] [stdout] error[E0277]: the trait bound `UpdateStatement<table, WhereClause<_>, _>: LoadQuery<'_, _, Todo>` is not satisfied
[INFO] [stdout]     --> src/repositories/todo.rs:66:33
[INFO] [stdout]      |
[INFO] [stdout]   66 |             .get_result::<Todo>(conn)
[INFO] [stdout]      |              ----------         ^^^^ the trait `LoadQuery<'_, _, Todo>` is not implemented for `UpdateStatement<table, WhereClause<Grouped<Eq<id, _>>>, _>`
[INFO] [stdout]      |              |
[INFO] [stdout]      |              required by a bound introduced by this call
[INFO] [stdout]      |
[INFO] [stdout] note: required by a bound in `get_result`
[INFO] [stdout]     --> /opt/rustwide/cargo-home/registry/src/index.crates.io-1949cf8c6b5b557f/diesel-2.2.9/src/query_dsl/mod.rs:1722:15
[INFO] [stdout]      |
[INFO] [stdout] 1720 |     fn get_result<'query, U>(self, conn: &mut Conn) -> QueryResult<U>
[INFO] [stdout]      |        ---------- required by a bound in this associated function
[INFO] [stdout] 1721 |     where
[INFO] [stdout] 1722 |         Self: LoadQuery<'query, Conn, U>,
[INFO] [stdout]      |               ^^^^^^^^^^^^^^^^^^^^^^^^^^ required by this bound in `RunQueryDsl::get_result`
[INFO] [stdout]      = note: the full name for the type has been written to '/opt/rustwide/target/debug/build/todo/94847aecaf8e66f0/out/todo-94847aecaf8e66f0.long-type-6532181985880596082.txt'
[INFO] [stdout]      = note: consider using `--verbose` to print the full type name to the console
[INFO] [stdout] 
[INFO] [stdout] 
[INFO] [stdout] error[E0277]: the trait bound `NaiveDateTime: Expression` is not satisfied
[INFO] [stdout]   --> src/repositories/todo.rs:79:38
[INFO] [stdout]    |
[INFO] [stdout] 79 |                 todos::updated_at.eq(now),
[INFO] [stdout]    |                                   -- ^^^ the trait `Expression` is not implemented for `NaiveDateTime`
[INFO] [stdout]    |                                   |
[INFO] [stdout]    |                                   required by a bound introduced by this call
[INFO] [stdout]    |
[INFO] [stdout]    = help: the following other types implement trait `Expression`:
[INFO] [stdout]              &T
[INFO] [stdout]              (T0, T1)
[INFO] [stdout]              (T0, T1, T2)
[INFO] [stdout]              (T0, T1, T2, T3)
[INFO] [stdout]              (T0, T1, T2, T3, T4)
[INFO] [stdout]              (T0, T1, T2, T3, T4, T5)
[INFO] [stdout]              (T0, T1, T2, T3, T4, T5, T6)
[INFO] [stdout]              (T0, T1, T2, T3, T4, T5, T6, T7)
[INFO] [stdout]            and 77 others
[INFO] [stdout]    = note: required for `NaiveDateTime` to implement `AsExpression<diesel::sql_types::Timestamp>`
[INFO] [stdout] note: required by a bound in `diesel::ExpressionMethods::eq`
[INFO] [stdout]   --> /opt/rustwide/cargo-home/registry/src/index.crates.io-1949cf8c6b5b557f/diesel-2.2.9/src/expression_methods/global_expression_methods.rs:74:12
[INFO] [stdout]    |
[INFO] [stdout] 71 |     fn eq<T>(self, other: T) -> dsl::Eq<Self, T>
[INFO] [stdout]    |        -- required by a bound in this associated function
[INFO] [stdout] ...
[INFO] [stdout] 74 |         T: AsExpression<Self::SqlType>,
[INFO] [stdout]    |            ^^^^^^^^^^^^^^^^^^^^^^^^^^^ required by this bound in `ExpressionMethods::eq`
[INFO] [stdout]    = note: the full name for the type has been written to '/opt/rustwide/target/debug/build/todo/312ca97ef9c02df2/out/todo-312ca97ef9c02df2.long-type-10845926083906721900.txt'
[INFO] [stdout]    = note: consider using `--verbose` to print the full type name to the console
[INFO] [stdout] 
[INFO] [stdout] 
[INFO] [stdout] error[E0277]: the trait bound `NaiveDateTime: Expression` is not satisfied
[INFO] [stdout]   --> src/repositories/todo.rs:79:38
[INFO] [stdout]    |
[INFO] [stdout] 79 |                 todos::updated_at.eq(now),
[INFO] [stdout]    |                                   -- ^^^ the trait `Expression` is not implemented for `NaiveDateTime`
[INFO] [stdout]    |                                   |
[INFO] [stdout]    |                                   required by a bound introduced by this call
[INFO] [stdout]    |
[INFO] [stdout]    = help: the following other types implement trait `Expression`:
[INFO] [stdout]              &T
[INFO] [stdout]              (T0, T1)
[INFO] [stdout]              (T0, T1, T2)
[INFO] [stdout]              (T0, T1, T2, T3)
[INFO] [stdout]              (T0, T1, T2, T3, T4)
[INFO] [stdout]              (T0, T1, T2, T3, T4, T5)
[INFO] [stdout]              (T0, T1, T2, T3, T4, T5, T6)
[INFO] [stdout]              (T0, T1, T2, T3, T4, T5, T6, T7)
[INFO] [stdout]            and 77 others
[INFO] [stdout]    = note: required for `NaiveDateTime` to implement `AsExpression<diesel::sql_types::Timestamp>`
[INFO] [stdout] note: required by a bound in `diesel::ExpressionMethods::eq`
[INFO] [stdout]   --> /opt/rustwide/cargo-home/registry/src/index.crates.io-1949cf8c6b5b557f/diesel-2.2.9/src/expression_methods/global_expression_methods.rs:74:12
[INFO] [stdout]    |
[INFO] [stdout] 71 |     fn eq<T>(self, other: T) -> dsl::Eq<Self, T>
[INFO] [stdout]    |        -- required by a bound in this associated function
[INFO] [stdout] ...
[INFO] [stdout] 74 |         T: AsExpression<Self::SqlType>,
[INFO] [stdout]    |            ^^^^^^^^^^^^^^^^^^^^^^^^^^^ required by this bound in `ExpressionMethods::eq`
[INFO] [stdout]    = note: the full name for the type has been written to '/opt/rustwide/target/debug/build/todo/94847aecaf8e66f0/out/todo-94847aecaf8e66f0.long-type-4499541067882361367.txt'
[INFO] [stdout]    = note: consider using `--verbose` to print the full type name to the console
[INFO] [stdout] 
[INFO] [stdout] 
[INFO] [stdout] error[E0277]: the trait bound `UpdateStatement<table, WhereClause<_>, _>: LoadQuery<'_, _, Todo>` is not satisfied
[INFO] [stdout]     --> src/repositories/todo.rs:81:33
[INFO] [stdout]      |
[INFO] [stdout]   81 |             .get_result::<Todo>(conn)
[INFO] [stdout]      |              ----------         ^^^^ the trait `LoadQuery<'_, _, Todo>` is not implemented for `UpdateStatement<table, WhereClause<Grouped<Eq<id, _>>>, _>`
[INFO] [stdout]      |              |
[INFO] [stdout]      |              required by a bound introduced by this call
[INFO] [stdout]      |
[INFO] [stdout] note: required by a bound in `get_result`
[INFO] [stdout]     --> /opt/rustwide/cargo-home/registry/src/index.crates.io-1949cf8c6b5b557f/diesel-2.2.9/src/query_dsl/mod.rs:1722:15
[INFO] [stdout]      |
[INFO] [stdout] 1720 |     fn get_result<'query, U>(self, conn: &mut Conn) -> QueryResult<U>
[INFO] [stdout]      |        ---------- required by a bound in this associated function
[INFO] [stdout] 1721 |     where
[INFO] [stdout] 1722 |         Self: LoadQuery<'query, Conn, U>,
[INFO] [stdout]      |               ^^^^^^^^^^^^^^^^^^^^^^^^^^ required by this bound in `RunQueryDsl::get_result`
[INFO] [stdout]      = note: the full name for the type has been written to '/opt/rustwide/target/debug/build/todo/94847aecaf8e66f0/out/todo-94847aecaf8e66f0.long-type-6515583667312668256.txt'
[INFO] [stdout]      = note: consider using `--verbose` to print the full type name to the console
[INFO] [stdout] 
[INFO] [stdout] 
[INFO] [stdout] error[E0277]: the trait bound `UpdateStatement<table, WhereClause<_>, _>: LoadQuery<'_, _, Todo>` is not satisfied
[INFO] [stdout]     --> src/repositories/todo.rs:81:33
[INFO] [stdout]      |
[INFO] [stdout]   81 |             .get_result::<Todo>(conn)
[INFO] [stdout]      |              ----------         ^^^^ the trait `LoadQuery<'_, _, Todo>` is not implemented for `UpdateStatement<table, WhereClause<Grouped<Eq<id, _>>>, _>`
[INFO] [stdout]      |              |
[INFO] [stdout]      |              required by a bound introduced by this call
[INFO] [stdout]      |
[INFO] [stdout] note: required by a bound in `get_result`
[INFO] [stdout]     --> /opt/rustwide/cargo-home/registry/src/index.crates.io-1949cf8c6b5b557f/diesel-2.2.9/src/query_dsl/mod.rs:1722:15
[INFO] [stdout]      |
[INFO] [stdout] 1720 |     fn get_result<'query, U>(self, conn: &mut Conn) -> QueryResult<U>
[INFO] [stdout]      |        ---------- required by a bound in this associated function
[INFO] [stdout] 1721 |     where
[INFO] [stdout] 1722 |         Self: LoadQuery<'query, Conn, U>,
[INFO] [stdout]      |               ^^^^^^^^^^^^^^^^^^^^^^^^^^ required by this bound in `RunQueryDsl::get_result`
[INFO] [stdout]      = note: the full name for the type has been written to '/opt/rustwide/target/debug/build/todo/312ca97ef9c02df2/out/todo-312ca97ef9c02df2.long-type-16637213500774346412.txt'
[INFO] [stdout]      = note: consider using `--verbose` to print the full type name to the console
[INFO] [stdout] 
[INFO] [stdout] 
[INFO] [stdout] Some errors have detailed explanations: E0277, E0599.
[INFO] [stdout] 
[INFO] [stdout] For more information about an error, try `rustc --explain E0277`.
[INFO] [stdout] 
[INFO] [stdout] Some errors have detailed explanations: E0277, E0599.
[INFO] [stdout] 
[INFO] [stdout] For more information about an error, try `rustc --explain E0277`.
[INFO] [stdout] 
[INFO] [stderr] error: could not compile `todo` (bin "todo") due to 15 previous errors; 2 warnings emitted
[INFO] [stderr] warning: build failed, waiting for other jobs to finish...
[INFO] [stderr] error: could not compile `todo` (bin "todo" test) due to 15 previous errors; 2 warnings emitted
[INFO] running `Command { std: "docker" "inspect" "22c20eb3ea858342dafe4b31bde6bc83191f8343a63dbd5de542ce9b4e206d83", kill_on_drop: false }`
[INFO] running `Command { std: "docker" "rm" "-f" "22c20eb3ea858342dafe4b31bde6bc83191f8343a63dbd5de542ce9b4e206d83", kill_on_drop: false }`
[INFO] [stdout] 22c20eb3ea858342dafe4b31bde6bc83191f8343a63dbd5de542ce9b4e206d83
