[INFO] cloning repository https://github.com/shankeleven/finder
[INFO] running `Command { std: "git" "-c" "credential.helper=" "-c" "credential.helper=/workspace/cargo-home/bin/git-credential-null" "clone" "--bare" "https://github.com/shankeleven/finder" "/workspace/cache/git-repos/https%3A%2F%2Fgithub.com%2Fshankeleven%2Ffinder", kill_on_drop: false }`
[INFO] [stderr] Cloning into bare repository '/workspace/cache/git-repos/https%3A%2F%2Fgithub.com%2Fshankeleven%2Ffinder'...
[INFO] running `Command { std: "git" "rev-parse" "HEAD", kill_on_drop: false }`
[INFO] [stdout] 29f3d8752cf29312d10669970d1c33986e85fa7b
[INFO] checking shankeleven/finder/29f3d8752cf29312d10669970d1c33986e85fa7b against c999cef531ea9059e189e82fe0e82c5daf249bc9 for pr-152972
[INFO] running `Command { std: "git" "clone" "/workspace/cache/git-repos/https%3A%2F%2Fgithub.com%2Fshankeleven%2Ffinder" "/workspace/builds/worker-4-tc1/source", kill_on_drop: false }`
[INFO] [stderr] Cloning into '/workspace/builds/worker-4-tc1/source'...
[INFO] [stderr] done.
[INFO] started tweaking git repo https://github.com/shankeleven/finder
[INFO] finished tweaking git repo https://github.com/shankeleven/finder
[INFO] tweaked toml for git repo https://github.com/shankeleven/finder written to /workspace/builds/worker-4-tc1/source/Cargo.toml
[INFO] validating manifest of git repo https://github.com/shankeleven/finder on toolchain c999cef531ea9059e189e82fe0e82c5daf249bc9
[INFO] running `Command { std: CARGO_HOME="/workspace/cargo-home" RUSTUP_HOME="/workspace/rustup-home" "/workspace/cargo-home/bin/cargo" "+c999cef531ea9059e189e82fe0e82c5daf249bc9" "metadata" "--manifest-path" "Cargo.toml" "--no-deps", kill_on_drop: false }`
[INFO] crate git repo https://github.com/shankeleven/finder already has a lockfile, it will not be regenerated
[INFO] running `Command { std: CARGO_HOME="/workspace/cargo-home" RUSTUP_HOME="/workspace/rustup-home" "/workspace/cargo-home/bin/cargo" "+c999cef531ea9059e189e82fe0e82c5daf249bc9" "fetch" "--manifest-path" "Cargo.toml", kill_on_drop: false }`
[INFO] [stderr]     Updating crates.io index
[INFO] [stderr]      Locking 1 package to highest compatible version
[INFO] [stderr]       Adding ignore v0.4.23 (available: v0.4.33)
[INFO] [stderr]  Downloading crates ...
[INFO] [stderr]   Downloaded xml-rs v0.8.4
[INFO] [stderr]   Downloaded chunked_transfer v1.4.1
[INFO] [stderr]   Downloaded ascii v1.1.0
[INFO] [stderr]   Downloaded thiserror-impl v1.0.39
[INFO] [stderr]   Downloaded tiny_http v0.12.0
[INFO] [stderr]   Downloaded itoa v1.0.5
[INFO] [stderr]   Downloaded comma v1.0.0
[INFO] [stderr]   Downloaded stability v0.2.1
[INFO] [stderr]   Downloaded rexpect v0.5.0
[INFO] [stderr]   Downloaded thiserror v1.0.39
[INFO] [stderr]   Downloaded unicode-ident v1.0.6
[INFO] [stderr]   Downloaded ryu v1.0.12
[INFO] [stderr]   Downloaded version-compare v0.1.1
[INFO] [stderr]   Downloaded toml_datetime v0.6.1
[INFO] [stderr]   Downloaded serde_spanned v0.6.1
[INFO] [stderr]   Downloaded git-version-macro v0.3.9
[INFO] [stderr]   Downloaded cairo-sys-rs v0.17.0
[INFO] [stderr]   Downloaded terminal_size v0.4.2
[INFO] [stderr]   Downloaded std_prelude v0.2.12
[INFO] [stderr]   Downloaded clircle v0.4.0
[INFO] [stderr]   Downloaded windows-implement v0.57.0
[INFO] [stderr]   Downloaded wild v2.2.1
[INFO] [stderr]   Downloaded shell-escape v0.1.5
[INFO] [stderr]   Downloaded futures-io v0.3.28
[INFO] [stderr]   Downloaded globset v0.4.16
[INFO] [stderr]   Downloaded clap_lex v0.7.5
[INFO] [stderr]   Downloaded content_inspector v0.2.4
[INFO] [stderr]   Downloaded bytesize v1.3.3
[INFO] [stderr]   Downloaded git-version v0.3.9
[INFO] [stderr]   Downloaded poppler-sys-rs v0.21.0
[INFO] [stderr]   Downloaded system-deps v6.0.4
[INFO] [stderr]   Downloaded gobject-sys v0.17.4
[INFO] [stderr]   Downloaded grep-cli v0.1.11
[INFO] [stderr]   Downloaded poppler-rs v0.21.0
[INFO] [stderr]   Downloaded pkg-config v0.3.26
[INFO] [stderr]   Downloaded onig v6.5.1
[INFO] [stderr]   Downloaded nu-ansi-term v0.49.0
[INFO] [stderr]   Downloaded bugreport v0.5.1
[INFO] [stderr]   Downloaded windows-interface v0.57.0
[INFO] [stderr]   Downloaded ansi_colours v1.2.3
[INFO] [stderr]   Downloaded rgb v0.8.52
[INFO] [stderr]   Downloaded toml v0.7.3
[INFO] [stderr]   Downloaded cfg-expr v0.14.0
[INFO] [stderr]   Downloaded anyhow v1.0.70
[INFO] [stderr]   Downloaded clap_derive v4.5.41
[INFO] [stderr]   Downloaded compact_str v0.7.1
[INFO] [stderr]   Downloaded ignore v0.4.23
[INFO] [stderr]   Downloaded cairo-rs v0.17.0
[INFO] [stderr]   Downloaded clap v4.5.41
[INFO] [stderr]   Downloaded path_abs v0.5.1
[INFO] [stderr]   Downloaded windows-core v0.57.0
[INFO] [stderr]   Downloaded bytemuck v1.23.2
[INFO] [stderr]   Downloaded glib-sys v0.17.4
[INFO] [stderr]   Downloaded gio-sys v0.17.4
[INFO] [stderr]   Downloaded glib-macros v0.17.6
[INFO] [stderr]   Downloaded crossterm v0.27.0
[INFO] [stderr]   Downloaded toml_edit v0.19.8
[INFO] [stderr]   Downloaded plist v1.7.4
[INFO] [stderr]   Downloaded cc v1.2.32
[INFO] [stderr]   Downloaded serde_json v1.0.91
[INFO] [stderr]   Downloaded winnow v0.4.1
[INFO] [stderr]   Downloaded clap_builder v4.5.41
[INFO] [stderr]   Downloaded sysinfo v0.33.1
[INFO] [stderr]   Downloaded syn v1.0.107
[INFO] [stderr]   Downloaded gio v0.17.4
[INFO] [stderr]   Downloaded quick-xml v0.38.1
[INFO] [stderr]   Downloaded git2 v0.18.3
[INFO] [stderr]   Downloaded glib v0.17.5
[INFO] [stderr]   Downloaded bstr v1.12.0
[INFO] [stderr]   Downloaded ratatui v0.26.3
[INFO] [stderr]   Downloaded onig_sys v69.9.1
[INFO] [stderr]   Downloaded syntect v5.2.0
[INFO] [stderr]   Downloaded libz-sys v1.1.22
[INFO] [stderr]   Downloaded libgit2-sys v0.16.2+1.7.2
[INFO] [stderr]   Downloaded bat v0.24.0
[INFO] [stderr]   Downloaded windows v0.57.0
[INFO] running `Command { std: "docker" "create" "-v" "/var/lib/crater-agent-workspace/builds/worker-4-tc1/source:/opt/rustwide/workdir:ro,Z" "-v" "/var/lib/crater-agent-workspace/builds/worker-4-tc1/target:/opt/rustwide/target:rw,Z" "-v" "/var/lib/crater-agent-workspace/cargo-home:/opt/rustwide/cargo-home:ro,Z" "-v" "/var/lib/crater-agent-workspace/rustup-home:/opt/rustwide/rustup-home:ro,Z" "-m" "1610612736" "--network" "none" "ghcr.io/rust-lang/crates-build-env/linux@sha256:3111399a4047eeb3a02b7a90e478d715f38a8c6669b5c4b49d30a17385265909" "sleep" "infinity", kill_on_drop: false }`
[INFO] [stdout] bc112f04d981fa7c4a719ac5293cdc470d2bab56d4baba02e06674bb1d311455
[INFO] running `Command { std: "docker" "start" "bc112f04d981fa7c4a719ac5293cdc470d2bab56d4baba02e06674bb1d311455", kill_on_drop: false }`
[INFO] running `Command { std: "docker" "inspect" "bc112f04d981fa7c4a719ac5293cdc470d2bab56d4baba02e06674bb1d311455", kill_on_drop: false }`
[INFO] running `Command { std: "docker" "exec" "-e" "SOURCE_DIR=/opt/rustwide/workdir" "-e" "CARGO_HOME=/opt/rustwide/cargo-home" "-e" "RUSTUP_HOME=/opt/rustwide/rustup-home" "-e" "CARGO_TARGET_DIR=/opt/rustwide/target" "-w" "/opt/rustwide/workdir" "--user" "0:0" "bc112f04d981fa7c4a719ac5293cdc470d2bab56d4baba02e06674bb1d311455" "/opt/rustwide/cargo-home/bin/cargo" "+c999cef531ea9059e189e82fe0e82c5daf249bc9" "metadata" "--no-deps" "--format-version=1", kill_on_drop: false }`
[INFO] running `Command { std: "docker" "inspect" "bc112f04d981fa7c4a719ac5293cdc470d2bab56d4baba02e06674bb1d311455", kill_on_drop: false }`
[INFO] running `Command { std: "docker" "exec" "-e" "SOURCE_DIR=/opt/rustwide/workdir" "-e" "CARGO_HOME=/opt/rustwide/cargo-home" "-e" "RUSTUP_HOME=/opt/rustwide/rustup-home" "-e" "CARGO_TARGET_DIR=/opt/rustwide/target" "-e" "CARGO_INCREMENTAL=0" "-e" "RUST_BACKTRACE=full" "-e" "RUSTFLAGS=--cap-lints=forbid" "-e" "RUSTDOCFLAGS=--cap-lints=forbid" "-w" "/opt/rustwide/workdir" "--user" "0:0" "bc112f04d981fa7c4a719ac5293cdc470d2bab56d4baba02e06674bb1d311455" "/opt/rustwide/cargo-home/bin/cargo" "+c999cef531ea9059e189e82fe0e82c5daf249bc9" "check" "--frozen" "--all" "--all-targets" "--message-format=json", kill_on_drop: false }`
[INFO] [stderr]    Compiling unicode-ident v1.0.6
[INFO] [stderr]    Compiling libc v0.2.174
[INFO] [stderr]    Compiling pkg-config v0.3.26
[INFO] [stderr]    Compiling serde v1.0.219
[INFO] [stderr]    Compiling indexmap v1.9.3
[INFO] [stderr]    Compiling winnow v0.4.1
[INFO] [stderr]    Compiling smallvec v1.10.0
[INFO] [stderr]    Compiling version-compare v0.1.1
[INFO] [stderr]     Checking memchr v2.7.5
[INFO] [stderr]    Compiling syn v1.0.107
[INFO] [stderr]     Checking bitflags v2.9.1
[INFO] [stderr]     Checking log v0.4.27
[INFO] [stderr]    Compiling crossbeam-utils v0.8.21
[INFO] [stderr]     Checking once_cell v1.21.3
[INFO] [stderr]     Checking regex-syntax v0.8.5
[INFO] [stderr]    Compiling proc-macro2 v1.0.95
[INFO] [stderr]    Compiling thiserror v1.0.39
[INFO] [stderr]    Compiling futures-core v0.3.28
[INFO] [stderr]    Compiling proc-macro-error-attr v1.0.4
[INFO] [stderr]    Compiling slab v0.4.8
[INFO] [stderr]     Checking bitflags v1.3.2
[INFO] [stderr]    Compiling rustix v1.0.8
[INFO] [stderr]     Checking itoa v1.0.5
[INFO] [stderr]     Checking either v1.15.0
[INFO] [stderr]     Checking aho-corasick v1.1.3
[INFO] [stderr]    Compiling cfg-expr v0.14.0
[INFO] [stderr]     Checking allocator-api2 v0.2.21
[INFO] [stderr]     Checking foldhash v0.1.5
[INFO] [stderr]    Compiling futures-task v0.3.28
[INFO] [stderr]    Compiling proc-macro-error v1.0.4
[INFO] [stderr]    Compiling utf8parse v0.2.2
[INFO] [stderr]    Compiling quote v1.0.40
[INFO] [stderr]    Compiling linux-raw-sys v0.9.4
[INFO] [stderr]    Compiling futures-util v0.3.27
[INFO] [stderr]    Compiling rustversion v1.0.21
[INFO] [stderr]     Checking crossbeam-epoch v0.9.18
[INFO] [stderr]    Compiling anyhow v1.0.70
[INFO] [stderr]     Checking hashbrown v0.15.5
[INFO] [stderr]    Compiling syn v2.0.104
[INFO] [stderr]    Compiling jobserver v0.1.33
[INFO] [stderr]     Checking crossbeam-deque v0.8.6
[INFO] [stderr]    Compiling cc v1.2.32
[INFO] [stderr]    Compiling anstyle-parse v0.2.7
[INFO] [stderr]     Checking pin-project-lite v0.2.9
[INFO] [stderr]    Compiling futures-channel v0.3.28
[INFO] [stderr]     Checking ryu v1.0.12
[INFO] [stderr]    Compiling is_terminal_polyfill v1.70.1
[INFO] [stderr]    Compiling rayon-core v1.12.1
[INFO] [stderr]    Compiling anstyle v1.0.11
[INFO] [stderr]    Compiling colorchoice v1.0.4
[INFO] [stderr]    Compiling anstyle-query v1.1.3
[INFO] [stderr]     Checking tinyvec v1.9.0
[INFO] [stderr]     Checking deranged v0.4.0
[INFO] [stderr]    Compiling anstream v0.6.19
[INFO] [stderr]    Compiling terminal_size v0.4.2
[INFO] [stderr]    Compiling lock_api v0.4.13
[INFO] [stderr]    Compiling parking_lot_core v0.9.11
[INFO] [stderr]    Compiling signal-hook v0.3.18
[INFO] [stderr]     Checking time-core v0.1.4
[INFO] [stderr]    Compiling clap_lex v0.7.5
[INFO] [stderr]     Checking num-conv v0.1.0
[INFO] [stderr]     Checking num_threads v0.1.7
[INFO] [stderr]    Compiling clap_builder v4.5.41
[INFO] [stderr]     Checking indexmap v2.10.0
[INFO] [stderr]    Compiling memoffset v0.6.5
[INFO] [stderr]     Checking unicode-bidi v0.3.18
[INFO] [stderr]     Checking signal-hook-registry v1.4.6
[INFO] [stderr]    Compiling serde_json v1.0.91
[INFO] [stderr]     Checking same-file v1.0.6
[INFO] [stderr]     Checking unicode-normalization v0.1.24
[INFO] [stderr]    Compiling getrandom v0.3.3
[INFO] [stderr]     Checking time v0.3.41
[INFO] [stderr]     Checking miniz_oxide v0.8.9
[INFO] [stderr]     Checking walkdir v2.5.0
[INFO] [stderr]     Checking mio v0.8.11
[INFO] [stderr]     Checking rayon v1.10.0
[INFO] [stderr]     Checking regex-automata v0.4.9
[INFO] [stderr]     Checking crc32fast v1.5.0
[INFO] [stderr]     Checking quick-xml v0.38.1
[INFO] [stderr]     Checking linked-hash-map v0.5.6
[INFO] [stderr]    Compiling gio v0.17.4
[INFO] [stderr]     Checking unicode-width v0.1.14
[INFO] [stderr]     Checking bytemuck v1.23.2
[INFO] [stderr]    Compiling bugreport v0.5.1
[INFO] [stderr]    Compiling semver v1.0.26
[INFO] [stderr]     Checking idna v0.5.0
[INFO] [stderr]     Checking signal-hook-mio v0.2.4
[INFO] [stderr]    Compiling libz-sys v1.1.22
[INFO] [stderr]    Compiling onig_sys v69.9.1
[INFO] [stderr]    Compiling libgit2-sys v0.16.2+1.7.2
[INFO] [stderr]     Checking rgb v0.8.52
[INFO] [stderr]     Checking flate2 v1.1.2
[INFO] [stderr]     Checking yaml-rust v0.4.5
[INFO] [stderr]     Checking parking_lot v0.12.4
[INFO] [stderr]     Checking url v2.5.2
[INFO] [stderr]     Checking castaway v0.2.4
[INFO] [stderr]     Checking itertools v0.13.0
[INFO] [stderr]     Checking shell-escape v0.1.5
[INFO] [stderr]     Checking unsafe-libyaml v0.2.11
[INFO] [stderr]     Checking unicode-segmentation v1.12.0
[INFO] [stderr]     Checking home v0.5.11
[INFO] [stderr]     Checking fastrand v2.3.0
[INFO] [stderr]     Checking termcolor v1.4.1
[INFO] [stderr]     Checking std_prelude v0.2.12
[INFO] [stderr]     Checking unicode-width v0.2.1
[INFO] [stderr]     Checking futures-io v0.3.28
[INFO] [stderr]     Checking static_assertions v1.1.0
[INFO] [stderr]     Checking console v0.15.11
[INFO] [stderr]     Checking compact_str v0.7.1
[INFO] [stderr]     Checking path_abs v0.5.1
[INFO] [stderr]     Checking tempfile v3.20.0
[INFO] [stderr]     Checking etcetera v0.8.0
[INFO] [stderr]     Checking crossterm v0.27.0
[INFO] [stderr]     Checking nix v0.25.1
[INFO] [stderr]     Checking ansi_colours v1.2.3
[INFO] [stderr]     Checking lru v0.12.5
[INFO] [stderr]     Checking itertools v0.12.1
[INFO] [stderr]     Checking content_inspector v0.2.4
[INFO] [stderr]     Checking thread_local v1.1.9
[INFO] [stderr]     Checking encoding_rs v0.8.35
[INFO] [stderr]     Checking wild v2.2.1
[INFO] [stderr]     Checking httpdate v1.0.2
[INFO] [stderr]     Checking bytesize v1.3.3
[INFO] [stderr]    Compiling serde_spanned v0.6.1
[INFO] [stderr]    Compiling toml_datetime v0.6.1
[INFO] [stderr]     Checking nu-ansi-term v0.49.0
[INFO] [stderr]     Checking shell-words v1.1.0
[INFO] [stderr]     Checking cassowary v0.3.0
[INFO] [stderr]    Compiling toml_edit v0.19.8
[INFO] [stderr]     Checking comma v1.0.0
[INFO] [stderr]     Checking ascii v1.1.0
[INFO] [stderr]     Checking chunked_transfer v1.4.1
[INFO] [stderr]     Checking fuzzy-matcher v0.3.7
[INFO] [stderr]     Checking xml-rs v0.8.4
[INFO] [stderr]     Checking unicode-truncate v1.1.0
[INFO] [stderr]     Checking tiny_http v0.12.0
[INFO] [stderr]     Checking bstr v1.12.0
[INFO] [stderr]    Compiling clap v4.5.41
[INFO] [stderr]     Checking regex v1.11.1
[INFO] [stderr]    Compiling thiserror-impl v1.0.39
[INFO] [stderr]    Compiling futures-macro v0.3.27
[INFO] [stderr]     Checking globset v0.4.16
[INFO] [stderr]    Compiling bat v0.24.0
[INFO] [stderr]     Checking grep-cli v0.1.11
[INFO] [stderr]     Checking ignore v0.4.23
[INFO] [stderr]     Checking sysinfo v0.33.1
[INFO] [stderr]    Compiling serde_derive v1.0.219
[INFO] [stderr]    Compiling git-version-macro v0.3.9
[INFO] [stderr]    Compiling clap_derive v4.5.41
[INFO] [stderr]    Compiling strum_macros v0.26.4
[INFO] [stderr]    Compiling stability v0.2.1
[INFO] [stderr]     Checking onig v6.5.1
[INFO] [stderr]     Checking git-version v0.3.9
[INFO] [stderr]    Compiling toml v0.7.3
[INFO] [stderr]    Compiling proc-macro-crate v1.3.1
[INFO] [stderr]     Checking rexpect v0.5.0
[INFO] [stderr]    Compiling system-deps v6.0.4
[INFO] [stderr]     Checking strum v0.26.3
[INFO] [stderr]    Compiling glib-macros v0.17.6
[INFO] [stderr]     Checking ratatui v0.26.3
[INFO] [stderr]    Compiling glib-sys v0.17.4
[INFO] [stderr]    Compiling gobject-sys v0.17.4
[INFO] [stderr]    Compiling gio-sys v0.17.4
[INFO] [stderr]    Compiling cairo-sys-rs v0.17.0
[INFO] [stderr]    Compiling poppler-sys-rs v0.21.0
[INFO] [stderr]     Checking futures-executor v0.3.27
[INFO] [stderr]     Checking git2 v0.18.3
[INFO] [stderr]     Checking glib v0.17.5
[INFO] [stderr]     Checking plist v1.7.4
[INFO] [stderr]     Checking bincode v1.3.3
[INFO] [stderr]     Checking serde_yaml v0.9.34+deprecated
[INFO] [stderr]     Checking clircle v0.4.0
[INFO] [stderr]     Checking syntect v5.2.0
[INFO] [stderr]     Checking cairo-rs v0.17.0
[INFO] [stderr]     Checking poppler-rs v0.21.0
[INFO] [stderr]     Checking khoj v0.1.0 (/opt/rustwide/workdir)
[INFO] [stdout] error[E0433]: cannot find module or crate `rayon` in this scope
[INFO] [stdout]    --> src/lib.rs:120:5
[INFO] [stdout]     |
[INFO] [stdout] 120 | use rayon::prelude::*;
[INFO] [stdout]     |     ^^^^^ use of unresolved module or unlinked crate `rayon`
[INFO] [stdout]     |
[INFO] [stdout]     = help: if you wanted to use a crate named `rayon`, use `cargo add rayon` to add it to your `Cargo.toml`
[INFO] [stdout] 
[INFO] [stdout] 
[INFO] [stdout] error[E0433]: cannot find module or crate `rayon` in this scope
[INFO] [stdout]    --> src/lib.rs:120:5
[INFO] [stdout]     |
[INFO] [stdout] 120 | use rayon::prelude::*;
[INFO] [stdout]     |     ^^^^^ use of unresolved module or unlinked crate `rayon`
[INFO] [stdout]     |
[INFO] [stdout]     = help: if you wanted to use a crate named `rayon`, use `cargo add rayon` to add it to your `Cargo.toml`
[INFO] [stdout] 
[INFO] [stdout] 
[INFO] [stdout] error[E0599]: no method named `par_iter` found for struct `Vec<PathBuf>` in the current scope
[INFO] [stdout]    --> src/lib.rs:133:11
[INFO] [stdout]     |
[INFO] [stdout] 133 |     files.par_iter().for_each(|file_path| {
[INFO] [stdout]     |           ^^^^^^^^
[INFO] [stdout]     |
[INFO] [stdout] help: there is a method `iter` with a similar name
[INFO] [stdout]     |
[INFO] [stdout] 133 -     files.par_iter().for_each(|file_path| {
[INFO] [stdout] 133 +     files.iter().for_each(|file_path| {
[INFO] [stdout]     |
[INFO] [stdout] 
[INFO] [stdout] 
[INFO] [stdout] error[E0308]: mismatched types
[INFO] [stdout]    --> src/lib.rs:199:48
[INFO] [stdout]     |
[INFO] [stdout] 199 |                 model.add_document_precomputed(file_path.clone(), last_modified, count, tf, positions);
[INFO] [stdout]     |                       ------------------------ ^^^^^^^^^^^^^^^^^ expected `PathBuf`, found `&Path`
[INFO] [stdout]     |                       |
[INFO] [stdout]     |                       arguments to this method are incorrect
[INFO] [stdout]     |
[INFO] [stdout] note: method defined here
[INFO] [stdout]    --> src/model.rs:100:12
[INFO] [stdout]     |
[INFO] [stdout] 100 |     pub fn add_document_precomputed(
[INFO] [stdout]     |            ^^^^^^^^^^^^^^^^^^^^^^^^
[INFO] [stdout] 101 |         &mut self,
[INFO] [stdout] 102 |         file_path: PathBuf,
[INFO] [stdout]     |         ------------------
[INFO] [stdout] help: try using a conversion method
[INFO] [stdout]     |
[INFO] [stdout] 199 |                 model.add_document_precomputed(file_path.clone().to_path_buf(), last_modified, count, tf, positions);
[INFO] [stdout]     |                                                                 ++++++++++++++
[INFO] [stdout] 
[INFO] [stdout] 
[INFO] [stdout] error[E0599]: no method named `par_iter` found for struct `Vec<PathBuf>` in the current scope
[INFO] [stdout]    --> src/lib.rs:133:11
[INFO] [stdout]     |
[INFO] [stdout] 133 |     files.par_iter().for_each(|file_path| {
[INFO] [stdout]     |           ^^^^^^^^
[INFO] [stdout]     |
[INFO] [stdout] help: there is a method `iter` with a similar name
[INFO] [stdout]     |
[INFO] [stdout] 133 -     files.par_iter().for_each(|file_path| {
[INFO] [stdout] 133 +     files.iter().for_each(|file_path| {
[INFO] [stdout]     |
[INFO] [stdout] 
[INFO] [stdout] 
[INFO] [stdout] error[E0308]: mismatched types
[INFO] [stdout]    --> src/lib.rs:199:48
[INFO] [stdout]     |
[INFO] [stdout] 199 |                 model.add_document_precomputed(file_path.clone(), last_modified, count, tf, positions);
[INFO] [stdout]     |                       ------------------------ ^^^^^^^^^^^^^^^^^ expected `PathBuf`, found `&Path`
[INFO] [stdout]     |                       |
[INFO] [stdout]     |                       arguments to this method are incorrect
[INFO] [stdout]     |
[INFO] [stdout] note: method defined here
[INFO] [stdout]    --> src/model.rs:100:12
[INFO] [stdout]     |
[INFO] [stdout] 100 |     pub fn add_document_precomputed(
[INFO] [stdout]     |            ^^^^^^^^^^^^^^^^^^^^^^^^
[INFO] [stdout] 101 |         &mut self,
[INFO] [stdout] 102 |         file_path: PathBuf,
[INFO] [stdout]     |         ------------------
[INFO] [stdout] help: try using a conversion method
[INFO] [stdout]     |
[INFO] [stdout] 199 |                 model.add_document_precomputed(file_path.clone().to_path_buf(), last_modified, count, tf, positions);
[INFO] [stdout]     |                                                                 ++++++++++++++
[INFO] [stdout] 
[INFO] [stdout] 
[INFO] [stdout] Some errors have detailed explanations: E0308, E0433, E0599.
[INFO] [stdout] 
[INFO] [stdout] For more information about an error, try `rustc --explain E0308`.
[INFO] [stdout] 
[INFO] [stderr] error: could not compile `khoj` (lib test) due to 3 previous errors
[INFO] [stderr] warning: build failed, waiting for other jobs to finish...
[INFO] [stdout] Some errors have detailed explanations: E0308, E0433, E0599.
[INFO] [stdout] 
[INFO] [stdout] For more information about an error, try `rustc --explain E0308`.
[INFO] [stdout] 
[INFO] [stderr] error: could not compile `khoj` (lib) due to 3 previous errors
[INFO] running `Command { std: "docker" "inspect" "bc112f04d981fa7c4a719ac5293cdc470d2bab56d4baba02e06674bb1d311455", kill_on_drop: false }`
[INFO] running `Command { std: "docker" "rm" "-f" "bc112f04d981fa7c4a719ac5293cdc470d2bab56d4baba02e06674bb1d311455", kill_on_drop: false }`
[INFO] [stdout] bc112f04d981fa7c4a719ac5293cdc470d2bab56d4baba02e06674bb1d311455
