[INFO] cloning repository https://github.com/rustnew/htmx_rust-
[INFO] running `Command { std: "git" "-c" "credential.helper=" "-c" "credential.helper=/workspace/cargo-home/bin/git-credential-null" "clone" "--bare" "https://github.com/rustnew/htmx_rust-" "/workspace/cache/git-repos/https%3A%2F%2Fgithub.com%2Frustnew%2Fhtmx_rust-", kill_on_drop: false }`
[INFO] [stderr] Cloning into bare repository '/workspace/cache/git-repos/https%3A%2F%2Fgithub.com%2Frustnew%2Fhtmx_rust-'...
[INFO] running `Command { std: "git" "rev-parse" "HEAD", kill_on_drop: false }`
[INFO] [stdout] 4cb783727e11e52578f9b17434f00e3f093ac2df
[INFO] checking rustnew/htmx_rust- against e4d5758286bf2cf6f415802f2cf861747a7c6c8c for pr-152972
[INFO] running `Command { std: "git" "clone" "/workspace/cache/git-repos/https%3A%2F%2Fgithub.com%2Frustnew%2Fhtmx_rust-" "/workspace/builds/worker-7-tc2/source", kill_on_drop: false }`
[INFO] [stderr] Cloning into '/workspace/builds/worker-7-tc2/source'...
[INFO] [stderr] done.
[INFO] started tweaking git repo https://github.com/rustnew/htmx_rust-
[INFO] finished tweaking git repo https://github.com/rustnew/htmx_rust-
[INFO] tweaked toml for git repo https://github.com/rustnew/htmx_rust- written to /workspace/builds/worker-7-tc2/source/Cargo.toml
[INFO] validating manifest of git repo https://github.com/rustnew/htmx_rust- on toolchain e4d5758286bf2cf6f415802f2cf861747a7c6c8c
[INFO] running `Command { std: CARGO_HOME="/workspace/cargo-home" RUSTUP_HOME="/workspace/rustup-home" "/workspace/cargo-home/bin/cargo" "+e4d5758286bf2cf6f415802f2cf861747a7c6c8c" "metadata" "--manifest-path" "Cargo.toml" "--no-deps", kill_on_drop: false }`
[INFO] crate git repo https://github.com/rustnew/htmx_rust- already has a lockfile, it will not be regenerated
[INFO] running `Command { std: CARGO_HOME="/workspace/cargo-home" RUSTUP_HOME="/workspace/rustup-home" "/workspace/cargo-home/bin/cargo" "+e4d5758286bf2cf6f415802f2cf861747a7c6c8c" "fetch" "--manifest-path" "Cargo.toml", kill_on_drop: false }`
[INFO] [stderr]     Blocking waiting for file lock on package cache
[INFO] [stderr]     Blocking waiting for file lock on package cache
[INFO] [stderr]  Downloading crates ...
[INFO] [stderr]   Downloaded redox_syscall v0.5.11
[INFO] [stderr]   Downloaded sqlx-sqlite v0.8.4
[INFO] [stderr]   Downloaded icu_locid_transform_data v1.5.1
[INFO] [stderr]   Downloaded shuttle-service v0.53.0
[INFO] [stderr]   Downloaded dsl_auto_type v0.1.3
[INFO] [stderr]   Downloaded sqlx-macros v0.8.4
[INFO] [stderr]   Downloaded diesel_table_macro_syntax v0.2.0
[INFO] [stderr]   Downloaded scoped-futures v0.1.4
[INFO] [stderr]   Downloaded shuttle-codegen v0.53.0
[INFO] [stderr]   Downloaded shuttle-axum v0.53.0
[INFO] [stderr]   Downloaded askama_axum v0.4.0
[INFO] [stderr]   Downloaded humansize v2.1.3
[INFO] [stderr]   Downloaded shuttle-common v0.53.0
[INFO] [stderr]   Downloaded postgres-protocol v0.6.8
[INFO] [stderr]   Downloaded shuttle-runtime v0.53.0
[INFO] [stderr]   Downloaded shuttle-api-client v0.53.0
[INFO] [stderr]   Downloaded sqlx-macros-core v0.8.4
[INFO] [stderr]   Downloaded askama v0.12.1
[INFO] [stderr]   Downloaded askama_parser v0.2.1
[INFO] [stderr]   Downloaded shuttle-shared-db v0.53.0
[INFO] [stderr]   Downloaded postgres-types v0.2.9
[INFO] [stderr]   Downloaded reqwest-middleware v0.4.2
[INFO] [stderr]   Downloaded quinn-udp v0.5.11
[INFO] [stderr]   Downloaded askama_derive v0.12.5
[INFO] [stderr]   Downloaded icu_normalizer_data v1.5.1
[INFO] [stderr]   Downloaded diesel-async v0.5.2
[INFO] [stderr]   Downloaded basic-toml v0.1.10
[INFO] [stderr]   Downloaded diesel_derives v2.2.4
[INFO] [stderr]   Downloaded sqlx-mysql v0.8.4
[INFO] [stderr]   Downloaded tokio-postgres v0.7.13
[INFO] [stderr]   Downloaded quinn v0.11.7
[INFO] [stderr]   Downloaded cc v1.2.19
[INFO] [stderr]   Downloaded sqlx-core v0.8.4
[INFO] [stderr]   Downloaded sqlx v0.8.4
[INFO] [stderr]   Downloaded sqlx-postgres v0.8.4
[INFO] [stderr]   Downloaded icu_properties_data v1.5.1
[INFO] [stderr]   Downloaded h2 v0.4.9
[INFO] [stderr]   Downloaded quinn-proto v0.11.10
[INFO] [stderr]   Downloaded webpki-roots v0.26.8
[INFO] [stderr]   Downloaded rustls v0.23.26
[INFO] [stderr]   Downloaded diesel v2.2.9
[INFO] [stderr]   Downloaded rustix v1.0.5
[INFO] [stderr]   Downloaded rustls-webpki v0.103.1
[INFO] running `Command { std: "docker" "create" "-v" "/var/lib/crater-agent-workspace/builds/worker-7-tc2/source:/opt/rustwide/workdir:ro,Z" "-v" "/var/lib/crater-agent-workspace/builds/worker-7-tc2/target:/opt/rustwide/target:rw,Z" "-v" "/var/lib/crater-agent-workspace/cargo-home:/opt/rustwide/cargo-home:ro,Z" "-v" "/var/lib/crater-agent-workspace/rustup-home:/opt/rustwide/rustup-home:ro,Z" "-m" "1610612736" "--network" "none" "ghcr.io/rust-lang/crates-build-env/linux@sha256:3111399a4047eeb3a02b7a90e478d715f38a8c6669b5c4b49d30a17385265909" "sleep" "infinity", kill_on_drop: false }`
[INFO] [stdout] d17d37f6772d5436252c2d890edb313fccff7137389505b368c811be37b9d627
[INFO] running `Command { std: "docker" "start" "d17d37f6772d5436252c2d890edb313fccff7137389505b368c811be37b9d627", kill_on_drop: false }`
[INFO] running `Command { std: "docker" "inspect" "d17d37f6772d5436252c2d890edb313fccff7137389505b368c811be37b9d627", kill_on_drop: false }`
[INFO] running `Command { std: "docker" "exec" "-e" "SOURCE_DIR=/opt/rustwide/workdir" "-e" "CARGO_HOME=/opt/rustwide/cargo-home" "-e" "RUSTUP_HOME=/opt/rustwide/rustup-home" "-e" "CARGO_TARGET_DIR=/opt/rustwide/target" "-w" "/opt/rustwide/workdir" "--user" "0:0" "d17d37f6772d5436252c2d890edb313fccff7137389505b368c811be37b9d627" "/opt/rustwide/cargo-home/bin/cargo" "+e4d5758286bf2cf6f415802f2cf861747a7c6c8c" "metadata" "--no-deps" "--format-version=1", kill_on_drop: false }`
[INFO] running `Command { std: "docker" "inspect" "d17d37f6772d5436252c2d890edb313fccff7137389505b368c811be37b9d627", kill_on_drop: false }`
[INFO] running `Command { std: "docker" "exec" "-e" "SOURCE_DIR=/opt/rustwide/workdir" "-e" "CARGO_HOME=/opt/rustwide/cargo-home" "-e" "RUSTUP_HOME=/opt/rustwide/rustup-home" "-e" "CARGO_TARGET_DIR=/opt/rustwide/target" "-e" "CARGO_INCREMENTAL=0" "-e" "RUST_BACKTRACE=full" "-e" "RUSTFLAGS=--cap-lints=forbid" "-e" "RUSTDOCFLAGS=--cap-lints=forbid" "-w" "/opt/rustwide/workdir" "--user" "0:0" "d17d37f6772d5436252c2d890edb313fccff7137389505b368c811be37b9d627" "/opt/rustwide/cargo-home/bin/cargo" "+e4d5758286bf2cf6f415802f2cf861747a7c6c8c" "check" "--frozen" "--all" "--all-targets" "--message-format=json", kill_on_drop: false }`
[INFO] [stderr]    Compiling proc-macro2 v1.0.94
[INFO] [stderr]    Compiling serde v1.0.219
[INFO] [stderr]    Compiling typenum v1.18.0
[INFO] [stderr]    Compiling icu_locid_transform_data v1.5.1
[INFO] [stderr]    Compiling cc v1.2.19
[INFO] [stderr]    Compiling icu_properties_data v1.5.1
[INFO] [stderr]     Checking log v0.4.27
[INFO] [stderr]    Compiling icu_normalizer_data v1.5.1
[INFO] [stderr]     Checking tracing-core v0.1.33
[INFO] [stderr]    Compiling zerocopy v0.8.24
[INFO] [stderr]    Compiling serde_json v1.0.140
[INFO] [stderr]     Checking signal-hook-registry v1.4.2
[INFO] [stderr]     Checking socket2 v0.5.9
[INFO] [stderr]     Checking mio v1.0.3
[INFO] [stderr]    Compiling rustls v0.23.26
[INFO] [stderr]     Checking getrandom v0.2.15
[INFO] [stderr]     Checking futures-util v0.3.31
[INFO] [stderr]     Checking writeable v0.5.5
[INFO] [stderr]     Checking litemap v0.7.5
[INFO] [stderr]     Checking hashbrown v0.15.2
[INFO] [stderr]    Compiling num-traits v0.2.19
[INFO] [stderr]    Compiling quote v1.0.40
[INFO] [stderr]     Checking indexmap v2.9.0
[INFO] [stderr]    Compiling syn v2.0.100
[INFO] [stderr]     Checking generic-array v0.14.7
[INFO] [stderr]    Compiling rustversion v1.0.20
[INFO] [stderr]    Compiling ring v0.17.14
[INFO] [stderr]     Checking write16 v1.0.0
[INFO] [stderr]     Checking utf16_iter v1.0.5
[INFO] [stderr]     Checking crypto-common v0.1.6
[INFO] [stderr]     Checking block-buffer v0.10.4
[INFO] [stderr]     Checking digest v0.10.7
[INFO] [stderr]    Compiling subtle v2.6.1
[INFO] [stderr]     Checking webpki-roots v0.26.8
[INFO] [stderr]    Compiling crossbeam-utils v0.8.21
[INFO] [stderr]    Compiling scopeguard v1.2.0
[INFO] [stderr]    Compiling untrusted v0.9.0
[INFO] [stderr]    Compiling rustls-pki-types v1.11.0
[INFO] [stderr]    Compiling allocator-api2 v0.2.21
[INFO] [stderr]    Compiling foldhash v0.1.5
[INFO] [stderr]    Compiling lock_api v0.4.12
[INFO] [stderr]     Checking getrandom v0.3.2
[INFO] [stderr]     Checking ppv-lite86 v0.2.21
[INFO] [stderr]    Compiling semver v1.0.26
[INFO] [stderr]    Compiling futures-sink v0.3.31
[INFO] [stderr]    Compiling tinyvec_macros v0.1.1
[INFO] [stderr]    Compiling tokio v1.44.2
[INFO] [stderr]    Compiling tinyvec v1.9.0
[INFO] [stderr]    Compiling form_urlencoded v1.2.1
[INFO] [stderr]     Checking rand_core v0.9.3
[INFO] [stderr]    Compiling concurrent-queue v2.5.0
[INFO] [stderr]    Compiling rand_core v0.6.4
[INFO] [stderr]    Compiling crc-catalog v2.4.0
[INFO] [stderr]    Compiling rustix v1.0.5
[INFO] [stderr]    Compiling zeroize v1.8.1
[INFO] [stderr]    Compiling parking v2.2.1
[INFO] [stderr]    Compiling cpufeatures v0.2.17
[INFO] [stderr]    Compiling bitflags v2.9.0
[INFO] [stderr]    Compiling futures-io v0.3.31
[INFO] [stderr]    Compiling sha2 v0.10.8
[INFO] [stderr]    Compiling event-listener v5.4.0
[INFO] [stderr]    Compiling unicode-normalization v0.1.24
[INFO] [stderr]    Compiling crc v3.2.1
[INFO] [stderr]     Checking rand_chacha v0.9.0
[INFO] [stderr]    Compiling rand_chacha v0.3.1
[INFO] [stderr]    Compiling hashlink v0.10.0
[INFO] [stderr]    Compiling synstructure v0.13.1
[INFO] [stderr]     Checking rustls-webpki v0.103.1
[INFO] [stderr]    Compiling hmac v0.12.1
[INFO] [stderr]    Compiling crossbeam-queue v0.3.12
[INFO] [stderr]     Checking sha1 v0.10.6
[INFO] [stderr]    Compiling linux-raw-sys v0.9.4
[INFO] [stderr]    Compiling unicase v2.8.1
[INFO] [stderr]    Compiling unicode-properties v0.1.3
[INFO] [stderr]    Compiling unicode-bidi v0.3.18
[INFO] [stderr]    Compiling base64 v0.22.1
[INFO] [stderr]    Compiling stringprep v0.1.5
[INFO] [stderr]    Compiling mime_guess v2.0.5
[INFO] [stderr]    Compiling serde_derive v1.0.219
[INFO] [stderr]    Compiling zerofrom-derive v0.1.6
[INFO] [stderr]    Compiling yoke-derive v0.7.5
[INFO] [stderr]    Compiling zerovec-derive v0.10.3
[INFO] [stderr]    Compiling displaydoc v0.2.5
[INFO] [stderr]    Compiling icu_provider_macros v1.5.0
[INFO] [stderr]    Compiling tracing-attributes v0.1.28
[INFO] [stderr]     Checking zerofrom v0.1.6
[INFO] [stderr]     Checking yoke v0.7.5
[INFO] [stderr]    Compiling tokio-macros v2.5.0
[INFO] [stderr]     Checking zerovec v0.10.4
[INFO] [stderr]    Compiling thiserror-impl v2.0.12
[INFO] [stderr]    Compiling async-trait v0.1.88
[INFO] [stderr]    Compiling typeshare-annotation v1.0.4
[INFO] [stderr]     Checking tracing v0.1.41
[INFO] [stderr]     Checking tinystr v0.7.6
[INFO] [stderr]     Checking icu_collections v1.5.0
[INFO] [stderr]    Compiling strum_macros v0.27.1
[INFO] [stderr]     Checking icu_locid v1.5.0
[INFO] [stderr]    Compiling tokio-stream v0.1.17
[INFO] [stderr]     Checking thiserror v2.0.12
[INFO] [stderr]    Compiling thiserror-impl v1.0.69
[INFO] [stderr]    Compiling hkdf v0.12.4
[INFO] [stderr]    Compiling atoi v2.0.0
[INFO] [stderr]     Checking icu_provider v1.5.0
[INFO] [stderr]    Compiling rand v0.8.5
[INFO] [stderr]     Checking icu_locid_transform v1.5.0
[INFO] [stderr]     Checking rand v0.9.0
[INFO] [stderr]     Checking icu_properties v1.5.1
[INFO] [stderr]    Compiling futures-channel v0.3.31
[INFO] [stderr]    Compiling md-5 v0.10.6
[INFO] [stderr]     Checking rustls-pemfile v2.2.0
[INFO] [stderr]    Compiling dotenvy v0.15.7
[INFO] [stderr]     Checking regex-syntax v0.8.5
[INFO] [stderr]    Compiling whoami v1.6.0
[INFO] [stderr]    Compiling home v0.5.11
[INFO] [stderr]    Compiling minimal-lexical v0.2.1
[INFO] [stderr]     Checking strum v0.27.1
[INFO] [stderr]    Compiling libm v0.2.11
[INFO] [stderr]    Compiling byteorder v1.5.0
[INFO] [stderr]    Compiling fastrand v2.3.0
[INFO] [stderr]    Compiling hex v0.4.3
[INFO] [stderr]    Compiling tempfile v3.19.1
[INFO] [stderr]     Checking tungstenite v0.26.2
[INFO] [stderr]    Compiling nom v7.1.3
[INFO] [stderr]     Checking thiserror v1.0.69
[INFO] [stderr]     Checking regex-automata v0.4.9
[INFO] [stderr]    Compiling proc-macro-error-attr2 v2.0.0
[INFO] [stderr]     Checking headers-core v0.3.0
[INFO] [stderr]    Compiling proc-macro-error2 v2.0.1
[INFO] [stderr]     Checking sharded-slab v0.1.7
[INFO] [stderr]     Checking smallvec v1.15.0
[INFO] [stderr]     Checking parking_lot_core v0.9.10
[INFO] [stderr]     Checking icu_normalizer v1.5.0
[INFO] [stderr]     Checking parking_lot v0.12.3
[INFO] [stderr]     Checking chrono v0.4.40
[INFO] [stderr]     Checking idna_adapter v1.2.0
[INFO] [stderr]     Checking idna v1.0.3
[INFO] [stderr]    Compiling either v1.15.0
[INFO] [stderr]     Checking url v2.5.4
[INFO] [stderr]    Compiling futures-intrusive v0.5.0
[INFO] [stderr]     Checking serde_urlencoded v0.7.1
[INFO] [stderr]     Checking typeshare v1.0.4
[INFO] [stderr]    Compiling askama_parser v0.2.1
[INFO] [stderr]     Checking regex v1.11.1
[INFO] [stderr]     Checking shuttle-common v0.53.0
[INFO] [stderr]    Compiling basic-toml v0.1.10
[INFO] [stderr]     Checking tracing-serde v0.2.0
[INFO] [stderr]     Checking headers v0.4.0
[INFO] [stderr]    Compiling sqlx-core v0.8.4
[INFO] [stderr]     Checking axum-core v0.4.5
[INFO] [stderr]     Checking tracing-log v0.2.0
[INFO] [stderr]     Checking thread_local v1.1.8
[INFO] [stderr]     Checking shuttle-service v0.53.0
[INFO] [stderr]     Checking humansize v2.1.3
[INFO] [stderr]     Checking tracing-subscriber v0.3.19
[INFO] [stderr]    Compiling shuttle-codegen v0.53.0
[INFO] [stderr]     Checking serde_path_to_error v0.1.17
[INFO] [stderr]     Checking matchit v0.7.3
[INFO] [stderr]     Checking askama_escape v0.10.3
[INFO] [stderr]    Compiling askama_derive v0.12.5
[INFO] [stderr]     Checking tokio-util v0.7.14
[INFO] [stderr]     Checking tokio-rustls v0.26.2
[INFO] [stderr]     Checking tower v0.5.2
[INFO] [stderr]     Checking askama v0.12.1
[INFO] [stderr]     Checking askama_axum v0.4.0
[INFO] [stderr]     Checking tokio-tungstenite v0.26.2
[INFO] [stderr]    Compiling sqlx-postgres v0.8.4
[INFO] [stderr]     Checking h2 v0.4.9
[INFO] [stderr]    Compiling sqlx-macros-core v0.8.4
[INFO] [stderr]     Checking hyper v1.6.0
[INFO] [stderr]    Compiling sqlx-macros v0.8.4
[INFO] [stderr]     Checking hyper-util v0.1.11
[INFO] [stderr]     Checking sqlx v0.8.4
[INFO] [stderr]     Checking shuttle-shared-db v0.53.0
[INFO] [stderr]     Checking hyper-rustls v0.27.5
[INFO] [stderr]     Checking axum v0.7.9
[INFO] [stderr]     Checking reqwest v0.12.15
[INFO] [stderr]     Checking reqwest-middleware v0.4.2
[INFO] [stderr]     Checking shuttle-api-client v0.53.0
[INFO] [stderr]     Checking shuttle-runtime v0.53.0
[INFO] [stderr]     Checking shuttle-axum v0.53.0
[INFO] [stderr]     Checking htmx_rust v0.1.0 (/opt/rustwide/workdir)
[INFO] [stdout] error: couldn't read `src/../templates/styles.css`: No such file or directory (os error 2)
[INFO] [stdout]   --> src/routes.rs:39:15
[INFO] [stdout]    |
[INFO] [stdout] 39 |         .body(include_str!("../templates/styles.css").to_owned())?;
[INFO] [stdout]    |               ^^^^^^^^^^^^^^^^^^^^^^^^^^^^^^^^^^^^^^^
[INFO] [stdout] 
[INFO] [stdout] 
[INFO] [stdout] error: template "index.html" not found in directories ["/opt/rustwide/workdir/templates"]
[INFO] [stdout]  --> src/templates.rs:4:10
[INFO] [stdout]   |
[INFO] [stdout] 4 | #[derive(Template)]
[INFO] [stdout]   |          ^^^^^^^^
[INFO] [stdout]   |
[INFO] [stdout]   = note: this error originates in the derive macro `Template` (in Nightly builds, run with -Z macro-backtrace for more info)
[INFO] [stdout] 
[INFO] [stdout] 
[INFO] [stdout] error: template "stream.html" not found in directories ["/opt/rustwide/workdir/templates"]
[INFO] [stdout]  --> src/templates.rs:8:10
[INFO] [stdout]   |
[INFO] [stdout] 8 | #[derive(Template)]
[INFO] [stdout]   |          ^^^^^^^^
[INFO] [stdout]   |
[INFO] [stdout]   = note: this error originates in the derive macro `Template` (in Nightly builds, run with -Z macro-backtrace for more info)
[INFO] [stdout] 
[INFO] [stdout] 
[INFO] [stdout] error: template "todos.html" not found in directories ["/opt/rustwide/workdir/templates"]
[INFO] [stdout]   --> src/templates.rs:12:10
[INFO] [stdout]    |
[INFO] [stdout] 12 | #[derive(Template)]
[INFO] [stdout]    |          ^^^^^^^^
[INFO] [stdout]    |
[INFO] [stdout]    = note: this error originates in the derive macro `Template` (in Nightly builds, run with -Z macro-backtrace for more info)
[INFO] [stdout] 
[INFO] [stdout] 
[INFO] [stdout] error: template "todo.html" not found in directories ["/opt/rustwide/workdir/templates"]
[INFO] [stdout]   --> src/templates.rs:18:10
[INFO] [stdout]    |
[INFO] [stdout] 18 | #[derive(Template)]
[INFO] [stdout]    |          ^^^^^^^^
[INFO] [stdout]    |
[INFO] [stdout]    = note: this error originates in the derive macro `Template` (in Nightly builds, run with -Z macro-backtrace for more info)
[INFO] [stdout] 
[INFO] [stdout] 
[INFO] [stdout] error: couldn't read `src/../templates/styles.css`: No such file or directory (os error 2)
[INFO] [stdout]   --> src/routes.rs:39:15
[INFO] [stdout]    |
[INFO] [stdout] 39 |         .body(include_str!("../templates/styles.css").to_owned())?;
[INFO] [stdout]    |               ^^^^^^^^^^^^^^^^^^^^^^^^^^^^^^^^^^^^^^^
[INFO] [stdout] 
[INFO] [stdout] 
[INFO] [stdout] error: template "index.html" not found in directories ["/opt/rustwide/workdir/templates"]
[INFO] [stdout]  --> src/templates.rs:4:10
[INFO] [stdout]   |
[INFO] [stdout] 4 | #[derive(Template)]
[INFO] [stdout]   |          ^^^^^^^^
[INFO] [stdout]   |
[INFO] [stdout]   = note: this error originates in the derive macro `Template` (in Nightly builds, run with -Z macro-backtrace for more info)
[INFO] [stdout] 
[INFO] [stdout] 
[INFO] [stdout] error: template "stream.html" not found in directories ["/opt/rustwide/workdir/templates"]
[INFO] [stdout]  --> src/templates.rs:8:10
[INFO] [stdout]   |
[INFO] [stdout] 8 | #[derive(Template)]
[INFO] [stdout]   |          ^^^^^^^^
[INFO] [stdout]   |
[INFO] [stdout]   = note: this error originates in the derive macro `Template` (in Nightly builds, run with -Z macro-backtrace for more info)
[INFO] [stdout] 
[INFO] [stdout] 
[INFO] [stdout] error: template "todos.html" not found in directories ["/opt/rustwide/workdir/templates"]
[INFO] [stdout]   --> src/templates.rs:12:10
[INFO] [stdout]    |
[INFO] [stdout] 12 | #[derive(Template)]
[INFO] [stdout]    |          ^^^^^^^^
[INFO] [stdout]    |
[INFO] [stdout]    = note: this error originates in the derive macro `Template` (in Nightly builds, run with -Z macro-backtrace for more info)
[INFO] [stdout] 
[INFO] [stdout] 
[INFO] [stdout] error: template "todo.html" not found in directories ["/opt/rustwide/workdir/templates"]
[INFO] [stdout]   --> src/templates.rs:18:10
[INFO] [stdout]    |
[INFO] [stdout] 18 | #[derive(Template)]
[INFO] [stdout]    |          ^^^^^^^^
[INFO] [stdout]    |
[INFO] [stdout]    = note: this error originates in the derive macro `Template` (in Nightly builds, run with -Z macro-backtrace for more info)
[INFO] [stdout] 
[INFO] [stdout] 
[INFO] [stdout] error[E0271]: type mismatch resolving `home::{opaque#0} == _`
[INFO] [stdout]   --> src/routes.rs:18:24
[INFO] [stdout]    |
[INFO] [stdout] 18 | pub async fn home() -> impl IntoResponse {
[INFO] [stdout]    |                        ^^^^^^^^^^^^^^^^^ types differ
[INFO] [stdout] 
[INFO] [stdout] 
[INFO] [stdout] error[E0271]: type mismatch resolving `stream::{opaque#0} == _`
[INFO] [stdout]   --> src/routes.rs:22:26
[INFO] [stdout]    |
[INFO] [stdout] 22 | pub async fn stream() -> impl IntoResponse {
[INFO] [stdout]    |                          ^^^^^^^^^^^^^^^^^ types differ
[INFO] [stdout] 
[INFO] [stdout] 
[INFO] [stdout] error[E0271]: type mismatch resolving `fetch_todos::{opaque#0} == _`
[INFO] [stdout]   --> src/routes.rs:27:60
[INFO] [stdout]    |
[INFO] [stdout] 27 | pub async fn fetch_todos(State(state): State<AppState>) -> Result<impl IntoResponse, ApiError> {
[INFO] [stdout]    |                                                            ^^^^^^^^^^^^^^^^^^^^^^^^^^^^^^^^^^^ types differ
[INFO] [stdout] 
[INFO] [stdout] 
[INFO] [stdout] error[E0271]: type mismatch resolving `create_todo::{opaque#0} == _`
[INFO] [stdout]   --> src/routes.rs:48:6
[INFO] [stdout]    |
[INFO] [stdout] 48 | ) -> impl IntoResponse {
[INFO] [stdout]    |      ^^^^^^^^^^^^^^^^^ types differ
[INFO] [stdout] 
[INFO] [stdout] 
[INFO] [stdout] error[E0271]: type mismatch resolving `home::{opaque#0} == _`
[INFO] [stdout]   --> src/routes.rs:18:24
[INFO] [stdout]    |
[INFO] [stdout] 18 | pub async fn home() -> impl IntoResponse {
[INFO] [stdout]    |                        ^^^^^^^^^^^^^^^^^ types differ
[INFO] [stdout] 
[INFO] [stdout] 
[INFO] [stdout] error[E0271]: type mismatch resolving `stream::{opaque#0} == _`
[INFO] [stdout]   --> src/routes.rs:22:26
[INFO] [stdout]    |
[INFO] [stdout] 22 | pub async fn stream() -> impl IntoResponse {
[INFO] [stdout]    |                          ^^^^^^^^^^^^^^^^^ types differ
[INFO] [stdout] 
[INFO] [stdout] 
[INFO] [stdout] error[E0271]: type mismatch resolving `fetch_todos::{opaque#0} == _`
[INFO] [stdout]   --> src/routes.rs:27:60
[INFO] [stdout]    |
[INFO] [stdout] 27 | pub async fn fetch_todos(State(state): State<AppState>) -> Result<impl IntoResponse, ApiError> {
[INFO] [stdout]    |                                                            ^^^^^^^^^^^^^^^^^^^^^^^^^^^^^^^^^^^ types differ
[INFO] [stdout] 
[INFO] [stdout] 
[INFO] [stdout] error[E0271]: type mismatch resolving `create_todo::{opaque#0} == _`
[INFO] [stdout]   --> src/routes.rs:48:6
[INFO] [stdout]    |
[INFO] [stdout] 48 | ) -> impl IntoResponse {
[INFO] [stdout]    |      ^^^^^^^^^^^^^^^^^ types differ
[INFO] [stdout] 
[INFO] [stdout] 
[INFO] [stdout] For more information about this error, try `rustc --explain E0271`.
[INFO] [stdout] 
[INFO] [stderr] error: could not compile `htmx_rust` (bin "htmx_rust" test) due to 9 previous errors
[INFO] [stderr] warning: build failed, waiting for other jobs to finish...
[INFO] [stdout] For more information about this error, try `rustc --explain E0271`.
[INFO] [stdout] 
[INFO] [stderr] error: could not compile `htmx_rust` (bin "htmx_rust") due to 9 previous errors
[INFO] [stderr] warning: unused dependency `askama_axum`
[INFO] [stderr]  --> Cargo.toml:2:1
[INFO] [stderr]   |
[INFO] [stderr] 2 | askama_axum = "0.4.0"
[INFO] [stderr]   | ^^^^^^^^^^^^^^^^^^^^^
[INFO] [stderr]   |
[INFO] [stderr]   = note: `cargo::unused_dependencies` is set to `warn` by default
[INFO] [stderr] help: consider removing the dependency on `askama_axum`
[INFO] [stderr] warning: `htmx_rust` (manifest) generated 1 warning
[INFO] running `Command { std: "docker" "inspect" "d17d37f6772d5436252c2d890edb313fccff7137389505b368c811be37b9d627", kill_on_drop: false }`
[INFO] running `Command { std: "docker" "rm" "-f" "d17d37f6772d5436252c2d890edb313fccff7137389505b368c811be37b9d627", kill_on_drop: false }`
[INFO] [stdout] d17d37f6772d5436252c2d890edb313fccff7137389505b368c811be37b9d627
