[INFO] cloning repository https://github.com/rajeebkm/simple-staking-contract-solana
[INFO] running `Command { std: "git" "-c" "credential.helper=" "-c" "credential.helper=/workspace/cargo-home/bin/git-credential-null" "clone" "--bare" "https://github.com/rajeebkm/simple-staking-contract-solana" "/workspace/cache/git-repos/https%3A%2F%2Fgithub.com%2Frajeebkm%2Fsimple-staking-contract-solana", kill_on_drop: false }`
[INFO] [stderr] Cloning into bare repository '/workspace/cache/git-repos/https%3A%2F%2Fgithub.com%2Frajeebkm%2Fsimple-staking-contract-solana'...
[INFO] running `Command { std: "git" "rev-parse" "HEAD", kill_on_drop: false }`
[INFO] [stdout] 06767a7373641dc487d5018c132396365e30ae60
[INFO] checking rajeebkm/simple-staking-contract-solana/06767a7373641dc487d5018c132396365e30ae60 against c999cef531ea9059e189e82fe0e82c5daf249bc9 for pr-152972
[INFO] running `Command { std: "git" "clone" "/workspace/cache/git-repos/https%3A%2F%2Fgithub.com%2Frajeebkm%2Fsimple-staking-contract-solana" "/workspace/builds/worker-7-tc1/source", kill_on_drop: false }`
[INFO] [stderr] Cloning into '/workspace/builds/worker-7-tc1/source'...
[INFO] [stderr] done.
[INFO] started tweaking git repo https://github.com/rajeebkm/simple-staking-contract-solana
[INFO] finished tweaking git repo https://github.com/rajeebkm/simple-staking-contract-solana
[INFO] tweaked toml for git repo https://github.com/rajeebkm/simple-staking-contract-solana written to /workspace/builds/worker-7-tc1/source/Cargo.toml
[INFO] validating manifest of git repo https://github.com/rajeebkm/simple-staking-contract-solana on toolchain c999cef531ea9059e189e82fe0e82c5daf249bc9
[INFO] running `Command { std: CARGO_HOME="/workspace/cargo-home" RUSTUP_HOME="/workspace/rustup-home" "/workspace/cargo-home/bin/cargo" "+c999cef531ea9059e189e82fe0e82c5daf249bc9" "metadata" "--manifest-path" "Cargo.toml" "--no-deps", kill_on_drop: false }`
[INFO] crate git repo https://github.com/rajeebkm/simple-staking-contract-solana already has a lockfile, it will not be regenerated
[INFO] running `Command { std: CARGO_HOME="/workspace/cargo-home" RUSTUP_HOME="/workspace/rustup-home" "/workspace/cargo-home/bin/cargo" "+c999cef531ea9059e189e82fe0e82c5daf249bc9" "fetch" "--manifest-path" "Cargo.toml", kill_on_drop: false }`
[INFO] [stderr] warning: virtual workspace defaulting to `resolver = "1"` despite one or more workspace members being on edition 2021 which implies `resolver = "2"`
[INFO] [stderr]   |
[INFO] [stderr]   = note: to keep the current resolver, specify `workspace.resolver = "1"` in the workspace root's manifest
[INFO] [stderr]   = note: to use the edition 2021 resolver, specify `workspace.resolver = "2"` in the workspace root's manifest
[INFO] [stderr]   = note: for more details see https://doc.rust-lang.org/cargo/reference/resolver.html#resolver-versions
[INFO] [stderr]  Downloading crates ...
[INFO] [stderr]   Downloaded anyhow v1.0.70
[INFO] [stderr]   Downloaded solana-sdk-macro v1.15.2
[INFO] [stderr]   Downloaded solana-frozen-abi-macro v1.15.2
[INFO] [stderr]   Downloaded constant_time_eq v0.2.5
[INFO] [stderr]   Downloaded solana-frozen-abi v1.15.2
[INFO] [stderr]   Downloaded bytemuck_derive v1.4.1
[INFO] [stderr]   Downloaded solana-program v1.15.2
[INFO] [stderr]   Downloaded spl-memo v3.0.1
[INFO] [stderr]   Downloaded ark-bn254 v0.3.0
[INFO] [stderr]   Downloaded solana-logger v1.15.2
[INFO] [stderr]   Downloaded anchor-spl v0.27.0
[INFO] [stderr]   Downloaded serde_with_macros v2.3.2
[INFO] [stderr]   Downloaded spl-associated-token-account v1.1.3
[INFO] [stderr]   Downloaded anchor-attribute-program v0.27.0
[INFO] [stderr]   Downloaded anchor-attribute-event v0.27.0
[INFO] [stderr]   Downloaded anchor-attribute-constant v0.27.0
[INFO] [stderr]   Downloaded anchor-attribute-account v0.27.0
[INFO] [stderr]   Downloaded anchor-derive-space v0.27.0
[INFO] [stderr]   Downloaded anchor-derive-accounts v0.27.0
[INFO] [stderr]   Downloaded anchor-attribute-error v0.27.0
[INFO] [stderr]   Downloaded anchor-attribute-access-control v0.27.0
[INFO] [stderr]   Downloaded anchor-lang v0.27.0
[INFO] [stderr]   Downloaded solana-sdk v1.15.2
[INFO] [stderr]   Downloaded spl-token-2022 v0.5.0
[INFO] [stderr]   Downloaded anchor-syn v0.27.0
[INFO] [stderr]   Downloaded toml_edit v0.19.8
[INFO] [stderr]   Downloaded spl-token-2022 v0.6.1
[INFO] [stderr]   Downloaded serde_with v2.3.2
[INFO] [stderr]   Downloaded winnow v0.4.1
[INFO] [stderr]   Downloaded sha3 v0.10.7
[INFO] [stderr]   Downloaded solana-zk-token-sdk v1.15.2
[INFO] running `Command { std: "docker" "create" "-v" "/var/lib/crater-agent-workspace/builds/worker-7-tc1/source:/opt/rustwide/workdir:ro,Z" "-v" "/var/lib/crater-agent-workspace/builds/worker-7-tc1/target:/opt/rustwide/target:rw,Z" "-v" "/var/lib/crater-agent-workspace/cargo-home:/opt/rustwide/cargo-home:ro,Z" "-v" "/var/lib/crater-agent-workspace/rustup-home:/opt/rustwide/rustup-home:ro,Z" "-m" "1610612736" "--network" "none" "ghcr.io/rust-lang/crates-build-env/linux@sha256:3111399a4047eeb3a02b7a90e478d715f38a8c6669b5c4b49d30a17385265909" "sleep" "infinity", kill_on_drop: false }`
[INFO] [stdout] b53c2d8dd3bbd6db84d84cf782d9cf45135ed1fceec30260a2b2f31c5bd9f952
[INFO] running `Command { std: "docker" "start" "b53c2d8dd3bbd6db84d84cf782d9cf45135ed1fceec30260a2b2f31c5bd9f952", kill_on_drop: false }`
[INFO] running `Command { std: "docker" "inspect" "b53c2d8dd3bbd6db84d84cf782d9cf45135ed1fceec30260a2b2f31c5bd9f952", kill_on_drop: false }`
[INFO] running `Command { std: "docker" "exec" "-e" "SOURCE_DIR=/opt/rustwide/workdir" "-e" "CARGO_HOME=/opt/rustwide/cargo-home" "-e" "RUSTUP_HOME=/opt/rustwide/rustup-home" "-e" "CARGO_TARGET_DIR=/opt/rustwide/target" "-w" "/opt/rustwide/workdir" "--user" "0:0" "b53c2d8dd3bbd6db84d84cf782d9cf45135ed1fceec30260a2b2f31c5bd9f952" "/opt/rustwide/cargo-home/bin/cargo" "+c999cef531ea9059e189e82fe0e82c5daf249bc9" "metadata" "--no-deps" "--format-version=1", kill_on_drop: false }`
[INFO] running `Command { std: "docker" "inspect" "b53c2d8dd3bbd6db84d84cf782d9cf45135ed1fceec30260a2b2f31c5bd9f952", kill_on_drop: false }`
[INFO] running `Command { std: "docker" "exec" "-e" "SOURCE_DIR=/opt/rustwide/workdir" "-e" "CARGO_HOME=/opt/rustwide/cargo-home" "-e" "RUSTUP_HOME=/opt/rustwide/rustup-home" "-e" "CARGO_TARGET_DIR=/opt/rustwide/target" "-e" "CARGO_INCREMENTAL=0" "-e" "RUST_BACKTRACE=full" "-e" "RUSTFLAGS=--cap-lints=forbid" "-e" "RUSTDOCFLAGS=--cap-lints=forbid" "-w" "/opt/rustwide/workdir" "--user" "0:0" "b53c2d8dd3bbd6db84d84cf782d9cf45135ed1fceec30260a2b2f31c5bd9f952" "/opt/rustwide/cargo-home/bin/cargo" "+c999cef531ea9059e189e82fe0e82c5daf249bc9" "check" "--frozen" "--all" "--all-targets" "--message-format=json", kill_on_drop: false }`
[INFO] [stderr] warning: virtual workspace defaulting to `resolver = "1"` despite one or more workspace members being on edition 2021 which implies `resolver = "2"`
[INFO] [stderr]   |
[INFO] [stderr]   = note: to keep the current resolver, specify `workspace.resolver = "1"` in the workspace root's manifest
[INFO] [stderr]   = note: to use the edition 2021 resolver, specify `workspace.resolver = "2"` in the workspace root's manifest
[INFO] [stderr]   = note: for more details see https://doc.rust-lang.org/cargo/reference/resolver.html#resolver-versions
[INFO] [stderr]    Compiling proc-macro2 v1.0.56
[INFO] [stderr]    Compiling unicode-ident v1.0.8
[INFO] [stderr]    Compiling quote v1.0.26
[INFO] [stderr]    Compiling serde_derive v1.0.160
[INFO] [stderr]    Compiling serde v1.0.160
[INFO] [stderr]    Compiling libc v0.2.142
[INFO] [stderr]    Compiling thiserror v1.0.40
[INFO] [stderr]    Compiling semver v1.0.17
[INFO] [stderr]    Compiling generic-array v0.14.7
[INFO] [stderr]    Compiling anyhow v1.0.70
[INFO] [stderr]    Compiling serde_json v1.0.96
[INFO] [stderr]    Compiling once_cell v1.17.1
[INFO] [stderr]    Compiling getrandom v0.1.16
[INFO] [stderr]     Checking cpufeatures v0.2.7
[INFO] [stderr]    Compiling crossbeam-utils v0.8.15
[INFO] [stderr]     Checking opaque-debug v0.3.0
[INFO] [stderr]    Compiling ucd-trie v0.1.5
[INFO] [stderr]    Compiling memoffset v0.8.0
[INFO] [stderr]    Compiling crossbeam-epoch v0.9.14
[INFO] [stderr]    Compiling num-bigint v0.4.3
[INFO] [stderr]    Compiling num-traits v0.2.15
[INFO] [stderr]    Compiling wasm-bindgen-shared v0.2.84
[INFO] [stderr]    Compiling paste v1.0.12
[INFO] [stderr]     Checking byteorder v1.4.3
[INFO] [stderr]    Compiling log v0.4.17
[INFO] [stderr]    Compiling bumpalo v3.12.1
[INFO] [stderr]     Checking either v1.8.1
[INFO] [stderr]    Compiling rustversion v1.0.12
[INFO] [stderr]     Checking bitmaps v2.1.0
[INFO] [stderr]    Compiling im v15.1.0
[INFO] [stderr]     Checking keccak v0.1.3
[INFO] [stderr]    Compiling indexmap v1.9.3
[INFO] [stderr]     Checking arrayvec v0.7.2
[INFO] [stderr]    Compiling wasm-bindgen v0.2.84
[INFO] [stderr]     Checking crossbeam-channel v0.5.8
[INFO] [stderr]    Compiling rustc_version v0.4.0
[INFO] [stdout] error[E0422]: cannot find struct, variant or union type `LineColumn` in crate `proc_macro`
[INFO] [stdout]    --> /opt/rustwide/cargo-home/registry/src/index.crates.io-1949cf8c6b5b557f/proc-macro2-1.0.56/src/wrapper.rs:475:33
[INFO] [stdout]     |
[INFO] [stdout] 475 |                 let proc_macro::LineColumn { line, column } = s.start();
[INFO] [stdout]     |                                 ^^^^^^^^^^ not found in `proc_macro`
[INFO] [stdout]     |
[INFO] [stdout] help: consider importing this struct through its public re-export
[INFO] [stdout]     |
[INFO] [stdout]   1 + use crate::LineColumn;
[INFO] [stdout]     |
[INFO] [stdout] help: if you import `LineColumn`, refer to it directly
[INFO] [stdout]     |
[INFO] [stdout] 475 -                 let proc_macro::LineColumn { line, column } = s.start();
[INFO] [stdout] 475 +                 let LineColumn { line, column } = s.start();
[INFO] [stdout]     |
[INFO] [stdout] 
[INFO] [stdout] 
[INFO] [stdout] error[E0422]: cannot find struct, variant or union type `LineColumn` in crate `proc_macro`
[INFO] [stdout]    --> /opt/rustwide/cargo-home/registry/src/index.crates.io-1949cf8c6b5b557f/proc-macro2-1.0.56/src/wrapper.rs:489:33
[INFO] [stdout]     |
[INFO] [stdout] 489 |                 let proc_macro::LineColumn { line, column } = s.end();
[INFO] [stdout]     |                                 ^^^^^^^^^^ not found in `proc_macro`
[INFO] [stdout]     |
[INFO] [stdout] help: consider importing this struct through its public re-export
[INFO] [stdout]     |
[INFO] [stdout]   1 + use crate::LineColumn;
[INFO] [stdout]     |
[INFO] [stdout] help: if you import `LineColumn`, refer to it directly
[INFO] [stdout]     |
[INFO] [stdout] 489 -                 let proc_macro::LineColumn { line, column } = s.end();
[INFO] [stdout] 489 +                 let LineColumn { line, column } = s.end();
[INFO] [stdout]     |
[INFO] [stdout] 
[INFO] [stdout] 
[INFO] [stderr]     Checking constant_time_eq v0.2.5
[INFO] [stderr]     Checking itoa v1.0.6
[INFO] [stdout] error[E0635]: unknown feature `proc_macro_span_shrink`
[INFO] [stdout]   --> /opt/rustwide/cargo-home/registry/src/index.crates.io-1949cf8c6b5b557f/proc-macro2-1.0.56/src/lib.rs:92:30
[INFO] [stdout]    |
[INFO] [stdout] 92 |     feature(proc_macro_span, proc_macro_span_shrink)
[INFO] [stdout]    |                              ^^^^^^^^^^^^^^^^^^^^^^
[INFO] [stdout]    |
[INFO] [stdout] help: there is a feature with a similar name: `proc_macro_span_file`
[INFO] [stdout]    |
[INFO] [stdout] 92 -     feature(proc_macro_span, proc_macro_span_shrink)
[INFO] [stdout] 92 +     feature(proc_macro_span, proc_macro_span_file)
[INFO] [stdout]    |
[INFO] [stdout] 
[INFO] [stdout] 
[INFO] [stderr]     Checking ryu v1.0.13
[INFO] [stderr]    Compiling block-padding v0.2.1
[INFO] [stderr]     Checking unicode-normalization v0.1.22
[INFO] [stderr]    Compiling toml_datetime v0.6.1
[INFO] [stderr]     Checking crossbeam-deque v0.8.3
[INFO] [stderr]    Compiling winnow v0.4.1
[INFO] [stdout] Some errors have detailed explanations: E0422, E0635.
[INFO] [stdout] 
[INFO] [stdout] For more information about an error, try `rustc --explain E0422`.
[INFO] [stdout] 
[INFO] [stderr] error: could not compile `proc-macro2` (lib) due to 3 previous errors
[INFO] [stderr] warning: build failed, waiting for other jobs to finish...
[INFO] running `Command { std: "docker" "inspect" "b53c2d8dd3bbd6db84d84cf782d9cf45135ed1fceec30260a2b2f31c5bd9f952", kill_on_drop: false }`
[INFO] running `Command { std: "docker" "rm" "-f" "b53c2d8dd3bbd6db84d84cf782d9cf45135ed1fceec30260a2b2f31c5bd9f952", kill_on_drop: false }`
[INFO] [stdout] b53c2d8dd3bbd6db84d84cf782d9cf45135ed1fceec30260a2b2f31c5bd9f952
