[INFO] cloning repository https://github.com/pilifalchi/principios-de-rust
[INFO] running `Command { std: "git" "-c" "credential.helper=" "-c" "credential.helper=/workspace/cargo-home/bin/git-credential-null" "clone" "--bare" "https://github.com/pilifalchi/principios-de-rust" "/workspace/cache/git-repos/https%3A%2F%2Fgithub.com%2Fpilifalchi%2Fprincipios-de-rust", kill_on_drop: false }`
[INFO] [stderr] Cloning into bare repository '/workspace/cache/git-repos/https%3A%2F%2Fgithub.com%2Fpilifalchi%2Fprincipios-de-rust'...
[INFO] running `Command { std: "git" "rev-parse" "HEAD", kill_on_drop: false }`
[INFO] [stdout] 1217783229acbdbe85ba00abee1f35671e8458cb
[INFO] checking pilifalchi/principios-de-rust against e4d5758286bf2cf6f415802f2cf861747a7c6c8c for pr-152972
[INFO] running `Command { std: "git" "clone" "/workspace/cache/git-repos/https%3A%2F%2Fgithub.com%2Fpilifalchi%2Fprincipios-de-rust" "/workspace/builds/worker-2-tc2/source", kill_on_drop: false }`
[INFO] [stderr] Cloning into '/workspace/builds/worker-2-tc2/source'...
[INFO] [stderr] done.
[INFO] started tweaking git repo https://github.com/pilifalchi/principios-de-rust
[INFO] finished tweaking git repo https://github.com/pilifalchi/principios-de-rust
[INFO] tweaked toml for git repo https://github.com/pilifalchi/principios-de-rust written to /workspace/builds/worker-2-tc2/source/Cargo.toml
[INFO] validating manifest of git repo https://github.com/pilifalchi/principios-de-rust on toolchain e4d5758286bf2cf6f415802f2cf861747a7c6c8c
[INFO] running `Command { std: CARGO_HOME="/workspace/cargo-home" RUSTUP_HOME="/workspace/rustup-home" "/workspace/cargo-home/bin/cargo" "+e4d5758286bf2cf6f415802f2cf861747a7c6c8c" "metadata" "--manifest-path" "Cargo.toml" "--no-deps", kill_on_drop: false }`
[INFO] crate git repo https://github.com/pilifalchi/principios-de-rust already has a lockfile, it will not be regenerated
[INFO] running `Command { std: CARGO_HOME="/workspace/cargo-home" RUSTUP_HOME="/workspace/rustup-home" "/workspace/cargo-home/bin/cargo" "+e4d5758286bf2cf6f415802f2cf861747a7c6c8c" "fetch" "--manifest-path" "Cargo.toml", kill_on_drop: false }`
[INFO] [stderr]     Blocking waiting for file lock on package cache
[INFO] [stderr]     Blocking waiting for file lock on package cache
[ERROR] error running command: no output for 300 seconds
[INFO] checking pilifalchi/principios-de-rust against e4d5758286bf2cf6f415802f2cf861747a7c6c8c for pr-152972
[INFO] running `Command { std: "git" "clone" "/workspace/cache/git-repos/https%3A%2F%2Fgithub.com%2Fpilifalchi%2Fprincipios-de-rust" "/workspace/builds/worker-2-tc2/source", kill_on_drop: false }`
[INFO] [stderr] Cloning into '/workspace/builds/worker-2-tc2/source'...
[INFO] [stderr] done.
[INFO] started tweaking git repo https://github.com/pilifalchi/principios-de-rust
[INFO] finished tweaking git repo https://github.com/pilifalchi/principios-de-rust
[INFO] tweaked toml for git repo https://github.com/pilifalchi/principios-de-rust written to /workspace/builds/worker-2-tc2/source/Cargo.toml
[INFO] validating manifest of git repo https://github.com/pilifalchi/principios-de-rust on toolchain e4d5758286bf2cf6f415802f2cf861747a7c6c8c
[INFO] running `Command { std: CARGO_HOME="/workspace/cargo-home" RUSTUP_HOME="/workspace/rustup-home" "/workspace/cargo-home/bin/cargo" "+e4d5758286bf2cf6f415802f2cf861747a7c6c8c" "metadata" "--manifest-path" "Cargo.toml" "--no-deps", kill_on_drop: false }`
[INFO] crate git repo https://github.com/pilifalchi/principios-de-rust already has a lockfile, it will not be regenerated
[INFO] running `Command { std: CARGO_HOME="/workspace/cargo-home" RUSTUP_HOME="/workspace/rustup-home" "/workspace/cargo-home/bin/cargo" "+e4d5758286bf2cf6f415802f2cf861747a7c6c8c" "fetch" "--manifest-path" "Cargo.toml", kill_on_drop: false }`
[INFO] [stderr]     Blocking waiting for file lock on package cache
[INFO] [stderr]     Blocking waiting for file lock on package cache
[INFO] running `Command { std: "docker" "create" "-v" "/var/lib/crater-agent-workspace/builds/worker-2-tc2/source:/opt/rustwide/workdir:ro,Z" "-v" "/var/lib/crater-agent-workspace/builds/worker-2-tc2/target:/opt/rustwide/target:rw,Z" "-v" "/var/lib/crater-agent-workspace/cargo-home:/opt/rustwide/cargo-home:ro,Z" "-v" "/var/lib/crater-agent-workspace/rustup-home:/opt/rustwide/rustup-home:ro,Z" "-m" "1610612736" "--network" "none" "ghcr.io/rust-lang/crates-build-env/linux@sha256:3111399a4047eeb3a02b7a90e478d715f38a8c6669b5c4b49d30a17385265909" "sleep" "infinity", kill_on_drop: false }`
[INFO] [stdout] 5dbbbbb55f573b0d8a7c74441ff355372cd065d3e606bd8c6774e5b83ccf6ca2
[INFO] running `Command { std: "docker" "start" "5dbbbbb55f573b0d8a7c74441ff355372cd065d3e606bd8c6774e5b83ccf6ca2", kill_on_drop: false }`
[INFO] running `Command { std: "docker" "inspect" "5dbbbbb55f573b0d8a7c74441ff355372cd065d3e606bd8c6774e5b83ccf6ca2", kill_on_drop: false }`
[INFO] running `Command { std: "docker" "exec" "-e" "SOURCE_DIR=/opt/rustwide/workdir" "-e" "CARGO_HOME=/opt/rustwide/cargo-home" "-e" "RUSTUP_HOME=/opt/rustwide/rustup-home" "-e" "CARGO_TARGET_DIR=/opt/rustwide/target" "-w" "/opt/rustwide/workdir" "--user" "0:0" "5dbbbbb55f573b0d8a7c74441ff355372cd065d3e606bd8c6774e5b83ccf6ca2" "/opt/rustwide/cargo-home/bin/cargo" "+e4d5758286bf2cf6f415802f2cf861747a7c6c8c" "metadata" "--no-deps" "--format-version=1", kill_on_drop: false }`
[INFO] running `Command { std: "docker" "inspect" "5dbbbbb55f573b0d8a7c74441ff355372cd065d3e606bd8c6774e5b83ccf6ca2", kill_on_drop: false }`
[INFO] running `Command { std: "docker" "exec" "-e" "SOURCE_DIR=/opt/rustwide/workdir" "-e" "CARGO_HOME=/opt/rustwide/cargo-home" "-e" "RUSTUP_HOME=/opt/rustwide/rustup-home" "-e" "CARGO_TARGET_DIR=/opt/rustwide/target" "-e" "CARGO_INCREMENTAL=0" "-e" "RUST_BACKTRACE=full" "-e" "RUSTFLAGS=--cap-lints=forbid" "-e" "RUSTDOCFLAGS=--cap-lints=forbid" "-w" "/opt/rustwide/workdir" "--user" "0:0" "5dbbbbb55f573b0d8a7c74441ff355372cd065d3e606bd8c6774e5b83ccf6ca2" "/opt/rustwide/cargo-home/bin/cargo" "+e4d5758286bf2cf6f415802f2cf861747a7c6c8c" "check" "--frozen" "--all" "--all-targets" "--message-format=json", kill_on_drop: false }`
[INFO] [stderr]     Checking regex-syntax v0.6.28
[INFO] [stderr]     Checking aho-corasick v0.7.20
[INFO] [stderr]     Checking regex v1.7.1
[INFO] [stderr]     Checking clase-1-platzi v0.1.0 (/opt/rustwide/workdir)
[INFO] [stdout] error: macro expansion ignores `{` and any tokens following
[INFO] [stdout]   --> /rustc/e4d5758286bf2cf6f415802f2cf861747a7c6c8c/library/std/src/macros.rs:147:22
[INFO] [stdout]    |
[INFO] [stdout]   ::: src/main.rs:50:1
[INFO] [stdout]    |
[INFO] [stdout] 50 | println!("{:?} izq: {}, der: {}", caps, left_value, right_value);
[INFO] [stdout]    | ---------------------------------------------------------------- caused by the macro expansion here
[INFO] [stdout]    |
[INFO] [stdout]    = note: the usage of `println!` is likely invalid in item context
[INFO] [stdout] 
[INFO] [stdout] 
[INFO] [stdout] error: macro expansion ignores `{` and any tokens following
[INFO] [stdout]   --> /rustc/e4d5758286bf2cf6f415802f2cf861747a7c6c8c/library/std/src/macros.rs:147:22
[INFO] [stdout]    |
[INFO] [stdout]   ::: src/main.rs:50:1
[INFO] [stdout]    |
[INFO] [stdout] 50 | println!("{:?} izq: {}, der: {}", caps, left_value, right_value);
[INFO] [stdout]    | ---------------------------------------------------------------- caused by the macro expansion here
[INFO] [stdout]    |
[INFO] [stdout]    = note: the usage of `println!` is likely invalid in item context
[INFO] [stdout] 
[INFO] [stdout] 
[INFO] [stdout] error: macro expansion ignores `{` and any tokens following
[INFO] [stdout]   --> /rustc/e4d5758286bf2cf6f415802f2cf861747a7c6c8c/library/std/src/macros.rs:147:22
[INFO] [stdout]    |
[INFO] [stdout]   ::: src/main.rs:52:1
[INFO] [stdout]    |
[INFO] [stdout] 52 | println!("Resultado {}".expression);
[INFO] [stdout]    | ----------------------------------- caused by the macro expansion here
[INFO] [stdout]    |
[INFO] [stdout]    = note: the usage of `println!` is likely invalid in item context
[INFO] [stdout] 
[INFO] [stdout] 
[INFO] [stdout] error: macro expansion ignores `{` and any tokens following
[INFO] [stdout]   --> /rustc/e4d5758286bf2cf6f415802f2cf861747a7c6c8c/library/std/src/macros.rs:147:22
[INFO] [stdout]    |
[INFO] [stdout]   ::: src/main.rs:52:1
[INFO] [stdout]    |
[INFO] [stdout] 52 | println!("Resultado {}".expression);
[INFO] [stdout]    | ----------------------------------- caused by the macro expansion here
[INFO] [stdout]    |
[INFO] [stdout]    = note: the usage of `println!` is likely invalid in item context
[INFO] [stdout] 
[INFO] [stdout] 
[INFO] [stdout] error[E0425]: cannot find value `addition` in this scope
[INFO] [stdout]   --> src/main.rs:28:58
[INFO] [stdout]    |
[INFO] [stdout] 28 |         expression = expression.replace(cap_expression, &addition.to_string());
[INFO] [stdout]    |                                                          ^^^^^^^^ not found in this scope
[INFO] [stdout] 
[INFO] [stdout] 
[INFO] [stdout] error[E0425]: cannot find value `addition` in this scope
[INFO] [stdout]   --> src/main.rs:28:58
[INFO] [stdout]    |
[INFO] [stdout] 28 |         expression = expression.replace(cap_expression, &addition.to_string());
[INFO] [stdout]    |                                                          ^^^^^^^^ not found in this scope
[INFO] [stdout] 
[INFO] [stdout] 
[INFO] [stdout] error[E0599]: no method named `as_string` found for struct `String` in the current scope
[INFO] [stdout]   --> src/main.rs:14:48
[INFO] [stdout]    |
[INFO] [stdout] 14 |         let caps = re_mult.captures(expression.as_string());
[INFO] [stdout]    |                                                ^^^^^^^^^
[INFO] [stdout]    |
[INFO] [stdout] help: there is a method `as_str` with a similar name
[INFO] [stdout]    |
[INFO] [stdout] 14 -         let caps = re_mult.captures(expression.as_string());
[INFO] [stdout] 14 +         let caps = re_mult.captures(expression.as_str());
[INFO] [stdout]    |
[INFO] [stdout] 
[INFO] [stdout] 
[INFO] [stdout] error[E0599]: no method named `as_string` found for struct `String` in the current scope
[INFO] [stdout]   --> src/main.rs:14:48
[INFO] [stdout]    |
[INFO] [stdout] 14 |         let caps = re_mult.captures(expression.as_string());
[INFO] [stdout]    |                                                ^^^^^^^^^
[INFO] [stdout]    |
[INFO] [stdout] help: there is a method `as_str` with a similar name
[INFO] [stdout]    |
[INFO] [stdout] 14 -         let caps = re_mult.captures(expression.as_string());
[INFO] [stdout] 14 +         let caps = re_mult.captures(expression.as_str());
[INFO] [stdout]    |
[INFO] [stdout] 
[INFO] [stdout] 
[INFO] [stdout] error[E0599]: no method named `as_string` found for struct `String` in the current scope
[INFO] [stdout]   --> src/main.rs:32:47
[INFO] [stdout]    |
[INFO] [stdout] 32 |         let caps = re_add.captures(expression.as_string());
[INFO] [stdout]    |                                               ^^^^^^^^^
[INFO] [stdout]    |
[INFO] [stdout] help: there is a method `as_str` with a similar name
[INFO] [stdout]    |
[INFO] [stdout] 32 -         let caps = re_add.captures(expression.as_string());
[INFO] [stdout] 32 +         let caps = re_add.captures(expression.as_str());
[INFO] [stdout]    |
[INFO] [stdout] 
[INFO] [stdout] 
[INFO] [stdout] error[E0599]: no method named `as_string` found for struct `String` in the current scope
[INFO] [stdout]   --> src/main.rs:32:47
[INFO] [stdout]    |
[INFO] [stdout] 32 |         let caps = re_add.captures(expression.as_string());
[INFO] [stdout]    |                                               ^^^^^^^^^
[INFO] [stdout]    |
[INFO] [stdout] help: there is a method `as_str` with a similar name
[INFO] [stdout]    |
[INFO] [stdout] 32 -         let caps = re_add.captures(expression.as_string());
[INFO] [stdout] 32 +         let caps = re_add.captures(expression.as_str());
[INFO] [stdout]    |
[INFO] [stdout] 
[INFO] [stdout] 
[INFO] [stdout] Some errors have detailed explanations: E0425, E0599.
[INFO] [stdout] 
[INFO] [stdout] For more information about an error, try `rustc --explain E0425`.
[INFO] [stdout] 
[INFO] [stdout] Some errors have detailed explanations: E0425, E0599.
[INFO] [stdout] 
[INFO] [stdout] For more information about an error, try `rustc --explain E0425`.
[INFO] [stdout] 
[INFO] [stderr] error: could not compile `clase-1-platzi` (bin "clase-1-platzi") due to 5 previous errors
[INFO] [stderr] warning: build failed, waiting for other jobs to finish...
[INFO] [stderr] error: could not compile `clase-1-platzi` (bin "clase-1-platzi" test) due to 5 previous errors
[INFO] running `Command { std: "docker" "inspect" "5dbbbbb55f573b0d8a7c74441ff355372cd065d3e606bd8c6774e5b83ccf6ca2", kill_on_drop: false }`
[INFO] running `Command { std: "docker" "rm" "-f" "5dbbbbb55f573b0d8a7c74441ff355372cd065d3e606bd8c6774e5b83ccf6ca2", kill_on_drop: false }`
[INFO] [stdout] 5dbbbbb55f573b0d8a7c74441ff355372cd065d3e606bd8c6774e5b83ccf6ca2
