[INFO] cloning repository https://github.com/notjackw/llhava-case
[INFO] running `Command { std: "git" "-c" "credential.helper=" "-c" "credential.helper=/workspace/cargo-home/bin/git-credential-null" "clone" "--bare" "https://github.com/notjackw/llhava-case" "/workspace/cache/git-repos/https%3A%2F%2Fgithub.com%2Fnotjackw%2Fllhava-case", kill_on_drop: false }`
[INFO] [stderr] Cloning into bare repository '/workspace/cache/git-repos/https%3A%2F%2Fgithub.com%2Fnotjackw%2Fllhava-case'...
[INFO] running `Command { std: "git" "rev-parse" "HEAD", kill_on_drop: false }`
[INFO] [stdout] 2be09a39fa3c87914bde71c1ec798fb9e5cbc94f
[INFO] checking notjackw/llhava-case against e4d5758286bf2cf6f415802f2cf861747a7c6c8c for pr-152972
[INFO] running `Command { std: "git" "clone" "/workspace/cache/git-repos/https%3A%2F%2Fgithub.com%2Fnotjackw%2Fllhava-case" "/workspace/builds/worker-6-tc2/source", kill_on_drop: false }`
[INFO] [stderr] Cloning into '/workspace/builds/worker-6-tc2/source'...
[INFO] [stderr] done.
[INFO] started tweaking git repo https://github.com/notjackw/llhava-case
[INFO] finished tweaking git repo https://github.com/notjackw/llhava-case
[INFO] tweaked toml for git repo https://github.com/notjackw/llhava-case written to /workspace/builds/worker-6-tc2/source/Cargo.toml
[INFO] validating manifest of git repo https://github.com/notjackw/llhava-case on toolchain e4d5758286bf2cf6f415802f2cf861747a7c6c8c
[INFO] running `Command { std: CARGO_HOME="/workspace/cargo-home" RUSTUP_HOME="/workspace/rustup-home" "/workspace/cargo-home/bin/cargo" "+e4d5758286bf2cf6f415802f2cf861747a7c6c8c" "metadata" "--manifest-path" "Cargo.toml" "--no-deps", kill_on_drop: false }`
[INFO] crate git repo https://github.com/notjackw/llhava-case already has a lockfile, it will not be regenerated
[INFO] running `Command { std: CARGO_HOME="/workspace/cargo-home" RUSTUP_HOME="/workspace/rustup-home" "/workspace/cargo-home/bin/cargo" "+e4d5758286bf2cf6f415802f2cf861747a7c6c8c" "fetch" "--manifest-path" "Cargo.toml", kill_on_drop: false }`
[INFO] [stderr]     Blocking waiting for file lock on package cache
[INFO] [stderr]     Blocking waiting for file lock on package cache
[ERROR] error running command: no output for 300 seconds
[INFO] checking notjackw/llhava-case against e4d5758286bf2cf6f415802f2cf861747a7c6c8c for pr-152972
[INFO] running `Command { std: "git" "clone" "/workspace/cache/git-repos/https%3A%2F%2Fgithub.com%2Fnotjackw%2Fllhava-case" "/workspace/builds/worker-6-tc2/source", kill_on_drop: false }`
[INFO] [stderr] Cloning into '/workspace/builds/worker-6-tc2/source'...
[INFO] [stderr] done.
[INFO] started tweaking git repo https://github.com/notjackw/llhava-case
[INFO] finished tweaking git repo https://github.com/notjackw/llhava-case
[INFO] tweaked toml for git repo https://github.com/notjackw/llhava-case written to /workspace/builds/worker-6-tc2/source/Cargo.toml
[INFO] validating manifest of git repo https://github.com/notjackw/llhava-case on toolchain e4d5758286bf2cf6f415802f2cf861747a7c6c8c
[INFO] running `Command { std: CARGO_HOME="/workspace/cargo-home" RUSTUP_HOME="/workspace/rustup-home" "/workspace/cargo-home/bin/cargo" "+e4d5758286bf2cf6f415802f2cf861747a7c6c8c" "metadata" "--manifest-path" "Cargo.toml" "--no-deps", kill_on_drop: false }`
[INFO] crate git repo https://github.com/notjackw/llhava-case already has a lockfile, it will not be regenerated
[INFO] running `Command { std: CARGO_HOME="/workspace/cargo-home" RUSTUP_HOME="/workspace/rustup-home" "/workspace/cargo-home/bin/cargo" "+e4d5758286bf2cf6f415802f2cf861747a7c6c8c" "fetch" "--manifest-path" "Cargo.toml", kill_on_drop: false }`
[INFO] [stderr]     Blocking waiting for file lock on package cache
[INFO] [stderr]     Blocking waiting for file lock on package cache
[INFO] running `Command { std: "docker" "create" "-v" "/var/lib/crater-agent-workspace/builds/worker-6-tc2/source:/opt/rustwide/workdir:ro,Z" "-v" "/var/lib/crater-agent-workspace/builds/worker-6-tc2/target:/opt/rustwide/target:rw,Z" "-v" "/var/lib/crater-agent-workspace/cargo-home:/opt/rustwide/cargo-home:ro,Z" "-v" "/var/lib/crater-agent-workspace/rustup-home:/opt/rustwide/rustup-home:ro,Z" "-m" "1610612736" "--network" "none" "ghcr.io/rust-lang/crates-build-env/linux@sha256:3111399a4047eeb3a02b7a90e478d715f38a8c6669b5c4b49d30a17385265909" "sleep" "infinity", kill_on_drop: false }`
[INFO] [stdout] c0ae1423a7e5ee5501d1d6f69b525c7edeac2db5144f129a993c053984432d07
[INFO] running `Command { std: "docker" "start" "c0ae1423a7e5ee5501d1d6f69b525c7edeac2db5144f129a993c053984432d07", kill_on_drop: false }`
[INFO] running `Command { std: "docker" "inspect" "c0ae1423a7e5ee5501d1d6f69b525c7edeac2db5144f129a993c053984432d07", kill_on_drop: false }`
[INFO] running `Command { std: "docker" "exec" "-e" "SOURCE_DIR=/opt/rustwide/workdir" "-e" "CARGO_HOME=/opt/rustwide/cargo-home" "-e" "RUSTUP_HOME=/opt/rustwide/rustup-home" "-e" "CARGO_TARGET_DIR=/opt/rustwide/target" "-w" "/opt/rustwide/workdir" "--user" "0:0" "c0ae1423a7e5ee5501d1d6f69b525c7edeac2db5144f129a993c053984432d07" "/opt/rustwide/cargo-home/bin/cargo" "+e4d5758286bf2cf6f415802f2cf861747a7c6c8c" "metadata" "--no-deps" "--format-version=1", kill_on_drop: false }`
[INFO] running `Command { std: "docker" "inspect" "c0ae1423a7e5ee5501d1d6f69b525c7edeac2db5144f129a993c053984432d07", kill_on_drop: false }`
[INFO] running `Command { std: "docker" "exec" "-e" "SOURCE_DIR=/opt/rustwide/workdir" "-e" "CARGO_HOME=/opt/rustwide/cargo-home" "-e" "RUSTUP_HOME=/opt/rustwide/rustup-home" "-e" "CARGO_TARGET_DIR=/opt/rustwide/target" "-e" "CARGO_INCREMENTAL=0" "-e" "RUST_BACKTRACE=full" "-e" "RUSTFLAGS=--cap-lints=forbid" "-e" "RUSTDOCFLAGS=--cap-lints=forbid" "-w" "/opt/rustwide/workdir" "--user" "0:0" "c0ae1423a7e5ee5501d1d6f69b525c7edeac2db5144f129a993c053984432d07" "/opt/rustwide/cargo-home/bin/cargo" "+e4d5758286bf2cf6f415802f2cf861747a7c6c8c" "check" "--frozen" "--all" "--all-targets" "--message-format=json", kill_on_drop: false }`
[INFO] [stderr]    Compiling cc v1.2.64
[INFO] [stderr]    Compiling syn v2.0.117
[INFO] [stderr]     Checking parking_lot_core v0.9.12
[INFO] [stderr]     Checking mio v1.2.1
[INFO] [stderr]    Compiling zerocopy v0.8.52
[INFO] [stderr]    Compiling num-traits v0.2.19
[INFO] [stderr]     Checking bitflags v2.13.0
[INFO] [stderr]    Compiling rust_decimal v1.42.1
[INFO] [stderr]     Checking sha1 v0.10.6
[INFO] [stderr]     Checking http v1.4.2
[INFO] [stderr]     Checking parking_lot v0.12.5
[INFO] [stderr]     Checking memchr v2.8.2
[INFO] [stderr]     Checking regex-automata v0.4.14
[INFO] [stderr]     Checking serde_json v1.0.150
[INFO] [stderr]    Compiling openssl-sys v0.9.117
[INFO] [stderr]    Compiling openssl v0.10.81
[INFO] [stderr]    Compiling native-tls v0.2.18
[INFO] [stderr]     Checking matchers v0.2.0
[INFO] [stderr]    Compiling tokio-macros v2.7.0
[INFO] [stderr]    Compiling openssl-macros v0.1.1
[INFO] [stderr]    Compiling serde_derive v1.0.228
[INFO] [stderr]    Compiling thiserror-impl v1.0.69
[INFO] [stderr]    Compiling async-trait v0.1.89
[INFO] [stderr]    Compiling futures-macro v0.3.32
[INFO] [stderr]    Compiling tracing-attributes v0.1.31
[INFO] [stderr]     Checking tokio v1.52.3
[INFO] [stderr]     Checking futures-util v0.3.32
[INFO] [stderr]     Checking ppv-lite86 v0.2.21
[INFO] [stderr]     Checking thiserror v1.0.69
[INFO] [stderr]     Checking tracing v0.1.44
[INFO] [stderr]     Checking tracing-subscriber v0.3.23
[INFO] [stderr]     Checking rand_chacha v0.3.1
[INFO] [stderr]     Checking rand v0.8.6
[INFO] [stderr]     Checking serde v1.0.228
[INFO] [stderr]     Checking chrono v0.4.45
[INFO] [stderr]     Checking tungstenite v0.24.0
[INFO] [stderr]     Checking tokio-native-tls v0.3.1
[INFO] [stderr]     Checking transaction_source_if v0.1.0 (/opt/rustwide/workdir/transaction_source_if)
[INFO] [stderr]     Checking tokio-util v0.7.17
[INFO] [stderr]     Checking tokio-tungstenite v0.24.0
[INFO] [stderr]     Checking tokio-stream v0.1.18
[INFO] [stderr]     Checking uniswap_source v0.1.0 (/opt/rustwide/workdir/uniswap_source)
[INFO] [stderr]     Checking kraken_source v0.1.0 (/opt/rustwide/workdir/kraken_source)
[INFO] [stderr]     Checking unified_stream v0.1.0 (/opt/rustwide/workdir/unified_stream)
[INFO] [stderr]     Checking trading_app_ftest v0.1.0 (/opt/rustwide/workdir/trading_app_ftest)
[INFO] [stdout] error[E0425]: cannot find value `default` in this scope
[INFO] [stdout]   --> trading_app_ftest/src/main.rs:44:28
[INFO] [stdout]    |
[INFO] [stdout] 44 |     a.entry("a").or_insert(default)
[INFO] [stdout]    |                            ^^^^^^^ not found in this scope
[INFO] [stdout] 
[INFO] [stdout] 
[INFO] [stdout] error[E0425]: cannot find value `default` in this scope
[INFO] [stdout]   --> trading_app_ftest/src/main.rs:44:28
[INFO] [stdout]    |
[INFO] [stdout] 44 |     a.entry("a").or_insert(default)
[INFO] [stdout]    |                            ^^^^^^^ not found in this scope
[INFO] [stdout] 
[INFO] [stdout] 
[INFO] [stdout] For more information about this error, try `rustc --explain E0425`.
[INFO] [stdout] 
[INFO] [stdout] For more information about this error, try `rustc --explain E0425`.
[INFO] [stdout] 
[INFO] [stderr] error: could not compile `trading_app_ftest` (bin "trading_app_ftest") due to 1 previous error
[INFO] [stderr] warning: build failed, waiting for other jobs to finish...
[INFO] [stderr] error: could not compile `trading_app_ftest` (bin "trading_app_ftest" test) due to 1 previous error
[INFO] [stderr] warning: unused dependency `tracing-subscriber`
[INFO] [stderr]   --> unified_stream/Cargo.toml:15:1
[INFO] [stderr]    |
[INFO] [stderr] 15 | tracing-subscriber    = { workspace = true }
[INFO] [stderr]    | ^^^^^^^^^^^^^^^^^^^^^^^^^^^^^^^^^^^^^^^^^^^^
[INFO] [stderr]    |
[INFO] [stderr]    = note: `cargo::unused_dependencies` is set to `warn` by default
[INFO] [stderr] help: consider removing the dependency on `tracing-subscriber`
[INFO] [stderr] warning: `unified_stream` (manifest) generated 1 warning
[INFO] running `Command { std: "docker" "inspect" "c0ae1423a7e5ee5501d1d6f69b525c7edeac2db5144f129a993c053984432d07", kill_on_drop: false }`
[INFO] running `Command { std: "docker" "rm" "-f" "c0ae1423a7e5ee5501d1d6f69b525c7edeac2db5144f129a993c053984432d07", kill_on_drop: false }`
[INFO] [stdout] c0ae1423a7e5ee5501d1d6f69b525c7edeac2db5144f129a993c053984432d07
