[INFO] cloning repository https://github.com/namqhorah/naphcore
[INFO] running `Command { std: "git" "-c" "credential.helper=" "-c" "credential.helper=/workspace/cargo-home/bin/git-credential-null" "clone" "--bare" "https://github.com/namqhorah/naphcore" "/workspace/cache/git-repos/https%3A%2F%2Fgithub.com%2Fnamqhorah%2Fnaphcore", kill_on_drop: false }`
[INFO] [stderr] Cloning into bare repository '/workspace/cache/git-repos/https%3A%2F%2Fgithub.com%2Fnamqhorah%2Fnaphcore'...
[INFO] running `Command { std: "git" "rev-parse" "HEAD", kill_on_drop: false }`
[INFO] [stdout] ef2bc62c8b0456ef45d94c0243e8b360756dd408
[INFO] checking namqhorah/naphcore against e4d5758286bf2cf6f415802f2cf861747a7c6c8c for pr-152972
[INFO] running `Command { std: "git" "clone" "/workspace/cache/git-repos/https%3A%2F%2Fgithub.com%2Fnamqhorah%2Fnaphcore" "/workspace/builds/worker-0-tc2/source", kill_on_drop: false }`
[INFO] [stderr] Cloning into '/workspace/builds/worker-0-tc2/source'...
[INFO] [stderr] done.
[INFO] started tweaking git repo https://github.com/namqhorah/naphcore
[INFO] finished tweaking git repo https://github.com/namqhorah/naphcore
[INFO] tweaked toml for git repo https://github.com/namqhorah/naphcore written to /workspace/builds/worker-0-tc2/source/Cargo.toml
[INFO] validating manifest of git repo https://github.com/namqhorah/naphcore on toolchain e4d5758286bf2cf6f415802f2cf861747a7c6c8c
[INFO] running `Command { std: CARGO_HOME="/workspace/cargo-home" RUSTUP_HOME="/workspace/rustup-home" "/workspace/cargo-home/bin/cargo" "+e4d5758286bf2cf6f415802f2cf861747a7c6c8c" "metadata" "--manifest-path" "Cargo.toml" "--no-deps", kill_on_drop: false }`
[INFO] crate git repo https://github.com/namqhorah/naphcore already has a lockfile, it will not be regenerated
[INFO] running `Command { std: CARGO_HOME="/workspace/cargo-home" RUSTUP_HOME="/workspace/rustup-home" "/workspace/cargo-home/bin/cargo" "+e4d5758286bf2cf6f415802f2cf861747a7c6c8c" "fetch" "--manifest-path" "Cargo.toml", kill_on_drop: false }`
[INFO] [stderr]     Blocking waiting for file lock on package cache
[INFO] [stderr]     Blocking waiting for file lock on package cache
[INFO] [stderr]  Downloading crates ...
[INFO] [stderr]   Downloaded is-terminal v0.4.16
[INFO] [stderr]   Downloaded clap_builder v4.5.49
[INFO] [stderr]   Downloaded clap v4.5.49
[INFO] running `Command { std: "docker" "create" "-v" "/var/lib/crater-agent-workspace/builds/worker-0-tc2/source:/opt/rustwide/workdir:ro,Z" "-v" "/var/lib/crater-agent-workspace/builds/worker-0-tc2/target:/opt/rustwide/target:rw,Z" "-v" "/var/lib/crater-agent-workspace/cargo-home:/opt/rustwide/cargo-home:ro,Z" "-v" "/var/lib/crater-agent-workspace/rustup-home:/opt/rustwide/rustup-home:ro,Z" "-m" "1610612736" "--network" "none" "ghcr.io/rust-lang/crates-build-env/linux@sha256:3111399a4047eeb3a02b7a90e478d715f38a8c6669b5c4b49d30a17385265909" "sleep" "infinity", kill_on_drop: false }`
[INFO] [stdout] 8a35d69dafca3e4d879fd9439920a78851b446e08e6cfffa46e71e8f54b033d2
[INFO] running `Command { std: "docker" "start" "8a35d69dafca3e4d879fd9439920a78851b446e08e6cfffa46e71e8f54b033d2", kill_on_drop: false }`
[INFO] running `Command { std: "docker" "inspect" "8a35d69dafca3e4d879fd9439920a78851b446e08e6cfffa46e71e8f54b033d2", kill_on_drop: false }`
[INFO] running `Command { std: "docker" "exec" "-e" "SOURCE_DIR=/opt/rustwide/workdir" "-e" "CARGO_HOME=/opt/rustwide/cargo-home" "-e" "RUSTUP_HOME=/opt/rustwide/rustup-home" "-e" "CARGO_TARGET_DIR=/opt/rustwide/target" "-w" "/opt/rustwide/workdir" "--user" "0:0" "8a35d69dafca3e4d879fd9439920a78851b446e08e6cfffa46e71e8f54b033d2" "/opt/rustwide/cargo-home/bin/cargo" "+e4d5758286bf2cf6f415802f2cf861747a7c6c8c" "metadata" "--no-deps" "--format-version=1", kill_on_drop: false }`
[INFO] running `Command { std: "docker" "inspect" "8a35d69dafca3e4d879fd9439920a78851b446e08e6cfffa46e71e8f54b033d2", kill_on_drop: false }`
[INFO] running `Command { std: "docker" "exec" "-e" "SOURCE_DIR=/opt/rustwide/workdir" "-e" "CARGO_HOME=/opt/rustwide/cargo-home" "-e" "RUSTUP_HOME=/opt/rustwide/rustup-home" "-e" "CARGO_TARGET_DIR=/opt/rustwide/target" "-e" "CARGO_INCREMENTAL=0" "-e" "RUST_BACKTRACE=full" "-e" "RUSTFLAGS=--cap-lints=forbid" "-e" "RUSTDOCFLAGS=--cap-lints=forbid" "-w" "/opt/rustwide/workdir" "--user" "0:0" "8a35d69dafca3e4d879fd9439920a78851b446e08e6cfffa46e71e8f54b033d2" "/opt/rustwide/cargo-home/bin/cargo" "+e4d5758286bf2cf6f415802f2cf861747a7c6c8c" "check" "--frozen" "--all" "--all-targets" "--message-format=json", kill_on_drop: false }`
[INFO] [stderr]    Compiling proc-macro2 v1.0.101
[INFO] [stderr]    Compiling quote v1.0.41
[INFO] [stderr]    Compiling unicode-ident v1.0.19
[INFO] [stderr]    Compiling serde_core v1.0.228
[INFO] [stderr]    Compiling serde v1.0.228
[INFO] [stderr]    Compiling crossbeam-utils v0.8.21
[INFO] [stderr]    Compiling serde_json v1.0.145
[INFO] [stderr]    Compiling zerocopy v0.8.27
[INFO] [stderr]     Checking memchr v2.7.6
[INFO] [stderr]     Checking ryu v1.0.20
[INFO] [stderr]    Compiling rayon-core v1.13.0
[INFO] [stderr]    Compiling libc v0.2.177
[INFO] [stderr]     Checking either v1.15.0
[INFO] [stderr]     Checking anstyle v1.0.13
[INFO] [stderr]     Checking regex-syntax v0.8.8
[INFO] [stderr]     Checking plotters-backend v0.3.7
[INFO] [stderr]     Checking clap_lex v0.7.6
[INFO] [stderr]     Checking ciborium-io v0.2.2
[INFO] [stderr]     Checking cast v0.3.0
[INFO] [stderr]     Checking oorandom v11.1.5
[INFO] [stderr]     Checking plotters-svg v0.3.7
[INFO] [stderr]     Checking anes v0.1.6
[INFO] [stderr]     Checking itertools v0.10.5
[INFO] [stderr]     Checking plotters v0.3.7
[INFO] [stderr]     Checking clap_builder v4.5.49
[INFO] [stderr]     Checking crossbeam-epoch v0.9.18
[INFO] [stderr]     Checking crossbeam-deque v0.8.6
[INFO] [stderr]    Compiling syn v2.0.106
[INFO] [stderr]     Checking regex-automata v0.4.13
[INFO] [stderr]     Checking rayon v1.11.0
[INFO] [stderr]     Checking is-terminal v0.4.16
[INFO] [stderr]     Checking criterion-plot v0.5.0
[INFO] [stderr]     Checking clap v4.5.49
[INFO] [stderr]     Checking regex v1.12.2
[INFO] [stderr]    Compiling serde_derive v1.0.228
[INFO] [stderr]    Compiling zerocopy-derive v0.8.27
[INFO] [stderr]     Checking half v2.7.1
[INFO] [stderr]     Checking tinytemplate v1.2.1
[INFO] [stderr]     Checking navcore v0.1.0 (/opt/rustwide/workdir)
[INFO] [stderr]     Checking ciborium-ll v0.2.2
[INFO] [stderr]     Checking ciborium v0.2.2
[INFO] [stdout] error[E0311]: the parameter type `F` may not live long enough
[INFO] [stdout]    --> src/arena.rs:113:5
[INFO] [stdout]     |
[INFO] [stdout] 113 |       pub fn find_edges<F>(&self, predicate: F) -> impl Iterator<Item = &Edge<W, L>> + '_
[INFO] [stdout]     |       ^                    ----- the parameter type `F` must be valid for the anonymous lifetime defined here...
[INFO] [stdout]     |  _____|
[INFO] [stdout]     | |
[INFO] [stdout] 114 | |     where
[INFO] [stdout] 115 | |         F: Fn(&Edge<W, L>) -> bool,
[INFO] [stdout]     | |___________________________________^ ...so that the type `F` will meet its required lifetime bounds
[INFO] [stdout]     |
[INFO] [stdout] help: consider adding an explicit lifetime bound
[INFO] [stdout]     |
[INFO] [stdout] 113 ~     pub fn find_edges<'a, F>(&'a self, predicate: F) -> impl Iterator<Item = &'a Edge<W, L>> + 'a
[INFO] [stdout] 114 |     where
[INFO] [stdout] 115 ~         F: Fn(&Edge<W, L>) -> bool + 'a,
[INFO] [stdout]     |
[INFO] [stdout] 
[INFO] [stdout] 
[INFO] [stdout] error[E0599]: no associated function or constant named `new` found for struct `Arena<T, W, L>` in the current scope
[INFO] [stdout]    --> src/arena.rs:138:15
[INFO] [stdout]     |
[INFO] [stdout] 128 | pub struct Arena<T, W = f64, L = String> {
[INFO] [stdout]     | ---------------------------------------- associated function or constant `new` not found for this struct
[INFO] [stdout] ...
[INFO] [stdout] 138 |         Self::new()
[INFO] [stdout]     |               ^^^ associated function or constant not found in `Arena<T, W, L>`
[INFO] [stdout]     |
[INFO] [stdout] note: if you're trying to build a new `Arena<T, W, L>`, consider using `Arena::<T, W, L>::with_types` which returns `Arena<_, _, _>`
[INFO] [stdout]    --> src/arena.rs:155:5
[INFO] [stdout]     |
[INFO] [stdout] 155 |     pub fn with_types() -> Self {
[INFO] [stdout]     |     ^^^^^^^^^^^^^^^^^^^^^^^^^^^
[INFO] [stdout]     = note: the associated function or constant was found for `Arena<T>`
[INFO] [stdout] 
[INFO] [stdout] 
[INFO] [stdout] error[E0277]: the trait bound `K: Eq` is not satisfied
[INFO] [stdout]     --> src/path_trie.rs:16:19
[INFO] [stdout]      |
[INFO] [stdout]   16 |     pub children: HashMap<K, Box<TrieNode<K, V>>>,
[INFO] [stdout]      |                   ^^^^^^^^^^^^^^^^^^^^^^^^^^^^^^^ the trait `Eq` is not implemented for `K`
[INFO] [stdout]      |
[INFO] [stdout]      = note: required for `HashMap<K, Box<TrieNode<K, V>>>` to implement `Deserialize<'_>`
[INFO] [stdout] note: required by a bound in `next_element`
[INFO] [stdout]     --> /opt/rustwide/cargo-home/registry/src/index.crates.io-1949cf8c6b5b557f/serde_core-1.0.228/src/de/mod.rs:1771:12
[INFO] [stdout]      |
[INFO] [stdout] 1769 |     fn next_element<T>(&mut self) -> Result<Option<T>, Self::Error>
[INFO] [stdout]      |        ------------ required by a bound in this associated function
[INFO] [stdout] 1770 |     where
[INFO] [stdout] 1771 |         T: Deserialize<'de>,
[INFO] [stdout]      |            ^^^^^^^^^^^^^^^^ required by this bound in `SeqAccess::next_element`
[INFO] [stdout] 
[INFO] [stdout] 
[INFO] [stdout] error[E0277]: the trait bound `K: Eq` is not satisfied
[INFO] [stdout]     --> src/path_trie.rs:16:19
[INFO] [stdout]      |
[INFO] [stdout]   16 |     pub children: HashMap<K, Box<TrieNode<K, V>>>,
[INFO] [stdout]      |                   ^^^^^^^^^^^^^^^^^^^^^^^^^^^^^^^ the trait `Eq` is not implemented for `K`
[INFO] [stdout]      |
[INFO] [stdout]      = note: required for `HashMap<K, Box<TrieNode<K, V>>>` to implement `Deserialize<'_>`
[INFO] [stdout] note: required by a bound in `next_value`
[INFO] [stdout]     --> /opt/rustwide/cargo-home/registry/src/index.crates.io-1949cf8c6b5b557f/serde_core-1.0.228/src/de/mod.rs:1916:12
[INFO] [stdout]      |
[INFO] [stdout] 1914 |     fn next_value<V>(&mut self) -> Result<V, Self::Error>
[INFO] [stdout]      |        ---------- required by a bound in this associated function
[INFO] [stdout] 1915 |     where
[INFO] [stdout] 1916 |         V: Deserialize<'de>,
[INFO] [stdout]      |            ^^^^^^^^^^^^^^^^ required by this bound in `MapAccess::next_value`
[INFO] [stdout] 
[INFO] [stdout] 
[INFO] [stdout] error[E0277]: the trait bound `K: Eq` is not satisfied
[INFO] [stdout]   --> src/path_trie.rs:11:35
[INFO] [stdout]    |
[INFO] [stdout] 11 | #[derive(Clone, Debug, Serialize, Deserialize)]
[INFO] [stdout]    |                                   ^^^^^^^^^^^ the trait `Eq` is not implemented for `K`
[INFO] [stdout]    |
[INFO] [stdout]    = note: required for `HashMap<K, Box<TrieNode<K, V>>>` to implement `Deserialize<'_>`
[INFO] [stdout] note: required by a bound in `arena::_::_serde::__private228::de::missing_field`
[INFO] [stdout]   --> /opt/rustwide/cargo-home/registry/src/index.crates.io-1949cf8c6b5b557f/serde-1.0.228/src/private/de.rs:26:8
[INFO] [stdout]    |
[INFO] [stdout] 24 | pub fn missing_field<'de, V, E>(field: &'static str) -> Result<V, E>
[INFO] [stdout]    |        ------------- required by a bound in this function
[INFO] [stdout] 25 | where
[INFO] [stdout] 26 |     V: Deserialize<'de>,
[INFO] [stdout]    |        ^^^^^^^^^^^^^^^^ required by this bound in `missing_field`
[INFO] [stdout]    = note: this error originates in the derive macro `Deserialize` (in Nightly builds, run with -Z macro-backtrace for more info)
[INFO] [stdout] 
[INFO] [stdout] 
[INFO] [stdout] error[E0599]: the associated function or constant `new` exists for struct `PathTrie<K, V>`, but its trait bounds were not satisfied
[INFO] [stdout]   --> src/path_trie.rs:59:15
[INFO] [stdout]    |
[INFO] [stdout] 52 | pub struct PathTrie<K, V> {
[INFO] [stdout]    | ------------------------- associated function or constant `new` not found for this struct
[INFO] [stdout] ...
[INFO] [stdout] 59 |         Self::new()
[INFO] [stdout]    |               ^^^ associated function or constant cannot be called on `PathTrie<K, V>` due to unsatisfied trait bounds
[INFO] [stdout]    |
[INFO] [stdout] note: the following trait bounds were not satisfied:
[INFO] [stdout]       `K: Clone`
[INFO] [stdout]       `K: Eq`
[INFO] [stdout]       `K: Hash`
[INFO] [stdout]   --> src/path_trie.rs:65:8
[INFO] [stdout]    |
[INFO] [stdout] 63 | impl<K, V> PathTrie<K, V>
[INFO] [stdout]    |            --------------
[INFO] [stdout] 64 | where
[INFO] [stdout] 65 |     K: Eq + Hash + Clone,
[INFO] [stdout]    |        ^^   ^^^^   ^^^^^ unsatisfied trait bound introduced here
[INFO] [stdout]    |        |    |
[INFO] [stdout]    |        |    unsatisfied trait bound introduced here
[INFO] [stdout]    |        unsatisfied trait bound introduced here
[INFO] [stdout] 
[INFO] [stdout] 
[INFO] [stdout] error[E0599]: the associated function or constant `new` exists for struct `PathStore<T, W, L, V>`, but its trait bounds were not satisfied
[INFO] [stdout]   --> src/path_store.rs:31:15
[INFO] [stdout]    |
[INFO] [stdout] 14 | pub struct PathStore<T, W = f64, L = String, V = ()> 
[INFO] [stdout]    | ---------------------------------------------------- associated function or constant `new` not found for this struct
[INFO] [stdout] ...
[INFO] [stdout] 31 |         Self::new()
[INFO] [stdout]    |               ^^^ associated function or constant cannot be called on `PathStore<T, W, L, V>` due to unsatisfied trait bounds
[INFO] [stdout]    |
[INFO] [stdout] note: trait bound `W: Clone` was not satisfied
[INFO] [stdout]   --> src/path_store.rs:37:8
[INFO] [stdout]    |
[INFO] [stdout] 35 | impl<T, W, L, V> PathStore<T, W, L, V>
[INFO] [stdout]    |                  ---------------------
[INFO] [stdout] 36 | where
[INFO] [stdout] 37 |     W: Clone,
[INFO] [stdout]    |        ^^^^^ unsatisfied trait bound introduced here
[INFO] [stdout] 
[INFO] [stdout] 
[INFO] [stdout] error[E0308]: mismatched types
[INFO] [stdout]   --> src/path_store.rs:43:20
[INFO] [stdout]    |
[INFO] [stdout] 35 | impl<T, W, L, V> PathStore<T, W, L, V>
[INFO] [stdout]    |         - expected this type parameter
[INFO] [stdout] ...
[INFO] [stdout] 43 |             arena: Arena::new(),
[INFO] [stdout]    |                    ^^^^^^^^^^^^ expected `Arena<T, W, L>`, found `Arena<_>`
[INFO] [stdout]    |
[INFO] [stdout]    = note: expected struct `Arena<T, W, L>`
[INFO] [stdout]               found struct `Arena<_, f64, String>`
[INFO] [stdout] 
[INFO] [stdout] 
[INFO] [stdout] error[E0599]: the method `store_path_dual` exists for mutable reference `&mut PathStore<T, W, L, V>`, but its trait bounds were not satisfied
[INFO] [stdout]   --> src/traversal.rs:37:19
[INFO] [stdout]    |
[INFO] [stdout] 37 |             store.store_path_dual(&path, value);
[INFO] [stdout]    |                   ^^^^^^^^^^^^^^^ method cannot be called on `&mut PathStore<T, W, L, V>` due to unsatisfied trait bounds
[INFO] [stdout]    |
[INFO] [stdout] note: trait bound `W: Clone` was not satisfied
[INFO] [stdout]   --> src/path_store.rs:37:8
[INFO] [stdout]    |
[INFO] [stdout] 35 | impl<T, W, L, V> PathStore<T, W, L, V>
[INFO] [stdout]    |                  ---------------------
[INFO] [stdout] 36 | where
[INFO] [stdout] 37 |     W: Clone,
[INFO] [stdout]    |        ^^^^^ unsatisfied trait bound introduced here
[INFO] [stdout] 
[INFO] [stdout] 
[INFO] [stdout] error[E0277]: the trait bound `L: Eq` is not satisfied
[INFO] [stdout]    --> src/traversal.rs:427:24
[INFO] [stdout]     |
[INFO] [stdout] 427 |         .collect_paths(arena, start, max_depth)
[INFO] [stdout]     |          ------------- ^^^^^ the trait `Eq` is not implemented for `L`
[INFO] [stdout]     |          |
[INFO] [stdout]     |          required by a bound introduced by this call
[INFO] [stdout]     |
[INFO] [stdout] note: required by a bound in `PathCollector::collect_paths`
[INFO] [stdout]    --> src/traversal.rs:14:16
[INFO] [stdout]     |
[INFO] [stdout]  14 |     L: Clone + Eq + Hash,
[INFO] [stdout]     |                ^^ required by this bound in `PathCollector::collect_paths`
[INFO] [stdout] ...
[INFO] [stdout]  17 |     fn collect_paths(
[INFO] [stdout]     |        ------------- required by a bound in this associated function
[INFO] [stdout] help: consider further restricting type parameter `L` with trait `Eq`
[INFO] [stdout]     |
[INFO] [stdout] 422 |     L: Clone + std::cmp::Eq,
[INFO] [stdout]     |              ++++++++++++++
[INFO] [stdout] 
[INFO] [stdout] 
[INFO] [stdout] error[E0277]: the trait bound `L: Hash` is not satisfied
[INFO] [stdout]    --> src/traversal.rs:427:24
[INFO] [stdout]     |
[INFO] [stdout] 427 |         .collect_paths(arena, start, max_depth)
[INFO] [stdout]     |          ------------- ^^^^^ the trait `Hash` is not implemented for `L`
[INFO] [stdout]     |          |
[INFO] [stdout]     |          required by a bound introduced by this call
[INFO] [stdout]     |
[INFO] [stdout] note: required by a bound in `PathCollector::collect_paths`
[INFO] [stdout]    --> src/traversal.rs:14:21
[INFO] [stdout]     |
[INFO] [stdout]  14 |     L: Clone + Eq + Hash,
[INFO] [stdout]     |                     ^^^^ required by this bound in `PathCollector::collect_paths`
[INFO] [stdout] ...
[INFO] [stdout]  17 |     fn collect_paths(
[INFO] [stdout]     |        ------------- required by a bound in this associated function
[INFO] [stdout] help: consider further restricting type parameter `L` with trait `Hash`
[INFO] [stdout]     |
[INFO] [stdout] 422 |     L: Clone + std::hash::Hash,
[INFO] [stdout]     |              +++++++++++++++++
[INFO] [stdout] 
[INFO] [stdout] 
[INFO] [stdout] error[E0282]: type annotations needed
[INFO] [stdout]    --> src/traversal.rs:443:10
[INFO] [stdout]     |
[INFO] [stdout] 443 |         .collect_paths(arena, start, max_depth)
[INFO] [stdout]     |          ^^^^^^^^^^^^^
[INFO] [stdout]     |
[INFO] [stdout] help: try using a fully qualified path to specify the expected types
[INFO] [stdout]     |
[INFO] [stdout] 441 ~     <AStarCollector as PathCollector<T, W, L, V>>::collect_paths(&AStarCollector::new(vec![target])
[INFO] [stdout] 442 ~         .max_paths_per_target(10), arena, start, max_depth)
[INFO] [stdout]     |
[INFO] [stdout] 
[INFO] [stdout] 
[INFO] [stderr]     Checking criterion v0.5.1
[INFO] [stdout] Some errors have detailed explanations: E0277, E0282, E0308, E0311, E0599.
[INFO] [stdout] 
[INFO] [stdout] For more information about an error, try `rustc --explain E0277`.
[INFO] [stdout] 
[INFO] [stderr] error: could not compile `navcore` (lib) due to 12 previous errors
[INFO] [stderr] warning: build failed, waiting for other jobs to finish...
[INFO] running `Command { std: "docker" "inspect" "8a35d69dafca3e4d879fd9439920a78851b446e08e6cfffa46e71e8f54b033d2", kill_on_drop: false }`
[INFO] running `Command { std: "docker" "rm" "-f" "8a35d69dafca3e4d879fd9439920a78851b446e08e6cfffa46e71e8f54b033d2", kill_on_drop: false }`
[INFO] [stdout] 8a35d69dafca3e4d879fd9439920a78851b446e08e6cfffa46e71e8f54b033d2
