[INFO] cloning repository https://github.com/namqdam/drone
[INFO] running `Command { std: "git" "-c" "credential.helper=" "-c" "credential.helper=/workspace/cargo-home/bin/git-credential-null" "clone" "--bare" "https://github.com/namqdam/drone" "/workspace/cache/git-repos/https%3A%2F%2Fgithub.com%2Fnamqdam%2Fdrone", kill_on_drop: false }`
[INFO] [stderr] Cloning into bare repository '/workspace/cache/git-repos/https%3A%2F%2Fgithub.com%2Fnamqdam%2Fdrone'...
[INFO] running `Command { std: "git" "rev-parse" "HEAD", kill_on_drop: false }`
[INFO] [stdout] aee2b70a136bceedd497a2941b620747706f6c29
[INFO] checking namqdam/drone against e4d5758286bf2cf6f415802f2cf861747a7c6c8c for pr-152972
[INFO] running `Command { std: "git" "clone" "/workspace/cache/git-repos/https%3A%2F%2Fgithub.com%2Fnamqdam%2Fdrone" "/workspace/builds/worker-6-tc2/source", kill_on_drop: false }`
[INFO] [stderr] Cloning into '/workspace/builds/worker-6-tc2/source'...
[INFO] [stderr] done.
[INFO] removed /workspace/builds/worker-6-tc2/source/.cargo/config.toml
[INFO] removed /workspace/builds/worker-6-tc2/source/rust-toolchain.toml
[INFO] started tweaking git repo https://github.com/namqdam/drone
[INFO] finished tweaking git repo https://github.com/namqdam/drone
[INFO] tweaked toml for git repo https://github.com/namqdam/drone written to /workspace/builds/worker-6-tc2/source/Cargo.toml
[INFO] validating manifest of git repo https://github.com/namqdam/drone on toolchain e4d5758286bf2cf6f415802f2cf861747a7c6c8c
[INFO] running `Command { std: CARGO_HOME="/workspace/cargo-home" RUSTUP_HOME="/workspace/rustup-home" "/workspace/cargo-home/bin/cargo" "+e4d5758286bf2cf6f415802f2cf861747a7c6c8c" "metadata" "--manifest-path" "Cargo.toml" "--no-deps", kill_on_drop: false }`
[INFO] crate git repo https://github.com/namqdam/drone already has a lockfile, it will not be regenerated
[INFO] running `Command { std: CARGO_HOME="/workspace/cargo-home" RUSTUP_HOME="/workspace/rustup-home" "/workspace/cargo-home/bin/cargo" "+e4d5758286bf2cf6f415802f2cf861747a7c6c8c" "fetch" "--manifest-path" "Cargo.toml", kill_on_drop: false }`
[INFO] [stderr]     Blocking waiting for file lock on package cache
[INFO] [stderr]     Blocking waiting for file lock on package cache
[INFO] [stderr]  Downloading crates ...
[INFO] [stderr]   Downloaded atomic-polyfill v1.0.3
[INFO] [stderr]   Downloaded defmt-macros v0.3.6
[INFO] [stderr]   Downloaded static_cell v1.2.0
[INFO] [stderr]   Downloaded panic-probe v0.3.1
[INFO] [stderr]   Downloaded defmt v0.3.5
[INFO] [stderr]   Downloaded semver v1.0.18
[INFO] [stderr]   Downloaded libm v0.2.7
[INFO] [stderr]   Downloaded usbd-hid-descriptors v0.1.2
[INFO] [stderr]   Downloaded embedded-storage-async v0.4.0
[INFO] [stderr]   Downloaded embedded-hal-async v1.0.0-rc.1
[INFO] [stderr]   Downloaded darling_macro v0.20.3
[INFO] [stderr]   Downloaded embedded-io-async v0.5.0
[INFO] [stderr]   Downloaded document-features v0.2.7
[INFO] [stderr]   Downloaded atomic-pool v1.0.1
[INFO] [stderr]   Downloaded usbd-hid v0.6.1
[INFO] [stderr]   Downloaded embedded-io v0.5.0
[INFO] [stderr]   Downloaded embedded-hal-nb v1.0.0-rc.1
[INFO] [stderr]   Downloaded as-slice v0.1.5
[INFO] [stderr]   Downloaded usbd-hid-macros v0.6.0
[INFO] [stderr]   Downloaded sdio-host v0.5.0
[INFO] [stderr]   Downloaded seq-macro v0.3.5
[INFO] [stderr]   Downloaded managed v0.8.0
[INFO] [stderr]   Downloaded defmt-parser v0.3.3
[INFO] [stderr]   Downloaded ssmarshal v1.0.0
[INFO] [stderr]   Downloaded embedded-nal-async v0.5.0
[INFO] [stderr]   Downloaded defmt-rtt v0.4.0
[INFO] [stderr]   Downloaded thiserror-impl v1.0.48
[INFO] [stderr]   Downloaded mpu6050 v0.1.6
[INFO] [stderr]   Downloaded generic-array v0.12.4
[INFO] [stderr]   Downloaded darling v0.20.3
[INFO] [stderr]   Downloaded generic-array v0.13.3
[INFO] [stderr]   Downloaded thiserror v1.0.48
[INFO] [stderr]   Downloaded num-complex v0.4.4
[INFO] [stderr]   Downloaded embedded-hal v1.0.0-rc.1
[INFO] [stderr]   Downloaded embedded-nal v0.7.0
[INFO] [stderr]   Downloaded cortex-m-rt v0.7.3
[INFO] [stderr]   Downloaded stm32-fmc v0.3.0
[INFO] [stderr]   Downloaded bxcan v0.7.0
[INFO] [stderr]   Downloaded darling_core v0.20.3
[INFO] [stderr]   Downloaded simba v0.7.3
[INFO] [stderr]   Downloaded litrs v0.2.3
[INFO] [stderr]   Downloaded no-std-net v0.6.0
[INFO] [stderr]   Downloaded chrono v0.4.30
[INFO] [stderr]   Downloaded micromath v2.0.0
[INFO] [stderr]   Downloaded syn v2.0.32
[INFO] [stderr]   Downloaded smoltcp v0.10.0
[INFO] [stderr]   Downloaded nalgebra v0.31.4
[INFO] running `Command { std: "docker" "create" "-v" "/var/lib/crater-agent-workspace/builds/worker-6-tc2/source:/opt/rustwide/workdir:ro,Z" "-v" "/var/lib/crater-agent-workspace/builds/worker-6-tc2/target:/opt/rustwide/target:rw,Z" "-v" "/var/lib/crater-agent-workspace/cargo-home:/opt/rustwide/cargo-home:ro,Z" "-v" "/var/lib/crater-agent-workspace/rustup-home:/opt/rustwide/rustup-home:ro,Z" "-m" "1610612736" "--network" "none" "ghcr.io/rust-lang/crates-build-env/linux@sha256:3111399a4047eeb3a02b7a90e478d715f38a8c6669b5c4b49d30a17385265909" "sleep" "infinity", kill_on_drop: false }`
[INFO] [stdout] 8788ed6aefe7b7a63a82544090b9da376a7a81bc5904bbd2f68933bf12263c06
[INFO] running `Command { std: "docker" "start" "8788ed6aefe7b7a63a82544090b9da376a7a81bc5904bbd2f68933bf12263c06", kill_on_drop: false }`
[INFO] running `Command { std: "docker" "inspect" "8788ed6aefe7b7a63a82544090b9da376a7a81bc5904bbd2f68933bf12263c06", kill_on_drop: false }`
[INFO] running `Command { std: "docker" "exec" "-e" "SOURCE_DIR=/opt/rustwide/workdir" "-e" "CARGO_HOME=/opt/rustwide/cargo-home" "-e" "RUSTUP_HOME=/opt/rustwide/rustup-home" "-e" "CARGO_TARGET_DIR=/opt/rustwide/target" "-w" "/opt/rustwide/workdir" "--user" "0:0" "8788ed6aefe7b7a63a82544090b9da376a7a81bc5904bbd2f68933bf12263c06" "/opt/rustwide/cargo-home/bin/cargo" "+e4d5758286bf2cf6f415802f2cf861747a7c6c8c" "metadata" "--no-deps" "--format-version=1", kill_on_drop: false }`
[INFO] running `Command { std: "docker" "inspect" "8788ed6aefe7b7a63a82544090b9da376a7a81bc5904bbd2f68933bf12263c06", kill_on_drop: false }`
[INFO] running `Command { std: "docker" "exec" "-e" "SOURCE_DIR=/opt/rustwide/workdir" "-e" "CARGO_HOME=/opt/rustwide/cargo-home" "-e" "RUSTUP_HOME=/opt/rustwide/rustup-home" "-e" "CARGO_TARGET_DIR=/opt/rustwide/target" "-e" "CARGO_INCREMENTAL=0" "-e" "RUST_BACKTRACE=full" "-e" "RUSTFLAGS=--cap-lints=forbid" "-e" "RUSTDOCFLAGS=--cap-lints=forbid" "-w" "/opt/rustwide/workdir" "--user" "0:0" "8788ed6aefe7b7a63a82544090b9da376a7a81bc5904bbd2f68933bf12263c06" "/opt/rustwide/cargo-home/bin/cargo" "+e4d5758286bf2cf6f415802f2cf861747a7c6c8c" "check" "--frozen" "--all" "--all-targets" "--message-format=json", kill_on_drop: false }`
[INFO] [stderr]    Compiling proc-macro2 v1.0.66
[INFO] [stderr]    Compiling unicode-ident v1.0.11
[INFO] [stderr]    Compiling syn v1.0.109
[INFO] [stderr]    Compiling defmt v0.3.5
[INFO] [stderr]    Compiling thiserror v1.0.48
[INFO] [stderr]    Compiling defmt-macros v0.3.6
[INFO] [stderr]     Checking nb v1.1.0
[INFO] [stderr]    Compiling semver v1.0.18
[INFO] [stderr]    Compiling semver-parser v0.7.0
[INFO] [stderr]     Checking critical-section v1.1.2
[INFO] [stderr]     Checking stable_deref_trait v1.2.0
[INFO] [stderr]     Checking void v1.0.2
[INFO] [stderr]    Compiling lock_api v0.4.10
[INFO] [stderr]     Checking byteorder v1.4.3
[INFO] [stderr]    Compiling futures-core v0.3.28
[INFO] [stderr]    Compiling num-traits v0.2.16
[INFO] [stderr]    Compiling futures-task v0.3.28
[INFO] [stderr]     Checking nb v0.1.3
[INFO] [stderr]    Compiling cortex-m v0.7.7
[INFO] [stderr]    Compiling futures-util v0.3.28
[INFO] [stderr]     Checking futures-sink v0.3.28
[INFO] [stderr]     Checking pin-project-lite v0.2.13
[INFO] [stderr]    Compiling semver v0.9.0
[INFO] [stderr]     Checking embedded-hal v0.2.7
[INFO] [stderr]    Compiling typenum v1.16.0
[INFO] [stderr]     Checking hash32 v0.2.1
[INFO] [stderr]    Compiling cortex-m-rt v0.7.3
[INFO] [stderr]    Compiling bitfield v0.13.2
[INFO] [stderr]    Compiling atomic-polyfill v1.0.3
[INFO] [stderr]     Checking cfg-if v1.0.0
[INFO] [stderr]     Checking vcell v0.1.3
[INFO] [stderr]    Compiling serde v1.0.188
[INFO] [stderr]     Checking embedded-hal v1.0.0-rc.1
[INFO] [stderr]    Compiling embassy-sync v0.3.0 (https://github.com/embassy-rs/embassy?rev=183824fbddb2a05aed4ed854f6eb08fe4ba7e7c1#183824fb)
[INFO] [stderr]     Checking volatile-register v0.2.1
[INFO] [stderr]    Compiling rustc_version v0.2.3
[INFO] [stderr]    Compiling rustc_version v0.4.0
[INFO] [stderr]     Checking spin v0.9.8
[INFO] [stderr]    Compiling generic-array v0.14.7
[INFO] [stderr]    Compiling futures-channel v0.3.28
[INFO] [stderr]    Compiling stm32-metapac v13.0.0 (https://github.com/embassy-rs/stm32-data-generated?tag=stm32-data-2dba1f1ddee697e616aff2a4db57a6ffaf1b29b7#db336c9f)
[INFO] [stderr]    Compiling strsim v0.10.0
[INFO] [stderr]     Checking embassy-futures v0.1.0 (https://github.com/embassy-rs/embassy?rev=183824fbddb2a05aed4ed854f6eb08fe4ba7e7c1#183824fb)
[INFO] [stderr]    Compiling usbd-hid-descriptors v0.1.2
[INFO] [stderr]    Compiling num-integer v0.1.45
[INFO] [stderr]    Compiling paste v1.0.14
[INFO] [stderr]     Checking no-std-net v0.6.0
[INFO] [stderr]     Checking encode_unicode v0.3.6
[INFO] [stderr]    Compiling bare-metal v0.2.5
[INFO] [stderr]    Compiling embassy-hal-internal v0.1.0 (https://github.com/embassy-rs/embassy?rev=183824fbddb2a05aed4ed854f6eb08fe4ba7e7c1#183824fb)
[INFO] [stderr]     Checking futures-io v0.3.28
[INFO] [stderr]    Compiling smoltcp v0.10.0
[INFO] [stderr]     Checking embedded-storage v0.3.0
[INFO] [stderr]     Checking embedded-storage-async v0.4.0
[INFO] [stderr]     Checking embedded-hal-async v1.0.0-rc.1
[INFO] [stderr]     Checking as-slice v0.2.1
[INFO] [stderr]    Compiling num-rational v0.4.1
[INFO] [stderr]    Compiling litrs v0.2.3
[INFO] [stderr]    Compiling panic-probe v0.3.1
[INFO] [stderr]     Checking usb-device v0.2.9
[INFO] [stderr]    Compiling heapless v0.7.16
[INFO] [stderr]    Compiling defmt-rtt v0.4.0
[INFO] [stderr]    Compiling embassy-usb v0.1.0 (https://github.com/embassy-rs/embassy?rev=183824fbddb2a05aed4ed854f6eb08fe4ba7e7c1#183824fb)
[INFO] [stderr]    Compiling embassy-executor v0.3.0 (https://github.com/embassy-rs/embassy?rev=183824fbddb2a05aed4ed854f6eb08fe4ba7e7c1#183824fb)
[INFO] [stderr]     Checking managed v0.8.0
[INFO] [stderr]     Checking static_cell v1.2.0
[INFO] [stdout] error[E0425]: cannot find function `__basepri_r` in module `crate::asm::inline`
[INFO] [stdout]   --> /opt/rustwide/cargo-home/registry/src/index.crates.io-1949cf8c6b5b557f/cortex-m-0.7.7/src/register/basepri.rs:6:15
[INFO] [stdout]    |
[INFO] [stdout]  6 |     call_asm!(__basepri_r() -> u8)
[INFO] [stdout]    |               ^^^^^^^^^^^ not found in `crate::asm::inline`
[INFO] [stdout]    |
[INFO] [stdout]   ::: /opt/rustwide/cargo-home/registry/src/index.crates.io-1949cf8c6b5b557f/cortex-m-0.7.7/src/call_asm.rs:11:43
[INFO] [stdout]    |
[INFO] [stdout] 11 |                 () => crate::asm::inline::$func($($args),*),
[INFO] [stdout]    |                                           ----- due to this macro variable
[INFO] [stdout] 
[INFO] [stdout] 
[INFO] [stdout] error[E0425]: cannot find function `__basepri_w` in module `crate::asm::inline`
[INFO] [stdout]   --> /opt/rustwide/cargo-home/registry/src/index.crates.io-1949cf8c6b5b557f/cortex-m-0.7.7/src/register/basepri.rs:22:19
[INFO] [stdout]    |
[INFO] [stdout] 22 |         call_asm!(__basepri_w(basepri: u8));
[INFO] [stdout]    |                   ^^^^^^^^^^^ not found in `crate::asm::inline`
[INFO] [stdout]    |
[INFO] [stdout]   ::: /opt/rustwide/cargo-home/registry/src/index.crates.io-1949cf8c6b5b557f/cortex-m-0.7.7/src/call_asm.rs:11:43
[INFO] [stdout]    |
[INFO] [stdout] 11 |                 () => crate::asm::inline::$func($($args),*),
[INFO] [stdout]    |                                           ----- due to this macro variable
[INFO] [stdout] 
[INFO] [stdout] 
[INFO] [stdout] error[E0425]: cannot find function `__basepri_max` in module `crate::asm::inline`
[INFO] [stdout]   --> /opt/rustwide/cargo-home/registry/src/index.crates.io-1949cf8c6b5b557f/cortex-m-0.7.7/src/register/basepri_max.rs:19:19
[INFO] [stdout]    |
[INFO] [stdout] 19 |         call_asm!(__basepri_max(basepri: u8));
[INFO] [stdout]    |                   ^^^^^^^^^^^^^ not found in `crate::asm::inline`
[INFO] [stdout]    |
[INFO] [stdout]   ::: /opt/rustwide/cargo-home/registry/src/index.crates.io-1949cf8c6b5b557f/cortex-m-0.7.7/src/call_asm.rs:11:43
[INFO] [stdout]    |
[INFO] [stdout] 11 |                 () => crate::asm::inline::$func($($args),*),
[INFO] [stdout]    |                                           ----- due to this macro variable
[INFO] [stdout] 
[INFO] [stdout] 
[INFO] [stdout] error[E0425]: cannot find function `__faultmask_r` in module `crate::asm::inline`
[INFO] [stdout]   --> /opt/rustwide/cargo-home/registry/src/index.crates.io-1949cf8c6b5b557f/cortex-m-0.7.7/src/register/faultmask.rs:29:28
[INFO] [stdout]    |
[INFO] [stdout] 29 |     let r: u32 = call_asm!(__faultmask_r() -> u32);
[INFO] [stdout]    |                            ^^^^^^^^^^^^^ not found in `crate::asm::inline`
[INFO] [stdout]    |
[INFO] [stdout]   ::: /opt/rustwide/cargo-home/registry/src/index.crates.io-1949cf8c6b5b557f/cortex-m-0.7.7/src/call_asm.rs:11:43
[INFO] [stdout]    |
[INFO] [stdout] 11 |                 () => crate::asm::inline::$func($($args),*),
[INFO] [stdout]    |                                           ----- due to this macro variable
[INFO] [stdout] 
[INFO] [stdout] 
[INFO] [stdout] error: invalid register `r0`: unknown register
[INFO] [stdout]    --> /opt/rustwide/cargo-home/registry/src/index.crates.io-1949cf8c6b5b557f/cortex-m-0.7.7/src/../asm/inline.rs:197:24
[INFO] [stdout]     |
[INFO] [stdout] 197 |     asm!("bkpt #0xab", inout("r0") nr, in("r1") arg, options(nomem, nostack, preserves_flags));
[INFO] [stdout]     |                        ^^^^^^^^^^^^^^
[INFO] [stdout] 
[INFO] [stdout] 
[INFO] [stdout] error: invalid register `r1`: unknown register
[INFO] [stdout]    --> /opt/rustwide/cargo-home/registry/src/index.crates.io-1949cf8c6b5b557f/cortex-m-0.7.7/src/../asm/inline.rs:197:40
[INFO] [stdout]     |
[INFO] [stdout] 197 |     asm!("bkpt #0xab", inout("r0") nr, in("r1") arg, options(nomem, nostack, preserves_flags));
[INFO] [stdout]     |                                        ^^^^^^^^^^^^
[INFO] [stdout] 
[INFO] [stdout] 
[INFO] [stderr]     Checking embedded-hal-nb v1.0.0-rc.1
[INFO] [stderr]     Checking embedded-sdmmc v0.3.0 (https://github.com/embassy-rs/embedded-sdmmc-rs?rev=a4f293d3a6f72158385f79c98634cb8a14d0d2fc#a4f293d3)
[INFO] [stderr]     Checking stm32-fmc v0.3.0
[INFO] [stderr]    Compiling libm v0.2.7
[INFO] [stderr]     Checking rand_core v0.6.4
[INFO] [stderr]     Checking bit_field v0.10.2
[INFO] [stderr]    Compiling quote v1.0.33
[INFO] [stdout] For more information about this error, try `rustc --explain E0425`.
[INFO] [stdout] 
[INFO] [stderr] error: could not compile `cortex-m` (lib) due to 6 previous errors
[INFO] [stderr] warning: build failed, waiting for other jobs to finish...
[INFO] running `Command { std: "docker" "inspect" "8788ed6aefe7b7a63a82544090b9da376a7a81bc5904bbd2f68933bf12263c06", kill_on_drop: false }`
[INFO] running `Command { std: "docker" "rm" "-f" "8788ed6aefe7b7a63a82544090b9da376a7a81bc5904bbd2f68933bf12263c06", kill_on_drop: false }`
[INFO] [stdout] 8788ed6aefe7b7a63a82544090b9da376a7a81bc5904bbd2f68933bf12263c06
