[INFO] cloning repository https://github.com/mod-net/module-pallet
[INFO] running `Command { std: "git" "-c" "credential.helper=" "-c" "credential.helper=/workspace/cargo-home/bin/git-credential-null" "clone" "--bare" "https://github.com/mod-net/module-pallet" "/workspace/cache/git-repos/https%3A%2F%2Fgithub.com%2Fmod-net%2Fmodule-pallet", kill_on_drop: false }`
[INFO] [stderr] Cloning into bare repository '/workspace/cache/git-repos/https%3A%2F%2Fgithub.com%2Fmod-net%2Fmodule-pallet'...
[INFO] running `Command { std: "git" "rev-parse" "HEAD", kill_on_drop: false }`
[INFO] [stdout] 9c6a5681daf69c750b7c9e88405f4d76b6a6343e
[INFO] checking mod-net/module-pallet against e4d5758286bf2cf6f415802f2cf861747a7c6c8c for pr-152972
[INFO] running `Command { std: "git" "clone" "/workspace/cache/git-repos/https%3A%2F%2Fgithub.com%2Fmod-net%2Fmodule-pallet" "/workspace/builds/worker-6-tc2/source", kill_on_drop: false }`
[INFO] [stderr] Cloning into '/workspace/builds/worker-6-tc2/source'...
[INFO] [stderr] done.
[INFO] removed /workspace/builds/worker-6-tc2/source/rust-toolchain.toml
[INFO] started tweaking git repo https://github.com/mod-net/module-pallet
[INFO] finished tweaking git repo https://github.com/mod-net/module-pallet
[INFO] tweaked toml for git repo https://github.com/mod-net/module-pallet written to /workspace/builds/worker-6-tc2/source/Cargo.toml
[INFO] validating manifest of git repo https://github.com/mod-net/module-pallet on toolchain e4d5758286bf2cf6f415802f2cf861747a7c6c8c
[INFO] running `Command { std: CARGO_HOME="/workspace/cargo-home" RUSTUP_HOME="/workspace/rustup-home" "/workspace/cargo-home/bin/cargo" "+e4d5758286bf2cf6f415802f2cf861747a7c6c8c" "metadata" "--manifest-path" "Cargo.toml" "--no-deps", kill_on_drop: false }`
[INFO] crate git repo https://github.com/mod-net/module-pallet already has a lockfile, it will not be regenerated
[INFO] running `Command { std: CARGO_HOME="/workspace/cargo-home" RUSTUP_HOME="/workspace/rustup-home" "/workspace/cargo-home/bin/cargo" "+e4d5758286bf2cf6f415802f2cf861747a7c6c8c" "fetch" "--manifest-path" "Cargo.toml", kill_on_drop: false }`
[INFO] [stderr] warning: unused field `license` in `workspace.package`
[INFO] [stderr]    --> Cargo.toml:256:1
[INFO] [stderr]     |
[INFO] [stderr] 256 | license = "MIT-0"
[INFO] [stderr]     | ^^^^^^^
[INFO] [stderr]     |
[INFO] [stderr]     = note: `cargo::unused_workspace_package_fields` is set to `warn` by default
[INFO] [stderr] help: consider removing the field `workspace.package.license`
[INFO] [stderr] warning: unused field `publish` in `workspace.package`
[INFO] [stderr]    --> Cargo.toml:257:1
[INFO] [stderr]     |
[INFO] [stderr] 257 | publish = false
[INFO] [stderr]     | ^^^^^^^
[INFO] [stderr]     |
[INFO] [stderr] help: consider removing the field `workspace.package.publish`
[INFO] [stderr] warning: workspace (manifest) generated 2 warnings
[INFO] [stderr]     Blocking waiting for file lock on package cache
[INFO] [stderr]     Updating crates.io index
[INFO] [stderr]     Blocking waiting for file lock on package cache
[ERROR] error running command: no output for 300 seconds
[INFO] checking mod-net/module-pallet against e4d5758286bf2cf6f415802f2cf861747a7c6c8c for pr-152972
[INFO] running `Command { std: "git" "clone" "/workspace/cache/git-repos/https%3A%2F%2Fgithub.com%2Fmod-net%2Fmodule-pallet" "/workspace/builds/worker-6-tc2/source", kill_on_drop: false }`
[INFO] [stderr] Cloning into '/workspace/builds/worker-6-tc2/source'...
[INFO] [stderr] done.
[INFO] removed /workspace/builds/worker-6-tc2/source/rust-toolchain.toml
[INFO] started tweaking git repo https://github.com/mod-net/module-pallet
[INFO] finished tweaking git repo https://github.com/mod-net/module-pallet
[INFO] tweaked toml for git repo https://github.com/mod-net/module-pallet written to /workspace/builds/worker-6-tc2/source/Cargo.toml
[INFO] validating manifest of git repo https://github.com/mod-net/module-pallet on toolchain e4d5758286bf2cf6f415802f2cf861747a7c6c8c
[INFO] running `Command { std: CARGO_HOME="/workspace/cargo-home" RUSTUP_HOME="/workspace/rustup-home" "/workspace/cargo-home/bin/cargo" "+e4d5758286bf2cf6f415802f2cf861747a7c6c8c" "metadata" "--manifest-path" "Cargo.toml" "--no-deps", kill_on_drop: false }`
[INFO] crate git repo https://github.com/mod-net/module-pallet already has a lockfile, it will not be regenerated
[INFO] running `Command { std: CARGO_HOME="/workspace/cargo-home" RUSTUP_HOME="/workspace/rustup-home" "/workspace/cargo-home/bin/cargo" "+e4d5758286bf2cf6f415802f2cf861747a7c6c8c" "fetch" "--manifest-path" "Cargo.toml", kill_on_drop: false }`
[INFO] [stderr] warning: unused field `license` in `workspace.package`
[INFO] [stderr]    --> Cargo.toml:256:1
[INFO] [stderr]     |
[INFO] [stderr] 256 | license = "MIT-0"
[INFO] [stderr]     | ^^^^^^^
[INFO] [stderr]     |
[INFO] [stderr]     = note: `cargo::unused_workspace_package_fields` is set to `warn` by default
[INFO] [stderr] help: consider removing the field `workspace.package.license`
[INFO] [stderr] warning: unused field `publish` in `workspace.package`
[INFO] [stderr]    --> Cargo.toml:257:1
[INFO] [stderr]     |
[INFO] [stderr] 257 | publish = false
[INFO] [stderr]     | ^^^^^^^
[INFO] [stderr]     |
[INFO] [stderr] help: consider removing the field `workspace.package.publish`
[INFO] [stderr] warning: workspace (manifest) generated 2 warnings
[INFO] [stderr]     Blocking waiting for file lock on package cache
[INFO] [stderr]     Blocking waiting for file lock on package cache
[INFO] [stderr]  Downloading crates ...
[INFO] [stderr]   Downloaded sp-weights v32.0.0
[INFO] [stderr]   Downloaded sp-debug-derive v14.0.0
[INFO] [stderr]   Downloaded sp-arithmetic v27.0.0
[INFO] [stderr]   Downloaded tuplex v0.1.2
[INFO] [stderr]   Downloaded memoffset v0.8.0
[INFO] [stderr]   Downloaded wasmtime-cranelift-shared v8.0.1
[INFO] [stderr]   Downloaded cranelift-native v0.95.1
[INFO] [stderr]   Downloaded sp-runtime-interface-proc-macro v19.0.0
[INFO] [stderr]   Downloaded expander v2.2.1
[INFO] [stderr]   Downloaded docify v0.2.9
[INFO] [stderr]   Downloaded sp-wasm-interface v22.0.0
[INFO] [stderr]   Downloaded sp-storage v22.0.0
[INFO] [stderr]   Downloaded substrate-bip39 v0.6.0
[INFO] [stderr]   Downloaded sp-std v14.0.0
[INFO] [stderr]   Downloaded common-path v1.0.0
[INFO] [stderr]   Downloaded sp-externalities v0.30.0
[INFO] [stderr]   Downloaded wasmtime-jit-debug v8.0.1
[INFO] [stderr]   Downloaded wasmtime-jit-icache-coherence v8.0.1
[INFO] [stderr]   Downloaded slice-group-by v0.3.1
[INFO] [stderr]   Downloaded wasmtime-types v8.0.1
[INFO] [stderr]   Downloaded impl-codec v0.7.1
[INFO] [stderr]   Downloaded docify_macros v0.2.9
[INFO] [stderr]   Downloaded cranelift-codegen-shared v0.95.1
[INFO] [stderr]   Downloaded sp-tracing v17.1.0
[INFO] [stderr]   Downloaded substrate-prometheus-endpoint v0.17.6
[INFO] [stderr]   Downloaded wasmtime-asm-macros v8.0.1
[INFO] [stderr]   Downloaded file-guard v0.2.0
[INFO] [stderr]   Downloaded impl-num-traits v0.2.0
[INFO] [stderr]   Downloaded sc-executor-wasmtime v0.39.0
[INFO] [stderr]   Downloaded polkavm-derive v0.24.0
[INFO] [stderr]   Downloaded polkavm-derive-impl-macro v0.24.0
[INFO] [stderr]   Downloaded sp-crypto-hashing v0.1.0
[INFO] [stderr]   Downloaded cranelift-bforest v0.95.1
[INFO] [stderr]   Downloaded wasmtime-cache v8.0.1
[INFO] [stderr]   Downloaded sp-runtime-interface v30.0.0
[INFO] [stderr]   Downloaded polkavm-derive-impl v0.24.0
[INFO] [stderr]   Downloaded enum-ordinalize-derive v4.3.1
[INFO] [stderr]   Downloaded zstd-safe v6.0.6
[INFO] [stderr]   Downloaded simple-mermaid v0.1.1
[INFO] [stderr]   Downloaded sp-panic-handler v13.0.2
[INFO] [stderr]   Downloaded sp-crypto-hashing-proc-macro v0.1.0
[INFO] [stderr]   Downloaded ark-serialize v0.5.0
[INFO] [stderr]   Downloaded ark-serialize-derive v0.5.0
[INFO] [stderr]   Downloaded enum-ordinalize v4.3.0
[INFO] [stderr]   Downloaded ark-ff-macros v0.5.0
[INFO] [stderr]   Downloaded ark-ff-asm v0.5.0
[INFO] [stderr]   Downloaded ark-ed-on-bls12-381-bandersnatch v0.5.0
[INFO] [stderr]   Downloaded memory-db v0.34.0
[INFO] [stderr]   Downloaded binary-merkle-tree v16.0.0
[INFO] [stderr]   Downloaded proc-macro-warning v1.84.1
[INFO] [stderr]   Downloaded psm v0.1.26
[INFO] [stderr]   Downloaded sp-version-proc-macro v15.0.0
[INFO] [stderr]   Downloaded sc-executor-common v0.39.0
[INFO] [stderr]   Downloaded primitive-types v0.13.1
[INFO] [stderr]   Downloaded ss58-registry v1.51.0
[INFO] [stderr]   Downloaded cranelift-entity v0.95.1
[INFO] [stderr]   Downloaded wasmtime-jit v8.0.1
[INFO] [stderr]   Downloaded polkavm-assembler v0.24.0
[INFO] [stderr]   Downloaded bounded-collections v0.2.4
[INFO] [stderr]   Downloaded hex-conservative v0.1.2
[INFO] [stderr]   Downloaded sp-metadata-ir v0.11.0
[INFO] [stderr]   Downloaded link-cplusplus v1.0.10
[INFO] [stderr]   Downloaded array-bytes v6.2.3
[INFO] [stderr]   Downloaded w3f-plonk-common v0.0.2
[INFO] [stderr]   Downloaded ark-transcript v0.0.3
[INFO] [stderr]   Downloaded sp-maybe-compressed-blob v11.0.0
[INFO] [stderr]   Downloaded w3f-ring-proof v0.0.2
[INFO] [stderr]   Downloaded ark-std v0.5.0
[INFO] [stderr]   Downloaded sp-keystore v0.43.0
[INFO] [stderr]   Downloaded sp-application-crypto v41.0.0
[INFO] [stderr]   Downloaded bitflags v2.9.2
[INFO] [stderr]   Downloaded cranelift-frontend v0.95.1
[INFO] [stderr]   Downloaded blake2b_simd v1.0.3
[INFO] [stderr]   Downloaded sp-inherents v37.0.0
[INFO] [stderr]   Downloaded sp-genesis-builder v0.18.0
[INFO] [stderr]   Downloaded zstd v0.12.4
[INFO] [stderr]   Downloaded unsigned-varint v0.7.2
[INFO] [stderr]   Downloaded asynchronous-codec v0.6.2
[INFO] [stderr]   Downloaded multihash-derive v0.8.1
[INFO] [stderr]   Downloaded proc-macro-crate v1.1.3
[INFO] [stderr]   Downloaded ed25519-zebra v4.1.0
[INFO] [stderr]   Downloaded w3f-pcs v0.0.2
[INFO] [stderr]   Downloaded educe v0.6.0
[INFO] [stderr]   Downloaded sp-io v41.0.1
[INFO] [stderr]   Downloaded cxxbridge-flags v1.0.168
[INFO] [stderr]   Downloaded data-encoding-macro-internal v0.1.16
[INFO] [stderr]   Downloaded ark-bls12-377 v0.4.0
[INFO] [stderr]   Downloaded sp-staking v39.0.0
[INFO] [stderr]   Downloaded impl-serde v0.5.0
[INFO] [stderr]   Downloaded w3f-bls v0.1.9
[INFO] [stderr]   Downloaded wasmtime-cranelift v8.0.1
[INFO] [stderr]   Downloaded cranelift-isle v0.95.1
[INFO] [stderr]   Downloaded libsecp256k1 v0.7.2
[INFO] [stderr]   Downloaded sp-version v40.0.0
[INFO] [stderr]   Downloaded sp-api v37.0.0
[INFO] [stderr]   Downloaded network-interface v2.0.3
[INFO] [stderr]   Downloaded multihash v0.17.0
[INFO] [stderr]   Downloaded multiaddr v0.17.1
[INFO] [stderr]   Downloaded cid v0.11.1
[INFO] [stderr]   Downloaded quick-protobuf-codec v0.3.1
[INFO] [stderr]   Downloaded sp-trie v40.0.0
[INFO] [stderr]   Downloaded trie-db v0.30.0
[INFO] [stderr]   Downloaded cranelift-codegen-meta v0.95.1
[INFO] [stderr]   Downloaded polkavm-common v0.24.0
[INFO] [stderr]   Downloaded ark-poly v0.5.0
[INFO] [stderr]   Downloaded ark-ff v0.5.0
[INFO] [stderr]   Downloaded ark-ec v0.5.0
[INFO] [stderr]   Downloaded clap v4.5.45
[INFO] [stderr]   Downloaded simple-dns v0.9.3
[INFO] [stderr]   Downloaded blake2s_simd v1.0.3
[INFO] [stderr]   Downloaded mockall_derive v0.13.1
[INFO] [stderr]   Downloaded generator v0.8.5
[INFO] [stderr]   Downloaded asynchronous-codec v0.7.0
[INFO] [stderr]   Downloaded data-encoding-macro v0.1.18
[INFO] [stderr]   Downloaded partial_sort v0.2.0
[INFO] [stderr]   Downloaded sp-session v39.0.0
[INFO] [stderr]   Downloaded sp-keyring v42.0.0
[INFO] [stderr]   Downloaded cc v1.2.33
[INFO] [stderr]   Downloaded sp-state-machine v0.46.0
[INFO] [stderr]   Downloaded sc-utils v19.0.0
[INFO] [stderr]   Downloaded if-addrs v0.10.2
[INFO] [stderr]   Downloaded sp-core v37.0.0
[INFO] [stderr]   Downloaded wasmparser v0.102.0
[INFO] [stderr]   Downloaded parity-bip39 v2.0.1
[INFO] [stderr]   Downloaded frame-system v41.0.0
[INFO] [stderr]   Downloaded security-framework v3.3.0
[INFO] [stderr]   Downloaded uuid v1.18.0
[INFO] [stderr]   Downloaded sc-network-common v0.49.0
[INFO] [stderr]   Downloaded linked_hash_set v0.1.5
[INFO] [stderr]   Downloaded libp2p v0.54.1
[INFO] [stderr]   Downloaded libp2p-tcp v0.42.0
[INFO] [stderr]   Downloaded if-watch v3.2.1
[INFO] [stderr]   Downloaded windows-core v0.53.0
[INFO] [stderr]   Downloaded netlink-proto v0.11.5
[INFO] [stderr]   Downloaded netlink-packet-utils v0.5.2
[INFO] [stderr]   Downloaded libp2p-tls v0.5.0
[INFO] [stderr]   Downloaded serde_json v1.0.142
[INFO] [stderr]   Downloaded wasmtime-runtime v8.0.1
[INFO] [stderr]   Downloaded wasmtime-environ v8.0.1
[INFO] [stderr]   Downloaded regalloc2 v0.6.1
[INFO] [stderr]   Downloaded secp256k1 v0.28.2
[INFO] [stderr]   Downloaded sc-client-api v40.0.0
[INFO] [stderr]   Downloaded attohttpc v0.24.1
[INFO] [stderr]   Downloaded rtnetlink v0.13.1
[INFO] [stderr]   Downloaded netlink-packet-core v0.7.0
[INFO] [stderr]   Downloaded libp2p-request-response v0.27.0
[INFO] [stderr]   Downloaded libp2p-quic v0.11.1
[INFO] [stderr]   Downloaded scale-bits v0.7.0
[INFO] [stderr]   Downloaded semver v0.6.0
[INFO] [stderr]   Downloaded kvdb v0.13.0
[INFO] [stderr]   Downloaded libp2p-metrics v0.15.0
[INFO] [stderr]   Downloaded cranelift-wasm v0.95.1
[INFO] [stderr]   Downloaded libp2p-kad v0.46.2
[INFO] [stderr]   Downloaded netlink-packet-route v0.17.1
[INFO] [stderr]   Downloaded rcgen v0.11.3
[INFO] [stderr]   Downloaded libp2p-ping v0.45.0
[INFO] [stderr]   Downloaded cid v0.9.0
[INFO] [stderr]   Downloaded ark-bls12-381 v0.4.0
[INFO] [stderr]   Downloaded wasmtime v8.0.1
[INFO] [stderr]   Downloaded object v0.30.4
[INFO] [stderr]   Downloaded frame-metadata v23.0.0
[INFO] [stderr]   Downloaded frame-support-procedural-tools v13.0.1
[INFO] [stderr]   Downloaded wasm-opt-cxx-sys v0.116.0
[INFO] [stderr]   Downloaded scale-type-resolver v0.2.0
[INFO] [stderr]   Downloaded build-helper v0.1.1
[INFO] [stderr]   Downloaded prometheus-client v0.22.3
[INFO] [stderr]   Downloaded prometheus-client-derive-encode v0.4.2
[INFO] [stderr]   Downloaded libp2p-identify v0.45.0
[INFO] [stderr]   Downloaded libp2p-mdns v0.46.0
[INFO] [stderr]   Downloaded libp2p-dns v0.42.0
[INFO] [stderr]   Downloaded libp2p-connection-limits v0.4.0
[INFO] [stderr]   Downloaded libp2p-allow-block-list v0.4.0
[INFO] [stderr]   Downloaded ip_network v0.4.1
[INFO] [stderr]   Downloaded mixnet v0.7.0
[INFO] [stderr]   Downloaded lioness v0.1.2
[INFO] [stderr]   Downloaded sc-tracing v40.0.0
[INFO] [stderr]   Downloaded ark-bls12-381 v0.5.0
[INFO] [stderr]   Downloaded frame-support-procedural-tools-derive v12.0.0
[INFO] [stderr]   Downloaded scale-decode-derive v0.16.0
[INFO] [stderr]   Downloaded sp-database v10.0.0
[INFO] [stderr]   Downloaded hickory-resolver v0.24.4
[INFO] [stderr]   Downloaded jsonrpsee v0.24.9
[INFO] [stderr]   Downloaded static_init_macro v1.0.4
[INFO] [stderr]   Downloaded sp-transaction-storage-proof v37.0.0
[INFO] [stderr]   Downloaded chacha v0.3.0
[INFO] [stderr]   Downloaded sc-chain-spec v44.0.0
[INFO] [stderr]   Downloaded sc-telemetry v29.0.0
[INFO] [stderr]   Downloaded sc-chain-spec-derive v12.0.0
[INFO] [stderr]   Downloaded sp-runtime v42.0.0
[INFO] [stderr]   Downloaded ark-vrf v0.1.0
[INFO] [stderr]   Downloaded hickory-proto v0.24.4
[INFO] [stderr]   Downloaded keystream v1.0.0
[INFO] [stderr]   Downloaded blake2 v0.8.1
[INFO] [stderr]   Downloaded c2-chacha v0.3.3
[INFO] [stderr]   Downloaded memmap2 v0.9.7
[INFO] [stderr]   Downloaded sc-service v0.52.0
[INFO] [stderr]   Downloaded static_init v1.0.4
[INFO] [stderr]   Downloaded sc-network-transactions v0.50.0
[INFO] [stderr]   Downloaded sc-network-sync v0.50.0
[INFO] [stderr]   Downloaded sc-state-db v0.39.0
[INFO] [stderr]   Downloaded parity-db v0.4.13
[INFO] [stderr]   Downloaded kvdb-memorydb v0.13.0
[INFO] [stderr]   Downloaded exit-future v0.2.0
[INFO] [stderr]   Downloaded cranelift-codegen v0.95.1
[INFO] [stderr]   Downloaded sc-allocator v32.0.0
[INFO] [stderr]   Downloaded scale-decode v0.16.0
[INFO] [stderr]   Downloaded thiserror-impl v2.0.15
[INFO] [stderr]   Downloaded sp-transaction-pool v37.0.0
[INFO] [stderr]   Downloaded sp-offchain v37.0.0
[INFO] [stderr]   Downloaded sp-consensus-grandpa v24.0.0
[INFO] [stderr]   Downloaded pallet-transaction-payment-rpc-runtime-api v41.0.0
[INFO] [stderr]   Downloaded sp-rpc v35.0.0
[INFO] [stderr]   Downloaded libp2p-swarm-derive v0.35.0
[INFO] [stderr]   Downloaded rw-stream-sink v0.4.0
[INFO] [stderr]   Downloaded futures-bounded v0.2.4
[INFO] [stderr]   Downloaded rpassword v7.4.0
[INFO] [stderr]   Downloaded linregress v0.5.4
[INFO] [stderr]   Downloaded sp-consensus-aura v0.43.0
[INFO] [stderr]   Downloaded yamux v0.13.6
[INFO] [stderr]   Downloaded libp2p-yamux v0.46.0
[INFO] [stderr]   Downloaded libp2p-upnp v0.3.0
[INFO] [stderr]   Downloaded xmltree v0.10.3
[INFO] [stderr]   Downloaded sc-consensus-grandpa v0.36.0
[INFO] [stderr]   Downloaded sc-consensus-slots v0.50.0
[INFO] [stderr]   Downloaded jsonrpsee-ws-client v0.24.9
[INFO] [stderr]   Downloaded jsonrpsee-types v0.24.9
[INFO] [stderr]   Downloaded jsonrpsee-core v0.24.9
[INFO] [stderr]   Downloaded jsonrpsee-client-transport v0.24.9
[INFO] [stderr]   Downloaded rustls-platform-verifier v0.5.3
[INFO] [stderr]   Downloaded jsonrpsee-proc-macros v0.24.9
[INFO] [stderr]   Downloaded sc-tracing-proc-macro v11.1.0
[INFO] [stderr]   Downloaded rand_pcg v0.3.1
[INFO] [stderr]   Downloaded sc-rpc v46.0.0
[INFO] [stderr]   Downloaded sc-offchain v46.0.0
[INFO] [stderr]   Downloaded sc-consensus-aura v0.51.0
[INFO] [stderr]   Downloaded subxt v0.41.0
[INFO] [stderr]   Downloaded pallet-aura v40.0.0
[INFO] [stderr]   Downloaded frame-try-runtime v0.47.0
[INFO] [stderr]   Downloaded frame-metadata-hash-extension v0.9.0
[INFO] [stderr]   Downloaded sc-transaction-pool-api v40.0.0
[INFO] [stderr]   Downloaded sp-api-proc-macro v23.0.0
[INFO] [stderr]   Downloaded wasm-instrument v0.4.0
[INFO] [stderr]   Downloaded thiserror v2.0.15
[INFO] [stderr]   Downloaded sp-timestamp v37.0.0
[INFO] [stderr]   Downloaded sp-consensus-slots v0.43.0
[INFO] [stderr]   Downloaded pallet-authorship v41.0.0
[INFO] [stderr]   Downloaded sp-consensus v0.43.0
[INFO] [stderr]   Downloaded sp-mixnet v0.15.0
[INFO] [stderr]   Downloaded tokio-tungstenite v0.26.2
[INFO] [stderr]   Downloaded sp-block-builder v37.0.0
[INFO] [stderr]   Downloaded multistream-select v0.13.0
[INFO] [stderr]   Downloaded cargo_metadata v0.15.4
[INFO] [stderr]   Downloaded yamux v0.12.1
[INFO] [stderr]   Downloaded libp2p-websocket v0.44.0
[INFO] [stderr]   Downloaded futures-rustls v0.26.0
[INFO] [stderr]   Downloaded clap_derive v4.5.45
[INFO] [stderr]   Downloaded subxt-lightclient v0.41.0
[INFO] [stderr]   Downloaded cumulus-primitives-core v0.19.0
[INFO] [stderr]   Downloaded sc-consensus-epochs v0.50.0
[INFO] [stderr]   Downloaded polkavm-linux-raw v0.24.0
[INFO] [stderr]   Downloaded camino v1.1.11
[INFO] [stderr]   Downloaded pallet-timestamp v40.0.0
[INFO] [stderr]   Downloaded pallet-grandpa v41.0.0
[INFO] [stderr]   Downloaded sp-blockchain v40.0.0
[INFO] [stderr]   Downloaded sc-network-types v0.17.0
[INFO] [stderr]   Downloaded mockall v0.13.1
[INFO] [stderr]   Downloaded webpki-root-certs v0.26.11
[INFO] [stderr]   Downloaded jsonrpsee-server v0.24.9
[INFO] [stderr]   Downloaded substrate-build-script-utils v11.0.0
[INFO] [stderr]   Downloaded sc-transaction-pool v40.1.0
[INFO] [stderr]   Downloaded sc-sysinfo v43.0.0
[INFO] [stderr]   Downloaded directories v5.0.1
[INFO] [stderr]   Downloaded sc-network-gossip v0.51.0
[INFO] [stderr]   Downloaded sc-cli v0.53.0
[INFO] [stderr]   Downloaded yap v0.12.0
[INFO] [stderr]   Downloaded scale-encode v0.10.0
[INFO] [stderr]   Downloaded scale-encode-derive v0.10.0
[INFO] [stderr]   Downloaded keccak-hash v0.11.0
[INFO] [stderr]   Downloaded subxt-rpcs v0.41.0
[INFO] [stderr]   Downloaded wasmi_core v0.32.3
[INFO] [stderr]   Downloaded wasmi_collections v0.32.3
[INFO] [stderr]   Downloaded string-interner v0.17.0
[INFO] [stderr]   Downloaded multi-stash v0.2.0
[INFO] [stderr]   Downloaded atomic-take v1.1.0
[INFO] [stderr]   Downloaded subxt-macro v0.41.0
[INFO] [stderr]   Downloaded subxt-utils-fetchmetadata v0.41.0
[INFO] [stderr]   Downloaded pest_derive v2.8.1
[INFO] [stderr]   Downloaded pest_meta v2.8.1
[INFO] [stderr]   Downloaded pallet-babe v41.0.0
[INFO] [stderr]   Downloaded pallet-authority-discovery v41.0.0
[INFO] [stderr]   Downloaded cumulus-primitives-proof-size-hostfunction v0.13.0
[INFO] [stderr]   Downloaded cumulus-primitives-parachain-inherent v0.19.0
[INFO] [stderr]   Downloaded cumulus-pallet-parachain-system-proc-macro v0.6.0
[INFO] [stderr]   Downloaded cumulus-client-parachain-inherent v0.18.0
[INFO] [stderr]   Downloaded sc-consensus-babe v0.51.0
[INFO] [stderr]   Downloaded cumulus-test-relay-sproof-builder v0.20.0
[INFO] [stderr]   Downloaded frame-benchmarking v41.0.1
[INFO] [stderr]   Downloaded simba v0.9.0
[INFO] [stderr]   Downloaded cxxbridge-macro v1.0.168
[INFO] [stderr]   Downloaded array-bytes v9.3.0
[INFO] [stderr]   Downloaded pallet-transaction-payment v41.0.0
[INFO] [stderr]   Downloaded pallet-sudo v41.0.0
[INFO] [stderr]   Downloaded pallet-session v41.0.0
[INFO] [stderr]   Downloaded frame-system-rpc-runtime-api v37.0.0
[INFO] [stderr]   Downloaded frame-executive v41.0.0
[INFO] [stderr]   Downloaded substrate-frame-rpc-system v45.0.0
[INFO] [stderr]   Downloaded libp2p-identity v0.2.12
[INFO] [stderr]   Downloaded libp2p-core v0.42.0
[INFO] [stderr]   Downloaded wasm-timer v0.2.5
[INFO] [stderr]   Downloaded igd-next v0.14.3
[INFO] [stderr]   Downloaded libp2p-noise v0.45.0
[INFO] [stderr]   Downloaded fork-tree v13.0.1
[INFO] [stderr]   Downloaded smoldot-light v0.16.2
[INFO] [stderr]   Downloaded wasmi v0.32.3
[INFO] [stderr]   Downloaded wasmparser-nostd v0.100.2
[INFO] [stderr]   Downloaded ruzstd v0.6.0
[INFO] [stderr]   Downloaded frame-storage-access-test-runtime v0.2.0
[INFO] [stderr]   Downloaded pallet-broker v0.20.0
[INFO] [stderr]   Downloaded tikv-jemalloc-ctl v0.5.4
[INFO] [stderr]   Downloaded substrate-wasm-builder v27.0.0
[INFO] [stderr]   Downloaded smol v2.0.2
[INFO] [stderr]   Downloaded polkadot-core-primitives v18.0.0
[INFO] [stderr]   Downloaded pest_generator v2.8.1
[INFO] [stderr]   Downloaded subxt-signer v0.41.0
[INFO] [stderr]   Downloaded hex-conservative v0.2.1
[INFO] [stderr]   Downloaded smoldot v0.18.0
[INFO] [stderr]   Downloaded sp-authority-discovery v37.0.0
[INFO] [stderr]   Downloaded handlebars v5.1.2
[INFO] [stderr]   Downloaded frame-election-provider-solution-type v16.1.1
[INFO] [stderr]   Downloaded pallet-mmr v41.0.0
[INFO] [stderr]   Downloaded polkadot-sdk-frame v0.10.0
[INFO] [stderr]   Downloaded tracing-gum-proc-macro v5.0.0
[INFO] [stderr]   Downloaded coarsetime v0.1.36
[INFO] [stderr]   Downloaded cxx-build v1.0.168
[INFO] [stderr]   Downloaded cxxbridge-cmd v1.0.168
[INFO] [stderr]   Downloaded polkavm-linker v0.24.0
[INFO] [stderr]   Downloaded pallet-balances v42.0.0
[INFO] [stderr]   Downloaded sc-rpc-api v0.50.0
[INFO] [stderr]   Downloaded sc-mixnet v0.21.0
[INFO] [stderr]   Downloaded tungstenite v0.26.2
[INFO] [stderr]   Downloaded sp-statement-store v21.0.0
[INFO] [stderr]   Downloaded sc-rpc-server v23.0.0
[INFO] [stderr]   Downloaded secrecy v0.10.3
[INFO] [stderr]   Downloaded bitcoin_hashes v0.14.0
[INFO] [stderr]   Downloaded sp-mmr-primitives v37.0.0
[INFO] [stderr]   Downloaded polkadot-ckb-merkle-mountain-range v0.8.1
[INFO] [stderr]   Downloaded pallet-message-queue v44.0.0
[INFO] [stderr]   Downloaded cumulus-relay-chain-interface v0.24.0
[INFO] [stderr]   Downloaded polkadot-overseer v24.0.0
[INFO] [stderr]   Downloaded tracing-gum v20.0.0
[INFO] [stderr]   Downloaded polkadot-node-subsystem-types v24.0.0
[INFO] [stderr]   Downloaded polkadot-statement-table v20.0.0
[INFO] [stderr]   Downloaded bounded-vec v0.7.1
[INFO] [stderr]   Downloaded finality-grandpa v0.16.3
[INFO] [stderr]   Downloaded libp2p-swarm v0.45.1
[INFO] [stderr]   Downloaded sc-block-builder v0.45.0
[INFO] [stderr]   Downloaded raw-cpuid v11.5.0
[INFO] [stderr]   Downloaded forwarded-header-value v0.1.1
[INFO] [stderr]   Downloaded nonempty v0.7.0
[INFO] [stderr]   Downloaded sc-network-light v0.50.0
[INFO] [stderr]   Downloaded sc-keystore v36.0.0
[INFO] [stderr]   Downloaded wasix v0.12.21
[INFO] [stderr]   Downloaded polkadot-node-primitives v20.0.0
[INFO] [stderr]   Downloaded subxt-metadata v0.41.0
[INFO] [stderr]   Downloaded cumulus-pallet-parachain-system v0.21.0
[INFO] [stderr]   Downloaded sp-consensus-babe v0.43.0
[INFO] [stderr]   Downloaded polkadot-node-metrics v24.0.0
[INFO] [stderr]   Downloaded frame-decode v0.7.1
[INFO] [stderr]   Downloaded sc-runtime-utilities v0.3.0
[INFO] [stderr]   Downloaded polkadot-primitives v19.0.0
[INFO] [stderr]   Downloaded staging-xcm v17.0.0
[INFO] [stderr]   Downloaded sc-informant v0.50.0
[INFO] [stderr]   Downloaded sc-consensus v0.50.0
[INFO] [stderr]   Downloaded subxt-core v0.41.0
[INFO] [stderr]   Downloaded scale-typegen v0.11.1
[INFO] [stderr]   Downloaded polkadot-parachain-primitives v17.0.0
[INFO] [stderr]   Downloaded staging-xcm-builder v21.1.0
[INFO] [stderr]   Downloaded staging-xcm-executor v20.0.1
[INFO] [stderr]   Downloaded polkadot-node-network-protocol v24.0.0
[INFO] [stderr]   Downloaded frame-support-procedural v34.0.0
[INFO] [stderr]   Downloaded polkavm v0.24.0
[INFO] [stderr]   Downloaded regalloc2 v0.9.3
[INFO] [stderr]   Downloaded sc-rpc-spec-v2 v0.51.0
[INFO] [stderr]   Downloaded rtoolbox v0.0.3
[INFO] [stderr]   Downloaded frame-metadata v20.0.0
[INFO] [stderr]   Downloaded xcm-procedural v11.0.2
[INFO] [stderr]   Downloaded pallet-asset-conversion v23.0.0
[INFO] [stderr]   Downloaded polkadot-runtime-metrics v21.0.0
[INFO] [stderr]   Downloaded dyn-clonable-impl v0.9.2
[INFO] [stderr]   Downloaded kvdb-rocksdb v0.19.0
[INFO] [stderr]   Downloaded frame-benchmarking-cli v49.0.0
[INFO] [stderr]   Downloaded sc-authority-discovery v0.51.0
[INFO] [stderr]   Downloaded frame-support v41.0.0
[INFO] [stderr]   Downloaded clap_builder v4.5.44
[INFO] [stderr]   Downloaded polkadot-runtime-parachains v20.0.1
[INFO] [stderr]   Downloaded cxx v1.0.168
[INFO] [stderr]   Downloaded prioritized-metered-channel v0.6.1
[INFO] [stderr]   Downloaded derive-where v1.6.0
[INFO] [stderr]   Downloaded fatality v0.1.1
[INFO] [stderr]   Downloaded fatality-proc-macro v0.1.1
[INFO] [stderr]   Downloaded orchestra-proc-macro v0.4.1
[INFO] [stderr]   Downloaded dyn-clonable v0.9.2
[INFO] [stderr]   Downloaded subxt-codegen v0.41.0
[INFO] [stderr]   Downloaded pallet-staking v41.0.0
[INFO] [stderr]   Downloaded frame-election-provider-support v41.0.0
[INFO] [stderr]   Downloaded sc-basic-authorship v0.50.0
[INFO] [stderr]   Downloaded orchestra v0.4.1
[INFO] [stderr]   Downloaded bitcoin-io v0.1.3
[INFO] [stderr]   Downloaded sc-proposer-metrics v0.20.0
[INFO] [stderr]   Downloaded pallet-transaction-payment-rpc v44.0.0
[INFO] [stderr]   Downloaded crypto_secretbox v0.1.1
[INFO] [stderr]   Downloaded bip32 v0.5.3
[INFO] [stderr]   Downloaded async-fs v2.1.3
[INFO] [stderr]   Downloaded sc-network v0.51.1
[INFO] [stderr]   Downloaded async-process v2.4.0
[INFO] [stderr]   Downloaded scale-value v0.18.0
[INFO] [stderr]   Downloaded sc-client-db v0.47.0
[INFO] [stderr]   Downloaded names v0.14.0
[INFO] [stderr]   Downloaded rocksdb v0.21.0
[INFO] [stderr]   Downloaded litep2p v0.9.5
[INFO] [stderr]   Downloaded sp-npos-elections v37.0.0
[INFO] [stderr]   Downloaded secp256k1-sys v0.8.2
[INFO] [stderr]   Downloaded nalgebra v0.33.2
[INFO] [stderr]   Downloaded bip39 v2.2.0
[INFO] [stderr]   Downloaded wasm-opt v0.116.1
[INFO] [stderr]   Downloaded frame-metadata v21.0.0
[INFO] [stderr]   Downloaded merkleized-metadata v0.5.0
[INFO] [stderr]   Downloaded tikv-jemalloc-sys v0.5.4+5.3.0-patched
[INFO] [stderr]   Downloaded sc-executor v0.43.0
[INFO] [stderr]   Downloaded wasm-opt-sys v0.116.0
[INFO] [stderr]   Downloaded aquamarine v0.5.0
[INFO] [stderr]   Downloaded windows v0.53.0
[INFO] [stderr]   Downloaded frame-system-benchmarking v41.0.0
[INFO] [stderr]   Downloaded librocksdb-sys v0.11.0+8.1.1
[INFO] [stderr]   Downloaded sc-executor-polkavm v0.36.0
[INFO] running `Command { std: "docker" "create" "-v" "/var/lib/crater-agent-workspace/builds/worker-6-tc2/source:/opt/rustwide/workdir:ro,Z" "-v" "/var/lib/crater-agent-workspace/builds/worker-6-tc2/target:/opt/rustwide/target:rw,Z" "-v" "/var/lib/crater-agent-workspace/cargo-home:/opt/rustwide/cargo-home:ro,Z" "-v" "/var/lib/crater-agent-workspace/rustup-home:/opt/rustwide/rustup-home:ro,Z" "-m" "1610612736" "--network" "none" "ghcr.io/rust-lang/crates-build-env/linux@sha256:3111399a4047eeb3a02b7a90e478d715f38a8c6669b5c4b49d30a17385265909" "sleep" "infinity", kill_on_drop: false }`
[INFO] [stdout] 6133ac841ab8a7074af966e892fbdee511d15a29372bfe9b236164e2308e7ac9
[INFO] running `Command { std: "docker" "start" "6133ac841ab8a7074af966e892fbdee511d15a29372bfe9b236164e2308e7ac9", kill_on_drop: false }`
[INFO] running `Command { std: "docker" "inspect" "6133ac841ab8a7074af966e892fbdee511d15a29372bfe9b236164e2308e7ac9", kill_on_drop: false }`
[INFO] running `Command { std: "docker" "exec" "-e" "SOURCE_DIR=/opt/rustwide/workdir" "-e" "CARGO_HOME=/opt/rustwide/cargo-home" "-e" "RUSTUP_HOME=/opt/rustwide/rustup-home" "-e" "CARGO_TARGET_DIR=/opt/rustwide/target" "-w" "/opt/rustwide/workdir" "--user" "0:0" "6133ac841ab8a7074af966e892fbdee511d15a29372bfe9b236164e2308e7ac9" "/opt/rustwide/cargo-home/bin/cargo" "+e4d5758286bf2cf6f415802f2cf861747a7c6c8c" "metadata" "--no-deps" "--format-version=1", kill_on_drop: false }`
[INFO] running `Command { std: "docker" "inspect" "6133ac841ab8a7074af966e892fbdee511d15a29372bfe9b236164e2308e7ac9", kill_on_drop: false }`
[INFO] running `Command { std: "docker" "exec" "-e" "SOURCE_DIR=/opt/rustwide/workdir" "-e" "CARGO_HOME=/opt/rustwide/cargo-home" "-e" "RUSTUP_HOME=/opt/rustwide/rustup-home" "-e" "CARGO_TARGET_DIR=/opt/rustwide/target" "-e" "CARGO_INCREMENTAL=0" "-e" "RUST_BACKTRACE=full" "-e" "RUSTFLAGS=--cap-lints=forbid" "-e" "RUSTDOCFLAGS=--cap-lints=forbid" "-w" "/opt/rustwide/workdir" "--user" "0:0" "6133ac841ab8a7074af966e892fbdee511d15a29372bfe9b236164e2308e7ac9" "/opt/rustwide/cargo-home/bin/cargo" "+e4d5758286bf2cf6f415802f2cf861747a7c6c8c" "check" "--frozen" "--all" "--all-targets" "--message-format=json", kill_on_drop: false }`
[INFO] [stderr] warning: unused field `license` in `workspace.package`
[INFO] [stderr]    --> Cargo.toml:256:1
[INFO] [stderr]     |
[INFO] [stderr] 256 | license = "MIT-0"
[INFO] [stderr]     | ^^^^^^^
[INFO] [stderr]     |
[INFO] [stderr]     = note: `cargo::unused_workspace_package_fields` is set to `warn` by default
[INFO] [stderr] help: consider removing the field `workspace.package.license`
[INFO] [stderr] warning: unused field `publish` in `workspace.package`
[INFO] [stderr]    --> Cargo.toml:257:1
[INFO] [stderr]     |
[INFO] [stderr] 257 | publish = false
[INFO] [stderr]     | ^^^^^^^
[INFO] [stderr]     |
[INFO] [stderr] help: consider removing the field `workspace.package.publish`
[INFO] [stderr] warning: workspace (manifest) generated 2 warnings
[INFO] [stderr]    Compiling proc-macro2 v1.0.101
[INFO] [stderr]    Compiling libc v0.2.175
[INFO] [stderr]     Checking memchr v2.7.5
[INFO] [stderr]    Compiling zerocopy v0.8.26
[INFO] [stderr]     Checking bytes v1.10.1
[INFO] [stderr]    Compiling serde v1.0.219
[INFO] [stderr]    Compiling generic-array v0.14.7
[INFO] [stderr]    Compiling portable-atomic v1.11.1
[INFO] [stderr]     Checking critical-section v1.2.0
[INFO] [stderr]     Checking subtle v2.6.1
[INFO] [stderr]     Checking futures-core v0.3.31
[INFO] [stderr]     Checking futures-io v0.3.31
[INFO] [stderr]    Compiling hashbrown v0.15.5
[INFO] [stderr]     Checking const-oid v0.9.6
[INFO] [stderr]     Checking slab v0.4.11
[INFO] [stderr]     Checking futures-channel v0.3.31
[INFO] [stderr]     Checking futures-task v0.3.31
[INFO] [stderr]    Compiling anyhow v1.0.99
[INFO] [stderr]     Checking litemap v0.8.0
[INFO] [stderr]     Checking writeable v0.6.1
[INFO] [stderr]    Compiling icu_normalizer_data v2.0.0
[INFO] [stderr]    Compiling icu_properties_data v2.0.1
[INFO] [stderr]    Compiling winnow v0.7.12
[INFO] [stderr]    Compiling toml_write v0.1.2
[INFO] [stderr]    Compiling semver v1.0.26
[INFO] [stderr]     Checking form_urlencoded v1.2.1
[INFO] [stderr]    Compiling regex-syntax v0.8.5
[INFO] [stderr]     Checking either v1.15.0
[INFO] [stderr]    Compiling prettyplease v0.2.36
[INFO] [stderr]     Checking foldhash v0.1.5
[INFO] [stderr]    Compiling once_cell v1.21.3
[INFO] [stderr]    Compiling cfg-if v1.0.1
[INFO] [stderr]    Compiling typenum v1.18.0
[INFO] [stderr]    Compiling parity-scale-codec v3.7.5
[INFO] [stderr]    Compiling indexmap v1.9.3
[INFO] [stderr]     Checking bs58 v0.5.1
[INFO] [stderr]    Compiling jobserver v0.1.33
[INFO] [stderr]    Compiling quote v1.0.40
[INFO] [stderr]    Compiling indexmap v2.10.0
[INFO] [stderr]     Checking byte-slice-cast v1.2.3
[INFO] [stderr]    Compiling aho-corasick v1.1.3
[INFO] [stderr]    Compiling cc v1.2.33
[INFO] [stderr]     Checking tracing-core v0.1.34
[INFO] [stderr]     Checking bitflags v2.9.2
[INFO] [stderr]    Compiling crunchy v0.2.4
[INFO] [stderr]    Compiling lazy_static v1.5.0
[INFO] [stderr]    Compiling target-lexicon v0.12.16
[INFO] [stderr]     Checking http v1.3.1
[INFO] [stderr]    Compiling syn v2.0.106
[INFO] [stderr]    Compiling cranelift-isle v0.95.1
[INFO] [stderr]    Compiling const_format_proc_macros v0.2.34
[INFO] [stderr]     Checking tinyvec v1.9.0
[INFO] [stderr]    Compiling cranelift-codegen-shared v0.95.1
[INFO] [stderr]    Compiling cranelift-codegen-meta v0.95.1
[INFO] [stderr]     Checking crc32fast v1.5.0
[INFO] [stderr]    Compiling block-buffer v0.10.4
[INFO] [stderr]    Compiling crypto-common v0.1.6
[INFO] [stderr]     Checking crossbeam-epoch v0.9.18
[INFO] [stderr]    Compiling time-macros v0.2.22
[INFO] [stderr]    Compiling digest v0.10.7
[INFO] [stderr]    Compiling io-lifetimes v1.0.11
[INFO] [stderr]     Checking keccak v0.1.5
[INFO] [stderr]     Checking slice-group-by v0.3.1
[INFO] [stderr]     Checking const_format v0.2.34
[INFO] [stderr]    Compiling termcolor v1.4.1
[INFO] [stderr]     Checking getrandom v0.2.16
[INFO] [stderr]     Checking parking_lot_core v0.9.11
[INFO] [stderr]     Checking getrandom v0.3.3
[INFO] [stderr]     Checking mio v1.0.4
[INFO] [stderr]     Checking ppv-lite86 v0.2.21
[INFO] [stderr]     Checking rand_core v0.6.4
[INFO] [stderr]     Checking num_cpus v1.17.0
[INFO] [stderr]     Checking signal-hook-registry v1.4.6
[INFO] [stderr]     Checking parking_lot v0.12.4
[INFO] [stderr]     Checking socket2 v0.6.0
[INFO] [stderr]    Compiling regex-automata v0.4.9
[INFO] [stderr]     Checking ahash v0.8.12
[INFO] [stderr]     Checking regalloc2 v0.6.1
[INFO] [stderr]     Checking constant_time_eq v0.3.1
[INFO] [stderr]     Checking hashbrown v0.13.2
[INFO] [stderr]    Compiling serde_json v1.0.142
[INFO] [stderr]    Compiling rustix v0.36.17
[INFO] [stderr]     Checking bumpalo v3.19.0
[INFO] [stderr]    Compiling zstd-sys v2.0.15+zstd.1.5.7
[INFO] [stderr]     Checking rand_chacha v0.3.1
[INFO] [stderr]     Checking errno v0.3.13
[INFO] [stderr]    Compiling itoa v1.0.15
[INFO] [stderr]    Compiling ryu v1.0.20
[INFO] [stderr]     Checking rand v0.8.5
[INFO] [stderr]    Compiling rustix v0.38.44
[INFO] [stderr]     Checking integer-sqrt v0.1.5
[INFO] [stderr]    Compiling fs-err v2.11.0
[INFO] [stderr]    Compiling memoffset v0.8.0
[INFO] [stderr]     Checking linux-raw-sys v0.4.15
[INFO] [stderr]    Compiling zstd-safe v5.0.2+zstd.1.5.2
[INFO] [stderr]     Checking base64 v0.22.1
[INFO] [stderr]     Checking time v0.3.41
[INFO] [stderr]    Compiling wasmtime-runtime v8.0.1
[INFO] [stderr]     Checking blake2b_simd v1.0.3
[INFO] [stderr]     Checking is-terminal v0.4.16
[INFO] [stderr]     Checking crossbeam-deque v0.8.6
[INFO] [stderr]    Compiling digest v0.9.0
[INFO] [stderr]    Compiling cpp_demangle v0.3.5
[INFO] [stderr]    Compiling expander v2.2.1
[INFO] [stderr]     Checking humantime v2.2.0
[INFO] [stderr]     Checking rayon-core v1.13.0
[INFO] [stderr]    Compiling libsecp256k1-core v0.3.0
[INFO] [stderr]    Compiling psm v0.1.26
[INFO] [stderr]     Checking dirs-sys-next v0.1.2
[INFO] [stderr]    Compiling blake2 v0.10.6
[INFO] [stderr]     Checking uint v0.10.0
[INFO] [stderr]    Compiling file-guard v0.2.0
[INFO] [stderr]     Checking itertools v0.10.5
[INFO] [stderr]     Checking wasmtime-asm-macros v8.0.1
[INFO] [stderr]     Checking regex-syntax v0.6.29
[INFO] [stderr]    Compiling ref-cast v1.0.24
[INFO] [stderr]    Compiling wasmtime-cache v8.0.1
[INFO] [stderr]     Checking base16ct v0.2.0
[INFO] [stderr]     Checking rayon v1.11.0
[INFO] [stderr]     Checking directories-next v2.0.0
[INFO] [stderr]     Checking ff v0.13.1
[INFO] [stderr]     Checking wasmtime-jit-icache-coherence v8.0.1
[INFO] [stderr]     Checking hash-db v0.16.0
[INFO] [stderr]     Checking overload v0.1.1
[INFO] [stderr]    Compiling wasmtime v8.0.1
[INFO] [stderr]    Compiling bitcoin-internals v0.2.0
[INFO] [stderr]     Checking group v0.13.0
[INFO] [stderr]    Compiling cranelift-codegen v0.95.1
[INFO] [stderr]     Checking regex v1.11.1
[INFO] [stderr]     Checking nu-ansi-term v0.46.0
[INFO] [stderr]    Compiling libsecp256k1-gen-genmult v0.3.0
[INFO] [stderr]    Compiling libsecp256k1-gen-ecmult v0.3.0
[INFO] [stderr]    Compiling secp256k1-sys v0.9.2
[INFO] [stderr]     Checking tracing-log v0.2.0
[INFO] [stderr]     Checking memfd v0.6.4
[INFO] [stderr]     Checking base64ct v1.8.0
[INFO] [stderr]    Compiling libsecp256k1 v0.7.2
[INFO] [stderr]     Checking fixed-hash v0.8.0
[INFO] [stderr]     Checking impl-num-traits v0.2.0
[INFO] [stderr]     Checking getrandom_or_panic v0.0.3
[INFO] [stderr]     Checking http-body v1.0.1
[INFO] [stderr]     Checking environmental v1.1.4
[INFO] [stderr]     Checking hex-conservative v0.1.2
[INFO] [stderr]    Compiling same-file v1.0.6
[INFO] [stderr]    Compiling walkdir v2.5.0
[INFO] [stderr]     Checking env_logger v0.10.2
[INFO] [stderr]     Checking password-hash v0.5.0
[INFO] [stderr]     Checking bitcoin_hashes v0.13.0
[INFO] [stderr]     Checking unicode-normalization v0.1.22
[INFO] [stderr]     Checking regex-automata v0.1.10
[INFO] [stderr]     Checking file-per-thread-logger v0.1.6
[INFO] [stderr]     Checking num-format v0.4.4
[INFO] [stderr]    Compiling synstructure v0.13.2
[INFO] [stderr]    Compiling Inflector v0.11.4
[INFO] [stderr]     Checking sp-std v14.0.0
[INFO] [stderr]     Checking hash256-std-hasher v0.15.2
[INFO] [stderr]     Checking itertools v0.11.0
[INFO] [stderr]     Checking array-bytes v6.2.3
[INFO] [stderr]     Checking dyn-clone v1.0.20
[INFO] [stderr]     Checking http-body-util v0.1.3
[INFO] [stderr]    Compiling prometheus v0.13.4
[INFO] [stderr]    Compiling common-path v1.0.0
[INFO] [stderr]     Checking object v0.36.7
[INFO] [stderr]     Checking trie-root v0.18.0
[INFO] [stderr]     Checking memory-db v0.34.0
[INFO] [stderr]     Checking trie-db v0.30.0
[INFO] [stderr]     Checking matchers v0.1.0
[INFO] [stderr]     Checking schnellru v0.2.4
[INFO] [stderr]    Compiling sp-io v41.0.1
[INFO] [stderr]     Checking tuplex v0.1.2
[INFO] [stderr]     Checking simple-mermaid v0.1.1
[INFO] [stderr]    Compiling arrayvec v0.7.6
[INFO] [stderr]    Compiling arrayref v0.3.9
[INFO] [stderr]     Checking parity-wasm v0.45.0
[INFO] [stderr]    Compiling sha2 v0.10.9
[INFO] [stderr]    Compiling sha3 v0.10.8
[INFO] [stdout] error[E0277]: a value of type `!` cannot be built from an iterator over elements of type `()`
[INFO] [stdout]    --> /opt/rustwide/cargo-home/registry/src/index.crates.io-1949cf8c6b5b557f/trie-db-0.30.0/src/node.rs:231:18
[INFO] [stdout]     |
[INFO] [stdout] 231 |                         .collect::<Result<_, _, _>>()?;
[INFO] [stdout]     |                          -------   ^^^^^^^^^^^^^^^ value of type `!` cannot be built from `std::iter::Iterator<Item=()>`
[INFO] [stdout]     |                          |
[INFO] [stdout]     |                          required by a bound introduced by this call
[INFO] [stdout]     |
[INFO] [stdout]     = help: the trait `FromIterator<()>` is not implemented for `!`
[INFO] [stdout] help: the trait `FromIterator<std::result::Result<T, E>>` is conditionally implemented for `std::result::Result<V, E>`
[INFO] [stdout]    --> /rustc/e4d5758286bf2cf6f415802f2cf861747a7c6c8c/library/core/src/result.rs:2114:14
[INFO] [stdout]     |
[INFO] [stdout]     = note: unsatisfied requirement introduced here: `_: FromIterator<_>`
[INFO] [stdout]     = note: this error might have been caused by changes to Rust's type-inference algorithm (see issue #148922 <https://github.com/rust-lang/rust/issues/148922> for more information)
[INFO] [stdout]     = help: you might have intended to use the type `()` here instead
[INFO] [stdout]     = note: required for `Result<!, Box<TrieError<<<L as TrieLayout>::Hash as Hasher>::Out, _>>>` to implement `FromIterator<Result<(), Box<TrieError<<_ as Hasher>::Out, _>>>>`
[INFO] [stdout] note: required by a bound in `collect`
[INFO] [stdout]    --> /rustc/e4d5758286bf2cf6f415802f2cf861747a7c6c8c/library/core/src/iter/traits/iterator.rs:2087:4
[INFO] [stdout]     = note: the full name for the type has been written to '/opt/rustwide/target/debug/build/trie-db/97c380eb2fa2cf63/out/trie_db-97c380eb2fa2cf63.long-type-2007472093039728947.txt'
[INFO] [stdout]     = note: consider using `--verbose` to print the full type name to the console
[INFO] [stdout] 
[INFO] [stdout] 
[INFO] [stdout] error[E0277]: a value of type `!` cannot be built from an iterator over elements of type `()`
[INFO] [stdout]    --> /opt/rustwide/cargo-home/registry/src/index.crates.io-1949cf8c6b5b557f/trie-db-0.30.0/src/node.rs:259:18
[INFO] [stdout]     |
[INFO] [stdout] 259 |                         .collect::<Result<_, _, _>>()?;
[INFO] [stdout]     |                          -------   ^^^^^^^^^^^^^^^ value of type `!` cannot be built from `std::iter::Iterator<Item=()>`
[INFO] [stdout]     |                          |
[INFO] [stdout]     |                          required by a bound introduced by this call
[INFO] [stdout]     |
[INFO] [stdout]     = help: the trait `FromIterator<()>` is not implemented for `!`
[INFO] [stdout] help: the trait `FromIterator<std::result::Result<T, E>>` is conditionally implemented for `std::result::Result<V, E>`
[INFO] [stdout]    --> /rustc/e4d5758286bf2cf6f415802f2cf861747a7c6c8c/library/core/src/result.rs:2114:14
[INFO] [stdout]     |
[INFO] [stdout]     = note: unsatisfied requirement introduced here: `_: FromIterator<_>`
[INFO] [stdout]     = note: this error might have been caused by changes to Rust's type-inference algorithm (see issue #148922 <https://github.com/rust-lang/rust/issues/148922> for more information)
[INFO] [stdout]     = help: you might have intended to use the type `()` here instead
[INFO] [stdout]     = note: required for `Result<!, Box<TrieError<<<L as TrieLayout>::Hash as Hasher>::Out, _>>>` to implement `FromIterator<Result<(), Box<TrieError<<_ as Hasher>::Out, _>>>>`
[INFO] [stdout] note: required by a bound in `collect`
[INFO] [stdout]    --> /rustc/e4d5758286bf2cf6f415802f2cf861747a7c6c8c/library/core/src/iter/traits/iterator.rs:2087:4
[INFO] [stdout]     = note: the full name for the type has been written to '/opt/rustwide/target/debug/build/trie-db/97c380eb2fa2cf63/out/trie_db-97c380eb2fa2cf63.long-type-2007472093039728947.txt'
[INFO] [stdout]     = note: consider using `--verbose` to print the full type name to the console
[INFO] [stdout] 
[INFO] [stdout] 
[INFO] [stderr]    Compiling byteorder v1.5.0
[INFO] [stderr]    Compiling proc-macro-warning v1.84.1
[INFO] [stderr]    Compiling syn v1.0.109
[INFO] [stderr]    Compiling thiserror v2.0.15
[INFO] [stderr]     Checking data-encoding v2.9.0
[INFO] [stderr]     Checking futures-timer v3.0.3
[INFO] [stderr]    Compiling proc-macro-error-attr v1.0.4
[INFO] [stderr]    Compiling proc-macro-error v1.0.4
[INFO] [stderr]     Checking core2 v0.4.0
[INFO] [stderr]    Compiling serde_derive v1.0.219
[INFO] [stderr]    Compiling zeroize_derive v1.4.2
[INFO] [stderr]    Compiling thiserror-impl v1.0.69
[INFO] [stderr]    Compiling futures-macro v0.3.31
[INFO] [stderr]    Compiling zerofrom-derive v0.1.6
[INFO] [stderr]    Compiling displaydoc v0.2.5
[INFO] [stdout] For more information about this error, try `rustc --explain E0277`.
[INFO] [stdout] 
[INFO] [stderr]    Compiling yoke-derive v0.8.0
[INFO] [stderr] error: could not compile `trie-db` (lib) due to 2 previous errors
[INFO] [stderr] warning: build failed, waiting for other jobs to finish...
[INFO] running `Command { std: "docker" "inspect" "6133ac841ab8a7074af966e892fbdee511d15a29372bfe9b236164e2308e7ac9", kill_on_drop: false }`
[INFO] running `Command { std: "docker" "rm" "-f" "6133ac841ab8a7074af966e892fbdee511d15a29372bfe9b236164e2308e7ac9", kill_on_drop: false }`
[INFO] [stdout] 6133ac841ab8a7074af966e892fbdee511d15a29372bfe9b236164e2308e7ac9
