[INFO] cloning repository https://github.com/mark-ik/wgpu-gui-bridge
[INFO] running `Command { std: "git" "-c" "credential.helper=" "-c" "credential.helper=/workspace/cargo-home/bin/git-credential-null" "clone" "--bare" "https://github.com/mark-ik/wgpu-gui-bridge" "/workspace/cache/git-repos/https%3A%2F%2Fgithub.com%2Fmark-ik%2Fwgpu-gui-bridge", kill_on_drop: false }`
[INFO] [stderr] Cloning into bare repository '/workspace/cache/git-repos/https%3A%2F%2Fgithub.com%2Fmark-ik%2Fwgpu-gui-bridge'...
[INFO] running `Command { std: "git" "rev-parse" "HEAD", kill_on_drop: false }`
[INFO] [stdout] 403a30c2fab39c573d1eebb57a0995e2c3347ff1
[INFO] checking mark-ik/wgpu-gui-bridge/403a30c2fab39c573d1eebb57a0995e2c3347ff1 against e4d5758286bf2cf6f415802f2cf861747a7c6c8c for pr-152972
[INFO] running `Command { std: "git" "clone" "/workspace/cache/git-repos/https%3A%2F%2Fgithub.com%2Fmark-ik%2Fwgpu-gui-bridge" "/workspace/builds/worker-3-tc2/source", kill_on_drop: false }`
[INFO] [stderr] Cloning into '/workspace/builds/worker-3-tc2/source'...
[INFO] [stderr] done.
[INFO] removed /workspace/builds/worker-3-tc2/source/rust-toolchain.toml
[INFO] started tweaking git repo https://github.com/mark-ik/wgpu-gui-bridge
[INFO] finished tweaking git repo https://github.com/mark-ik/wgpu-gui-bridge
[INFO] tweaked toml for git repo https://github.com/mark-ik/wgpu-gui-bridge written to /workspace/builds/worker-3-tc2/source/Cargo.toml
[INFO] validating manifest of git repo https://github.com/mark-ik/wgpu-gui-bridge on toolchain e4d5758286bf2cf6f415802f2cf861747a7c6c8c
[INFO] running `Command { std: CARGO_HOME="/workspace/cargo-home" RUSTUP_HOME="/workspace/rustup-home" "/workspace/cargo-home/bin/cargo" "+e4d5758286bf2cf6f415802f2cf861747a7c6c8c" "metadata" "--manifest-path" "Cargo.toml" "--no-deps", kill_on_drop: false }`
[INFO] crate git repo https://github.com/mark-ik/wgpu-gui-bridge already has a lockfile, it will not be regenerated
[INFO] running `Command { std: CARGO_HOME="/workspace/cargo-home" RUSTUP_HOME="/workspace/rustup-home" "/workspace/cargo-home/bin/cargo" "+e4d5758286bf2cf6f415802f2cf861747a7c6c8c" "fetch" "--manifest-path" "Cargo.toml", kill_on_drop: false }`
[INFO] [stderr] warning: unused field `repository` in `workspace.package`
[INFO] [stderr]   --> Cargo.toml:28:1
[INFO] [stderr]    |
[INFO] [stderr] 28 | repository = "https://github.com/merely-made/wgpu-graft"
[INFO] [stderr]    | ^^^^^^^^^^
[INFO] [stderr]    |
[INFO] [stderr]    = note: `cargo::unused_workspace_package_fields` is set to `warn` by default
[INFO] [stderr] help: consider removing the field `workspace.package.repository`
[INFO] [stderr] warning: workspace (manifest) generated 1 warning
[INFO] [stderr]     Blocking waiting for file lock on package cache
[INFO] [stderr]     Updating crates.io index
[INFO] [stderr]     Updating git repository `https://github.com/servo/servo`
[ERROR] error running command: no output for 300 seconds
[INFO] checking mark-ik/wgpu-gui-bridge/403a30c2fab39c573d1eebb57a0995e2c3347ff1 against e4d5758286bf2cf6f415802f2cf861747a7c6c8c for pr-152972
[INFO] running `Command { std: "git" "clone" "/workspace/cache/git-repos/https%3A%2F%2Fgithub.com%2Fmark-ik%2Fwgpu-gui-bridge" "/workspace/builds/worker-3-tc2/source", kill_on_drop: false }`
[INFO] [stderr] Cloning into '/workspace/builds/worker-3-tc2/source'...
[INFO] [stderr] done.
[INFO] removed /workspace/builds/worker-3-tc2/source/rust-toolchain.toml
[INFO] started tweaking git repo https://github.com/mark-ik/wgpu-gui-bridge
[INFO] finished tweaking git repo https://github.com/mark-ik/wgpu-gui-bridge
[INFO] tweaked toml for git repo https://github.com/mark-ik/wgpu-gui-bridge written to /workspace/builds/worker-3-tc2/source/Cargo.toml
[INFO] validating manifest of git repo https://github.com/mark-ik/wgpu-gui-bridge on toolchain e4d5758286bf2cf6f415802f2cf861747a7c6c8c
[INFO] running `Command { std: CARGO_HOME="/workspace/cargo-home" RUSTUP_HOME="/workspace/rustup-home" "/workspace/cargo-home/bin/cargo" "+e4d5758286bf2cf6f415802f2cf861747a7c6c8c" "metadata" "--manifest-path" "Cargo.toml" "--no-deps", kill_on_drop: false }`
[INFO] crate git repo https://github.com/mark-ik/wgpu-gui-bridge already has a lockfile, it will not be regenerated
[INFO] running `Command { std: CARGO_HOME="/workspace/cargo-home" RUSTUP_HOME="/workspace/rustup-home" "/workspace/cargo-home/bin/cargo" "+e4d5758286bf2cf6f415802f2cf861747a7c6c8c" "fetch" "--manifest-path" "Cargo.toml", kill_on_drop: false }`
[INFO] [stderr] warning: unused field `repository` in `workspace.package`
[INFO] [stderr]   --> Cargo.toml:28:1
[INFO] [stderr]    |
[INFO] [stderr] 28 | repository = "https://github.com/merely-made/wgpu-graft"
[INFO] [stderr]    | ^^^^^^^^^^
[INFO] [stderr]    |
[INFO] [stderr]    = note: `cargo::unused_workspace_package_fields` is set to `warn` by default
[INFO] [stderr] help: consider removing the field `workspace.package.repository`
[INFO] [stderr] warning: workspace (manifest) generated 1 warning
[INFO] [stderr]     Blocking waiting for file lock on package cache
[INFO] [stderr]     Updating crates.io index
[INFO] [stderr]     Updating git repository `https://github.com/servo/servo`
[ERROR] error running command: no output for 300 seconds
[INFO] checking mark-ik/wgpu-gui-bridge/403a30c2fab39c573d1eebb57a0995e2c3347ff1 against e4d5758286bf2cf6f415802f2cf861747a7c6c8c for pr-152972
[INFO] running `Command { std: "git" "clone" "/workspace/cache/git-repos/https%3A%2F%2Fgithub.com%2Fmark-ik%2Fwgpu-gui-bridge" "/workspace/builds/worker-3-tc2/source", kill_on_drop: false }`
[INFO] [stderr] Cloning into '/workspace/builds/worker-3-tc2/source'...
[INFO] [stderr] done.
[INFO] removed /workspace/builds/worker-3-tc2/source/rust-toolchain.toml
[INFO] started tweaking git repo https://github.com/mark-ik/wgpu-gui-bridge
[INFO] finished tweaking git repo https://github.com/mark-ik/wgpu-gui-bridge
[INFO] tweaked toml for git repo https://github.com/mark-ik/wgpu-gui-bridge written to /workspace/builds/worker-3-tc2/source/Cargo.toml
[INFO] validating manifest of git repo https://github.com/mark-ik/wgpu-gui-bridge on toolchain e4d5758286bf2cf6f415802f2cf861747a7c6c8c
[INFO] running `Command { std: CARGO_HOME="/workspace/cargo-home" RUSTUP_HOME="/workspace/rustup-home" "/workspace/cargo-home/bin/cargo" "+e4d5758286bf2cf6f415802f2cf861747a7c6c8c" "metadata" "--manifest-path" "Cargo.toml" "--no-deps", kill_on_drop: false }`
[INFO] crate git repo https://github.com/mark-ik/wgpu-gui-bridge already has a lockfile, it will not be regenerated
[INFO] running `Command { std: CARGO_HOME="/workspace/cargo-home" RUSTUP_HOME="/workspace/rustup-home" "/workspace/cargo-home/bin/cargo" "+e4d5758286bf2cf6f415802f2cf861747a7c6c8c" "fetch" "--manifest-path" "Cargo.toml", kill_on_drop: false }`
[INFO] [stderr] warning: unused field `repository` in `workspace.package`
[INFO] [stderr]   --> Cargo.toml:28:1
[INFO] [stderr]    |
[INFO] [stderr] 28 | repository = "https://github.com/merely-made/wgpu-graft"
[INFO] [stderr]    | ^^^^^^^^^^
[INFO] [stderr]    |
[INFO] [stderr]    = note: `cargo::unused_workspace_package_fields` is set to `warn` by default
[INFO] [stderr] help: consider removing the field `workspace.package.repository`
[INFO] [stderr] warning: workspace (manifest) generated 1 warning
[INFO] [stderr]     Blocking waiting for file lock on package cache
[INFO] [stderr]     Updating crates.io index
[INFO] [stderr]     Updating git repository `https://github.com/zed-industries/scap`
[INFO] [stderr]     Updating git repository `https://github.com/zed-industries/font-kit`
[INFO] [stderr]     Updating git repository `https://github.com/zed-industries/xim-rs.git`
[INFO] [stderr]     Updating git repository `https://github.com/proptest-rs/proptest`
[INFO] [stderr]     Blocking waiting for file lock on package cache
[INFO] [stderr]  Downloading crates ...
[INFO] [stderr]   Downloaded sval_serde v2.20.0
[INFO] [stderr]   Downloaded value-bag-sval2 v1.12.0
[INFO] [stderr]   Downloaded xilem_core v0.4.0
[INFO] [stderr]   Downloaded anymore v1.0.0
[INFO] [stderr]   Downloaded sval_fmt v2.20.0
[INFO] [stderr]   Downloaded sval_nested v2.20.0
[INFO] [stderr]   Downloaded sval_json v2.20.0
[INFO] [stderr]   Downloaded sval_dynamic v2.20.0
[INFO] [stderr]   Downloaded xilem v0.4.0
[INFO] [stderr]   Downloaded value-bag-serde1 v1.12.0
[INFO] [stderr]   Downloaded redox_syscall v0.8.1
[INFO] [stderr]   Downloaded sval_ref v2.20.0
[INFO] [stderr]   Downloaded core-foundation v0.10.0
[INFO] [stderr]   Downloaded sval_buffer v2.20.0
[INFO] [stderr]   Downloaded tracing_android_trace v0.1.1
[INFO] [stderr]   Downloaded ui-events-winit v0.2.0
[INFO] [stderr]   Downloaded ui-events v0.2.0
[INFO] [stderr]   Downloaded tree_arena v0.2.0
[INFO] [stderr]   Downloaded android_trace v0.1.1
[INFO] [stderr]   Downloaded anymap3 v1.1.0
[INFO] [stderr]   Downloaded sval v2.20.0
[INFO] [stderr]   Downloaded time-macros v0.2.30
[INFO] [stderr]   Downloaded fontique v0.6.0
[INFO] [stderr]   Downloaded masonry_winit v0.4.0
[INFO] [stderr]   Downloaded keyboard-types v0.8.3
[INFO] [stderr]   Downloaded masonry_core v0.4.0
[INFO] [stderr]   Downloaded parley v0.6.0
[INFO] [stderr]   Downloaded swash v0.2.9
[INFO] [stderr]   Downloaded time v0.3.51
[INFO] [stderr]   Downloaded sha1_smol v1.0.1
[INFO] [stderr]   Downloaded accesskit_unix v0.17.2
[INFO] [stderr]   Downloaded uuid v1.23.4
[INFO] [stderr]   Downloaded atspi v0.25.0
[INFO] [stderr]   Downloaded atspi-proxies v0.9.0
[INFO] [stderr]   Downloaded accesskit_atspi_common v0.14.2
[INFO] [stderr]   Downloaded atspi-common v0.9.0
[INFO] [stderr]   Downloaded atspi-connection v0.9.0
[INFO] [stderr]   Downloaded zbus_xml v5.1.1
[INFO] [stderr]   Downloaded masonry v0.4.0
[INFO] [stderr]   Downloaded wgpu-types v30.0.1
[INFO] [stderr]   Downloaded wgpu-naga-bridge v30.0.1
[INFO] [stderr]   Downloaded wgpu v30.0.1
[INFO] [stderr]   Downloaded naga-types v30.0.1
[INFO] [stderr]   Downloaded bit-set v0.10.0
[INFO] [stderr]   Downloaded wgpu-hal v30.0.1
[INFO] [stderr]   Downloaded wgpu-core-deps-wasm v29.0.3
[INFO] [stderr]   Downloaded wgpu-core-deps-apple v30.0.1
[INFO] [stderr]   Downloaded wgpu-core-deps-apple v29.0.3
[INFO] [stderr]   Downloaded wgpu-naga-bridge v29.0.3
[INFO] [stderr]   Downloaded wgpu-core v29.0.3
[INFO] [stderr]   Downloaded wgpu-core-deps-emscripten v29.0.3
[INFO] [stderr]   Downloaded wio v0.2.2
[INFO] [stderr]   Downloaded wgpu-core-deps-windows-linux-android v30.0.1
[INFO] [stderr]   Downloaded wgpu-core-deps-windows-linux-android v29.0.3
[INFO] [stderr]   Downloaded malloc_size_of_derive v0.1.3
[INFO] [stderr]   Downloaded naga v30.0.1
[INFO] [stderr]   Downloaded wgpu-core-deps-windows-linux-android v28.0.0
[INFO] [stderr]   Downloaded wgpu-core-deps-emscripten v28.0.0
[INFO] [stderr]   Downloaded stylo_traits v0.20.0
[INFO] [stderr]   Downloaded wgpu-core-deps-apple v28.0.0
[INFO] [stderr]   Downloaded wr_malloc_size_of v0.2.2
[INFO] [stderr]   Downloaded wgpu-core-deps-emscripten v30.0.1
[INFO] [stderr]   Downloaded zeitstempel v0.2.2
[INFO] [stderr]   Downloaded app_units v0.7.8
[INFO] [stderr]   Downloaded peek-poke v0.3.0
[INFO] [stderr]   Downloaded peek-poke-derive v0.3.0
[INFO] [stderr]   Downloaded webrender_build v0.70.0
[INFO] [stderr]   Downloaded topological-sort v0.1.0
[INFO] [stderr]   Downloaded to_shmem_derive v0.1.0
[INFO] [stderr]   Downloaded cssparser-macros v0.7.0
[INFO] [stderr]   Downloaded stylo_malloc_size_of v0.20.0
[INFO] [stderr]   Downloaded stylo_atoms v0.20.0
[INFO] [stderr]   Downloaded stylo_dom v0.20.0
[INFO] [stderr]   Downloaded tracy-rs v0.1.2
[INFO] [stderr]   Downloaded freetype v0.8.0
[INFO] [stderr]   Downloaded dwrote v0.11.5
[INFO] [stderr]   Downloaded core-text v20.1.0
[INFO] [stderr]   Downloaded plane-split v0.18.0
[INFO] [stderr]   Downloaded gleam v0.15.1
[INFO] [stderr]   Downloaded build-parallel v0.1.2
[INFO] [stderr]   Downloaded to_shmem v0.5.0
[INFO] [stderr]   Downloaded uluru v3.1.0
[INFO] [stderr]   Downloaded stylo_static_prefs v0.20.0
[INFO] [stderr]   Downloaded wgpu-types v28.0.0
[INFO] [stderr]   Downloaded webrender_api v0.70.0
[INFO] [stderr]   Downloaded smallbitvec v2.6.1
[INFO] [stderr]   Downloaded stylo_derive v0.20.0
[INFO] [stderr]   Downloaded atomic_refcell v0.1.14
[INFO] [stderr]   Downloaded wgpu-hal v28.0.1
[INFO] [stderr]   Downloaded wr_glyph_rasterizer v0.70.0
[INFO] [stderr]   Downloaded selectors v0.40.0
[INFO] [stderr]   Downloaded grid v1.0.1
[INFO] [stderr]   Downloaded font-types v0.12.4
[INFO] [stderr]   Downloaded wgpu v29.0.3
[INFO] [stderr]   Downloaded wgpu-types v29.0.3
[INFO] [stderr]   Downloaded wgpu v28.0.0
[INFO] [stderr]   Downloaded ron v0.12.2
[INFO] [stderr]   Downloaded thin-vec v0.2.18
[INFO] [stderr]   Downloaded tikv-jemallocator v0.6.1
[INFO] [stderr]   Downloaded resvg v0.48.1
[INFO] [stderr]   Downloaded imagesize v0.15.0
[INFO] [stderr]   Downloaded fontdb v0.24.0
[INFO] [stderr]   Downloaded content-security-policy v0.8.2
[INFO] [stderr]   Downloaded enumn v0.1.14
[INFO] [stderr]   Downloaded usvg v0.48.1
[INFO] [stderr]   Downloaded taffy v0.12.2
[INFO] [stderr]   Downloaded wgpu-core v30.0.1
[INFO] [stderr]   Downloaded mach2 v0.6.0
[INFO] [stderr]   Downloaded wgpu-core v28.0.1
[INFO] [stderr]   Downloaded surfman v0.13.0
[INFO] [stderr]   Downloaded ipc-channel v0.22.0
[INFO] [stderr]   Downloaded tiny-skia v0.12.0
[INFO] [stderr]   Downloaded wgpu-hal v29.0.3
[INFO] [stderr]   Downloaded webdriver v0.53.0
[INFO] [stderr]   Downloaded naga v29.0.3
[INFO] [stderr]   Downloaded naga v28.0.0
[INFO] [stderr]   Downloaded webrender v0.70.0
[INFO] [stderr]   Downloaded libz-sys v1.1.29
[INFO] [stderr]   Downloaded stylo v0.20.0
[INFO] [stderr]   Downloaded tikv-jemalloc-sys v0.6.1+5.3.0-1-ge13ca993e8ccb9ba9847cc330696e02839f328f7
[INFO] [stderr]   Downloaded sea-query-rusqlite v0.8.0
[INFO] [stderr]   Downloaded sea-query-derive v1.0.0
[INFO] [stderr]   Downloaded speexdsp-resampler v0.1.0
[INFO] [stderr]   Downloaded xml5ever v0.39.0
[INFO] [stderr]   Downloaded x448 v0.14.0-pre.12
[INFO] [stderr]   Downloaded ed448-goldilocks v0.14.0-pre.15
[INFO] [stderr]   Downloaded signature v3.0.0
[INFO] [stderr]   Downloaded sponge-cursor v0.1.0
[INFO] [stderr]   Downloaded keccak v0.2.1
[INFO] [stderr]   Downloaded serdect v0.4.3
[INFO] [stderr]   Downloaded base16ct v1.0.0
[INFO] [stderr]   Downloaded hash2curve v0.14.0
[INFO] [stderr]   Downloaded elliptic-curve v0.14.1
[INFO] [stderr]   Downloaded sec1 v0.8.1
[INFO] [stderr]   Downloaded pem-rfc7468 v1.0.0
[INFO] [stderr]   Downloaded group v0.14.0
[INFO] [stderr]   Downloaded ff v0.14.0
[INFO] [stderr]   Downloaded ed448 v0.5.0
[INFO] [stderr]   Downloaded turboshake v0.7.1
[INFO] [stderr]   Downloaded swapper v0.1.0
[INFO] [stderr]   Downloaded icu_calendar_data v1.5.1
[INFO] [stderr]   Downloaded rusqlite v0.38.0
[INFO] [stderr]   Downloaded x25519-dalek v3.0.0
[INFO] [stderr]   Downloaded mozjs v0.21.6
[INFO] [stderr]   Downloaded icu_timezone v1.5.0
[INFO] [stderr]   Downloaded icu_plurals_data v1.5.1
[INFO] [stderr]   Downloaded hkdf v0.13.0
[INFO] [stderr]   Downloaded icu_decimal_data v1.5.1
[INFO] [stderr]   Downloaded fixed_decimal v0.5.6
[INFO] [stderr]   Downloaded icu_list_data v1.5.1
[INFO] [stderr]   Downloaded icu_locid_transform_data v1.5.1
[INFO] [stderr]   Downloaded icu_plurals v1.5.0
[INFO] [stderr]   Downloaded shake v0.1.0
[INFO] [stderr]   Downloaded sha3 v0.12.0
[INFO] [stderr]   Downloaded icu_timezone_data v1.5.1
[INFO] [stderr]   Downloaded strck_ident v0.1.2
[INFO] [stderr]   Downloaded ocb3 v0.2.0-rc.3
[INFO] [stderr]   Downloaded sea-query v1.0.2
[INFO] [stderr]   Downloaded crypto-bigint v0.7.5
[INFO] [stderr]   Downloaded icu_capi v1.5.0
[INFO] [stderr]   Downloaded icu_list v1.5.0
[INFO] [stderr]   Downloaded dbl v0.5.0
[INFO] [stderr]   Downloaded calendrical_calculations v0.1.3
[INFO] [stderr]   Downloaded icu_pattern v0.2.0
[INFO] [stderr]   Downloaded p256 v0.14.0
[INFO] [stderr]   Downloaded icu_calendar v1.5.2
[INFO] [stderr]   Downloaded icu_normalizer_data v1.5.1
[INFO] [stderr]   Downloaded p521 v0.14.0
[INFO] [stderr]   Downloaded diplomat_core v0.8.1
[INFO] [stderr]   Downloaded aead v0.6.1
[INFO] [stderr]   Downloaded icu_casemap_data v1.5.1
[INFO] [stderr]   Downloaded diplomat v0.8.0
[INFO] [stderr]   Downloaded xml v1.3.0
[INFO] [stderr]   Downloaded primeorder v0.14.0
[INFO] [stderr]   Downloaded wnaf v0.14.0
[INFO] [stderr]   Downloaded strck v0.1.2
[INFO] [stderr]   Downloaded encoding_c_mem v0.2.6
[INFO] [stderr]   Downloaded ohos-deviceinfo-sys v0.1.7
[INFO] [stderr]   Downloaded wuff v0.2.8
[INFO] [stderr]   Downloaded rfc6979 v0.6.0
[INFO] [stderr]   Downloaded ctr v0.10.1
[INFO] [stderr]   Downloaded ordered-channel v1.2.0
[INFO] [stderr]   Downloaded icu_properties_data v1.5.1
[INFO] [stderr]   Downloaded diplomat-runtime v0.8.3
[INFO] [stderr]   Downloaded encoding_c v0.9.8
[INFO] [stderr]   Downloaded wuff-capi v0.2.0
[INFO] [stderr]   Downloaded aead-stream v0.6.0
[INFO] [stderr]   Downloaded nom-rfc8288 v0.4.0
[INFO] [stderr]   Downloaded k12 v0.5.1
[INFO] [stderr]   Downloaded primefield v0.14.0
[INFO] [stderr]   Downloaded pkcs1 v0.8.0-rc.4
[INFO] [stderr]   Downloaded ohos-sys-opaque-types v0.1.10
[INFO] [stderr]   Downloaded icu_decimal v1.5.0
[INFO] [stderr]   Downloaded icu_casemap v1.5.1
[INFO] [stderr]   Downloaded ecdsa v0.17.0
[INFO] [stderr]   Downloaded ml-dsa v0.1.1
[INFO] [stderr]   Downloaded chacha20poly1305 v0.11.0
[INFO] [stderr]   Downloaded poly1305 v0.9.1
[INFO] [stderr]   Downloaded rsa v0.10.0-rc.18
[INFO] [stderr]   Downloaded p384 v0.14.0
[INFO] [stderr]   Downloaded icu_datetime v1.5.1
[INFO] [stderr]   Downloaded crypto-primes v0.7.2
[INFO] [stderr]   Downloaded regex-automata v0.2.0
[INFO] [stderr]   Downloaded icu_experimental v0.1.0
[INFO] [stderr]   Downloaded fontsan v0.7.0
[INFO] [stderr]   Downloaded gaol v0.2.1
[INFO] [stderr]   Downloaded icu_collator_data v1.5.1
[INFO] [stderr]   Downloaded ed25519-dalek v3.0.0
[INFO] [stderr]   Downloaded password-hash v0.6.1
[INFO] [stderr]   Downloaded buf-read-ext v0.4.0
[INFO] [stderr]   Downloaded ohos-media-sys v0.1.1
[INFO] [stderr]   Downloaded blake2 v0.11.0-rc.6
[INFO] [stderr]   Downloaded argon2 v0.6.0-rc.8
[INFO] [stderr]   Downloaded phc v0.6.1
[INFO] [stderr]   Downloaded const-field-offset-macro v0.2.0
[INFO] [stderr]   Downloaded nom-language v0.1.0
[INFO] [stderr]   Downloaded compression-core v0.4.32
[INFO] [stderr]   Downloaded resvg v0.47.0
[INFO] [stderr]   Downloaded icu_decimal v2.2.0
[INFO] [stderr]   Downloaded polyval v0.7.3
[INFO] [stderr]   Downloaded icu_plurals v2.2.0
[INFO] [stderr]   Downloaded icu_plurals_data v2.2.0
[INFO] [stderr]   Downloaded metal v0.33.0
[INFO] [stderr]   Downloaded imsz v0.4.1
[INFO] [stderr]   Downloaded icu_locale v2.2.0
[INFO] [stderr]   Downloaded icu_decimal_data v2.2.0
[INFO] [stderr]   Downloaded parlance v0.1.0
[INFO] [stderr]   Downloaded fixed_decimal v0.7.2
[INFO] [stderr]   Downloaded const-field-offset v0.2.0
[INFO] [stderr]   Downloaded icu_locale_data v2.2.0
[INFO] [stderr]   Downloaded annotate-snippets v0.12.16
[INFO] [stderr]   Downloaded i-slint-renderer-software v1.17.0
[INFO] [stderr]   Downloaded pastey v0.2.3
[INFO] [stderr]   Downloaded fontique v0.10.0
[INFO] [stderr]   Downloaded parley_data v0.10.0
[INFO] [stderr]   Downloaded i-slint-core-macros v1.17.0
[INFO] [stderr]   Downloaded auto_enums v0.8.9
[INFO] [stderr]   Downloaded i-slint-renderer-femtovg v1.17.0
[INFO] [stderr]   Downloaded webbrowser v1.2.1
[INFO] [stderr]   Downloaded parley v0.10.0
[INFO] [stderr]   Downloaded ghash v0.6.0
[INFO] [stderr]   Downloaded ksni v0.3.5
[INFO] [stderr]   Downloaded vtable-macro v0.4.0
[INFO] [stderr]   Downloaded icu_collator v1.5.0
[INFO] [stderr]   Downloaded taffy v0.10.1
[INFO] [stderr]   Downloaded i-slint-backend-winit v1.17.0
[INFO] [stderr]   Downloaded accesskit_winit v0.33.1
[INFO] [stderr]   Downloaded universal-hash v0.6.1
[INFO] [stderr]   Downloaded accesskit_unix v0.22.0
[INFO] [stderr]   Downloaded accesskit_atspi_common v0.19.0
[INFO] [stderr]   Downloaded i-slint-common v1.17.0
[INFO] [stderr]   Downloaded accesskit_ios v0.1.1
[INFO] [stderr]   Downloaded compression-codecs v0.4.38
[INFO] [stderr]   Downloaded vtable v0.4.0
[INFO] [stderr]   Downloaded slint-macros v1.17.0
[INFO] [stderr]   Downloaded accesskit_consumer v0.37.0
[INFO] [stderr]   Downloaded accesskit_macos v0.26.2
[INFO] [stderr]   Downloaded aes-kw v0.3.1
[INFO] [stderr]   Downloaded defmt-macros v1.1.0
[INFO] [stderr]   Downloaded i-slint-renderer-skia v1.17.0
[INFO] [stderr]   Downloaded accesskit_windows v0.33.1
[INFO] [stderr]   Downloaded ed25519 v3.0.0
[INFO] [stderr]   Downloaded deflate64 v0.1.12
[INFO] [stderr]   Downloaded ohos-window-sys v0.1.7
[INFO] [stderr]   Downloaded harfrust v0.8.4
[INFO] [stderr]   Downloaded i-slint-backend-selector v1.17.0
[INFO] [stderr]   Downloaded input v0.10.0
[INFO] [stderr]   Downloaded femtovg v0.25.1
[INFO] [stderr]   Downloaded i-slint-backend-testing v1.17.0
[INFO] [stderr]   Downloaded i-slint-backend-linuxkms v1.17.0
[INFO] [stderr]   Downloaded i-slint-core v1.17.0
[INFO] [stderr]   Downloaded write-fonts v0.48.1
[INFO] [stderr]   Downloaded windows-registry v0.5.3
[INFO] [stderr]   Downloaded which v6.0.3
[INFO] [stderr]   Downloaded take-until v0.2.0
[INFO] [stderr]   Downloaded i-slint-backend-android-activity v1.17.0
[INFO] [stderr]   Downloaded skia-bindings v0.99.0
[INFO] [stderr]   Downloaded defmt v1.1.0
[INFO] [stderr]   Downloaded libbz2-rs-sys v0.2.5
[INFO] [stderr]   Downloaded command-fds v0.3.3
[INFO] [stderr]   Downloaded serde_json_lenient v0.2.4
[INFO] [stderr]   Downloaded icu_segmenter_data v1.5.1
[INFO] [stderr]   Downloaded async_zip v0.0.18
[INFO] [stderr]   Downloaded tao-core-video-sys v0.2.0
[INFO] [stderr]   Downloaded screencapturekit v0.2.8
[INFO] [stderr]   Downloaded skia-safe v0.99.0
[INFO] [stderr]   Downloaded screencapturekit-sys v0.2.8
[INFO] [stderr]   Downloaded windows-capture v1.5.0
[INFO] [stderr]   Downloaded pathfinder_geometry v0.5.1
[INFO] [stderr]   Downloaded float-ord v0.3.2
[INFO] [stderr]   Downloaded chardetng v0.1.17
[INFO] [stderr]   Downloaded async-tungstenite v0.35.0
[INFO] [stderr]   Downloaded smol v2.0.2
[INFO] [stderr]   Downloaded core-graphics-helmer-fork v0.24.0
[INFO] [stderr]   Downloaded pathfinder_simd v0.5.6
[INFO] [stderr]   Downloaded core-text v21.0.0
[INFO] [stderr]   Downloaded core-graphics v0.24.0
[INFO] [stderr]   Downloaded stacksafe v0.1.4
[INFO] [stderr]   Downloaded stacksafe-macro v0.1.4
[INFO] [stderr]   Downloaded jiff-static v0.2.29
[INFO] [stderr]   Downloaded xcb v1.7.0
[INFO] [stderr]   Downloaded sysinfo v0.31.4
[INFO] [stderr]   Downloaded stacker v0.1.24
[INFO] [stderr]   Downloaded psm v0.1.31
[INFO] [stderr]   Downloaded icu_experimental_data v0.1.1
[INFO] [stderr]   Downloaded async-compression v0.4.42
[INFO] [stderr]   Downloaded slint v1.17.0
[INFO] [stderr]   Downloaded ar_archive_writer v0.5.2
[INFO] [stderr]   Downloaded bstr v1.12.3
[INFO] [stderr]   Downloaded heapless v0.9.3
[INFO] [stderr]   Downloaded winsafe v0.0.19
[INFO] [stderr]   Downloaded ctor v0.4.3
[INFO] [stderr]   Downloaded dtor v0.0.6
[INFO] [stderr]   Downloaded dtor-proc-macro v0.0.5
[INFO] [stderr]   Downloaded io-surface v0.16.1
[INFO] [stderr]   Downloaded leak v0.1.2
[INFO] [stderr]   Downloaded pollster v0.2.5
[INFO] [stderr]   Downloaded core-video v0.5.2
[INFO] [stderr]   Downloaded leaky-cow v0.1.1
[INFO] [stderr]   Downloaded core-graphics2 v0.5.2
[INFO] [stderr]   Downloaded async-tar v0.5.1
[INFO] [stderr]   Downloaded xattr v0.2.3
[INFO] [stderr]   Downloaded aes-gcm v0.11.0
[INFO] [stderr]   Downloaded bindgen v0.71.1
[INFO] [stderr]   Downloaded cocoa-foundation v0.2.0
[INFO] [stderr]   Downloaded cocoa v0.26.0
[INFO] [stderr]   Downloaded wasm_thread v0.3.3
[INFO] [stderr]   Downloaded futures-concurrency v7.7.1
[INFO] [stderr]   Downloaded xkbcommon v0.8.0
[INFO] [stderr]   Downloaded aws-lc-rs v1.17.0
[INFO] [stderr]   Downloaded postage v0.5.0
[INFO] [stderr]   Downloaded oo7 v0.6.0
[INFO] [stderr]   Downloaded cbindgen v0.28.0
[INFO] [stderr]   Downloaded egui_glow v0.35.0
[INFO] [stderr]   Downloaded cbindgen v0.27.0
[INFO] [stderr]   Downloaded num-bigint-dig v0.9.1
[INFO] [stderr]   Downloaded cshake v0.2.1
[INFO] [stderr]   Downloaded harfbuzz-sys v0.7.0
[INFO] [stderr]   Downloaded harfrust v0.5.2
[INFO] [stderr]   Downloaded ashpd v0.13.12
[INFO] [stderr]   Downloaded eframe v0.35.0
[INFO] [stderr]   Downloaded debug_timer v0.1.3
[INFO] [stderr]   Downloaded anyrender v0.10.0
[INFO] [stderr]   Downloaded yuv v0.8.16
[INFO] [stderr]   Downloaded icu_segmenter v2.2.0
[INFO] [stderr]   Downloaded vello v0.9.0
[INFO] [stderr]   Downloaded vello_shaders v0.9.0
[INFO] [stderr]   Downloaded anyrender_vello v0.10.1
[INFO] [stderr]   Downloaded wgpu_context v0.6.0
[INFO] [stderr]   Downloaded bevy_internal v0.19.0
[INFO] [stderr]   Downloaded bevy_ptr v0.19.0
[INFO] [stderr]   Downloaded vello_encoding v0.9.0
[INFO] [stderr]   Downloaded bevy_window v0.19.0
[INFO] [stderr]   Downloaded web-task v1.1.3
[INFO] [stderr]   Downloaded bevy_winit v0.19.0
[INFO] [stderr]   Downloaded bevy_utils v0.19.0
[INFO] [stderr]   Downloaded bevy_macro_utils v0.19.0
[INFO] [stderr]   Downloaded bevy_ecs_macro_logic v0.19.0
[INFO] [stderr]   Downloaded bevy_platform v0.19.0
[INFO] [stderr]   Downloaded bevy_ecs_macros v0.19.0
[INFO] [stderr]   Downloaded bevy_reflect_derive v0.19.0
[INFO] [stderr]   Downloaded rand_distr v0.6.0
[INFO] [stderr]   Downloaded bevy_input v0.19.0
[INFO] [stderr]   Downloaded bevy_tasks v0.19.0
[INFO] [stderr]   Downloaded bevy_app v0.19.0
[INFO] [stderr]   Downloaded i-slint-compiler v1.17.0
[INFO] [stderr]   Downloaded bevy_reflect v0.19.0
[INFO] [stderr]   Downloaded jiff v0.2.29
[INFO] [stderr]   Downloaded bevy_math v0.19.0
[INFO] [stderr]   Downloaded freetype-sys v0.23.0
[INFO] [stderr]   Downloaded bevy_derive v0.19.0
[INFO] [stderr]   Downloaded bevy_log v0.19.0
[INFO] [stderr]   Downloaded bevy_a11y v0.19.0
[INFO] [stderr]   Downloaded bevy_sprite v0.19.0
[INFO] [stderr]   Downloaded hexasphere v18.0.0
[INFO] [stderr]   Downloaded bevy_encase_derive v0.19.0
[INFO] [stderr]   Downloaded bevy_input_focus v0.19.0
[INFO] [stderr]   Downloaded bevy_android v0.19.0
[INFO] [stderr]   Downloaded accesskit_winit v0.32.2
[INFO] [stderr]   Downloaded accesskit_windows v0.32.1
[INFO] [stderr]   Downloaded accesskit_consumer v0.35.0
[INFO] [stderr]   Downloaded bevy_asset_macros v0.19.0
[INFO] [stderr]   Downloaded bevy_render_macros v0.19.0
[INFO] [stderr]   Downloaded bevy_diagnostic v0.19.0
[INFO] [stderr]   Downloaded bevy_material_macros v0.19.0
[INFO] [stderr]   Downloaded bevy_light v0.19.0
[INFO] [stderr]   Downloaded bevy_time v0.19.0
[INFO] [stderr]   Downloaded bevy_sprite_render v0.19.0
[INFO] [stderr]   Downloaded weak-table v0.3.2
[INFO] [stderr]   Downloaded bevy_material v0.19.0
[INFO] [stderr]   Downloaded bevy_gizmos_macros v0.19.0
[INFO] [stderr]   Downloaded bevy_gizmos_render v0.19.0
[INFO] [stderr]   Downloaded bevy_camera v0.19.0
[INFO] [stderr]   Downloaded bevy_transform v0.19.0
[INFO] [stderr]   Downloaded bevy_mesh v0.19.0
[INFO] [stderr]   Downloaded bevy_color v0.19.0
[INFO] [stderr]   Downloaded bevy_shader v0.19.0
[INFO] [stderr]   Downloaded bevy_image v0.19.0
[INFO] [stderr]   Downloaded naga_oil v0.22.0
[INFO] [stderr]   Downloaded bevy_gizmos v0.19.0
[INFO] [stderr]   Downloaded bevy_asset v0.19.0
[INFO] [stderr]   Downloaded bevy_render v0.19.0
[INFO] [stderr]   Downloaded icu_datetime_data v1.5.1
[INFO] [stderr]   Downloaded bevy v0.19.0
[INFO] [stderr]   Downloaded bevy_ecs v0.19.0
[INFO] [stderr]   Downloaded bevy_core_pipeline v0.19.0
[INFO] [stderr]   Downloaded mozangle v0.6.0
[INFO] [stderr]   Downloaded icu_segmenter_data v2.2.0
[INFO] [stderr]   Downloaded libsqlite3-sys v0.36.0
[INFO] [stderr]   Downloaded cosmic-text v0.17.2
[INFO] [stderr]   Downloaded aws-lc-sys v0.41.0
[INFO] [stderr]   Downloaded mozjs_sys v140.14.0-0
[INFO] running `Command { std: "docker" "create" "-v" "/var/lib/crater-agent-workspace/builds/worker-3-tc2/source:/opt/rustwide/workdir:ro,Z" "-v" "/var/lib/crater-agent-workspace/builds/worker-3-tc2/target:/opt/rustwide/target:rw,Z" "-v" "/var/lib/crater-agent-workspace/cargo-home:/opt/rustwide/cargo-home:ro,Z" "-v" "/var/lib/crater-agent-workspace/rustup-home:/opt/rustwide/rustup-home:ro,Z" "-m" "1610612736" "--network" "none" "ghcr.io/rust-lang/crates-build-env/linux@sha256:3111399a4047eeb3a02b7a90e478d715f38a8c6669b5c4b49d30a17385265909" "sleep" "infinity", kill_on_drop: false }`
[INFO] [stdout] 788ea9afdd31ece038e897f75b813d784259eda592d3ea1dc2777b705fefbb18
[INFO] running `Command { std: "docker" "start" "788ea9afdd31ece038e897f75b813d784259eda592d3ea1dc2777b705fefbb18", kill_on_drop: false }`
[INFO] running `Command { std: "docker" "inspect" "788ea9afdd31ece038e897f75b813d784259eda592d3ea1dc2777b705fefbb18", kill_on_drop: false }`
[INFO] running `Command { std: "docker" "exec" "-e" "SOURCE_DIR=/opt/rustwide/workdir" "-e" "CARGO_HOME=/opt/rustwide/cargo-home" "-e" "RUSTUP_HOME=/opt/rustwide/rustup-home" "-e" "CARGO_TARGET_DIR=/opt/rustwide/target" "-w" "/opt/rustwide/workdir" "--user" "0:0" "788ea9afdd31ece038e897f75b813d784259eda592d3ea1dc2777b705fefbb18" "/opt/rustwide/cargo-home/bin/cargo" "+e4d5758286bf2cf6f415802f2cf861747a7c6c8c" "metadata" "--no-deps" "--format-version=1", kill_on_drop: false }`
[INFO] running `Command { std: "docker" "inspect" "788ea9afdd31ece038e897f75b813d784259eda592d3ea1dc2777b705fefbb18", kill_on_drop: false }`
[INFO] running `Command { std: "docker" "exec" "-e" "SOURCE_DIR=/opt/rustwide/workdir" "-e" "CARGO_HOME=/opt/rustwide/cargo-home" "-e" "RUSTUP_HOME=/opt/rustwide/rustup-home" "-e" "CARGO_TARGET_DIR=/opt/rustwide/target" "-e" "CARGO_INCREMENTAL=0" "-e" "RUST_BACKTRACE=full" "-e" "RUSTFLAGS=--cap-lints=forbid" "-e" "RUSTDOCFLAGS=--cap-lints=forbid" "-w" "/opt/rustwide/workdir" "--user" "0:0" "788ea9afdd31ece038e897f75b813d784259eda592d3ea1dc2777b705fefbb18" "/opt/rustwide/cargo-home/bin/cargo" "+e4d5758286bf2cf6f415802f2cf861747a7c6c8c" "check" "--frozen" "--all" "--all-targets" "--message-format=json", kill_on_drop: false }`
[INFO] [stderr] warning: unused field `repository` in `workspace.package`
[INFO] [stderr]   --> Cargo.toml:28:1
[INFO] [stderr]    |
[INFO] [stderr] 28 | repository = "https://github.com/merely-made/wgpu-graft"
[INFO] [stderr]    | ^^^^^^^^^^
[INFO] [stderr]    |
[INFO] [stderr]    = note: `cargo::unused_workspace_package_fields` is set to `warn` by default
[INFO] [stderr] help: consider removing the field `workspace.package.repository`
[INFO] [stderr] warning: workspace (manifest) generated 1 warning
[INFO] [stderr]    Compiling proc-macro2 v1.0.106
[INFO] [stderr]    Compiling quote v1.0.46
[INFO] [stderr]    Compiling serde_core v1.0.228
[INFO] [stderr]    Compiling libc v0.2.186
[INFO] [stderr]    Compiling libm v0.2.16
[INFO] [stderr]    Compiling typeid v1.0.3
[INFO] [stderr]    Compiling erased-serde v0.4.10
[INFO] [stderr]    Compiling portable-atomic v1.13.1
[INFO] [stderr]     Checking critical-section v1.2.0
[INFO] [stderr]    Compiling num-traits v0.2.19
[INFO] [stderr]    Compiling syn v2.0.118
[INFO] [stderr]     Checking rand_core v0.10.1
[INFO] [stderr]    Compiling getrandom v0.4.3
[INFO] [stderr]     Checking subtle v2.6.1
[INFO] [stderr]     Checking once_cell v1.21.4
[INFO] [stderr]     Checking typenum v1.20.1
[INFO] [stderr]     Checking arrayvec v0.7.7
[INFO] [stderr]    Compiling thiserror v2.0.18
[INFO] [stderr]    Compiling jobserver v0.1.34
[INFO] [stderr]     Checking memchr v2.8.2
[INFO] [stderr]    Compiling cc v1.2.65
[INFO] [stderr]     Checking foldhash v0.2.0
[INFO] [stderr]    Compiling winnow v1.0.3
[INFO] [stderr]     Checking hashbrown v0.17.1
[INFO] [stderr]    Compiling rustix v1.1.4
[INFO] [stderr]     Checking serde_fmt v1.1.0 (/opt/rustwide/workdir/patches/serde_fmt)
[INFO] [stderr]     Checking bitflags v2.13.0
[INFO] [stderr]     Checking stable_deref_trait v1.2.1
[INFO] [stderr]     Checking fastrand v2.4.1
[INFO] [stderr]    Compiling toml_datetime v1.1.1+spec-1.1.0
[INFO] [stderr]     Checking value-bag-serde1 v1.12.0
[INFO] [stderr]     Checking value-bag v1.12.0
[INFO] [stderr]     Checking indexmap v2.14.0
[INFO] [stderr]     Checking cmov v0.5.4
[INFO] [stderr]     Checking ctutils v0.4.2
[INFO] [stderr]    Compiling zerocopy v0.8.52
[INFO] [stderr]     Checking log v0.4.33
[INFO] [stderr]     Checking sha1_smol v1.0.1
[INFO] [stderr]     Checking core_maths v0.1.1
[INFO] [stderr]     Checking uuid v1.23.4
[INFO] [stderr]     Checking either v1.16.0
[INFO] [stderr]     Checking futures-io v0.3.32
[INFO] [stderr]     Checking tracing-core v0.1.36
[INFO] [stderr]    Compiling unicode-segmentation v1.13.3
[INFO] [stderr]     Checking memmap2 v0.9.11
[INFO] [stderr]    Compiling toml_parser v1.1.2+spec-1.1.0
[INFO] [stderr]    Compiling slotmap v1.1.1
[INFO] [stderr]    Compiling unicode-xid v0.2.6
[INFO] [stderr]    Compiling rayon-core v1.13.0
[INFO] [stderr]     Checking itertools v0.14.0
[INFO] [stderr]     Checking new_debug_unreachable v1.0.6
[INFO] [stderr]     Checking writeable v0.6.3
[INFO] [stderr]    Compiling convert_case v0.10.0
[INFO] [stderr]     Checking litemap v0.8.2
[INFO] [stderr]    Compiling toml_edit v0.25.12+spec-1.1.0
[INFO] [stderr]     Checking rayon v1.12.0
[INFO] [stderr]     Checking png v0.18.1
[INFO] [stderr]    Compiling getrandom v0.3.4
[INFO] [stderr]     Checking num-integer v0.1.46
[INFO] [stderr]    Compiling serde v1.0.228
[INFO] [stderr]    Compiling synstructure v0.13.2
[INFO] [stderr]     Checking float-cmp v0.9.0
[INFO] [stderr]     Checking strict-num v0.1.1
[INFO] [stderr]     Checking siphasher v1.0.3
[INFO] [stderr]    Compiling proc-macro-crate v3.5.0
[INFO] [stderr]     Checking svg_fmt v0.4.5
[INFO] [stderr]     Checking serde_bytes v0.11.19
[INFO] [stderr]     Checking weezl v0.1.12
[INFO] [stderr]     Checking quick-error v2.0.1
[INFO] [stderr]     Checking wayland-sys v0.31.11
[INFO] [stderr]     Checking aho-corasick v1.1.4
[INFO] [stderr]     Checking regex-syntax v0.8.11
[INFO] [stderr]     Checking color_quant v1.1.0
[INFO] [stderr]     Checking bytes v1.12.0
[INFO] [stderr]     Checking image-webp v0.2.4
[INFO] [stderr]    Compiling phf_shared v0.13.1
[INFO] [stderr]    Compiling phf_generator v0.13.1
[INFO] [stderr]     Checking gif v0.14.2
[INFO] [stderr]    Compiling serde_derive v1.0.228
[INFO] [stderr]    Compiling bytemuck_derive v1.10.2
[INFO] [stderr]    Compiling thiserror-impl v2.0.18
[INFO] [stderr]    Compiling zeroize_derive v1.5.0
[INFO] [stderr]     Checking zeroize v1.9.0
[INFO] [stderr]    Compiling zerofrom-derive v0.1.7
[INFO] [stderr]    Compiling displaydoc v0.2.6
[INFO] [stderr]    Compiling zerocopy-derive v0.8.52
[INFO] [stderr]     Checking hybrid-array v0.4.14
[INFO] [stderr]    Compiling yoke-derive v0.8.2
[INFO] [stderr]    Compiling zerovec-derive v0.11.3
[INFO] [stderr]     Checking bytemuck v1.25.0
[INFO] [stderr]    Compiling tracing-attributes v0.1.31
[INFO] [stderr]    Compiling derive_more-impl v2.1.1
[INFO] [stderr]     Checking zerofrom v0.1.8
[INFO] [stderr]     Checking rgb v0.8.53
[INFO] [stderr]     Checking regex-automata v0.4.14
[INFO] [stderr]     Checking yoke v0.8.3
[INFO] [stderr]     Checking crypto-common v0.2.2
[INFO] [stderr]     Checking block-buffer v0.12.1
[INFO] [stderr]     Checking zerovec v0.11.6
[INFO] [stderr]     Checking zerotrie v0.2.4
[INFO] [stderr]     Checking tracing v0.1.44
[INFO] [stderr]    Compiling num-derive v0.4.2
[INFO] [stderr]    Compiling profiling-procmacros v1.0.18
[INFO] [stderr]     Checking profiling v1.0.18
[INFO] [stderr]     Checking polycool v0.4.0
[INFO] [stderr]     Checking polling v3.11.0
[INFO] [stderr]     Checking generic-array v0.14.7
[INFO] [stderr]     Checking crossbeam-channel v0.5.15
[INFO] [stderr]     Checking tinystr v0.8.3
[INFO] [stderr]     Checking icu_locale_core v2.2.0
[INFO] [stderr]     Checking potential_utf v0.1.5
[INFO] [stderr]    Compiling gl_generator v0.14.0
[INFO] [stderr]     Checking icu_collections v2.2.0
[INFO] [stderr]     Checking smallvec v1.15.2
[INFO] [stderr]     Checking allocator-api2 v0.2.21
[INFO] [stderr]     Checking lock_api v0.4.14
[INFO] [stderr]     Checking euclid v0.22.14
[INFO] [stderr]     Checking parking_lot_core v0.9.12
[INFO] [stderr]     Checking futures-sink v0.3.32
[INFO] [stderr]     Checking concurrent-queue v2.5.0
[INFO] [stderr]     Checking mio v1.2.1
[INFO] [stderr]     Checking parking_lot v0.12.5
[INFO] [stderr]    Compiling same-file v1.0.6
[INFO] [stderr]     Checking hashbrown v0.16.1
[INFO] [stderr]     Checking icu_provider v2.2.0
[INFO] [stderr]    Compiling walkdir v2.5.0
[INFO] [stderr]     Checking crypto-common v0.1.7
[INFO] [stderr]    Compiling tokio-macros v2.7.0
[INFO] [stderr]     Checking socket2 v0.6.4
[INFO] [stderr]     Checking unicode-bidi v0.3.18
[INFO] [stderr]     Checking cpufeatures v0.3.0
[INFO] [stderr]     Checking icu_properties v2.2.0
[INFO] [stderr]     Checking icu_normalizer v2.2.0
[INFO] [stderr]     Checking futures-channel v0.3.32
[INFO] [stderr]     Checking futures-lite v2.6.1
[INFO] [stderr]     Checking tokio v1.52.3
[INFO] [stderr]     Checking roxmltree v0.20.0
[INFO] [stderr]     Checking kurbo v0.13.1
[INFO] [stderr]     Checking tinyvec_macros v0.1.1
[INFO] [stderr]     Checking tinyvec v1.11.0
[INFO] [stderr]    Compiling num-conv v0.2.2
[INFO] [stderr]     Checking fontconfig-parser v0.5.8
[INFO] [stderr]     Checking derive_more v2.1.1
[INFO] [stderr]    Compiling time-core v0.1.9
[INFO] [stderr]     Checking rustc-hash v2.1.2
[INFO] [stderr]    Compiling libz-sys v1.1.29
[INFO] [stderr]     Checking regex v1.12.4
[INFO] [stderr]    Compiling time-macros v0.2.30
[INFO] [stderr]     Checking block-buffer v0.10.4
[INFO] [stderr]    Compiling phf_macros v0.13.1
[INFO] [stderr]     Checking deranged v0.5.8
[INFO] [stderr]     Checking unicode-script v0.5.8
[INFO] [stderr]     Checking idna_adapter v1.2.2
[INFO] [stderr]     Checking idna v1.1.0
[INFO] [stderr]     Checking num_threads v0.1.7
[INFO] [stderr]     Checking phf v0.13.1
[INFO] [stderr]     Checking url v2.5.8
[INFO] [stderr]     Checking digest v0.10.7
[INFO] [stderr]     Checking event-listener v5.4.1
[INFO] [stderr]    Compiling phf_codegen v0.13.1
[INFO] [stderr]     Checking simplecss v0.2.2
[INFO] [stderr]     Checking unicode-vo v0.1.0
[INFO] [stderr]     Checking xmlwriter v0.1.0
[INFO] [stderr]     Checking event-listener-strategy v0.5.4
[INFO] [stderr]     Checking pico-args v0.5.0
[INFO] [stderr]     Checking data-url v0.3.2
[INFO] [stderr]    Compiling anyhow v1.0.103
[INFO] [stderr]    Compiling yoke-derive v0.7.5
[INFO] [stderr]     Checking http v1.4.2
[INFO] [stderr]     Checking encoding_rs v0.8.35
[INFO] [stderr]     Checking block-padding v0.4.2
[INFO] [stderr]    Compiling zerovec-derive v0.10.3
[INFO] [stderr]    Compiling equator-macro v0.4.2
[INFO] [stderr]     Checking time v0.3.51
[INFO] [stderr]     Checking num-bigint v0.4.6
[INFO] [stderr]     Checking hashbrown v0.15.5
[INFO] [stderr]     Checking half v2.7.1
[INFO] [stderr]     Checking yoke v0.7.5
[INFO] [stderr]     Checking equator v0.4.2
[INFO] [stderr]     Checking inout v0.2.2
[INFO] [stderr]     Checking async-channel v2.5.0
[INFO] [stderr]     Checking ron v0.12.2
[INFO] [stderr]     Checking aligned-vec v0.6.4
[INFO] [stderr]     Checking zerovec v0.10.4
[INFO] [stderr]    Compiling serde_spanned v1.1.1
[INFO] [stderr]     Checking nom v8.0.0
[INFO] [stderr]    Compiling toml_writer v1.1.1+spec-1.1.0
[INFO] [stderr]     Checking precomputed-hash v0.1.1
[INFO] [stderr]     Checking string_cache v0.9.0
[INFO] [stderr]    Compiling toml v1.1.2+spec-1.1.0
[INFO] [stderr]    Compiling darling_core v0.20.11
[INFO] [stderr]     Checking num-rational v0.4.2
[INFO] [stderr]     Checking v_frame v0.3.9
[INFO] [stderr]     Checking cipher v0.5.2
[INFO] [stderr]     Checking tinystr v0.7.6
[INFO] [stderr]    Compiling strum_macros v0.28.0
[INFO] [stderr]     Checking tiny-skia-path v0.12.0
[INFO] [stderr]    Compiling thiserror-impl v1.0.69
[INFO] [stderr]    Compiling string_cache_codegen v0.6.1
[INFO] [stderr]    Compiling freetype-sys v0.23.0
[INFO] [stderr]     Checking as-slice v0.2.1
[INFO] [stderr]     Checking byteorder v1.5.0
[INFO] [stderr]     Checking litemap v0.7.5
[INFO] [stderr]     Checking writeable v0.5.5
[INFO] [stderr]    Compiling av-scenechange v0.14.1
[INFO] [stderr]    Compiling built v0.8.1
[INFO] [stderr]     Checking aligned v0.4.3
[INFO] [stderr]     Checking icu_locid v1.5.0
[INFO] [stderr]     Checking svgtypes v0.16.1
[INFO] [stderr] error: failed to run custom build command for `freetype-sys v0.23.0`
[INFO] [stderr] note: To improve backtraces for build dependencies, set the CARGO_PROFILE_DEV_BUILD_OVERRIDE_DEBUG=true environment variable to enable debug information generation.
[INFO] [stderr] 
[INFO] [stderr] Caused by:
[INFO] [stderr]   process didn't exit successfully: `/opt/rustwide/target/debug/build/freetype-sys/95948442d37ab99a/out/build_script_build` (exit status: 101)
[INFO] [stderr]   --- stderr
[INFO] [stderr] 
[INFO] [stderr]   thread 'main' (2030) panicked at /opt/rustwide/cargo-home/registry/src/index.crates.io-1949cf8c6b5b557f/freetype-sys-0.23.0/build.rs:32:6:
[INFO] [stderr]   called `Result::unwrap()` on an `Err` value: Os { code: 30, kind: ReadOnlyFilesystem, message: "Read-only file system" }
[INFO] [stderr]   stack backtrace:
[INFO] [stderr]      0:     0x604b6becfe21 - std[cbafc1a513166901]::backtrace_rs::backtrace::libunwind::trace
[INFO] [stderr]                                  at /rustc/e4d5758286bf2cf6f415802f2cf861747a7c6c8c/library/std/src/../../backtrace/src/backtrace/libunwind.rs:117:9
[INFO] [stderr]      1:     0x604b6becfe21 - std[cbafc1a513166901]::backtrace_rs::backtrace::trace_unsynchronized::<std[cbafc1a513166901]::sys::backtrace::_print_fmt::{closure#1}>
[INFO] [stderr]                                  at /rustc/e4d5758286bf2cf6f415802f2cf861747a7c6c8c/library/std/src/../../backtrace/src/backtrace/mod.rs:66:14
[INFO] [stderr]      2:     0x604b6becfe21 - std[cbafc1a513166901]::sys::backtrace::_print_fmt
[INFO] [stderr]                                  at /rustc/e4d5758286bf2cf6f415802f2cf861747a7c6c8c/library/std/src/sys/backtrace.rs:74:9
[INFO] [stderr]      3:     0x604b6becfe21 - <<std[cbafc1a513166901]::sys::backtrace::BacktraceLock>::print::DisplayBacktrace as core[1ebd966819e03bce]::fmt::Display>::fmt
[INFO] [stderr]                                  at /rustc/e4d5758286bf2cf6f415802f2cf861747a7c6c8c/library/std/src/sys/backtrace.rs:44:26
[INFO] [stderr]      4:     0x604b6bee4c8a - <core[1ebd966819e03bce]::fmt::rt::Argument>::fmt
[INFO] [stderr]                                  at /rustc/e4d5758286bf2cf6f415802f2cf861747a7c6c8c/library/core/src/fmt/rt.rs:152:76
[INFO] [stderr]      5:     0x604b6bee4c8a - core[1ebd966819e03bce]::fmt::write
[INFO] [stderr]      6:     0x604b6bed5f9c - core[1ebd966819e03bce]::io::write::default_write_fmt::<std[cbafc1a513166901]::sys::stdio::unix::Stderr>
[INFO] [stderr]                                  at /rustc/e4d5758286bf2cf6f415802f2cf861747a7c6c8c/library/core/src/io/write.rs:402:11
[INFO] [stderr]      7:     0x604b6bed5f9c - <std[cbafc1a513166901]::sys::stdio::unix::Stderr as core[1ebd966819e03bce]::io::write::Write>::write_fmt
[INFO] [stderr]                                  at /rustc/e4d5758286bf2cf6f415802f2cf861747a7c6c8c/library/core/src/io/write.rs:335:13
[INFO] [stderr]      8:     0x604b6bea9736 - <std[cbafc1a513166901]::sys::backtrace::BacktraceLock>::print
[INFO] [stderr]                                  at /rustc/e4d5758286bf2cf6f415802f2cf861747a7c6c8c/library/std/src/sys/backtrace.rs:47:9
[INFO] [stderr]      9:     0x604b6bea9736 - std[cbafc1a513166901]::panicking::default_hook::{closure#0}
[INFO] [stderr]                                  at /rustc/e4d5758286bf2cf6f415802f2cf861747a7c6c8c/library/std/src/panicking.rs:289:27
[INFO] [stderr]     10:     0x604b6bec7691 - std[cbafc1a513166901]::panicking::default_hook
[INFO] [stderr]                                  at /rustc/e4d5758286bf2cf6f415802f2cf861747a7c6c8c/library/std/src/panicking.rs:316:9
[INFO] [stderr]     11:     0x604b6bec784b - std[cbafc1a513166901]::panicking::panic_with_hook
[INFO] [stderr]                                  at /rustc/e4d5758286bf2cf6f415802f2cf861747a7c6c8c/library/std/src/panicking.rs:811:13
[INFO] [stderr]     12:     0x604b6bea97e2 - std[cbafc1a513166901]::panicking::panic_handler::{closure#0}
[INFO] [stderr]                                  at /rustc/e4d5758286bf2cf6f415802f2cf861747a7c6c8c/library/std/src/panicking.rs:685:13
[INFO] [stderr]     13:     0x604b6bea3539 - std[cbafc1a513166901]::sys::backtrace::__rust_end_short_backtrace::<std[cbafc1a513166901]::panicking::panic_handler::{closure#0}, !>
[INFO] [stderr]                                  at /rustc/e4d5758286bf2cf6f415802f2cf861747a7c6c8c/library/std/src/sys/backtrace.rs:182:18
[INFO] [stderr]     14:     0x604b6beaa4cd - __rustc[1080c69225188e79]::rust_begin_unwind
[INFO] [stderr]                                  at /rustc/e4d5758286bf2cf6f415802f2cf861747a7c6c8c/library/std/src/panicking.rs:676:5
[INFO] [stderr]     15:     0x604b6bee547c - core[1ebd966819e03bce]::panicking::panic_fmt
[INFO] [stderr]                                  at /rustc/e4d5758286bf2cf6f415802f2cf861747a7c6c8c/library/core/src/panicking.rs:80:14
[INFO] [stderr]     16:     0x604b6bee51d2 - core[1ebd966819e03bce]::result::unwrap_failed
[INFO] [stderr]                                  at /rustc/e4d5758286bf2cf6f415802f2cf861747a7c6c8c/library/core/src/result.rs:1870:5
[INFO] [stderr]     17:     0x604b6be0abb1 - build_script_build[8704781b1b4daced]::main
[INFO] [stderr]     18:     0x604b6be0b6bb - <fn() as core[1ebd966819e03bce]::ops::function::FnOnce<()>>::call_once
[INFO] [stderr]     19:     0x604b6be0a9be - std[cbafc1a513166901]::sys::backtrace::__rust_begin_short_backtrace::<fn(), ()>
[INFO] [stderr]     20:     0x604b6be0a9d9 - std[cbafc1a513166901]::rt::lang_start::<()>::{closure#0}
[INFO] [stderr]     21:     0x604b6bec6998 - <&dyn core[1ebd966819e03bce]::ops::function::Fn<(), Output = i32> + core[1ebd966819e03bce]::panic::unwind_safe::RefUnwindSafe + core[1ebd966819e03bce]::marker::Sync as core[1ebd966819e03bce]::ops::function::FnOnce<()>>::call_once
[INFO] [stderr]                                  at /rustc/e4d5758286bf2cf6f415802f2cf861747a7c6c8c/library/core/src/ops/function.rs:287:21
[INFO] [stderr]     22:     0x604b6bec6998 - std[cbafc1a513166901]::panicking::catch_unwind::do_call::<&dyn core[1ebd966819e03bce]::ops::function::Fn<(), Output = i32> + core[1ebd966819e03bce]::panic::unwind_safe::RefUnwindSafe + core[1ebd966819e03bce]::marker::Sync, i32>
[INFO] [stderr]                                  at /rustc/e4d5758286bf2cf6f415802f2cf861747a7c6c8c/library/std/src/panicking.rs:573:43
[INFO] [stderr]     23:     0x604b6bec6998 - std[cbafc1a513166901]::panicking::catch_unwind::<i32, &dyn core[1ebd966819e03bce]::ops::function::Fn<(), Output = i32> + core[1ebd966819e03bce]::panic::unwind_safe::RefUnwindSafe + core[1ebd966819e03bce]::marker::Sync>
[INFO] [stderr]                                  at /rustc/e4d5758286bf2cf6f415802f2cf861747a7c6c8c/library/std/src/panicking.rs:541:19
[INFO] [stderr]     24:     0x604b6bec6998 - std[cbafc1a513166901]::panic::catch_unwind::<&dyn core[1ebd966819e03bce]::ops::function::Fn<(), Output = i32> + core[1ebd966819e03bce]::panic::unwind_safe::RefUnwindSafe + core[1ebd966819e03bce]::marker::Sync, i32>
[INFO] [stderr]                                  at /rustc/e4d5758286bf2cf6f415802f2cf861747a7c6c8c/library/std/src/panic.rs:359:14
[INFO] [stderr]     25:     0x604b6bec6998 - std[cbafc1a513166901]::rt::lang_start_internal::{closure#0}
[INFO] [stderr]                                  at /rustc/e4d5758286bf2cf6f415802f2cf861747a7c6c8c/library/std/src/rt.rs:175:24
[INFO] [stderr]     26:     0x604b6bec6998 - std[cbafc1a513166901]::panicking::catch_unwind::do_call::<std[cbafc1a513166901]::rt::lang_start_internal::{closure#0}, isize>
[INFO] [stderr]                                  at /rustc/e4d5758286bf2cf6f415802f2cf861747a7c6c8c/library/std/src/panicking.rs:573:43
[INFO] [stderr]     27:     0x604b6bec6998 - std[cbafc1a513166901]::panicking::catch_unwind::<isize, std[cbafc1a513166901]::rt::lang_start_internal::{closure#0}>
[INFO] [stderr]                                  at /rustc/e4d5758286bf2cf6f415802f2cf861747a7c6c8c/library/std/src/panicking.rs:541:19
[INFO] [stderr]     28:     0x604b6bec6998 - std[cbafc1a513166901]::panic::catch_unwind::<std[cbafc1a513166901]::rt::lang_start_internal::{closure#0}, isize>
[INFO] [stderr]                                  at /rustc/e4d5758286bf2cf6f415802f2cf861747a7c6c8c/library/std/src/panic.rs:359:14
[INFO] [stderr]     29:     0x604b6bec6998 - std[cbafc1a513166901]::rt::lang_start_internal
[INFO] [stderr]                                  at /rustc/e4d5758286bf2cf6f415802f2cf861747a7c6c8c/library/std/src/rt.rs:171:5
[INFO] [stderr]     30:     0x604b6be0a9b1 - std[cbafc1a513166901]::rt::lang_start::<()>
[INFO] [stderr]     31:     0x604b6be0b725 - main
[INFO] [stderr]     32:     0x7fcf1c6bd601 - <unknown>
[INFO] [stderr]     33:     0x7fcf1c6bd718 - __libc_start_main
[INFO] [stderr]     34:     0x604b6be0a325 - _start
[INFO] [stderr]     35:                0x0 - <unknown>
[INFO] [stderr] warning: build failed, waiting for other jobs to finish...
[INFO] running `Command { std: "docker" "inspect" "788ea9afdd31ece038e897f75b813d784259eda592d3ea1dc2777b705fefbb18", kill_on_drop: false }`
[INFO] running `Command { std: "docker" "rm" "-f" "788ea9afdd31ece038e897f75b813d784259eda592d3ea1dc2777b705fefbb18", kill_on_drop: false }`
[INFO] [stdout] 788ea9afdd31ece038e897f75b813d784259eda592d3ea1dc2777b705fefbb18
