[INFO] cloning repository https://github.com/lvzzzx/chronicle-rs
[INFO] running `Command { std: "git" "-c" "credential.helper=" "-c" "credential.helper=/workspace/cargo-home/bin/git-credential-null" "clone" "--bare" "https://github.com/lvzzzx/chronicle-rs" "/workspace/cache/git-repos/https%3A%2F%2Fgithub.com%2Flvzzzx%2Fchronicle-rs", kill_on_drop: false }`
[INFO] [stderr] Cloning into bare repository '/workspace/cache/git-repos/https%3A%2F%2Fgithub.com%2Flvzzzx%2Fchronicle-rs'...
[INFO] running `Command { std: "git" "rev-parse" "HEAD", kill_on_drop: false }`
[INFO] [stdout] b87ee1d36f29616b1519759e7a013f408463b003
[INFO] checking lvzzzx/chronicle-rs against e4d5758286bf2cf6f415802f2cf861747a7c6c8c for pr-152972
[INFO] running `Command { std: "git" "clone" "/workspace/cache/git-repos/https%3A%2F%2Fgithub.com%2Flvzzzx%2Fchronicle-rs" "/workspace/builds/worker-1-tc2/source", kill_on_drop: false }`
[INFO] [stderr] Cloning into '/workspace/builds/worker-1-tc2/source'...
[INFO] [stderr] done.
[INFO] removed /workspace/builds/worker-1-tc2/source/rust-toolchain.toml
[INFO] started tweaking git repo https://github.com/lvzzzx/chronicle-rs
[INFO] finished tweaking git repo https://github.com/lvzzzx/chronicle-rs
[INFO] tweaked toml for git repo https://github.com/lvzzzx/chronicle-rs written to /workspace/builds/worker-1-tc2/source/Cargo.toml
[INFO] validating manifest of git repo https://github.com/lvzzzx/chronicle-rs on toolchain e4d5758286bf2cf6f415802f2cf861747a7c6c8c
[INFO] running `Command { std: CARGO_HOME="/workspace/cargo-home" RUSTUP_HOME="/workspace/rustup-home" "/workspace/cargo-home/bin/cargo" "+e4d5758286bf2cf6f415802f2cf861747a7c6c8c" "metadata" "--manifest-path" "Cargo.toml" "--no-deps", kill_on_drop: false }`
[INFO] crate git repo https://github.com/lvzzzx/chronicle-rs already has a lockfile, it will not be regenerated
[INFO] running `Command { std: CARGO_HOME="/workspace/cargo-home" RUSTUP_HOME="/workspace/rustup-home" "/workspace/cargo-home/bin/cargo" "+e4d5758286bf2cf6f415802f2cf861747a7c6c8c" "fetch" "--manifest-path" "Cargo.toml", kill_on_drop: false }`
[INFO] [stderr]     Blocking waiting for file lock on package cache
[ERROR] error running command: no output for 300 seconds
[INFO] checking lvzzzx/chronicle-rs against e4d5758286bf2cf6f415802f2cf861747a7c6c8c for pr-152972
[INFO] running `Command { std: "git" "clone" "/workspace/cache/git-repos/https%3A%2F%2Fgithub.com%2Flvzzzx%2Fchronicle-rs" "/workspace/builds/worker-1-tc2/source", kill_on_drop: false }`
[INFO] [stderr] Cloning into '/workspace/builds/worker-1-tc2/source'...
[INFO] [stderr] done.
[INFO] removed /workspace/builds/worker-1-tc2/source/rust-toolchain.toml
[INFO] started tweaking git repo https://github.com/lvzzzx/chronicle-rs
[INFO] finished tweaking git repo https://github.com/lvzzzx/chronicle-rs
[INFO] tweaked toml for git repo https://github.com/lvzzzx/chronicle-rs written to /workspace/builds/worker-1-tc2/source/Cargo.toml
[INFO] validating manifest of git repo https://github.com/lvzzzx/chronicle-rs on toolchain e4d5758286bf2cf6f415802f2cf861747a7c6c8c
[INFO] running `Command { std: CARGO_HOME="/workspace/cargo-home" RUSTUP_HOME="/workspace/rustup-home" "/workspace/cargo-home/bin/cargo" "+e4d5758286bf2cf6f415802f2cf861747a7c6c8c" "metadata" "--manifest-path" "Cargo.toml" "--no-deps", kill_on_drop: false }`
[INFO] crate git repo https://github.com/lvzzzx/chronicle-rs already has a lockfile, it will not be regenerated
[INFO] running `Command { std: CARGO_HOME="/workspace/cargo-home" RUSTUP_HOME="/workspace/rustup-home" "/workspace/cargo-home/bin/cargo" "+e4d5758286bf2cf6f415802f2cf861747a7c6c8c" "fetch" "--manifest-path" "Cargo.toml", kill_on_drop: false }`
[INFO] [stderr]     Blocking waiting for file lock on package cache
[INFO] [stderr]     Blocking waiting for file lock on package cache
[INFO] [stderr]  Downloading crates ...
[INFO] [stderr]   Downloaded value-trait v0.8.1
[INFO] [stderr]   Downloaded simd-json v0.13.11
[INFO] [stderr]   Downloaded halfbrown v0.2.5
[INFO] [stderr]   Downloaded arrow-schema v57.2.0
[INFO] [stderr]   Downloaded arrow-data v57.2.0
[INFO] [stderr]   Downloaded arrow-ord v57.2.0
[INFO] [stderr]   Downloaded arrow-buffer v57.2.0
[INFO] [stderr]   Downloaded arrow-select v57.2.0
[INFO] [stderr]   Downloaded arrow-cast v57.2.0
[INFO] [stderr]   Downloaded arrow-ipc v57.2.0
[INFO] [stderr]   Downloaded time v0.3.46
[INFO] [stderr]   Downloaded arrow-string v57.2.0
[INFO] [stderr]   Downloaded arrow-csv v57.2.0
[INFO] [stderr]   Downloaded arrow-row v57.2.0
[INFO] [stderr]   Downloaded arrow-arith v57.2.0
[INFO] [stderr]   Downloaded arrow-json v57.2.0
[INFO] [stderr]   Downloaded arrow v57.2.0
[INFO] [stderr]   Downloaded arrow-array v57.2.0
[INFO] [stderr]   Downloaded parquet v57.2.0
[INFO] running `Command { std: "docker" "create" "-v" "/var/lib/crater-agent-workspace/builds/worker-1-tc2/source:/opt/rustwide/workdir:ro,Z" "-v" "/var/lib/crater-agent-workspace/builds/worker-1-tc2/target:/opt/rustwide/target:rw,Z" "-v" "/var/lib/crater-agent-workspace/cargo-home:/opt/rustwide/cargo-home:ro,Z" "-v" "/var/lib/crater-agent-workspace/rustup-home:/opt/rustwide/rustup-home:ro,Z" "-m" "1610612736" "--network" "none" "ghcr.io/rust-lang/crates-build-env/linux@sha256:3111399a4047eeb3a02b7a90e478d715f38a8c6669b5c4b49d30a17385265909" "sleep" "infinity", kill_on_drop: false }`
[INFO] [stdout] ea2dedca8af7729a953f06c9a3c475225e6d6f3bcc13c52aeea9220bad0c96a2
[INFO] running `Command { std: "docker" "start" "ea2dedca8af7729a953f06c9a3c475225e6d6f3bcc13c52aeea9220bad0c96a2", kill_on_drop: false }`
[INFO] running `Command { std: "docker" "inspect" "ea2dedca8af7729a953f06c9a3c475225e6d6f3bcc13c52aeea9220bad0c96a2", kill_on_drop: false }`
[INFO] running `Command { std: "docker" "exec" "-e" "SOURCE_DIR=/opt/rustwide/workdir" "-e" "CARGO_HOME=/opt/rustwide/cargo-home" "-e" "RUSTUP_HOME=/opt/rustwide/rustup-home" "-e" "CARGO_TARGET_DIR=/opt/rustwide/target" "-w" "/opt/rustwide/workdir" "--user" "0:0" "ea2dedca8af7729a953f06c9a3c475225e6d6f3bcc13c52aeea9220bad0c96a2" "/opt/rustwide/cargo-home/bin/cargo" "+e4d5758286bf2cf6f415802f2cf861747a7c6c8c" "metadata" "--no-deps" "--format-version=1", kill_on_drop: false }`
[INFO] running `Command { std: "docker" "inspect" "ea2dedca8af7729a953f06c9a3c475225e6d6f3bcc13c52aeea9220bad0c96a2", kill_on_drop: false }`
[INFO] running `Command { std: "docker" "exec" "-e" "SOURCE_DIR=/opt/rustwide/workdir" "-e" "CARGO_HOME=/opt/rustwide/cargo-home" "-e" "RUSTUP_HOME=/opt/rustwide/rustup-home" "-e" "CARGO_TARGET_DIR=/opt/rustwide/target" "-e" "CARGO_INCREMENTAL=0" "-e" "RUST_BACKTRACE=full" "-e" "RUSTFLAGS=--cap-lints=forbid" "-e" "RUSTDOCFLAGS=--cap-lints=forbid" "-w" "/opt/rustwide/workdir" "--user" "0:0" "ea2dedca8af7729a953f06c9a3c475225e6d6f3bcc13c52aeea9220bad0c96a2" "/opt/rustwide/cargo-home/bin/cargo" "+e4d5758286bf2cf6f415802f2cf861747a7c6c8c" "check" "--frozen" "--all" "--all-targets" "--message-format=json", kill_on_drop: false }`
[INFO] [stderr]    Compiling libc v0.2.180
[INFO] [stderr]    Compiling proc-macro2 v1.0.105
[INFO] [stderr]    Compiling quote v1.0.43
[INFO] [stderr]    Compiling zerocopy v0.8.33
[INFO] [stderr]     Checking bytes v1.11.0
[INFO] [stderr]     Checking memchr v2.7.6
[INFO] [stderr]     Checking arrow-schema v57.2.0
[INFO] [stderr]     Checking iana-time-zone v0.1.64
[INFO] [stderr]    Compiling serde_core v1.0.228
[INFO] [stderr]    Compiling find-msvc-tools v0.1.8
[INFO] [stderr]     Checking bitflags v2.10.0
[INFO] [stderr]     Checking num-traits v0.2.19
[INFO] [stderr]     Checking ryu v1.0.22
[INFO] [stderr]    Compiling zmij v1.0.14
[INFO] [stderr]     Checking regex-syntax v0.8.8
[INFO] [stderr]     Checking log v0.4.29
[INFO] [stderr]    Compiling rustix v1.1.3
[INFO] [stderr]     Checking simd-adler32 v0.3.8
[INFO] [stderr]    Compiling convert_case v0.10.0
[INFO] [stderr]     Checking miniz_oxide v0.8.9
[INFO] [stderr]     Checking flatbuffers v25.12.19
[INFO] [stderr]     Checking zlib-rs v0.5.5
[INFO] [stderr]     Checking clap_lex v0.7.7
[INFO] [stderr]     Checking clap_builder v4.5.54
[INFO] [stderr]     Checking castaway v0.2.4
[INFO] [stderr]     Checking indexmap v2.13.0
[INFO] [stderr]     Checking itertools v0.13.0
[INFO] [stderr]    Compiling anyhow v1.0.100
[INFO] [stderr]     Checking twox-hash v2.1.2
[INFO] [stderr]     Checking compact_str v0.7.1
[INFO] [stderr]     Checking brotli v8.0.2
[INFO] [stderr]     Checking lz4_flex v0.12.0
[INFO] [stderr]     Checking aho-corasick v1.1.4
[INFO] [stderr]     Checking csv-core v0.1.13
[INFO] [stderr]     Checking num-integer v0.1.46
[INFO] [stderr]     Checking chrono v0.4.43
[INFO] [stderr]     Checking num-bigint v0.4.6
[INFO] [stderr]    Compiling syn v2.0.114
[INFO] [stderr]     Checking num-complex v0.4.6
[INFO] [stderr]     Checking atoi v2.0.0
[INFO] [stderr]     Checking ordered-float v2.10.1
[INFO] [stderr]     Checking nom v7.1.3
[INFO] [stderr]     Checking thrift v0.17.0
[INFO] [stderr]     Checking lru v0.12.5
[INFO] [stderr]    Compiling jobserver v0.1.34
[INFO] [stderr]     Checking getrandom v0.3.4
[INFO] [stderr]     Checking errno v0.3.14
[INFO] [stderr]     Checking signal-hook-registry v1.4.8
[INFO] [stderr]     Checking parking_lot_core v0.9.12
[INFO] [stderr]     Checking mio v1.1.1
[INFO] [stderr]    Compiling cc v1.2.53
[INFO] [stderr]     Checking signal-hook v0.3.18
[INFO] [stderr]     Checking mio v0.8.11
[INFO] [stderr]     Checking parking_lot v0.12.5
[INFO] [stderr]     Checking flate2 v1.1.8
[INFO] [stderr]     Checking unicode-truncate v1.1.0
[INFO] [stderr]     Checking raw-cpuid v11.6.0
[INFO] [stderr]     Checking memmap2 v0.9.9
[INFO] [stderr]     Checking plotters v0.3.7
[INFO] [stderr]     Checking is-terminal v0.4.17
[INFO] [stderr]     Checking signal-hook-mio v0.2.5
[INFO] [stderr]     Checking crossterm v0.27.0
[INFO] [stderr]     Checking regex-automata v0.4.13
[INFO] [stderr]     Checking hdrhistogram v7.5.4
[INFO] [stderr]     Checking tempfile v3.24.0
[INFO] [stderr]     Checking serde_json v1.0.149
[INFO] [stderr]     Checking csv v1.4.0
[INFO] [stderr]    Compiling zstd-sys v2.0.16+zstd.1.5.7
[INFO] [stderr]    Compiling blake3 v1.8.3
[INFO] [stderr]     Checking quanta v0.12.6
[INFO] [stderr]     Checking regex v1.12.2
[INFO] [stderr]    Compiling zerocopy-derive v0.8.33
[INFO] [stderr]    Compiling serde_derive v1.0.228
[INFO] [stderr]    Compiling clap_derive v4.5.49
[INFO] [stderr]    Compiling strum_macros v0.26.4
[INFO] [stderr]    Compiling derive_more-impl v2.1.1
[INFO] [stderr]    Compiling stability v0.2.1
[INFO] [stderr]    Compiling thiserror-impl v1.0.69
[INFO] [stderr]     Checking derive_more v2.1.1
[INFO] [stderr]     Checking crossterm v0.29.0
[INFO] [stderr]     Checking thiserror v1.0.69
[INFO] [stderr]     Checking clap v4.5.54
[INFO] [stderr]     Checking strum v0.26.3
[INFO] [stderr]     Checking ratatui v0.26.3
[INFO] [stderr]    Compiling zstd-safe v7.2.4
[INFO] [stderr]     Checking zstd v0.13.3
[INFO] [stderr]     Checking serde v1.0.228
[INFO] [stderr]     Checking half v2.7.1
[INFO] [stderr]     Checking ahash v0.8.12
[INFO] [stderr]     Checking tinytemplate v1.2.1
[INFO] [stderr]     Checking arrow-buffer v57.2.0
[INFO] [stderr]     Checking ciborium-ll v0.2.2
[INFO] [stderr]     Checking ciborium v0.2.2
[INFO] [stderr]     Checking criterion v0.5.1
[INFO] [stderr]     Checking arrow-data v57.2.0
[INFO] [stderr]     Checking arrow-array v57.2.0
[INFO] [stderr]     Checking arrow-select v57.2.0
[INFO] [stderr]     Checking arrow-row v57.2.0
[INFO] [stderr]     Checking arrow-arith v57.2.0
[INFO] [stderr]     Checking arrow-ord v57.2.0
[INFO] [stderr]     Checking arrow-ipc v57.2.0
[INFO] [stderr]     Checking arrow-string v57.2.0
[INFO] [stderr]     Checking arrow-cast v57.2.0
[INFO] [stderr]     Checking arrow-json v57.2.0
[INFO] [stderr]     Checking arrow-csv v57.2.0
[INFO] [stderr]     Checking parquet v57.2.0
[INFO] [stderr]     Checking arrow v57.2.0
[INFO] [stderr]     Checking chronicle v0.1.0 (/opt/rustwide/workdir)
[INFO] [stdout] error[E0433]: cannot find type `CString` in this scope
[INFO] [stdout]    --> src/core/segment_store.rs:281:22
[INFO] [stdout]     |
[INFO] [stdout] 281 |         let temp_c = CString::new(temp_path.as_os_str().as_bytes())
[INFO] [stdout]     |                      ^^^^^^^ use of undeclared type `CString`
[INFO] [stdout]     |
[INFO] [stdout] help: a struct with a similar name exists
[INFO] [stdout]     |
[INFO] [stdout] 281 -         let temp_c = CString::new(temp_path.as_os_str().as_bytes())
[INFO] [stdout] 281 +         let temp_c = String::new(temp_path.as_os_str().as_bytes())
[INFO] [stdout]     |
[INFO] [stdout] help: consider importing this struct
[INFO] [stdout]     |
[INFO] [stdout]  20 + use std::ffi::CString;
[INFO] [stdout]     |
[INFO] [stdout] 
[INFO] [stdout] 
[INFO] [stdout] error[E0433]: cannot find type `CString` in this scope
[INFO] [stdout]    --> src/core/segment_store.rs:283:23
[INFO] [stdout]     |
[INFO] [stdout] 283 |         let final_c = CString::new(final_path.as_os_str().as_bytes())
[INFO] [stdout]     |                       ^^^^^^^ use of undeclared type `CString`
[INFO] [stdout]     |
[INFO] [stdout] help: a struct with a similar name exists
[INFO] [stdout]     |
[INFO] [stdout] 283 -         let final_c = CString::new(final_path.as_os_str().as_bytes())
[INFO] [stdout] 283 +         let final_c = String::new(final_path.as_os_str().as_bytes())
[INFO] [stdout]     |
[INFO] [stdout] help: consider importing this struct
[INFO] [stdout]     |
[INFO] [stdout]  20 + use std::ffi::CString;
[INFO] [stdout]     |
[INFO] [stdout] 
[INFO] [stdout] 
[INFO] [stdout] error[E0433]: cannot find type `CString` in this scope
[INFO] [stdout]    --> src/core/segment_store.rs:281:22
[INFO] [stdout]     |
[INFO] [stdout] 281 |         let temp_c = CString::new(temp_path.as_os_str().as_bytes())
[INFO] [stdout]     |                      ^^^^^^^ use of undeclared type `CString`
[INFO] [stdout]     |
[INFO] [stdout] help: a struct with a similar name exists
[INFO] [stdout]     |
[INFO] [stdout] 281 -         let temp_c = CString::new(temp_path.as_os_str().as_bytes())
[INFO] [stdout] 281 +         let temp_c = String::new(temp_path.as_os_str().as_bytes())
[INFO] [stdout]     |
[INFO] [stdout] help: consider importing this struct
[INFO] [stdout]     |
[INFO] [stdout]  20 + use std::ffi::CString;
[INFO] [stdout]     |
[INFO] [stdout] 
[INFO] [stdout] 
[INFO] [stdout] error[E0433]: cannot find type `CString` in this scope
[INFO] [stdout]    --> src/core/segment_store.rs:283:23
[INFO] [stdout]     |
[INFO] [stdout] 283 |         let final_c = CString::new(final_path.as_os_str().as_bytes())
[INFO] [stdout]     |                       ^^^^^^^ use of undeclared type `CString`
[INFO] [stdout]     |
[INFO] [stdout] help: a struct with a similar name exists
[INFO] [stdout]     |
[INFO] [stdout] 283 -         let final_c = CString::new(final_path.as_os_str().as_bytes())
[INFO] [stdout] 283 +         let final_c = String::new(final_path.as_os_str().as_bytes())
[INFO] [stdout]     |
[INFO] [stdout] help: consider importing this struct
[INFO] [stdout]     |
[INFO] [stdout]  20 + use std::ffi::CString;
[INFO] [stdout]     |
[INFO] [stdout] 
[INFO] [stdout] 
[INFO] [stdout] For more information about this error, try `rustc --explain E0433`.
[INFO] [stdout] 
[INFO] [stderr] error: could not compile `chronicle` (lib) due to 2 previous errors
[INFO] [stderr] warning: build failed, waiting for other jobs to finish...
[INFO] [stdout] For more information about this error, try `rustc --explain E0433`.
[INFO] [stdout] 
[INFO] [stderr] error: could not compile `chronicle` (lib test) due to 2 previous errors
[INFO] running `Command { std: "docker" "inspect" "ea2dedca8af7729a953f06c9a3c475225e6d6f3bcc13c52aeea9220bad0c96a2", kill_on_drop: false }`
[INFO] running `Command { std: "docker" "rm" "-f" "ea2dedca8af7729a953f06c9a3c475225e6d6f3bcc13c52aeea9220bad0c96a2", kill_on_drop: false }`
[INFO] [stdout] ea2dedca8af7729a953f06c9a3c475225e6d6f3bcc13c52aeea9220bad0c96a2
