[INFO] cloning repository https://github.com/loongsoldier/daplink
[INFO] running `Command { std: "git" "-c" "credential.helper=" "-c" "credential.helper=/workspace/cargo-home/bin/git-credential-null" "clone" "--bare" "https://github.com/loongsoldier/daplink" "/workspace/cache/git-repos/https%3A%2F%2Fgithub.com%2Floongsoldier%2Fdaplink", kill_on_drop: false }`
[INFO] [stderr] Cloning into bare repository '/workspace/cache/git-repos/https%3A%2F%2Fgithub.com%2Floongsoldier%2Fdaplink'...
[INFO] running `Command { std: "git" "rev-parse" "HEAD", kill_on_drop: false }`
[INFO] [stdout] 6aa8c18e6de4eed17fe1d1b6e524da8aa019bc49
[INFO] checking loongsoldier/daplink against e4d5758286bf2cf6f415802f2cf861747a7c6c8c for pr-152972
[INFO] running `Command { std: "git" "clone" "/workspace/cache/git-repos/https%3A%2F%2Fgithub.com%2Floongsoldier%2Fdaplink" "/workspace/builds/worker-2-tc2/source", kill_on_drop: false }`
[INFO] [stderr] Cloning into '/workspace/builds/worker-2-tc2/source'...
[INFO] [stderr] done.
[INFO] removed /workspace/builds/worker-2-tc2/source/.cargo/config.toml
[INFO] removed /workspace/builds/worker-2-tc2/source/rust-toolchain.toml
[INFO] started tweaking git repo https://github.com/loongsoldier/daplink
[INFO] removed 0 missing tests
[INFO] finished tweaking git repo https://github.com/loongsoldier/daplink
[INFO] tweaked toml for git repo https://github.com/loongsoldier/daplink written to /workspace/builds/worker-2-tc2/source/Cargo.toml
[INFO] validating manifest of git repo https://github.com/loongsoldier/daplink on toolchain e4d5758286bf2cf6f415802f2cf861747a7c6c8c
[INFO] running `Command { std: CARGO_HOME="/workspace/cargo-home" RUSTUP_HOME="/workspace/rustup-home" "/workspace/cargo-home/bin/cargo" "+e4d5758286bf2cf6f415802f2cf861747a7c6c8c" "metadata" "--manifest-path" "Cargo.toml" "--no-deps", kill_on_drop: false }`
[INFO] crate git repo https://github.com/loongsoldier/daplink already has a lockfile, it will not be regenerated
[INFO] running `Command { std: CARGO_HOME="/workspace/cargo-home" RUSTUP_HOME="/workspace/rustup-home" "/workspace/cargo-home/bin/cargo" "+e4d5758286bf2cf6f415802f2cf861747a7c6c8c" "fetch" "--manifest-path" "Cargo.toml", kill_on_drop: false }`
[INFO] [stderr]     Blocking waiting for file lock on package cache
[INFO] [stderr]     Blocking waiting for file lock on package cache
[INFO] [stderr]  Downloading crates ...
[INFO] [stderr]   Downloaded embedded-test-linker-script v0.1.0
[INFO] [stderr]   Downloaded embedded-test-macros v0.8.0
[INFO] [stderr]   Downloaded semihosting v0.1.25
[INFO] [stderr]   Downloaded usbd-hid v0.10.0
[INFO] [stderr]   Downloaded defmt-rtt v1.2.0
[INFO] [stderr]   Downloaded usbd-hid-macros v0.10.0
[INFO] [stderr]   Downloaded embassy-usb-synopsys-otg v0.3.3
[INFO] [stderr]   Downloaded embassy-stm32 v0.6.0
[INFO] [stderr]   Downloaded embedded-test v0.7.1
[INFO] [stderr]   Downloaded stm32-metapac v21.0.0
[INFO] running `Command { std: "docker" "create" "-v" "/var/lib/crater-agent-workspace/builds/worker-2-tc2/source:/opt/rustwide/workdir:ro,Z" "-v" "/var/lib/crater-agent-workspace/builds/worker-2-tc2/target:/opt/rustwide/target:rw,Z" "-v" "/var/lib/crater-agent-workspace/cargo-home:/opt/rustwide/cargo-home:ro,Z" "-v" "/var/lib/crater-agent-workspace/rustup-home:/opt/rustwide/rustup-home:ro,Z" "-m" "1610612736" "--network" "none" "ghcr.io/rust-lang/crates-build-env/linux@sha256:3111399a4047eeb3a02b7a90e478d715f38a8c6669b5c4b49d30a17385265909" "sleep" "infinity", kill_on_drop: false }`
[INFO] [stdout] b8eb768a3058e1ac5c1fe89a9f692f8d2a4e21b8b88e2c56c2cab15ce575390a
[INFO] running `Command { std: "docker" "start" "b8eb768a3058e1ac5c1fe89a9f692f8d2a4e21b8b88e2c56c2cab15ce575390a", kill_on_drop: false }`
[INFO] running `Command { std: "docker" "inspect" "b8eb768a3058e1ac5c1fe89a9f692f8d2a4e21b8b88e2c56c2cab15ce575390a", kill_on_drop: false }`
[INFO] running `Command { std: "docker" "exec" "-e" "SOURCE_DIR=/opt/rustwide/workdir" "-e" "CARGO_HOME=/opt/rustwide/cargo-home" "-e" "RUSTUP_HOME=/opt/rustwide/rustup-home" "-e" "CARGO_TARGET_DIR=/opt/rustwide/target" "-w" "/opt/rustwide/workdir" "--user" "0:0" "b8eb768a3058e1ac5c1fe89a9f692f8d2a4e21b8b88e2c56c2cab15ce575390a" "/opt/rustwide/cargo-home/bin/cargo" "+e4d5758286bf2cf6f415802f2cf861747a7c6c8c" "metadata" "--no-deps" "--format-version=1", kill_on_drop: false }`
[INFO] running `Command { std: "docker" "inspect" "b8eb768a3058e1ac5c1fe89a9f692f8d2a4e21b8b88e2c56c2cab15ce575390a", kill_on_drop: false }`
[INFO] running `Command { std: "docker" "exec" "-e" "SOURCE_DIR=/opt/rustwide/workdir" "-e" "CARGO_HOME=/opt/rustwide/cargo-home" "-e" "RUSTUP_HOME=/opt/rustwide/rustup-home" "-e" "CARGO_TARGET_DIR=/opt/rustwide/target" "-e" "CARGO_INCREMENTAL=0" "-e" "RUST_BACKTRACE=full" "-e" "RUSTFLAGS=--cap-lints=forbid" "-e" "RUSTDOCFLAGS=--cap-lints=forbid" "-w" "/opt/rustwide/workdir" "--user" "0:0" "b8eb768a3058e1ac5c1fe89a9f692f8d2a4e21b8b88e2c56c2cab15ce575390a" "/opt/rustwide/cargo-home/bin/cargo" "+e4d5758286bf2cf6f415802f2cf861747a7c6c8c" "check" "--frozen" "--all" "--all-targets" "--message-format=json", kill_on_drop: false }`
[INFO] [stderr]    Compiling proc-macro2 v1.0.106
[INFO] [stderr]    Compiling quote v1.0.45
[INFO] [stderr]    Compiling unicode-ident v1.0.24
[INFO] [stderr]    Compiling defmt v1.1.0
[INFO] [stderr]    Compiling thiserror v2.0.18
[INFO] [stderr]    Compiling defmt-macros v1.1.0
[INFO] [stderr]     Checking bitflags v1.3.2
[INFO] [stderr]    Compiling semver-parser v0.7.0
[INFO] [stderr]     Checking nb v1.1.0
[INFO] [stderr]     Checking critical-section v1.2.0
[INFO] [stderr]     Checking stable_deref_trait v1.2.1
[INFO] [stderr]    Compiling cortex-m v0.7.7
[INFO] [stderr]    Compiling cortex-m-rt v0.7.5
[INFO] [stderr]     Checking void v1.0.2
[INFO] [stderr]     Checking byteorder v1.5.0
[INFO] [stderr]    Compiling serde_core v1.0.228
[INFO] [stderr]    Compiling strsim v0.11.1
[INFO] [stderr]    Compiling ident_case v1.0.1
[INFO] [stderr]    Compiling heapless v0.9.3
[INFO] [stderr]    Compiling litrs v1.0.0
[INFO] [stderr]    Compiling serde v1.0.228
[INFO] [stderr]     Checking nb v0.1.3
[INFO] [stderr]     Checking embedded-hal v0.2.7
[INFO] [stderr]    Compiling embassy-time-driver v0.2.2
[INFO] [stderr]     Checking vcell v0.1.3
[INFO] [stderr]     Checking embedded-hal v1.0.0
[INFO] [stderr]     Checking futures-core v0.3.32
[INFO] [stderr]    Compiling portable-atomic v1.13.1
[INFO] [stderr]     Checking volatile-register v0.2.2
[INFO] [stderr]     Checking bitfield v0.13.2
[INFO] [stderr]     Checking cfg-if v1.0.4
[INFO] [stderr]    Compiling zerocopy v0.8.52
[INFO] [stderr]    Compiling embedded-hal-async v1.0.0
[INFO] [stderr]    Compiling semver v0.9.0
[INFO] [stderr]    Compiling embassy-sync v0.8.0
[INFO] [stderr]    Compiling version_check v0.9.5
[INFO] [stderr]    Compiling autocfg v1.5.1
[INFO] [stderr]     Checking futures-sink v0.3.32
[INFO] [stderr]    Compiling embedded-io-async v0.6.1
[INFO] [stderr]    Compiling memchr v2.8.2
[INFO] [stderr]     Checking hash32 v0.3.1
[INFO] [stderr]    Compiling rustc_version v0.2.3
[INFO] [stderr]    Compiling fnv v1.0.7
[INFO] [stderr]     Checking embedded-io v0.6.1
[INFO] [stderr]    Compiling once_cell v1.21.4
[INFO] [stderr]    Compiling heapless v0.8.0
[INFO] [stderr]    Compiling stm32-metapac v21.0.0
[INFO] [stderr]    Compiling bare-metal v0.2.5
[INFO] [stderr]    Compiling regex-syntax v0.8.11
[INFO] [stderr]    Compiling ahash v0.8.12
[INFO] [stderr]    Compiling document-features v0.2.12
[INFO] [stderr]    Compiling num-traits v0.2.19
[INFO] [stderr]    Compiling aho-corasick v1.1.4
[INFO] [stderr]    Compiling embassy-time-queue-utils v0.3.2
[INFO] [stderr]     Checking embassy-executor-timer-queue v0.1.0
[INFO] [stderr]    Compiling bitfield v0.14.0
[INFO] [stderr]    Compiling syn v1.0.109
[INFO] [stderr]    Compiling embassy-hal-internal v0.4.0
[INFO] [stderr]     Checking embassy-futures v0.1.2
[INFO] [stderr]    Compiling usbd-hid-descriptors v0.10.0
[INFO] [stderr]    Compiling syn v2.0.118
[INFO] [stderr]     Checking as-slice v0.2.1
[INFO] [stderr]    Compiling embassy-executor v0.10.0
[INFO] [stderr]     Checking embedded-storage v0.3.1
[INFO] [stderr]    Compiling proc-macro-error-attr2 v2.0.0
[INFO] [stderr]    Compiling embassy-hal-internal v0.5.0
[INFO] [stderr]    Compiling log v0.4.32
[INFO] [stderr]     Checking embedded-storage-async v0.4.1
[INFO] [stderr]     Checking aligned v0.4.3
[INFO] [stderr]    Compiling embassy-usb v0.6.0
[INFO] [stderr]    Compiling panic-probe v1.0.0
[INFO] [stderr]    Compiling embedded-test-linker-script v0.1.0
[INFO] [stderr]     Checking encode_unicode v0.3.6
[INFO] [stderr]     Checking bitflags v2.13.0
[INFO] [stderr]     Checking cordyceps v0.3.4
[INFO] [stderr]    Compiling defmt-rtt v1.2.0
[INFO] [stderr]     Checking futures-task v0.3.32
[INFO] [stderr]     Checking pin-project-lite v0.2.17
[INFO] [stderr]     Checking block-device-driver v0.2.0
[INFO] [stderr]     Checking embedded-hal-nb v1.0.0
[INFO] [stderr]     Checking stm32-fmc v0.4.0
[INFO] [stderr]     Checking embedded-can v0.4.1
[INFO] [stderr]     Checking futures-util v0.3.32
[INFO] [stderr]     Checking static_assertions v1.1.0
[INFO] [stderr]     Checking bit_field v0.10.3
[INFO] [stderr]    Compiling daplink v0.5.1 (/opt/rustwide/workdir)
[INFO] [stderr]     Checking rand_core v0.6.4
[INFO] [stderr]     Checking rand_core v0.9.5
[INFO] [stderr]     Checking usb-device v0.3.2
[INFO] [stderr]    Compiling semihosting v0.1.25
[INFO] [stderr]     Checking sdio-host v0.9.0
[INFO] [stderr]     Checking static_cell v2.1.1
[INFO] [stderr]    Compiling embedded-test v0.7.1
[INFO] [stdout] error: unsupported target; if you need support for this target, please submit an issue at <https://github.com/taiki-e/semihosting>
[INFO] [stdout]    --> /opt/rustwide/cargo-home/registry/src/index.crates.io-1949cf8c6b5b557f/semihosting-0.1.25/src/lib.rs:304:1
[INFO] [stdout]     |
[INFO] [stdout] 304 | / compile_error!(
[INFO] [stdout] 305 | |     "unsupported target; if you need support for this target, \
[INFO] [stdout] 306 | |      please submit an issue at <https://github.com/taiki-e/semihosting>"
[INFO] [stdout] 307 | | );
[INFO] [stdout]     | |_^
[INFO] [stdout] 
[INFO] [stdout] 
[INFO] [stdout] error[E0432]: unresolved import `crate::sys::arch`
[INFO] [stdout]   --> /opt/rustwide/cargo-home/registry/src/index.crates.io-1949cf8c6b5b557f/semihosting-0.1.25/src/sys/errno.rs:7:10
[INFO] [stdout]    |
[INFO] [stdout]  7 |     sys::arch::errno,
[INFO] [stdout]    |          ^^^^ could not find `arch` in `sys`
[INFO] [stdout]    |
[INFO] [stdout] note: found an item that was configured out
[INFO] [stdout]   --> /opt/rustwide/cargo-home/registry/src/index.crates.io-1949cf8c6b5b557f/semihosting-0.1.25/src/sys/mod.rs:31:25
[INFO] [stdout]    |
[INFO] [stdout] 22 |   #[cfg(any(
[INFO] [stdout]    |  __________-
[INFO] [stdout] 23 | |     target_arch = "aarch64",
[INFO] [stdout] 24 | |     target_arch = "arm",
[INFO] [stdout] 25 | |     target_arch = "riscv32",
[INFO] [stdout] ...  |
[INFO] [stdout] 29 | |     all(target_arch = "xtensa", feature = "openocd-semihosting"),
[INFO] [stdout] 30 | | ))]
[INFO] [stdout]    | |_- the item is gated here
[INFO] [stdout] 31 |   use self::arm_compat as arch;
[INFO] [stdout]    |                           ^^^^
[INFO] [stdout] note: found an item that was configured out
[INFO] [stdout]   --> /opt/rustwide/cargo-home/registry/src/index.crates.io-1949cf8c6b5b557f/semihosting-0.1.25/src/sys/mod.rs:61:19
[INFO] [stdout]    |
[INFO] [stdout] 55 |   #[cfg(any(
[INFO] [stdout]    |  __________-
[INFO] [stdout] 56 | |     target_arch = "mips",
[INFO] [stdout] 57 | |     target_arch = "mips32r6",
[INFO] [stdout] 58 | |     target_arch = "mips64",
[INFO] [stdout] 59 | |     target_arch = "mips64r6",
[INFO] [stdout] 60 | | ))]
[INFO] [stdout]    | |_- the item is gated here
[INFO] [stdout] 61 |   use self::mips as arch;
[INFO] [stdout]    |                     ^^^^
[INFO] [stdout] 
[INFO] [stdout] 
[INFO] [stdout] error[E0432]: unresolved import `self::arch`
[INFO] [stdout]   --> /opt/rustwide/cargo-home/registry/src/index.crates.io-1949cf8c6b5b557f/semihosting-0.1.25/src/sys/mod.rs:96:5
[INFO] [stdout]    |
[INFO] [stdout] 96 |     arch::exit,
[INFO] [stdout]    |     ^^^^ could not find `arch` in `self`
[INFO] [stdout]    |
[INFO] [stdout] note: found an item that was configured out
[INFO] [stdout]   --> /opt/rustwide/cargo-home/registry/src/index.crates.io-1949cf8c6b5b557f/semihosting-0.1.25/src/sys/mod.rs:31:25
[INFO] [stdout]    |
[INFO] [stdout] 22 |   #[cfg(any(
[INFO] [stdout]    |  __________-
[INFO] [stdout] 23 | |     target_arch = "aarch64",
[INFO] [stdout] 24 | |     target_arch = "arm",
[INFO] [stdout] 25 | |     target_arch = "riscv32",
[INFO] [stdout] ...  |
[INFO] [stdout] 29 | |     all(target_arch = "xtensa", feature = "openocd-semihosting"),
[INFO] [stdout] 30 | | ))]
[INFO] [stdout]    | |_- the item is gated here
[INFO] [stdout] 31 |   use self::arm_compat as arch;
[INFO] [stdout]    |                           ^^^^
[INFO] [stdout] note: found an item that was configured out
[INFO] [stdout]   --> /opt/rustwide/cargo-home/registry/src/index.crates.io-1949cf8c6b5b557f/semihosting-0.1.25/src/sys/mod.rs:61:19
[INFO] [stdout]    |
[INFO] [stdout] 55 |   #[cfg(any(
[INFO] [stdout]    |  __________-
[INFO] [stdout] 56 | |     target_arch = "mips",
[INFO] [stdout] 57 | |     target_arch = "mips32r6",
[INFO] [stdout] 58 | |     target_arch = "mips64",
[INFO] [stdout] 59 | |     target_arch = "mips64r6",
[INFO] [stdout] 60 | | ))]
[INFO] [stdout]    | |_- the item is gated here
[INFO] [stdout] 61 |   use self::mips as arch;
[INFO] [stdout]    |                     ^^^^
[INFO] [stdout] 
[INFO] [stdout] 
[INFO] [stdout] error[E0433]: cannot find module or crate `arch` in this scope
[INFO] [stdout]    --> /opt/rustwide/cargo-home/registry/src/index.crates.io-1949cf8c6b5b557f/semihosting-0.1.25/src/sys/mod.rs:129:14
[INFO] [stdout]     |
[INFO] [stdout] 129 |     unsafe { arch::close(fd) }
[INFO] [stdout]     |              ^^^^ use of unresolved module or unlinked crate `arch`
[INFO] [stdout]     |
[INFO] [stdout]     = help: if you wanted to use a crate named `arch`, use `cargo add arch` to add it to your `Cargo.toml`
[INFO] [stdout] 
[INFO] [stdout] 
[INFO] [stdout] error[E0433]: cannot find module or crate `arch` in this scope
[INFO] [stdout]    --> /opt/rustwide/cargo-home/registry/src/index.crates.io-1949cf8c6b5b557f/semihosting-0.1.25/src/sys/mod.rs:151:5
[INFO] [stdout]     |
[INFO] [stdout] 151 |     arch::read(fd, buf)
[INFO] [stdout]     |     ^^^^ use of unresolved module or unlinked crate `arch`
[INFO] [stdout]     |
[INFO] [stdout]     = help: if you wanted to use a crate named `arch`, use `cargo add arch` to add it to your `Cargo.toml`
[INFO] [stdout] 
[INFO] [stdout] 
[INFO] [stdout] error[E0433]: cannot find module or crate `arch` in this scope
[INFO] [stdout]    --> /opt/rustwide/cargo-home/registry/src/index.crates.io-1949cf8c6b5b557f/semihosting-0.1.25/src/sys/mod.rs:168:5
[INFO] [stdout]     |
[INFO] [stdout] 168 |     arch::read_uninit(fd, buf)
[INFO] [stdout]     |     ^^^^ use of unresolved module or unlinked crate `arch`
[INFO] [stdout]     |
[INFO] [stdout]     = help: if you wanted to use a crate named `arch`, use `cargo add arch` to add it to your `Cargo.toml`
[INFO] [stdout] 
[INFO] [stdout] 
[INFO] [stdout] error[E0433]: cannot find module or crate `arch` in this scope
[INFO] [stdout]    --> /opt/rustwide/cargo-home/registry/src/index.crates.io-1949cf8c6b5b557f/semihosting-0.1.25/src/sys/mod.rs:188:5
[INFO] [stdout]     |
[INFO] [stdout] 188 |     arch::write(fd, buf)
[INFO] [stdout]     |     ^^^^ use of unresolved module or unlinked crate `arch`
[INFO] [stdout]     |
[INFO] [stdout]     = help: if you wanted to use a crate named `arch`, use `cargo add arch` to add it to your `Cargo.toml`
[INFO] [stdout] 
[INFO] [stdout] 
[INFO] [stdout] Some errors have detailed explanations: E0432, E0433.
[INFO] [stdout] 
[INFO] [stdout] For more information about an error, try `rustc --explain E0432`.
[INFO] [stdout] 
[INFO] [stderr] error: could not compile `semihosting` (lib) due to 7 previous errors
[INFO] [stderr] warning: build failed, waiting for other jobs to finish...
[INFO] running `Command { std: "docker" "inspect" "b8eb768a3058e1ac5c1fe89a9f692f8d2a4e21b8b88e2c56c2cab15ce575390a", kill_on_drop: false }`
[INFO] running `Command { std: "docker" "rm" "-f" "b8eb768a3058e1ac5c1fe89a9f692f8d2a4e21b8b88e2c56c2cab15ce575390a", kill_on_drop: false }`
[INFO] [stdout] b8eb768a3058e1ac5c1fe89a9f692f8d2a4e21b8b88e2c56c2cab15ce575390a
