[INFO] cloning repository https://github.com/kamalkarki111/win_explorer
[INFO] running `Command { std: "git" "-c" "credential.helper=" "-c" "credential.helper=/workspace/cargo-home/bin/git-credential-null" "clone" "--bare" "https://github.com/kamalkarki111/win_explorer" "/workspace/cache/git-repos/https%3A%2F%2Fgithub.com%2Fkamalkarki111%2Fwin_explorer", kill_on_drop: false }`
[INFO] [stderr] Cloning into bare repository '/workspace/cache/git-repos/https%3A%2F%2Fgithub.com%2Fkamalkarki111%2Fwin_explorer'...
[INFO] running `Command { std: "git" "rev-parse" "HEAD", kill_on_drop: false }`
[INFO] [stdout] f1d1eacdbf7a0cc2a9ab46f2ed1b656ef46334ea
[INFO] checking kamalkarki111/win_explorer against e4d5758286bf2cf6f415802f2cf861747a7c6c8c for pr-152972
[INFO] running `Command { std: "git" "clone" "/workspace/cache/git-repos/https%3A%2F%2Fgithub.com%2Fkamalkarki111%2Fwin_explorer" "/workspace/builds/worker-1-tc2/source", kill_on_drop: false }`
[INFO] [stderr] Cloning into '/workspace/builds/worker-1-tc2/source'...
[INFO] [stderr] done.
[INFO] started tweaking git repo https://github.com/kamalkarki111/win_explorer
[INFO] finished tweaking git repo https://github.com/kamalkarki111/win_explorer
[INFO] tweaked toml for git repo https://github.com/kamalkarki111/win_explorer written to /workspace/builds/worker-1-tc2/source/Cargo.toml
[INFO] validating manifest of git repo https://github.com/kamalkarki111/win_explorer on toolchain e4d5758286bf2cf6f415802f2cf861747a7c6c8c
[INFO] running `Command { std: CARGO_HOME="/workspace/cargo-home" RUSTUP_HOME="/workspace/rustup-home" "/workspace/cargo-home/bin/cargo" "+e4d5758286bf2cf6f415802f2cf861747a7c6c8c" "metadata" "--manifest-path" "Cargo.toml" "--no-deps", kill_on_drop: false }`
[INFO] crate git repo https://github.com/kamalkarki111/win_explorer already has a lockfile, it will not be regenerated
[INFO] running `Command { std: CARGO_HOME="/workspace/cargo-home" RUSTUP_HOME="/workspace/rustup-home" "/workspace/cargo-home/bin/cargo" "+e4d5758286bf2cf6f415802f2cf861747a7c6c8c" "fetch" "--manifest-path" "Cargo.toml", kill_on_drop: false }`
[INFO] [stderr]     Blocking waiting for file lock on package cache
[INFO] [stderr]     Blocking waiting for file lock on package cache
[INFO] running `Command { std: "docker" "create" "-v" "/var/lib/crater-agent-workspace/builds/worker-1-tc2/source:/opt/rustwide/workdir:ro,Z" "-v" "/var/lib/crater-agent-workspace/builds/worker-1-tc2/target:/opt/rustwide/target:rw,Z" "-v" "/var/lib/crater-agent-workspace/cargo-home:/opt/rustwide/cargo-home:ro,Z" "-v" "/var/lib/crater-agent-workspace/rustup-home:/opt/rustwide/rustup-home:ro,Z" "-m" "1610612736" "--network" "none" "ghcr.io/rust-lang/crates-build-env/linux@sha256:3111399a4047eeb3a02b7a90e478d715f38a8c6669b5c4b49d30a17385265909" "sleep" "infinity", kill_on_drop: false }`
[INFO] [stdout] ef076ca9ef0dbd4e49d55f3856f2dad53c718187b0c0ad998d4d3c49b5bf9840
[INFO] running `Command { std: "docker" "start" "ef076ca9ef0dbd4e49d55f3856f2dad53c718187b0c0ad998d4d3c49b5bf9840", kill_on_drop: false }`
[INFO] running `Command { std: "docker" "inspect" "ef076ca9ef0dbd4e49d55f3856f2dad53c718187b0c0ad998d4d3c49b5bf9840", kill_on_drop: false }`
[INFO] running `Command { std: "docker" "exec" "-e" "SOURCE_DIR=/opt/rustwide/workdir" "-e" "CARGO_HOME=/opt/rustwide/cargo-home" "-e" "RUSTUP_HOME=/opt/rustwide/rustup-home" "-e" "CARGO_TARGET_DIR=/opt/rustwide/target" "-w" "/opt/rustwide/workdir" "--user" "0:0" "ef076ca9ef0dbd4e49d55f3856f2dad53c718187b0c0ad998d4d3c49b5bf9840" "/opt/rustwide/cargo-home/bin/cargo" "+e4d5758286bf2cf6f415802f2cf861747a7c6c8c" "metadata" "--no-deps" "--format-version=1", kill_on_drop: false }`
[INFO] running `Command { std: "docker" "inspect" "ef076ca9ef0dbd4e49d55f3856f2dad53c718187b0c0ad998d4d3c49b5bf9840", kill_on_drop: false }`
[INFO] running `Command { std: "docker" "exec" "-e" "SOURCE_DIR=/opt/rustwide/workdir" "-e" "CARGO_HOME=/opt/rustwide/cargo-home" "-e" "RUSTUP_HOME=/opt/rustwide/rustup-home" "-e" "CARGO_TARGET_DIR=/opt/rustwide/target" "-e" "CARGO_INCREMENTAL=0" "-e" "RUST_BACKTRACE=full" "-e" "RUSTFLAGS=--cap-lints=forbid" "-e" "RUSTDOCFLAGS=--cap-lints=forbid" "-w" "/opt/rustwide/workdir" "--user" "0:0" "ef076ca9ef0dbd4e49d55f3856f2dad53c718187b0c0ad998d4d3c49b5bf9840" "/opt/rustwide/cargo-home/bin/cargo" "+e4d5758286bf2cf6f415802f2cf861747a7c6c8c" "check" "--frozen" "--all" "--all-targets" "--message-format=json", kill_on_drop: false }`
[INFO] [stderr]     Checking win_explorer v0.1.0 (/opt/rustwide/workdir)
[INFO] [stdout] error[E0407]: method `is_busy` is not a member of trait `ShellApp`
[INFO] [stdout]    --> src/browser/mod.rs:337:5
[INFO] [stdout]     |
[INFO] [stdout] 337 | /     fn is_busy(&self) -> bool {
[INFO] [stdout] 338 | |         self.loading
[INFO] [stdout] 339 | |     }
[INFO] [stdout]     | |_____^ not a member of trait `ShellApp`
[INFO] [stdout] 
[INFO] [stdout] 
[INFO] [stdout] error[E0407]: method `is_busy` is not a member of trait `ShellApp`
[INFO] [stdout]    --> src/browser/mod.rs:337:5
[INFO] [stdout]     |
[INFO] [stdout] 337 | /     fn is_busy(&self) -> bool {
[INFO] [stdout] 338 | |         self.loading
[INFO] [stdout] 339 | |     }
[INFO] [stdout]     | |_____^ not a member of trait `ShellApp`
[INFO] [stdout] 
[INFO] [stdout] 
[INFO] [stdout] error[E0053]: method `tick` has an incompatible type for trait
[INFO] [stdout]    --> src/browser/mod.rs:328:27
[INFO] [stdout]     |
[INFO] [stdout] 328 |     fn tick(&mut self) -> bool {
[INFO] [stdout]     |                           ^^^^ expected `()`, found `bool`
[INFO] [stdout]     |
[INFO] [stdout] note: type in trait
[INFO] [stdout]    --> src/plugin/mod.rs:30:23
[INFO] [stdout]     |
[INFO] [stdout]  30 |     fn tick(&mut self) {}
[INFO] [stdout]     |                       ^
[INFO] [stdout]     = note: expected signature `fn(&mut BrowserApp) -> ()`
[INFO] [stdout]                found signature `fn(&mut BrowserApp) -> bool`
[INFO] [stdout] help: change the output type to match the trait
[INFO] [stdout]     |
[INFO] [stdout] 328 -     fn tick(&mut self) -> bool {
[INFO] [stdout] 328 +     fn tick(&mut self) -> () {
[INFO] [stdout]     |
[INFO] [stdout] 
[INFO] [stdout] 
[INFO] [stdout] error[E0053]: method `tick` has an incompatible type for trait
[INFO] [stdout]    --> src/browser/mod.rs:328:27
[INFO] [stdout]     |
[INFO] [stdout] 328 |     fn tick(&mut self) -> bool {
[INFO] [stdout]     |                           ^^^^ expected `()`, found `bool`
[INFO] [stdout]     |
[INFO] [stdout] note: type in trait
[INFO] [stdout]    --> src/plugin/mod.rs:30:23
[INFO] [stdout]     |
[INFO] [stdout]  30 |     fn tick(&mut self) {}
[INFO] [stdout]     |                       ^
[INFO] [stdout]     = note: expected signature `fn(&mut BrowserApp) -> ()`
[INFO] [stdout]                found signature `fn(&mut BrowserApp) -> bool`
[INFO] [stdout] help: change the output type to match the trait
[INFO] [stdout]     |
[INFO] [stdout] 328 -     fn tick(&mut self) -> bool {
[INFO] [stdout] 328 +     fn tick(&mut self) -> () {
[INFO] [stdout]     |
[INFO] [stdout] 
[INFO] [stdout] 
[INFO] [stdout] error[E0308]: mismatched types
[INFO] [stdout]    --> src/app.rs:601:16
[INFO] [stdout]     |
[INFO] [stdout] 601 |             if a.tick() {
[INFO] [stdout]     |                ^^^^^^^^ expected `bool`, found `()`
[INFO] [stdout] 
[INFO] [stdout] 
[INFO] [stdout] error[E0308]: mismatched types
[INFO] [stdout]    --> src/app.rs:601:16
[INFO] [stdout]     |
[INFO] [stdout] 601 |             if a.tick() {
[INFO] [stdout]     |                ^^^^^^^^ expected `bool`, found `()`
[INFO] [stdout] 
[INFO] [stdout] 
[INFO] [stdout] error[E0599]: no method named `is_busy` found for reference `&Box<dyn ShellApp>` in the current scope
[INFO] [stdout]    --> src/app.rs:611:24
[INFO] [stdout]     |
[INFO] [stdout] 611 |             .map(|a| a.is_busy())
[INFO] [stdout]     |                        ^^^^^^^ method not found in `&Box<dyn ShellApp>`
[INFO] [stdout] 
[INFO] [stdout] 
[INFO] [stdout] error[E0599]: no method named `is_busy` found for reference `&Box<dyn ShellApp>` in the current scope
[INFO] [stdout]    --> src/app.rs:611:24
[INFO] [stdout]     |
[INFO] [stdout] 611 |             .map(|a| a.is_busy())
[INFO] [stdout]     |                        ^^^^^^^ method not found in `&Box<dyn ShellApp>`
[INFO] [stdout] 
[INFO] [stdout] 
[INFO] [stdout] Some errors have detailed explanations: E0053, E0308, E0407, E0599.
[INFO] [stdout] 
[INFO] [stdout] For more information about an error, try `rustc --explain E0053`.
[INFO] [stdout] 
[INFO] [stdout] Some errors have detailed explanations: E0053, E0308, E0407, E0599.
[INFO] [stdout] 
[INFO] [stdout] For more information about an error, try `rustc --explain E0053`.
[INFO] [stdout] 
[INFO] [stderr] error: could not compile `win_explorer` (bin "win_explorer" test) due to 4 previous errors
[INFO] [stderr] warning: build failed, waiting for other jobs to finish...
[INFO] [stderr] error: could not compile `win_explorer` (bin "win_explorer") due to 4 previous errors
[INFO] running `Command { std: "docker" "inspect" "ef076ca9ef0dbd4e49d55f3856f2dad53c718187b0c0ad998d4d3c49b5bf9840", kill_on_drop: false }`
[INFO] running `Command { std: "docker" "rm" "-f" "ef076ca9ef0dbd4e49d55f3856f2dad53c718187b0c0ad998d4d3c49b5bf9840", kill_on_drop: false }`
[INFO] [stdout] ef076ca9ef0dbd4e49d55f3856f2dad53c718187b0c0ad998d4d3c49b5bf9840
