[INFO] cloning repository https://github.com/gawadinc/cryptocurrencyEx
[INFO] running `Command { std: "git" "-c" "credential.helper=" "-c" "credential.helper=/workspace/cargo-home/bin/git-credential-null" "clone" "--bare" "https://github.com/gawadinc/cryptocurrencyEx" "/workspace/cache/git-repos/https%3A%2F%2Fgithub.com%2Fgawadinc%2FcryptocurrencyEx", kill_on_drop: false }`
[INFO] [stderr] Cloning into bare repository '/workspace/cache/git-repos/https%3A%2F%2Fgithub.com%2Fgawadinc%2FcryptocurrencyEx'...
[INFO] running `Command { std: "git" "rev-parse" "HEAD", kill_on_drop: false }`
[INFO] [stdout] ea273b2b5aaa176724e4b402bc4356430b71f49f
[INFO] checking gawadinc/cryptocurrencyEx/ea273b2b5aaa176724e4b402bc4356430b71f49f against c999cef531ea9059e189e82fe0e82c5daf249bc9 for pr-152972
[INFO] running `Command { std: "git" "clone" "/workspace/cache/git-repos/https%3A%2F%2Fgithub.com%2Fgawadinc%2FcryptocurrencyEx" "/workspace/builds/worker-7-tc1/source", kill_on_drop: false }`
[INFO] [stderr] Cloning into '/workspace/builds/worker-7-tc1/source'...
[INFO] [stderr] done.
[INFO] started tweaking git repo https://github.com/gawadinc/cryptocurrencyEx
[INFO] finished tweaking git repo https://github.com/gawadinc/cryptocurrencyEx
[INFO] tweaked toml for git repo https://github.com/gawadinc/cryptocurrencyEx written to /workspace/builds/worker-7-tc1/source/Cargo.toml
[INFO] validating manifest of git repo https://github.com/gawadinc/cryptocurrencyEx on toolchain c999cef531ea9059e189e82fe0e82c5daf249bc9
[INFO] running `Command { std: CARGO_HOME="/workspace/cargo-home" RUSTUP_HOME="/workspace/rustup-home" "/workspace/cargo-home/bin/cargo" "+c999cef531ea9059e189e82fe0e82c5daf249bc9" "metadata" "--manifest-path" "Cargo.toml" "--no-deps", kill_on_drop: false }`
[INFO] crate git repo https://github.com/gawadinc/cryptocurrencyEx already has a lockfile, it will not be regenerated
[INFO] running `Command { std: CARGO_HOME="/workspace/cargo-home" RUSTUP_HOME="/workspace/rustup-home" "/workspace/cargo-home/bin/cargo" "+c999cef531ea9059e189e82fe0e82c5daf249bc9" "fetch" "--manifest-path" "Cargo.toml", kill_on_drop: false }`
[INFO] [stderr] warning: Cargo.toml: `package.edition` is unspecified, defaulting to `2015` while the latest is `2024`
[INFO] [stderr] warning: `cryptocurrency` (manifest) generated 1 warning
[INFO] [stderr]     Updating crates.io index
[INFO] [stderr]     Blocking waiting for file lock on package cache
[INFO] [stderr]      Locking 23 packages to highest compatible versions
[INFO] [stderr]       Adding bitflags v2.13.2
[INFO] [stderr]       Adding block2 v0.6.2
[INFO] [stderr]       Adding cc v1.5.1
[INFO] [stderr]       Adding cfg-if v1.0.5
[INFO] [stderr]       Adding cfg_aliases v0.2.2
[INFO] [stderr]       Adding cmake v0.1.58
[INFO] [stderr]     Updating ctrlc v3.0.2 -> v3.5.2
[INFO] [stderr]       Adding dispatch2 v0.3.1
[INFO] [stderr]       Adding exonum v0.1.1 (available: v1.0.0)
[INFO] [stderr]       Adding exonum_leveldb v0.9.1
[INFO] [stderr]       Adding exonum_profiler v0.1.2
[INFO] [stderr]       Adding ffi-opaque v2.0.1
[INFO] [stderr]       Adding find-msvc-tools v0.1.14
[INFO] [stderr]       Adding hermit-abi v0.5.3
[INFO] [stderr]       Adding leveldb-sys v2.0.9
[INFO] [stderr]     Updating libc v0.2.24 -> v0.2.189
[INFO] [stderr]       Adding nix v0.31.3
[INFO] [stderr]     Updating num_cpus v1.6.2 -> v1.17.0
[INFO] [stderr]       Adding objc2 v0.6.4
[INFO] [stderr]       Adding objc2-encode v4.1.0
[INFO] [stderr]       Adding shlex v2.0.1
[INFO] [stderr]       Adding windows-link v0.2.1
[INFO] [stderr]       Adding windows-sys v0.61.2
[INFO] [stderr]     Blocking waiting for file lock on package cache
[INFO] [stderr]  Downloading crates ...
[INFO] [stderr]   Downloaded num-traits v0.1.39
[INFO] [stderr]   Downloaded serde_derive_internals v0.15.1
[INFO] [stderr]   Downloaded serde_derive v1.0.9
[INFO] [stderr]   Downloaded serde_json v1.0.2
[INFO] [stderr]   Downloaded serde v1.0.9
[INFO] [stderr]   Downloaded ffi-opaque v2.0.1
[INFO] [stderr]   Downloaded textwrap v0.6.0
[INFO] [stderr]   Downloaded lazy_static v0.2.8
[INFO] [stderr]   Downloaded percent-encoding v1.0.0
[INFO] [stderr]   Downloaded env_logger v0.3.5
[INFO] [stderr]   Downloaded vec_map v0.8.0
[INFO] [stderr]   Downloaded term_size v0.3.0
[INFO] [stderr]   Downloaded httparse v1.2.3
[INFO] [stderr]   Downloaded params v0.6.0
[INFO] [stderr]   Downloaded exonum_leveldb v0.9.1
[INFO] [stderr]   Downloaded version_check v0.1.2
[INFO] [stderr]   Downloaded num-complex v0.1.38
[INFO] [stderr]   Downloaded mount v0.3.0
[INFO] [stderr]   Downloaded slab v0.1.3
[INFO] [stderr]   Downloaded route-recognizer v0.1.12
[INFO] [stderr]   Downloaded num-rational v0.1.38
[INFO] [stderr]   Downloaded cfg-if v0.1.1
[INFO] [stderr]   Downloaded bodyparser v0.7.0
[INFO] [stderr]   Downloaded num-integer v0.1.34
[INFO] [stderr]   Downloaded sequence_trie v0.2.1
[INFO] [stderr]   Downloaded redox_syscall v0.1.19
[INFO] [stderr]   Downloaded base64 v0.5.2
[INFO] [stderr]   Downloaded num-iter v0.1.33
[INFO] [stderr]   Downloaded bytes v0.3.0
[INFO] [stderr]   Downloaded headers v0.1.0
[INFO] [stderr]   Downloaded atty v0.2.2
[INFO] [stderr]   Downloaded time v0.1.37
[INFO] [stderr]   Downloaded libsodium-sys v0.0.14
[INFO] [stderr]   Downloaded num v0.1.39
[INFO] [stderr]   Downloaded cookie v0.6.2
[INFO] [stderr]   Downloaded net2 v0.2.29
[INFO] [stderr]   Downloaded bit-vec v0.4.4
[INFO] [stderr]   Downloaded num-bigint v0.1.39
[INFO] [stderr]   Downloaded miow v0.1.5
[INFO] [stderr]   Downloaded mio v0.5.1
[INFO] [stderr]   Downloaded colored v1.5.1
[INFO] [stderr]   Downloaded unicode-bidi v0.3.3
[INFO] [stderr]   Downloaded toml v0.4.2
[INFO] [stderr]   Downloaded term v0.4.6
[INFO] [stderr]   Downloaded nix v0.5.1
[INFO] [stderr]   Downloaded url v1.5.1
[INFO] [stderr]   Downloaded hyper v0.10.12
[INFO] [stderr]   Downloaded exonum v0.1.1
[INFO] [stderr]   Downloaded clap v2.25.0
[INFO] [stderr]   Downloaded exonum_profiler v0.1.2
[INFO] [stderr]   Downloaded idna v0.1.2
[INFO] [stderr]   Downloaded leveldb-sys v2.0.9
[INFO] [stderr]   Downloaded sodiumoxide v0.0.14
[INFO] running `Command { std: "docker" "create" "-v" "/var/lib/crater-agent-workspace/builds/worker-7-tc1/source:/opt/rustwide/workdir:ro,Z" "-v" "/var/lib/crater-agent-workspace/builds/worker-7-tc1/target:/opt/rustwide/target:rw,Z" "-v" "/var/lib/crater-agent-workspace/cargo-home:/opt/rustwide/cargo-home:ro,Z" "-v" "/var/lib/crater-agent-workspace/rustup-home:/opt/rustwide/rustup-home:ro,Z" "-m" "1610612736" "--network" "none" "ghcr.io/rust-lang/crates-build-env/linux@sha256:3111399a4047eeb3a02b7a90e478d715f38a8c6669b5c4b49d30a17385265909" "sleep" "infinity", kill_on_drop: false }`
[INFO] [stdout] 5eaab4057da13138e77021a1080b087ebf1e1c15a0a6df26238680ce979d7408
[INFO] running `Command { std: "docker" "start" "5eaab4057da13138e77021a1080b087ebf1e1c15a0a6df26238680ce979d7408", kill_on_drop: false }`
[INFO] running `Command { std: "docker" "inspect" "5eaab4057da13138e77021a1080b087ebf1e1c15a0a6df26238680ce979d7408", kill_on_drop: false }`
[INFO] running `Command { std: "docker" "exec" "-e" "SOURCE_DIR=/opt/rustwide/workdir" "-e" "CARGO_HOME=/opt/rustwide/cargo-home" "-e" "RUSTUP_HOME=/opt/rustwide/rustup-home" "-e" "CARGO_TARGET_DIR=/opt/rustwide/target" "-w" "/opt/rustwide/workdir" "--user" "0:0" "5eaab4057da13138e77021a1080b087ebf1e1c15a0a6df26238680ce979d7408" "/opt/rustwide/cargo-home/bin/cargo" "+c999cef531ea9059e189e82fe0e82c5daf249bc9" "metadata" "--no-deps" "--format-version=1", kill_on_drop: false }`
[INFO] running `Command { std: "docker" "inspect" "5eaab4057da13138e77021a1080b087ebf1e1c15a0a6df26238680ce979d7408", kill_on_drop: false }`
[INFO] running `Command { std: "docker" "exec" "-e" "SOURCE_DIR=/opt/rustwide/workdir" "-e" "CARGO_HOME=/opt/rustwide/cargo-home" "-e" "RUSTUP_HOME=/opt/rustwide/rustup-home" "-e" "CARGO_TARGET_DIR=/opt/rustwide/target" "-e" "CARGO_INCREMENTAL=0" "-e" "RUST_BACKTRACE=full" "-e" "RUSTFLAGS=--cap-lints=forbid" "-e" "RUSTDOCFLAGS=--cap-lints=forbid" "-w" "/opt/rustwide/workdir" "--user" "0:0" "5eaab4057da13138e77021a1080b087ebf1e1c15a0a6df26238680ce979d7408" "/opt/rustwide/cargo-home/bin/cargo" "+c999cef531ea9059e189e82fe0e82c5daf249bc9" "check" "--frozen" "--all" "--all-targets" "--message-format=json", kill_on_drop: false }`
[INFO] [stderr] warning: Cargo.toml: `package.edition` is unspecified, defaulting to `2015` while the latest is `2024`
[INFO] [stderr] warning: `cryptocurrency` (manifest) generated 1 warning
[INFO] [stderr]    Compiling libc v0.2.189
[INFO] [stderr]    Compiling version_check v0.1.2
[INFO] [stderr]     Checking log v0.3.8
[INFO] [stderr]     Checking traitobject v0.1.0
[INFO] [stderr]     Checking rustc-serialize v0.3.24
[INFO] [stderr]     Checking num-traits v0.1.39
[INFO] [stderr]    Compiling winapi-build v0.1.1
[INFO] [stderr]     Checking matches v0.1.6
[INFO] [stderr]     Checking unicode-normalization v0.1.5
[INFO] [stderr]     Checking typeable v0.1.2
[INFO] [stderr]     Checking percent-encoding v1.0.0
[INFO] [stderr]     Checking byteorder v1.0.0
[INFO] [stderr]     Checking lazy_static v0.2.8
[INFO] [stderr]     Checking httparse v1.2.3
[INFO] [stderr]     Checking winapi v0.2.8
[INFO] [stderr]     Checking modifier v0.1.0
[INFO] [stderr]    Compiling siphasher v0.2.2
[INFO] [stderr]    Compiling cc v1.5.1
[INFO] [stderr]     Checking unicode-bidi v0.3.3
[INFO] [stderr]    Compiling cfg_aliases v0.2.2
[INFO] [stdout] error[E0119]: conflicting implementations of trait `Trait` for type `(dyn Send + Sync + 'static)`
[INFO] [stdout]   --> /opt/rustwide/cargo-home/registry/src/index.crates.io-1949cf8c6b5b557f/traitobject-0.1.0/src/impls.rs:72:1
[INFO] [stdout]    |
[INFO] [stdout] 71 | unsafe impl Trait for ::std::marker::Send + Sync { }
[INFO] [stdout]    | ------------------------------------------------ first implementation here
[INFO] [stdout] 72 | unsafe impl Trait for ::std::marker::Send + Send + Sync { }
[INFO] [stdout]    | ^^^^^^^^^^^^^^^^^^^^^^^^^^^^^^^^^^^^^^^^^^^^^^^^^^^^^^^ conflicting implementation for `(dyn Send + Sync + 'static)`
[INFO] [stdout] 
[INFO] [stdout] 
[INFO] [stdout] error[E0119]: conflicting implementations of trait `Trait` for type `(dyn Send + Sync + 'static)`
[INFO] [stdout]   --> /opt/rustwide/cargo-home/registry/src/index.crates.io-1949cf8c6b5b557f/traitobject-0.1.0/src/impls.rs:73:1
[INFO] [stdout]    |
[INFO] [stdout] 71 | unsafe impl Trait for ::std::marker::Send + Sync { }
[INFO] [stdout]    | ------------------------------------------------ first implementation here
[INFO] [stdout] 72 | unsafe impl Trait for ::std::marker::Send + Send + Sync { }
[INFO] [stdout] 73 | unsafe impl Trait for ::std::marker::Sync + Send { }
[INFO] [stdout]    | ^^^^^^^^^^^^^^^^^^^^^^^^^^^^^^^^^^^^^^^^^^^^^^^^ conflicting implementation for `(dyn Send + Sync + 'static)`
[INFO] [stdout] 
[INFO] [stdout] 
[INFO] [stdout] error[E0119]: conflicting implementations of trait `Trait` for type `(dyn Send + Sync + 'static)`
[INFO] [stdout]   --> /opt/rustwide/cargo-home/registry/src/index.crates.io-1949cf8c6b5b557f/traitobject-0.1.0/src/impls.rs:75:1
[INFO] [stdout]    |
[INFO] [stdout] 71 | unsafe impl Trait for ::std::marker::Send + Sync { }
[INFO] [stdout]    | ------------------------------------------------ first implementation here
[INFO] [stdout] ...
[INFO] [stdout] 75 | unsafe impl Trait for ::std::marker::Sync + Send + Sync { }
[INFO] [stdout]    | ^^^^^^^^^^^^^^^^^^^^^^^^^^^^^^^^^^^^^^^^^^^^^^^^^^^^^^^ conflicting implementation for `(dyn Send + Sync + 'static)`
[INFO] [stdout] 
[INFO] [stdout] 
[INFO] [stderr]     Checking serde v0.8.23
[INFO] [stdout] For more information about this error, try `rustc --explain E0119`.
[INFO] [stdout] 
[INFO] [stderr] error: could not compile `traitobject` (lib) due to 3 previous errors
[INFO] [stderr] warning: build failed, waiting for other jobs to finish...
[INFO] [stdout] error[E0310]: the parameter type `T` may not live long enough
[INFO] [stdout]     --> /opt/rustwide/cargo-home/registry/src/index.crates.io-1949cf8c6b5b557f/rustc-serialize-0.3.24/src/serialize.rs:1155:5
[INFO] [stdout]      |
[INFO] [stdout] 1155 |     fn decode<D: Decoder>(d: &mut D) -> Result<Cow<'static, T>, D::Error> {
[INFO] [stdout]      |     ^^^^^^^^^^^^^^^^^^^^^^^^^^^^^^^^^^^^^^^^^^^^^^^^^^^^^^^^^^^^^^^^^^^^^
[INFO] [stdout]      |     |
[INFO] [stdout]      |     the parameter type `T` must be valid for the static lifetime...
[INFO] [stdout]      |     ...so that the type `T` will meet its required lifetime bounds
[INFO] [stdout]      |
[INFO] [stdout] help: consider adding an explicit lifetime bound
[INFO] [stdout]      |
[INFO] [stdout] 1151 | impl<'a, T: ?Sized + 'static> Decodable for Cow<'a, T>
[INFO] [stdout]      |                    +++++++++
[INFO] [stdout] 
[INFO] [stdout] 
[INFO] [stdout] For more information about this error, try `rustc --explain E0310`.
[INFO] [stdout] 
[INFO] [stderr] error: could not compile `rustc-serialize` (lib) due to 1 previous error
[INFO] running `Command { std: "docker" "inspect" "5eaab4057da13138e77021a1080b087ebf1e1c15a0a6df26238680ce979d7408", kill_on_drop: false }`
[INFO] running `Command { std: "docker" "rm" "-f" "5eaab4057da13138e77021a1080b087ebf1e1c15a0a6df26238680ce979d7408", kill_on_drop: false }`
[INFO] [stdout] 5eaab4057da13138e77021a1080b087ebf1e1c15a0a6df26238680ce979d7408
