[INFO] cloning repository https://github.com/dyne/zenroom_cli
[INFO] running `Command { std: "git" "-c" "credential.helper=" "-c" "credential.helper=/workspace/cargo-home/bin/git-credential-null" "clone" "--bare" "https://github.com/dyne/zenroom_cli" "/workspace/cache/git-repos/https%3A%2F%2Fgithub.com%2Fdyne%2Fzenroom_cli", kill_on_drop: false }`
[INFO] [stderr] Cloning into bare repository '/workspace/cache/git-repos/https%3A%2F%2Fgithub.com%2Fdyne%2Fzenroom_cli'...
[INFO] running `Command { std: "git" "rev-parse" "HEAD", kill_on_drop: false }`
[INFO] [stdout] ce3ac5b5bd553eaf323b63a73af516b071b24a70
[INFO] checking dyne/zenroom_cli against e4d5758286bf2cf6f415802f2cf861747a7c6c8c for pr-152972
[INFO] running `Command { std: "git" "clone" "/workspace/cache/git-repos/https%3A%2F%2Fgithub.com%2Fdyne%2Fzenroom_cli" "/workspace/builds/worker-5-tc2/source", kill_on_drop: false }`
[INFO] [stderr] Cloning into '/workspace/builds/worker-5-tc2/source'...
[INFO] [stderr] done.
[INFO] started tweaking git repo https://github.com/dyne/zenroom_cli
[INFO] finished tweaking git repo https://github.com/dyne/zenroom_cli
[INFO] tweaked toml for git repo https://github.com/dyne/zenroom_cli written to /workspace/builds/worker-5-tc2/source/Cargo.toml
[INFO] validating manifest of git repo https://github.com/dyne/zenroom_cli on toolchain e4d5758286bf2cf6f415802f2cf861747a7c6c8c
[INFO] running `Command { std: CARGO_HOME="/workspace/cargo-home" RUSTUP_HOME="/workspace/rustup-home" "/workspace/cargo-home/bin/cargo" "+e4d5758286bf2cf6f415802f2cf861747a7c6c8c" "metadata" "--manifest-path" "Cargo.toml" "--no-deps", kill_on_drop: false }`
[INFO] crate git repo https://github.com/dyne/zenroom_cli already has a lockfile, it will not be regenerated
[INFO] running `Command { std: CARGO_HOME="/workspace/cargo-home" RUSTUP_HOME="/workspace/rustup-home" "/workspace/cargo-home/bin/cargo" "+e4d5758286bf2cf6f415802f2cf861747a7c6c8c" "fetch" "--manifest-path" "Cargo.toml", kill_on_drop: false }`
[INFO] [stderr]     Blocking waiting for file lock on package cache
[INFO] [stderr]     Updating git repository `https://github.com/clap-rs/clap/`
[INFO] [stderr]     Updating git repository `https://github.com/dyne/Zenroom`
[INFO] [stderr]     Updating crates.io index
[INFO] [stderr]     Blocking waiting for file lock on package cache
[INFO] [stderr]      Locking 2 packages to highest compatible versions
[INFO] [stderr]       Adding base64 v0.21.7
[INFO] [stderr]       Adding zenroom v0.3.2 (https://github.com/dyne/Zenroom#275325b1)
[INFO] [stderr]     Blocking waiting for file lock on package cache
[ERROR] error running command: no output for 300 seconds
[INFO] checking dyne/zenroom_cli against e4d5758286bf2cf6f415802f2cf861747a7c6c8c for pr-152972
[INFO] running `Command { std: "git" "clone" "/workspace/cache/git-repos/https%3A%2F%2Fgithub.com%2Fdyne%2Fzenroom_cli" "/workspace/builds/worker-5-tc2/source", kill_on_drop: false }`
[INFO] [stderr] Cloning into '/workspace/builds/worker-5-tc2/source'...
[INFO] [stderr] done.
[INFO] started tweaking git repo https://github.com/dyne/zenroom_cli
[INFO] finished tweaking git repo https://github.com/dyne/zenroom_cli
[INFO] tweaked toml for git repo https://github.com/dyne/zenroom_cli written to /workspace/builds/worker-5-tc2/source/Cargo.toml
[INFO] validating manifest of git repo https://github.com/dyne/zenroom_cli on toolchain e4d5758286bf2cf6f415802f2cf861747a7c6c8c
[INFO] running `Command { std: CARGO_HOME="/workspace/cargo-home" RUSTUP_HOME="/workspace/rustup-home" "/workspace/cargo-home/bin/cargo" "+e4d5758286bf2cf6f415802f2cf861747a7c6c8c" "metadata" "--manifest-path" "Cargo.toml" "--no-deps", kill_on_drop: false }`
[INFO] crate git repo https://github.com/dyne/zenroom_cli already has a lockfile, it will not be regenerated
[INFO] running `Command { std: CARGO_HOME="/workspace/cargo-home" RUSTUP_HOME="/workspace/rustup-home" "/workspace/cargo-home/bin/cargo" "+e4d5758286bf2cf6f415802f2cf861747a7c6c8c" "fetch" "--manifest-path" "Cargo.toml", kill_on_drop: false }`
[INFO] [stderr]     Blocking waiting for file lock on package cache
[INFO] [stderr]     Updating git repository `https://github.com/dyne/Zenroom`
[INFO] [stderr]     Updating crates.io index
[INFO] [stderr]     Blocking waiting for file lock on package cache
[INFO] [stderr]      Locking 2 packages to highest compatible versions
[INFO] [stderr]       Adding base64 v0.21.7
[INFO] [stderr]       Adding zenroom v0.3.2 (https://github.com/dyne/Zenroom#275325b1)
[INFO] [stderr]     Blocking waiting for file lock on package cache
[INFO] [stderr]  Downloading crates ...
[INFO] [stderr]   Downloaded textwrap v0.13.4
[INFO] [stderr]   Downloaded anyhow v1.0.40
[INFO] [stderr]   Downloaded os_str_bytes v3.0.0
[INFO] running `Command { std: "docker" "create" "-v" "/var/lib/crater-agent-workspace/builds/worker-5-tc2/source:/opt/rustwide/workdir:ro,Z" "-v" "/var/lib/crater-agent-workspace/builds/worker-5-tc2/target:/opt/rustwide/target:rw,Z" "-v" "/var/lib/crater-agent-workspace/cargo-home:/opt/rustwide/cargo-home:ro,Z" "-v" "/var/lib/crater-agent-workspace/rustup-home:/opt/rustwide/rustup-home:ro,Z" "-m" "1610612736" "--network" "none" "ghcr.io/rust-lang/crates-build-env/linux@sha256:3111399a4047eeb3a02b7a90e478d715f38a8c6669b5c4b49d30a17385265909" "sleep" "infinity", kill_on_drop: false }`
[INFO] [stdout] 6a2145ff31d5233c22a3ebd126ecc2b0280f392f836001be4985dc20cf619e52
[INFO] running `Command { std: "docker" "start" "6a2145ff31d5233c22a3ebd126ecc2b0280f392f836001be4985dc20cf619e52", kill_on_drop: false }`
[INFO] running `Command { std: "docker" "inspect" "6a2145ff31d5233c22a3ebd126ecc2b0280f392f836001be4985dc20cf619e52", kill_on_drop: false }`
[INFO] running `Command { std: "docker" "exec" "-e" "SOURCE_DIR=/opt/rustwide/workdir" "-e" "CARGO_HOME=/opt/rustwide/cargo-home" "-e" "RUSTUP_HOME=/opt/rustwide/rustup-home" "-e" "CARGO_TARGET_DIR=/opt/rustwide/target" "-w" "/opt/rustwide/workdir" "--user" "0:0" "6a2145ff31d5233c22a3ebd126ecc2b0280f392f836001be4985dc20cf619e52" "/opt/rustwide/cargo-home/bin/cargo" "+e4d5758286bf2cf6f415802f2cf861747a7c6c8c" "metadata" "--no-deps" "--format-version=1", kill_on_drop: false }`
[INFO] running `Command { std: "docker" "inspect" "6a2145ff31d5233c22a3ebd126ecc2b0280f392f836001be4985dc20cf619e52", kill_on_drop: false }`
[INFO] running `Command { std: "docker" "exec" "-e" "SOURCE_DIR=/opt/rustwide/workdir" "-e" "CARGO_HOME=/opt/rustwide/cargo-home" "-e" "RUSTUP_HOME=/opt/rustwide/rustup-home" "-e" "CARGO_TARGET_DIR=/opt/rustwide/target" "-e" "CARGO_INCREMENTAL=0" "-e" "RUST_BACKTRACE=full" "-e" "RUSTFLAGS=--cap-lints=forbid" "-e" "RUSTDOCFLAGS=--cap-lints=forbid" "-w" "/opt/rustwide/workdir" "--user" "0:0" "6a2145ff31d5233c22a3ebd126ecc2b0280f392f836001be4985dc20cf619e52" "/opt/rustwide/cargo-home/bin/cargo" "+e4d5758286bf2cf6f415802f2cf861747a7c6c8c" "check" "--frozen" "--all" "--all-targets" "--message-format=json", kill_on_drop: false }`
[INFO] [stderr]    Compiling version_check v0.9.3
[INFO] [stderr]    Compiling syn v1.0.72
[INFO] [stderr]    Compiling autocfg v1.0.1
[INFO] [stderr]    Compiling libc v0.2.94
[INFO] [stderr]    Compiling bitflags v1.2.1
[INFO] [stderr]    Compiling unicode-segmentation v1.7.1
[INFO] [stderr]     Checking hashbrown v0.9.1
[INFO] [stderr]    Compiling anyhow v1.0.40
[INFO] [stderr]     Checking unicode-width v0.1.8
[INFO] [stderr]     Checking os_str_bytes v3.0.0
[INFO] [stderr]     Checking strsim v0.10.0
[INFO] [stderr]     Checking vec_map v0.8.2
[INFO] [stderr]     Checking termcolor v1.1.2
[INFO] [stderr]     Checking zenroom v0.3.2 (https://github.com/dyne/Zenroom#275325b1)
[INFO] [stderr]     Checking textwrap v0.13.4
[INFO] [stderr]    Compiling heck v0.3.2
[INFO] [stderr]    Compiling indexmap v1.6.2
[INFO] [stderr]    Compiling proc-macro-error-attr v1.0.4
[INFO] [stderr]    Compiling proc-macro-error v1.0.4
[INFO] [stderr]     Checking atty v0.2.14
[INFO] [stderr]    Compiling clap_derive v3.0.0-beta.2 (https://github.com/clap-rs/clap/#73cf47a5)
[INFO] [stderr]     Checking clap v3.0.0-beta.2 (https://github.com/clap-rs/clap/#73cf47a5)
[INFO] [stderr]     Checking zenroom_cli v0.1.0 (/opt/rustwide/workdir)
[INFO] [stdout] error[E0432]: unresolved import `zenroom::zenroom_exec`
[INFO] [stdout]  --> src/main.rs:9:29
[INFO] [stdout]   |
[INFO] [stdout] 9 | use zenroom::{zencode_exec, zenroom_exec};
[INFO] [stdout]   |                             ^^^^^^^^^^^^ no `zenroom_exec` in the root
[INFO] [stdout]   |
[INFO] [stdout] help: a similar name exists in the module
[INFO] [stdout]   |
[INFO] [stdout] 9 - use zenroom::{zencode_exec, zenroom_exec};
[INFO] [stdout] 9 + use zenroom::{zencode_exec, zencode_exec};
[INFO] [stdout]   |
[INFO] [stdout] 
[INFO] [stdout] 
[INFO] [stdout] error[E0432]: unresolved import `zenroom::zenroom_exec`
[INFO] [stdout]  --> src/main.rs:9:29
[INFO] [stdout]   |
[INFO] [stdout] 9 | use zenroom::{zencode_exec, zenroom_exec};
[INFO] [stdout]   |                             ^^^^^^^^^^^^ no `zenroom_exec` in the root
[INFO] [stdout]   |
[INFO] [stdout] help: a similar name exists in the module
[INFO] [stdout]   |
[INFO] [stdout] 9 - use zenroom::{zencode_exec, zenroom_exec};
[INFO] [stdout] 9 + use zenroom::{zencode_exec, zencode_exec};
[INFO] [stdout]   |
[INFO] [stdout] 
[INFO] [stdout] 
[INFO] [stdout] error[E0308]: arguments to this function are incorrect
[INFO] [stdout]   --> src/main.rs:58:9
[INFO] [stdout]    |
[INFO] [stdout] 58 |         zencode_exec(script, config, keys, data)
[INFO] [stdout]    |         ^^^^^^^^^^^^ ------  ------  ----  ---- expected `&str`, found `CString`
[INFO] [stdout]    |                      |       |       |
[INFO] [stdout]    |                      |       |       expected `&str`, found `CString`
[INFO] [stdout]    |                      |       expected `&str`, found `CString`
[INFO] [stdout]    |                      expected `&str`, found `CString`
[INFO] [stdout]    |
[INFO] [stdout] note: function defined here
[INFO] [stdout]   --> /opt/rustwide/cargo-home/git/checkouts/zenroom-20a4d7b2d509f3bb/275325b/bindings/rust/src/lib.rs:82:8
[INFO] [stdout]    |
[INFO] [stdout] 82 | pub fn zencode_exec(
[INFO] [stdout]    |        ^^^^^^^^^^^^
[INFO] [stdout] 
[INFO] [stdout] 
[INFO] [stdout] error[E0308]: arguments to this function are incorrect
[INFO] [stdout]   --> src/main.rs:58:9
[INFO] [stdout]    |
[INFO] [stdout] 58 |         zencode_exec(script, config, keys, data)
[INFO] [stdout]    |         ^^^^^^^^^^^^ ------  ------  ----  ---- expected `&str`, found `CString`
[INFO] [stdout]    |                      |       |       |
[INFO] [stdout]    |                      |       |       expected `&str`, found `CString`
[INFO] [stdout]    |                      |       expected `&str`, found `CString`
[INFO] [stdout]    |                      expected `&str`, found `CString`
[INFO] [stdout]    |
[INFO] [stdout] note: function defined here
[INFO] [stdout]   --> /opt/rustwide/cargo-home/git/checkouts/zenroom-20a4d7b2d509f3bb/275325b/bindings/rust/src/lib.rs:82:8
[INFO] [stdout]    |
[INFO] [stdout] 82 | pub fn zencode_exec(
[INFO] [stdout]    |        ^^^^^^^^^^^^
[INFO] [stdout] 
[INFO] [stdout] 
[INFO] [stdout] Some errors have detailed explanations: E0308, E0432.
[INFO] [stdout] 
[INFO] [stdout] For more information about an error, try `rustc --explain E0308`.
[INFO] [stdout] 
[INFO] [stderr] error: could not compile `zenroom_cli` (bin "zenroom_cli" test) due to 2 previous errors
[INFO] [stderr] warning: build failed, waiting for other jobs to finish...
[INFO] [stdout] Some errors have detailed explanations: E0308, E0432.
[INFO] [stdout] 
[INFO] [stdout] For more information about an error, try `rustc --explain E0308`.
[INFO] [stdout] 
[INFO] [stderr] error: could not compile `zenroom_cli` (bin "zenroom_cli") due to 2 previous errors
[INFO] running `Command { std: "docker" "inspect" "6a2145ff31d5233c22a3ebd126ecc2b0280f392f836001be4985dc20cf619e52", kill_on_drop: false }`
[INFO] running `Command { std: "docker" "rm" "-f" "6a2145ff31d5233c22a3ebd126ecc2b0280f392f836001be4985dc20cf619e52", kill_on_drop: false }`
[INFO] [stdout] 6a2145ff31d5233c22a3ebd126ecc2b0280f392f836001be4985dc20cf619e52
