[INFO] cloning repository https://github.com/dev-ethan556/revive
[INFO] running `Command { std: "git" "-c" "credential.helper=" "-c" "credential.helper=/workspace/cargo-home/bin/git-credential-null" "clone" "--bare" "https://github.com/dev-ethan556/revive" "/workspace/cache/git-repos/https%3A%2F%2Fgithub.com%2Fdev-ethan556%2Frevive", kill_on_drop: false }`
[INFO] [stderr] Cloning into bare repository '/workspace/cache/git-repos/https%3A%2F%2Fgithub.com%2Fdev-ethan556%2Frevive'...
[INFO] running `Command { std: "git" "rev-parse" "HEAD", kill_on_drop: false }`
[INFO] [stdout] 540abeba04dbc3b1867f3aaeec30cd9a8e3fe651
[INFO] checking dev-ethan556/revive against e4d5758286bf2cf6f415802f2cf861747a7c6c8c for pr-152972
[INFO] running `Command { std: "git" "clone" "/workspace/cache/git-repos/https%3A%2F%2Fgithub.com%2Fdev-ethan556%2Frevive" "/workspace/builds/worker-3-tc2/source", kill_on_drop: false }`
[INFO] [stderr] Cloning into '/workspace/builds/worker-3-tc2/source'...
[INFO] [stderr] done.
[INFO] removed /workspace/builds/worker-3-tc2/source/.cargo/config.toml
[INFO] started tweaking git repo https://github.com/dev-ethan556/revive
[INFO] finished tweaking git repo https://github.com/dev-ethan556/revive
[INFO] tweaked toml for git repo https://github.com/dev-ethan556/revive written to /workspace/builds/worker-3-tc2/source/Cargo.toml
[INFO] validating manifest of git repo https://github.com/dev-ethan556/revive on toolchain e4d5758286bf2cf6f415802f2cf861747a7c6c8c
[INFO] running `Command { std: CARGO_HOME="/workspace/cargo-home" RUSTUP_HOME="/workspace/rustup-home" "/workspace/cargo-home/bin/cargo" "+e4d5758286bf2cf6f415802f2cf861747a7c6c8c" "metadata" "--manifest-path" "Cargo.toml" "--no-deps", kill_on_drop: false }`
[INFO] crate git repo https://github.com/dev-ethan556/revive already has a lockfile, it will not be regenerated
[INFO] running `Command { std: CARGO_HOME="/workspace/cargo-home" RUSTUP_HOME="/workspace/rustup-home" "/workspace/cargo-home/bin/cargo" "+e4d5758286bf2cf6f415802f2cf861747a7c6c8c" "fetch" "--manifest-path" "Cargo.toml", kill_on_drop: false }`
[INFO] [stderr] warning: unused workspace dependency `polkavm`
[INFO] [stderr]   --> Cargo.toml:29:1
[INFO] [stderr]    |
[INFO] [stderr] 29 | polkavm = "0.24.0"
[INFO] [stderr]    | ^^^^^^^
[INFO] [stderr]    |
[INFO] [stderr]    = note: `cargo::unused_workspace_dependencies` is set to `warn` by default
[INFO] [stderr] help: consider removing the workspace dependency `polkavm`
[INFO] [stderr] warning: unused workspace dependency `revive-benchmarks`
[INFO] [stderr]   --> Cargo.toml:90:25
[INFO] [stderr]    |
[INFO] [stderr] 90 | [workspace.dependencies.revive-benchmarks]
[INFO] [stderr]    |                         ^^^^^^^^^^^^^^^^^
[INFO] [stderr]    |
[INFO] [stderr] help: consider removing the workspace dependency `revive-benchmarks`
[INFO] [stderr] warning: unused workspace dependency `revive-explorer`
[INFO] [stderr]    --> Cargo.toml:110:25
[INFO] [stderr]     |
[INFO] [stderr] 110 | [workspace.dependencies.revive-explorer]
[INFO] [stderr]     |                         ^^^^^^^^^^^^^^^
[INFO] [stderr]     |
[INFO] [stderr] help: consider removing the workspace dependency `revive-explorer`
[INFO] [stderr] warning: workspace (manifest) generated 3 warnings
[INFO] [stderr]     Blocking waiting for file lock on package cache
[INFO] [stderr]     Blocking waiting for file lock on package cache
[ERROR] error running command: no output for 300 seconds
[INFO] checking dev-ethan556/revive against e4d5758286bf2cf6f415802f2cf861747a7c6c8c for pr-152972
[INFO] running `Command { std: "git" "clone" "/workspace/cache/git-repos/https%3A%2F%2Fgithub.com%2Fdev-ethan556%2Frevive" "/workspace/builds/worker-3-tc2/source", kill_on_drop: false }`
[INFO] [stderr] Cloning into '/workspace/builds/worker-3-tc2/source'...
[INFO] [stderr] done.
[INFO] removed /workspace/builds/worker-3-tc2/source/.cargo/config.toml
[INFO] started tweaking git repo https://github.com/dev-ethan556/revive
[INFO] finished tweaking git repo https://github.com/dev-ethan556/revive
[INFO] tweaked toml for git repo https://github.com/dev-ethan556/revive written to /workspace/builds/worker-3-tc2/source/Cargo.toml
[INFO] validating manifest of git repo https://github.com/dev-ethan556/revive on toolchain e4d5758286bf2cf6f415802f2cf861747a7c6c8c
[INFO] running `Command { std: CARGO_HOME="/workspace/cargo-home" RUSTUP_HOME="/workspace/rustup-home" "/workspace/cargo-home/bin/cargo" "+e4d5758286bf2cf6f415802f2cf861747a7c6c8c" "metadata" "--manifest-path" "Cargo.toml" "--no-deps", kill_on_drop: false }`
[INFO] crate git repo https://github.com/dev-ethan556/revive already has a lockfile, it will not be regenerated
[INFO] running `Command { std: CARGO_HOME="/workspace/cargo-home" RUSTUP_HOME="/workspace/rustup-home" "/workspace/cargo-home/bin/cargo" "+e4d5758286bf2cf6f415802f2cf861747a7c6c8c" "fetch" "--manifest-path" "Cargo.toml", kill_on_drop: false }`
[INFO] [stderr] warning: unused workspace dependency `polkavm`
[INFO] [stderr]   --> Cargo.toml:29:1
[INFO] [stderr]    |
[INFO] [stderr] 29 | polkavm = "0.24.0"
[INFO] [stderr]    | ^^^^^^^
[INFO] [stderr]    |
[INFO] [stderr]    = note: `cargo::unused_workspace_dependencies` is set to `warn` by default
[INFO] [stderr] help: consider removing the workspace dependency `polkavm`
[INFO] [stderr] warning: unused workspace dependency `revive-benchmarks`
[INFO] [stderr]   --> Cargo.toml:90:25
[INFO] [stderr]    |
[INFO] [stderr] 90 | [workspace.dependencies.revive-benchmarks]
[INFO] [stderr]    |                         ^^^^^^^^^^^^^^^^^
[INFO] [stderr]    |
[INFO] [stderr] help: consider removing the workspace dependency `revive-benchmarks`
[INFO] [stderr] warning: unused workspace dependency `revive-explorer`
[INFO] [stderr]    --> Cargo.toml:110:25
[INFO] [stderr]     |
[INFO] [stderr] 110 | [workspace.dependencies.revive-explorer]
[INFO] [stderr]     |                         ^^^^^^^^^^^^^^^
[INFO] [stderr]     |
[INFO] [stderr] help: consider removing the workspace dependency `revive-explorer`
[INFO] [stderr] warning: workspace (manifest) generated 3 warnings
[INFO] [stderr]     Blocking waiting for file lock on package cache
[INFO] [stderr]     Blocking waiting for file lock on package cache
[INFO] [stderr]  Downloading crates ...
[INFO] [stderr]   Downloaded bitflags v2.9.2
[INFO] [stderr]   Downloaded downloader v0.2.8
[INFO] [stderr]   Downloaded which v7.0.3
[INFO] [stderr]   Downloaded xattr v1.5.1
[INFO] [stderr]   Downloaded tempfile v3.21.0
[INFO] [stderr]   Downloaded cc v1.2.33
[INFO] [stderr]   Downloaded clap_derive v4.5.45
[INFO] [stderr]   Downloaded clap v4.5.45
[INFO] [stderr]   Downloaded clap_builder v4.5.44
[INFO] [stderr]   Downloaded winapi-util v0.1.10
[INFO] [stderr]   Downloaded inkwell_internals v0.11.0
[INFO] [stderr]   Downloaded llvm-sys v181.2.0
[INFO] [stderr]   Downloaded inkwell v0.6.0
[INFO] [stderr]   Downloaded serde_stacker v0.1.12
[INFO] [stderr]   Downloaded stacker v0.1.21
[INFO] [stderr]   Downloaded psm v0.1.26
[INFO] [stderr]   Downloaded polkavm-linker v0.24.0
[INFO] [stderr]   Downloaded polkavm-common v0.24.0
[INFO] [stderr]   Downloaded polkavm-disassembler v0.24.0
[INFO] [stderr]   Downloaded polkavm-linux-raw v0.24.0
[INFO] [stderr]   Downloaded polkavm-assembler v0.24.0
[INFO] [stderr]   Downloaded polkavm v0.24.0
[INFO] [stderr]   Downloaded alloy-serde v1.0.25
[INFO] [stderr]   Downloaded alloy-primitives v1.3.1
[INFO] [stderr]   Downloaded ruint v1.16.0
[INFO] [stderr]   Downloaded iced-x86 v1.21.0
[INFO] [stderr]   Downloaded proptest v1.7.0
[INFO] [stderr]   Downloaded alloy-rlp-derive v0.3.12
[INFO] [stderr]   Downloaded const-hex v1.15.0
[INFO] [stderr]   Downloaded alloy-genesis v1.0.25
[INFO] [stderr]   Downloaded alloy-trie v0.9.1
[INFO] [stderr]   Downloaded xcm-runtime-apis v0.7.1
[INFO] [stderr]   Downloaded alloy-eip2930 v0.2.1
[INFO] [stderr]   Downloaded alloy-eip2124 v0.2.0
[INFO] [stderr]   Downloaded nybbles v0.4.3
[INFO] [stderr]   Downloaded alloy-eip7702 v0.6.1
[INFO] [stderr]   Downloaded mimalloc v0.1.47
[INFO] [stderr]   Downloaded alloy-eips v1.0.25
[INFO] [stderr]   Downloaded docify v0.2.9
[INFO] [stderr]   Downloaded impl-serde v0.5.0
[INFO] [stderr]   Downloaded staging-xcm-executor v19.1.3
[INFO] [stderr]   Downloaded w3f-bls v0.1.9
[INFO] [stderr]   Downloaded libmimalloc-sys v0.1.43
[INFO] [stderr]   Downloaded xcm-procedural v11.0.2
[INFO] [stderr]   Downloaded sp-weights v31.1.0
[INFO] [stderr]   Downloaded polkadot-sdk v2503.2.0
[INFO] [stderr]   Downloaded sp-arithmetic v26.1.0
[INFO] [stderr]   Downloaded docify_macros v0.2.9
[INFO] [stderr]   Downloaded c-kzg v2.1.1
[INFO] [stderr]   Downloaded bounded-collections v0.2.4
[INFO] [stderr]   Downloaded trie-db v0.30.0
[INFO] [stderr]   Downloaded sp-storage v22.0.0
[INFO] [stderr]   Downloaded sp-debug-derive v14.0.0
[INFO] [stderr]   Downloaded tuplex v0.1.2
[INFO] [stderr]   Downloaded sp-std v14.0.0
[INFO] [stderr]   Downloaded sp-externalities v0.30.0
[INFO] [stderr]   Downloaded substrate-bip39 v0.6.0
[INFO] [stderr]   Downloaded staging-xcm v16.2.0
[INFO] [stderr]   Downloaded ss58-registry v1.51.0
[INFO] [stderr]   Downloaded derive-syn-parse v0.2.0
[INFO] [stderr]   Downloaded sp-runtime v41.1.0
[INFO] [stderr]   Downloaded sp-trie v39.1.0
[INFO] [stderr]   Downloaded schnorrkel v0.11.5
[INFO] [stderr]   Downloaded sp-runtime-interface v29.0.1
[INFO] [stderr]   Downloaded sp-tracing v17.1.0
[INFO] [stderr]   Downloaded sp-core v36.1.0
[INFO] [stderr]   Downloaded primitive-types v0.13.1
[INFO] [stderr]   Downloaded rlp v0.6.1
[INFO] [stderr]   Downloaded file-guard v0.2.0
[INFO] [stderr]   Downloaded sp-wasm-interface v21.0.1
[INFO] [stderr]   Downloaded sp-runtime-interface-proc-macro v18.0.0
[INFO] [stderr]   Downloaded expander v2.2.1
[INFO] [stderr]   Downloaded impl-rlp v0.4.0
[INFO] [stderr]   Downloaded impl-num-traits v0.2.0
[INFO] [stderr]   Downloaded impl-codec v0.7.1
[INFO] [stderr]   Downloaded polkavm-assembler v0.18.0
[INFO] [stderr]   Downloaded blake2b_simd v1.0.3
[INFO] [stderr]   Downloaded polkavm-derive-impl-macro v0.18.0
[INFO] [stderr]   Downloaded polkavm-common v0.18.0
[INFO] [stderr]   Downloaded sp-crypto-hashing v0.1.0
[INFO] [stderr]   Downloaded polkavm-derive v0.18.0
[INFO] [stderr]   Downloaded polkavm-derive-impl v0.18.1
[INFO] [stderr]   Downloaded dyn-clonable v0.9.2
[INFO] [stderr]   Downloaded w3f-pcs v0.0.2
[INFO] [stderr]   Downloaded ark-transcript v0.0.3
[INFO] [stderr]   Downloaded dyn-clonable-impl v0.9.2
[INFO] [stderr]   Downloaded w3f-ring-proof v0.0.2
[INFO] [stderr]   Downloaded ed25519-zebra v4.1.0
[INFO] [stderr]   Downloaded array-bytes v6.2.3
[INFO] [stderr]   Downloaded w3f-plonk-common v0.0.2
[INFO] [stderr]   Downloaded ark-ed-on-bls12-381-bandersnatch v0.5.0
[INFO] [stderr]   Downloaded ark-vrf v0.1.0
[INFO] [stderr]   Downloaded sp-keystore v0.42.0
[INFO] [stderr]   Downloaded sp-metadata-ir v0.10.0
[INFO] [stderr]   Downloaded sp-application-crypto v40.1.0
[INFO] [stderr]   Downloaded sp-version-proc-macro v15.0.0
[INFO] [stderr]   Downloaded sp-io v40.0.1
[INFO] [stderr]   Downloaded proc-macro-warning v1.84.1
[INFO] [stderr]   Downloaded sp-crypto-hashing-proc-macro v0.1.0
[INFO] [stderr]   Downloaded macro_magic_core_macros v0.5.1
[INFO] [stderr]   Downloaded sp-panic-handler v13.0.2
[INFO] [stderr]   Downloaded binary-merkle-tree v16.0.0
[INFO] [stderr]   Downloaded sp-genesis-builder v0.17.0
[INFO] [stderr]   Downloaded sp-api v36.0.1
[INFO] [stderr]   Downloaded sp-version v39.0.0
[INFO] [stderr]   Downloaded macro_magic v0.5.1
[INFO] [stderr]   Downloaded macro_magic_macros v0.5.1
[INFO] [stderr]   Downloaded macro_magic_core v0.5.1
[INFO] [stderr]   Downloaded frame-support-procedural-tools v13.0.1
[INFO] [stderr]   Downloaded frame-support-procedural-tools-derive v12.0.0
[INFO] [stderr]   Downloaded polkadot-core-primitives v17.1.0
[INFO] [stderr]   Downloaded frame-election-provider-support v40.1.1
[INFO] [stderr]   Downloaded frame-try-runtime v0.46.0
[INFO] [stderr]   Downloaded sp-staking v38.0.0
[INFO] [stderr]   Downloaded sp-inherents v36.0.0
[INFO] [stderr]   Downloaded sp-api-proc-macro v22.0.1
[INFO] [stderr]   Downloaded linregress v0.5.4
[INFO] [stderr]   Downloaded polkadot-parachain-primitives v16.1.0
[INFO] [stderr]   Downloaded frame-benchmarking v40.2.1
[INFO] [stderr]   Downloaded schnellru v0.2.4
[INFO] [stderr]   Downloaded westend-runtime-constants v20.0.0
[INFO] [stderr]   Downloaded slot-range-helper v17.0.0
[INFO] [stderr]   Downloaded sp-mmr-primitives v36.1.0
[INFO] [stderr]   Downloaded testnet-parachains-constants v13.0.0
[INFO] [stderr]   Downloaded sp-state-machine v0.45.0
[INFO] [stderr]   Downloaded pallet-transaction-payment v40.0.0
[INFO] [stderr]   Downloaded pallet-asset-conversion v22.0.0
[INFO] [stderr]   Downloaded sp-keyring v41.0.0
[INFO] [stderr]   Downloaded pallet-balances v41.1.1
[INFO] [stderr]   Downloaded frame-system v40.2.0
[INFO] [stderr]   Downloaded sp-npos-elections v36.2.0
[INFO] [stderr]   Downloaded polkadot-primitives v18.2.0
[INFO] [stderr]   Downloaded sp-consensus-beefy v24.1.0
[INFO] [stderr]   Downloaded frame-support v40.1.0
[INFO] [stderr]   Downloaded frame-metadata v20.0.0
[INFO] [stderr]   Downloaded frame-support-procedural v33.0.1
[INFO] [stderr]   Downloaded staging-xcm-builder v20.1.1
[INFO] [stderr]   Downloaded polkadot-runtime-common v19.1.1
[INFO] [stderr]   Downloaded sp-session v38.1.0
[INFO] [stderr]   Downloaded polkadot-runtime-parachains v19.2.0
[INFO] [stderr]   Downloaded sp-consensus-slots v0.42.1
[INFO] [stderr]   Downloaded pallet-authorship v40.0.0
[INFO] [stderr]   Downloaded pallet-mmr v40.0.0
[INFO] [stderr]   Downloaded polkadot-ckb-merkle-mountain-range v0.8.1
[INFO] [stderr]   Downloaded sp-block-builder v36.0.0
[INFO] [stderr]   Downloaded frame-executive v40.0.1
[INFO] [stderr]   Downloaded pallet-message-queue v43.1.0
[INFO] [stderr]   Downloaded pallet-babe v40.0.0
[INFO] [stderr]   Downloaded pallet-treasury v39.0.0
[INFO] [stderr]   Downloaded hex-conservative v0.2.1
[INFO] [stderr]   Downloaded polkadot-runtime-metrics v20.0.0
[INFO] [stderr]   Downloaded sp-authority-discovery v36.0.0
[INFO] [stderr]   Downloaded sp-consensus-babe v0.42.1
[INFO] [stderr]   Downloaded pallet-timestamp v39.0.0
[INFO] [stderr]   Downloaded frame-election-provider-solution-type v16.1.1
[INFO] [stderr]   Downloaded sp-transaction-pool v36.0.0
[INFO] [stderr]   Downloaded sp-offchain v36.0.0
[INFO] [stderr]   Downloaded pallet-staking v40.1.1
[INFO] [stderr]   Downloaded pallet-session v40.0.1
[INFO] [stderr]   Downloaded pallet-election-provider-multi-phase v39.2.0
[INFO] [stderr]   Downloaded sp-core-hashing v16.0.0
[INFO] [stderr]   Downloaded sc-executor-wasmtime v0.38.0
[INFO] [stderr]   Downloaded sp-timestamp v36.0.0
[INFO] [stderr]   Downloaded polkadot-sdk-frame v0.9.1
[INFO] [stderr]   Downloaded sp-consensus-grandpa v23.1.0
[INFO] [stderr]   Downloaded pallet-identity v40.1.0
[INFO] [stderr]   Downloaded staging-parachain-info v0.20.0
[INFO] [stderr]   Downloaded sp-crypto-ec-utils v0.15.1
[INFO] [stderr]   Downloaded sp-consensus-pow v0.42.0
[INFO] [stderr]   Downloaded sc-executor-common v0.38.0
[INFO] [stderr]   Downloaded polkavm v0.18.0
[INFO] [stderr]   Downloaded scale-encode v0.8.0
[INFO] [stderr]   Downloaded finality-grandpa v0.16.3
[INFO] [stderr]   Downloaded sp-consensus-aura v0.42.0
[INFO] [stderr]   Downloaded pallet-authority-discovery v40.0.0
[INFO] [stderr]   Downloaded pallet-staking-reward-fn v22.0.1
[INFO] [stderr]   Downloaded pallet-fast-unstake v39.0.0
[INFO] [stderr]   Downloaded rococo-runtime-constants v20.0.0
[INFO] [stderr]   Downloaded sp-transaction-storage-proof v36.1.0
[INFO] [stderr]   Downloaded sp-statement-store v20.1.0
[INFO] [stderr]   Downloaded sp-mixnet v0.14.0
[INFO] [stderr]   Downloaded sc-allocator v31.0.0
[INFO] [stderr]   Downloaded pallet-election-provider-support-benchmarking v39.0.0
[INFO] [stderr]   Downloaded sp-maybe-compressed-blob v11.0.0
[INFO] [stderr]   Downloaded keccak-hash v0.11.0
[INFO] [stderr]   Downloaded frame-system-rpc-runtime-api v36.0.0
[INFO] [stderr]   Downloaded pallet-asset-rate v19.0.0
[INFO] [stderr]   Downloaded cumulus-primitives-core v0.18.1
[INFO] [stderr]   Downloaded scale-encode-derive v0.8.0
[INFO] [stderr]   Downloaded subxt-signer v0.38.1
[INFO] [stderr]   Downloaded parachains-common v21.0.1
[INFO] [stderr]   Downloaded pallet-xcm-benchmarks v20.0.0
[INFO] [stderr]   Downloaded pallet-vesting v40.1.0
[INFO] [stderr]   Downloaded polkavm-linux-raw v0.18.0
[INFO] [stderr]   Downloaded sc-executor-polkavm v0.35.0
[INFO] [stderr]   Downloaded parachains-runtimes-test-utils v22.0.0
[INFO] [stderr]   Downloaded polkadot-sdk v0.7.0
[INFO] [stderr]   Downloaded pallet-offences-benchmarking v40.0.0
[INFO] [stderr]   Downloaded scale-type-resolver v0.2.0
[INFO] [stderr]   Downloaded scale-decode-derive v0.14.0
[INFO] [stderr]   Downloaded scale-decode v0.14.0
[INFO] [stderr]   Downloaded polkavm-assembler v0.21.0
[INFO] [stderr]   Downloaded pallet-revive-uapi v0.4.0
[INFO] [stderr]   Downloaded pallet-skip-feeless-payment v15.0.0
[INFO] [stderr]   Downloaded subxt-metadata v0.38.1
[INFO] [stderr]   Downloaded pallet-transaction-storage v39.0.0
[INFO] [stderr]   Downloaded scale-bits v0.6.0
[INFO] [stderr]   Downloaded secp256k1 v0.30.0
[INFO] [stderr]   Downloaded polkavm-common v0.21.0
[INFO] [stderr]   Downloaded pallet-xcm-bridge-hub-router v0.18.0
[INFO] [stderr]   Downloaded bp-header-chain v0.20.1
[INFO] [stderr]   Downloaded subxt-core v0.38.1
[INFO] [stderr]   Downloaded frame-metadata v17.0.0
[INFO] [stderr]   Downloaded pallet-scored-pool v40.0.0
[INFO] [stderr]   Downloaded bip39 v2.2.0
[INFO] [stderr]   Downloaded polkavm v0.21.0
[INFO] [stderr]   Downloaded polkavm-linux-raw v0.21.0
[INFO] [stderr]   Downloaded ethbloom v0.14.1
[INFO] [stderr]   Downloaded xcm-simulator v20.1.0
[INFO] [stderr]   Downloaded pallet-preimage v40.0.0
[INFO] [stderr]   Downloaded pallet-parameters v0.11.0
[INFO] [stderr]   Downloaded alloy-sol-macro-input v0.8.25
[INFO] [stderr]   Downloaded bp-xcm-bridge-hub v0.6.1
[INFO] [stderr]   Downloaded pallet-tips v39.0.0
[INFO] [stderr]   Downloaded frame-decode v0.5.1
[INFO] [stderr]   Downloaded pallet-salary v25.0.0
[INFO] [stderr]   Downloaded bip32 v0.5.3
[INFO] [stderr]   Downloaded cumulus-primitives-utility v0.20.0
[INFO] [stderr]   Downloaded pallet-staking-runtime-api v26.0.0
[INFO] [stderr]   Downloaded pallet-session-benchmarking v40.0.0
[INFO] [stderr]   Downloaded pallet-paged-list v0.18.0
[INFO] [stderr]   Downloaded pallet-utility v40.0.0
[INFO] [stderr]   Downloaded pallet-nomination-pools-runtime-api v36.0.0
[INFO] [stderr]   Downloaded pallet-xcm v19.2.0
[INFO] [stderr]   Downloaded scale-value v0.17.0
[INFO] [stderr]   Downloaded ethereum-types v0.15.1
[INFO] [stderr]   Downloaded pallet-society v40.1.0
[INFO] [stderr]   Downloaded pallet-verify-signature v0.3.0
[INFO] [stderr]   Downloaded syn-solidity v0.8.25
[INFO] [stderr]   Downloaded pallet-statement v22.0.0
[INFO] [stderr]   Downloaded pallet-broker v0.19.2
[INFO] [stderr]   Downloaded pallet-revive v0.6.2
[INFO] [stderr]   Downloaded pallet-tx-pause v21.1.0
[INFO] [stderr]   Downloaded pallet-offences v39.0.0
[INFO] [stderr]   Downloaded polkavm-derive-impl v0.21.0
[INFO] [stderr]   Downloaded pallet-grandpa v40.0.0
[INFO] [stderr]   Downloaded pallet-lottery v40.0.0
[INFO] [stderr]   Downloaded polkavm-derive-impl-macro v0.21.0
[INFO] [stderr]   Downloaded alloy-core v0.8.25
[INFO] [stderr]   Downloaded alloy-sol-macro v0.8.25
[INFO] [stderr]   Downloaded pallet-whitelist v39.0.0
[INFO] [stderr]   Downloaded pallet-uniques v40.1.0
[INFO] [stderr]   Downloaded pallet-transaction-payment-rpc-runtime-api v40.0.0
[INFO] [stderr]   Downloaded pallet-sudo v40.0.0
[INFO] [stderr]   Downloaded pallet-root-testing v16.0.0
[INFO] [stderr]   Downloaded camino v1.1.11
[INFO] [stderr]   Downloaded alloy-sol-macro-expander v0.8.25
[INFO] [stderr]   Downloaded pallet-revive-proc-macro v0.3.0
[INFO] [stderr]   Downloaded pallet-proxy v40.1.0
[INFO] [stderr]   Downloaded pallet-safe-mode v21.1.0
[INFO] [stderr]   Downloaded pallet-root-offences v37.0.0
[INFO] [stderr]   Downloaded pallet-remark v40.0.0
[INFO] [stderr]   Downloaded polkavm-derive v0.21.0
[INFO] [stderr]   Downloaded polkavm-linker v0.21.0
[INFO] [stderr]   Downloaded pallet-revive-mock-network v0.5.0
[INFO] [stderr]   Downloaded pallet-revive-fixtures v0.3.2
[INFO] [stderr]   Downloaded pallet-recovery v40.0.0
[INFO] [stderr]   Downloaded pallet-scheduler v41.2.0
[INFO] [stderr]   Downloaded pallet-ranked-collective v40.1.0
[INFO] [stderr]   Downloaded ethabi-decode v2.0.0
[INFO] [stderr]   Downloaded alloy-sol-types v0.8.25
[INFO] [stderr]   Downloaded alloy-primitives v0.8.25
[INFO] [stderr]   Downloaded pallet-state-trie-migration v45.0.0
[INFO] [stderr]   Downloaded pallet-referenda v40.1.0
[INFO] [stderr]   Downloaded pallet-im-online v39.1.1
[INFO] [stderr]   Downloaded pallet-node-authorization v40.0.0
[INFO] [stderr]   Downloaded pallet-glutton v26.0.0
[INFO] [stderr]   Downloaded pallet-elections-phragmen v41.1.0
[INFO] [stderr]   Downloaded pallet-democracy v40.1.0
[INFO] [stderr]   Downloaded pallet-core-fellowship v24.1.0
[INFO] [stderr]   Downloaded pallet-conviction-voting v40.1.0
[INFO] [stderr]   Downloaded pallet-insecure-randomness-collective-flip v28.0.0
[INFO] [stderr]   Downloaded pallet-dev-mode v22.0.0
[INFO] [stderr]   Downloaded bp-test-utils v0.20.0
[INFO] [stderr]   Downloaded pallet-assets-holder v0.2.1
[INFO] [stderr]   Downloaded alloy-sol-macro-input v1.3.1
[INFO] [stderr]   Downloaded pallet-nft-fractionalization v23.0.0
[INFO] [stderr]   Downloaded pallet-indices v40.0.0
[INFO] [stderr]   Downloaded cumulus-primitives-storage-weight-reclaim v11.0.0
[INFO] [stderr]   Downloaded bp-xcm-bridge-hub-router v0.17.0
[INFO] [stderr]   Downloaded alloy-json-abi v1.3.1
[INFO] [stderr]   Downloaded sc-executor v0.42.0
[INFO] [stderr]   Downloaded pallet-aura v39.0.0
[INFO] [stderr]   Downloaded cumulus-pallet-weight-reclaim v0.2.0
[INFO] [stderr]   Downloaded bp-parachains v0.20.0
[INFO] [stderr]   Downloaded pallet-contracts-proc-macro v23.0.3
[INFO] [stderr]   Downloaded pallet-beefy-mmr v41.0.0
[INFO] [stderr]   Downloaded secp256k1-sys v0.8.2
[INFO] [stderr]   Downloaded cumulus-test-relay-sproof-builder v0.19.0
[INFO] [stderr]   Downloaded pallet-membership v40.0.0
[INFO] [stderr]   Downloaded bp-relayers v0.20.1
[INFO] [stderr]   Downloaded frame-metadata-hash-extension v0.8.0
[INFO] [stderr]   Downloaded cumulus-primitives-timestamp v0.19.0
[INFO] [stderr]   Downloaded cumulus-ping v0.20.0
[INFO] [stderr]   Downloaded cumulus-pallet-xcm v0.19.1
[INFO] [stderr]   Downloaded bridge-hub-common v0.13.1
[INFO] [stderr]   Downloaded cumulus-primitives-parachain-inherent v0.18.1
[INFO] [stderr]   Downloaded bp-messages v0.20.1
[INFO] [stderr]   Downloaded pallet-nfts-runtime-api v26.0.0
[INFO] [stderr]   Downloaded alloy-sol-macro v1.3.1
[INFO] [stderr]   Downloaded wasmi_collections v0.32.3
[INFO] [stderr]   Downloaded string-interner v0.17.0
[INFO] [stderr]   Downloaded multi-stash v0.2.0
[INFO] [stderr]   Downloaded snowbridge-core v0.13.2
[INFO] [stderr]   Downloaded pallet-asset-conversion-ops v0.8.0
[INFO] [stderr]   Downloaded pallet-collective-content v0.18.0
[INFO] [stderr]   Downloaded cumulus-pallet-session-benchmarking v21.0.0
[INFO] [stderr]   Downloaded pallet-contracts-uapi v14.0.0
[INFO] [stderr]   Downloaded bp-polkadot-core v0.20.1
[INFO] [stderr]   Downloaded frame-benchmarking-pallet-pov v30.0.1
[INFO] [stderr]   Downloaded pallet-meta-tx v0.2.0
[INFO] [stderr]   Downloaded cumulus-primitives-aura v0.17.0
[INFO] [stderr]   Downloaded frame-system-benchmarking v40.0.1
[INFO] [stderr]   Downloaded cumulus-pallet-parachain-system-proc-macro v0.6.0
[INFO] [stderr]   Downloaded pallet-asset-tx-payment v40.0.0
[INFO] [stderr]   Downloaded pallet-mixnet v0.16.1
[INFO] [stderr]   Downloaded pallet-atomic-swap v40.1.0
[INFO] [stderr]   Downloaded pallet-assets-freezer v0.7.0
[INFO] [stderr]   Downloaded cumulus-pallet-dmp-queue v0.20.0
[INFO] [stderr]   Downloaded pallet-contracts-mock-network v17.0.0
[INFO] [stderr]   Downloaded asset-test-utils v23.0.0
[INFO] [stderr]   Downloaded alloy-sol-macro-expander v1.3.1
[INFO] [stderr]   Downloaded cumulus-primitives-proof-size-hostfunction v0.12.0
[INFO] [stderr]   Downloaded pallet-collective v40.1.0
[INFO] [stderr]   Downloaded pallet-beefy v41.1.1
[INFO] [stderr]   Downloaded pallet-xcm-bridge-hub v0.16.3
[INFO] [stderr]   Downloaded pallet-delegated-staking v7.0.0
[INFO] [stderr]   Downloaded cumulus-pallet-aura-ext v0.20.0
[INFO] [stderr]   Downloaded alloy-sol-type-parser v0.8.25
[INFO] [stderr]   Downloaded pallet-nis v40.0.0
[INFO] [stderr]   Downloaded cumulus-pallet-solo-to-para v0.20.0
[INFO] [stderr]   Downloaded pallet-collator-selection v21.0.0
[INFO] [stderr]   Downloaded pallet-asset-rewards v0.2.0
[INFO] [stderr]   Downloaded alloy-sol-type-parser v1.3.1
[INFO] [stderr]   Downloaded pallet-bags-list v39.1.0
[INFO] [stderr]   Downloaded wasmi_core v0.32.3
[INFO] [stderr]   Downloaded pallet-multisig v40.1.0
[INFO] [stderr]   Downloaded pallet-asset-conversion-tx-payment v22.0.0
[INFO] [stderr]   Downloaded pallet-bridge-grandpa v0.20.0
[INFO] [stderr]   Downloaded pallet-nomination-pools-benchmarking v38.0.0
[INFO] [stderr]   Downloaded alloy-json-abi v0.8.25
[INFO] [stderr]   Downloaded pallet-bounties v39.0.0
[INFO] [stderr]   Downloaded pallet-bridge-messages v0.20.1
[INFO] [stderr]   Downloaded bp-runtime v0.20.1
[INFO] [stderr]   Downloaded pallet-nfts v34.1.0
[INFO] [stderr]   Downloaded pallet-bridge-parachains v0.20.0
[INFO] [stderr]   Downloaded pallet-alliance v39.1.0
[INFO] [stderr]   Downloaded assets-common v0.21.0
[INFO] [stderr]   Downloaded pallet-child-bounties v39.0.0
[INFO] [stderr]   Downloaded pallet-migrations v10.1.1
[INFO] [stderr]   Downloaded bridge-runtime-common v0.21.0
[INFO] [stderr]   Downloaded bridge-hub-test-utils v0.22.0
[INFO] [stderr]   Downloaded syn-solidity v1.3.1
[INFO] [stderr]   Downloaded pallet-assets v42.0.0
[INFO] [stderr]   Downloaded cumulus-pallet-parachain-system v0.20.0
[INFO] [stderr]   Downloaded pallet-bridge-relayers v0.20.0
[INFO] [stderr]   Downloaded alloy-sol-types v1.3.1
[INFO] [stderr]   Downloaded alloy-dyn-abi v0.8.25
[INFO] [stderr]   Downloaded cumulus-pallet-xcmp-queue v0.20.0
[INFO] [stderr]   Downloaded pallet-nomination-pools v38.1.0
[INFO] [stderr]   Downloaded pallet-contracts v40.1.0
[INFO] [stderr]   Downloaded wasmi v0.32.3
[INFO] running `Command { std: "docker" "create" "-v" "/var/lib/crater-agent-workspace/builds/worker-3-tc2/source:/opt/rustwide/workdir:ro,Z" "-v" "/var/lib/crater-agent-workspace/builds/worker-3-tc2/target:/opt/rustwide/target:rw,Z" "-v" "/var/lib/crater-agent-workspace/cargo-home:/opt/rustwide/cargo-home:ro,Z" "-v" "/var/lib/crater-agent-workspace/rustup-home:/opt/rustwide/rustup-home:ro,Z" "-m" "1610612736" "--network" "none" "ghcr.io/rust-lang/crates-build-env/linux@sha256:3111399a4047eeb3a02b7a90e478d715f38a8c6669b5c4b49d30a17385265909" "sleep" "infinity", kill_on_drop: false }`
[INFO] [stdout] bfddbfdd235aa03e6261d7d30a325bd5c0d186bf04967acfde8d7629123a1f58
[INFO] running `Command { std: "docker" "start" "bfddbfdd235aa03e6261d7d30a325bd5c0d186bf04967acfde8d7629123a1f58", kill_on_drop: false }`
[INFO] running `Command { std: "docker" "inspect" "bfddbfdd235aa03e6261d7d30a325bd5c0d186bf04967acfde8d7629123a1f58", kill_on_drop: false }`
[INFO] running `Command { std: "docker" "exec" "-e" "SOURCE_DIR=/opt/rustwide/workdir" "-e" "CARGO_HOME=/opt/rustwide/cargo-home" "-e" "RUSTUP_HOME=/opt/rustwide/rustup-home" "-e" "CARGO_TARGET_DIR=/opt/rustwide/target" "-w" "/opt/rustwide/workdir" "--user" "0:0" "bfddbfdd235aa03e6261d7d30a325bd5c0d186bf04967acfde8d7629123a1f58" "/opt/rustwide/cargo-home/bin/cargo" "+e4d5758286bf2cf6f415802f2cf861747a7c6c8c" "metadata" "--no-deps" "--format-version=1", kill_on_drop: false }`
[INFO] running `Command { std: "docker" "inspect" "bfddbfdd235aa03e6261d7d30a325bd5c0d186bf04967acfde8d7629123a1f58", kill_on_drop: false }`
[INFO] running `Command { std: "docker" "exec" "-e" "SOURCE_DIR=/opt/rustwide/workdir" "-e" "CARGO_HOME=/opt/rustwide/cargo-home" "-e" "RUSTUP_HOME=/opt/rustwide/rustup-home" "-e" "CARGO_TARGET_DIR=/opt/rustwide/target" "-e" "CARGO_INCREMENTAL=0" "-e" "RUST_BACKTRACE=full" "-e" "RUSTFLAGS=--cap-lints=forbid" "-e" "RUSTDOCFLAGS=--cap-lints=forbid" "-w" "/opt/rustwide/workdir" "--user" "0:0" "bfddbfdd235aa03e6261d7d30a325bd5c0d186bf04967acfde8d7629123a1f58" "/opt/rustwide/cargo-home/bin/cargo" "+e4d5758286bf2cf6f415802f2cf861747a7c6c8c" "check" "--frozen" "--all" "--all-targets" "--message-format=json", kill_on_drop: false }`
[INFO] [stderr] warning: unused workspace dependency `polkavm`
[INFO] [stderr]   --> Cargo.toml:29:1
[INFO] [stderr]    |
[INFO] [stderr] 29 | polkavm = "0.24.0"
[INFO] [stderr]    | ^^^^^^^
[INFO] [stderr]    |
[INFO] [stderr]    = note: `cargo::unused_workspace_dependencies` is set to `warn` by default
[INFO] [stderr] help: consider removing the workspace dependency `polkavm`
[INFO] [stderr] warning: unused workspace dependency `revive-benchmarks`
[INFO] [stderr]   --> Cargo.toml:90:25
[INFO] [stderr]    |
[INFO] [stderr] 90 | [workspace.dependencies.revive-benchmarks]
[INFO] [stderr]    |                         ^^^^^^^^^^^^^^^^^
[INFO] [stderr]    |
[INFO] [stderr] help: consider removing the workspace dependency `revive-benchmarks`
[INFO] [stderr] warning: unused workspace dependency `revive-explorer`
[INFO] [stderr]    --> Cargo.toml:110:25
[INFO] [stderr]     |
[INFO] [stderr] 110 | [workspace.dependencies.revive-explorer]
[INFO] [stderr]     |                         ^^^^^^^^^^^^^^^
[INFO] [stderr]     |
[INFO] [stderr] help: consider removing the workspace dependency `revive-explorer`
[INFO] [stderr] warning: workspace (manifest) generated 3 warnings
[INFO] [stderr]     Checking cfg-if v1.0.3
[INFO] [stderr]    Compiling serde v1.0.219
[INFO] [stderr]    Compiling zerocopy v0.8.26
[INFO] [stderr]     Checking memchr v2.7.5
[INFO] [stderr]     Checking subtle v2.6.1
[INFO] [stderr]    Compiling hashbrown v0.15.5
[INFO] [stderr]    Compiling proc-macro2 v1.0.101
[INFO] [stderr]    Compiling libc v0.2.175
[INFO] [stderr]    Compiling toml_write v0.1.2
[INFO] [stderr]    Compiling winnow v0.7.12
[INFO] [stderr]    Compiling num-traits v0.2.19
[INFO] [stderr]     Checking stable_deref_trait v1.2.0
[INFO] [stderr]    Compiling crunchy v0.2.4
[INFO] [stderr]    Compiling radium v0.7.0
[INFO] [stderr]    Compiling getrandom v0.3.3
[INFO] [stderr]     Checking tap v1.0.1
[INFO] [stderr]    Compiling parity-scale-codec v3.7.5
[INFO] [stderr]    Compiling semver v1.0.26
[INFO] [stderr]     Checking wyz v0.5.1
[INFO] [stderr]     Checking funty v2.0.0
[INFO] [stderr]     Checking byte-slice-cast v1.2.3
[INFO] [stderr]     Checking foldhash v0.1.5
[INFO] [stderr]    Compiling indexmap v2.10.0
[INFO] [stderr]     Checking tracing-core v0.1.34
[INFO] [stderr]    Compiling ahash v0.8.12
[INFO] [stderr]    Compiling typenum v1.18.0
[INFO] [stderr]     Checking byteorder v1.5.0
[INFO] [stderr]     Checking futures-channel v0.3.31
[INFO] [stderr]     Checking lazy_static v1.5.0
[INFO] [stderr]    Compiling quote v1.0.40
[INFO] [stderr]    Compiling jobserver v0.1.33
[INFO] [stderr]     Checking aho-corasick v1.1.3
[INFO] [stderr]     Checking rustc-hex v2.1.0
[INFO] [stderr]    Compiling object v0.36.7
[INFO] [stderr]     Checking gimli v0.31.1
[INFO] [stderr]     Checking rustc-demangle v0.1.26
[INFO] [stderr]    Compiling rustc_version v0.4.1
[INFO] [stderr]     Checking miniz_oxide v0.8.9
[INFO] [stderr]    Compiling syn v2.0.106
[INFO] [stderr]    Compiling cc v1.2.33
[INFO] [stderr]    Compiling const_format_proc_macros v0.2.34
[INFO] [stderr]     Checking integer-sqrt v0.1.5
[INFO] [stderr]     Checking getrandom v0.2.16
[INFO] [stderr]     Checking num_cpus v1.17.0
[INFO] [stderr]     Checking rand_core v0.6.4
[INFO] [stderr]    Compiling fs-err v2.11.0
[INFO] [stderr]     Checking constant_time_eq v0.3.1
[INFO] [stderr]     Checking blake2b_simd v1.0.3
[INFO] [stderr]    Compiling curve25519-dalek v4.1.3
[INFO] [stderr]    Compiling expander v2.2.1
[INFO] [stderr]     Checking ff v0.13.1
[INFO] [stderr]    Compiling bitcoin-internals v0.2.0
[INFO] [stderr]     Checking regex-automata v0.4.9
[INFO] [stderr]    Compiling file-guard v0.2.0
[INFO] [stderr]    Compiling serde_json v1.0.143
[INFO] [stderr]    Compiling ref-cast v1.0.24
[INFO] [stderr]     Checking group v0.13.0
[INFO] [stderr]    Compiling generic-array v0.14.7
[INFO] [stderr]     Checking tinyvec v1.10.0
[INFO] [stderr]    Compiling lock_api v0.4.13
[INFO] [stderr]    Compiling parking_lot_core v0.9.11
[INFO] [stderr]    Compiling itoa v1.0.15
[INFO] [stderr]    Compiling ryu v1.0.20
[INFO] [stderr]     Checking hex-conservative v0.1.2
[INFO] [stderr]     Checking hash-db v0.16.0
[INFO] [stderr]     Checking base64ct v1.8.0
[INFO] [stderr]     Checking unicode-normalization v0.1.22
[INFO] [stderr]     Checking const_format v0.2.34
[INFO] [stderr]     Checking time v0.3.41
[INFO] [stderr]     Checking bitcoin_hashes v0.13.0
[INFO] [stderr]     Checking tracing-log v0.2.0
[INFO] [stderr]     Checking password-hash v0.5.0
[INFO] [stderr]     Checking sharded-slab v0.1.7
[INFO] [stderr]     Checking thread_local v1.1.9
[INFO] [stderr]    Compiling common-path v1.0.0
[INFO] [stderr]    Compiling crypto-common v0.1.6
[INFO] [stderr]    Compiling block-buffer v0.10.4
[INFO] [stderr]    Compiling digest v0.9.0
[INFO] [stderr]    Compiling termcolor v1.4.1
[INFO] [stderr]    Compiling libsecp256k1-core v0.3.0
[INFO] [stderr]    Compiling digest v0.10.7
[INFO] [stderr]     Checking environmental v1.1.4
[INFO] [stderr]     Checking num-format v0.4.4
[INFO] [stderr]     Checking sp-std v14.0.0
[INFO] [stderr]     Checking ppv-lite86 v0.2.21
[INFO] [stderr]     Checking parking_lot v0.12.4
[INFO] [stderr]     Checking hash256-std-hasher v0.15.2
[INFO] [stderr]     Checking hashbrown v0.13.2
[INFO] [stderr]     Checking array-bytes v6.2.3
[INFO] [stderr]     Checking trie-root v0.18.0
[INFO] [stderr]    Compiling blake2 v0.10.6
[INFO] [stderr]    Compiling libsecp256k1-gen-genmult v0.3.0
[INFO] [stderr]    Compiling libsecp256k1-gen-ecmult v0.3.0
[INFO] [stderr]     Checking trie-db v0.30.0
[INFO] [stderr]     Checking memory-db v0.32.0
[INFO] [stderr]     Checking rand_chacha v0.3.1
[INFO] [stderr]     Checking nohash-hasher v0.2.0
[INFO] [stderr]     Checking addr2line v0.24.2
[INFO] [stderr]    Compiling sp-io v40.0.1
[INFO] [stderr]    Compiling libsecp256k1 v0.7.2
[INFO] [stderr]     Checking simple-mermaid v0.1.1
[INFO] [stderr]     Checking tuplex v0.1.2
[INFO] [stderr]    Compiling arrayvec v0.7.6
[INFO] [stderr]     Checking rand v0.8.5
[INFO] [stderr]    Compiling keccak v0.1.5
[INFO] [stderr]     Checking schnellru v0.2.4
[INFO] [stderr]    Compiling secp256k1-sys v0.9.2
[INFO] [stdout] error[E0277]: a value of type `!` cannot be built from an iterator over elements of type `()`
[INFO] [stdout]    --> /opt/rustwide/cargo-home/registry/src/index.crates.io-1949cf8c6b5b557f/trie-db-0.30.0/src/node.rs:231:18
[INFO] [stdout]     |
[INFO] [stdout] 231 |                         .collect::<Result<_, _, _>>()?;
[INFO] [stdout]     |                          -------   ^^^^^^^^^^^^^^^ value of type `!` cannot be built from `std::iter::Iterator<Item=()>`
[INFO] [stdout]     |                          |
[INFO] [stdout]     |                          required by a bound introduced by this call
[INFO] [stdout]     |
[INFO] [stdout]     = help: the trait `FromIterator<()>` is not implemented for `!`
[INFO] [stdout] help: the trait `FromIterator<std::result::Result<T, E>>` is conditionally implemented for `std::result::Result<V, E>`
[INFO] [stdout]    --> /rustc/e4d5758286bf2cf6f415802f2cf861747a7c6c8c/library/core/src/result.rs:2114:14
[INFO] [stdout]     |
[INFO] [stdout]     = note: unsatisfied requirement introduced here: `_: FromIterator<_>`
[INFO] [stdout]     = note: this error might have been caused by changes to Rust's type-inference algorithm (see issue #148922 <https://github.com/rust-lang/rust/issues/148922> for more information)
[INFO] [stdout]     = help: you might have intended to use the type `()` here instead
[INFO] [stdout]     = note: required for `Result<!, Box<TrieError<<<L as TrieLayout>::Hash as Hasher>::Out, _>>>` to implement `FromIterator<Result<(), Box<TrieError<<_ as Hasher>::Out, _>>>>`
[INFO] [stdout] note: required by a bound in `collect`
[INFO] [stdout]    --> /rustc/e4d5758286bf2cf6f415802f2cf861747a7c6c8c/library/core/src/iter/traits/iterator.rs:2087:4
[INFO] [stdout]     = note: the full name for the type has been written to '/opt/rustwide/target/debug/build/trie-db/97c380eb2fa2cf63/out/trie_db-97c380eb2fa2cf63.long-type-13407248923564206315.txt'
[INFO] [stdout]     = note: consider using `--verbose` to print the full type name to the console
[INFO] [stdout] 
[INFO] [stdout] 
[INFO] [stdout] error[E0277]: a value of type `!` cannot be built from an iterator over elements of type `()`
[INFO] [stdout]    --> /opt/rustwide/cargo-home/registry/src/index.crates.io-1949cf8c6b5b557f/trie-db-0.30.0/src/node.rs:259:18
[INFO] [stdout]     |
[INFO] [stdout] 259 |                         .collect::<Result<_, _, _>>()?;
[INFO] [stdout]     |                          -------   ^^^^^^^^^^^^^^^ value of type `!` cannot be built from `std::iter::Iterator<Item=()>`
[INFO] [stdout]     |                          |
[INFO] [stdout]     |                          required by a bound introduced by this call
[INFO] [stdout]     |
[INFO] [stdout]     = help: the trait `FromIterator<()>` is not implemented for `!`
[INFO] [stdout] help: the trait `FromIterator<std::result::Result<T, E>>` is conditionally implemented for `std::result::Result<V, E>`
[INFO] [stdout]    --> /rustc/e4d5758286bf2cf6f415802f2cf861747a7c6c8c/library/core/src/result.rs:2114:14
[INFO] [stdout]     |
[INFO] [stdout]     = note: unsatisfied requirement introduced here: `_: FromIterator<_>`
[INFO] [stdout]     = note: this error might have been caused by changes to Rust's type-inference algorithm (see issue #148922 <https://github.com/rust-lang/rust/issues/148922> for more information)
[INFO] [stdout]     = help: you might have intended to use the type `()` here instead
[INFO] [stdout]     = note: required for `Result<!, Box<TrieError<<<L as TrieLayout>::Hash as Hasher>::Out, _>>>` to implement `FromIterator<Result<(), Box<TrieError<<_ as Hasher>::Out, _>>>>`
[INFO] [stdout] note: required by a bound in `collect`
[INFO] [stdout]    --> /rustc/e4d5758286bf2cf6f415802f2cf861747a7c6c8c/library/core/src/iter/traits/iterator.rs:2087:4
[INFO] [stdout]     = note: the full name for the type has been written to '/opt/rustwide/target/debug/build/trie-db/97c380eb2fa2cf63/out/trie_db-97c380eb2fa2cf63.long-type-13407248923564206315.txt'
[INFO] [stdout]     = note: consider using `--verbose` to print the full type name to the console
[INFO] [stdout] 
[INFO] [stdout] 
[INFO] [stderr]    Compiling arrayref v0.3.9
[INFO] [stderr]    Compiling static_assertions v1.1.0
[INFO] [stderr]    Compiling sha3 v0.10.8
[INFO] [stderr]    Compiling sha2 v0.10.9
[INFO] [stderr]     Checking parity-wasm v0.45.0
[INFO] [stderr]    Compiling tiny-keccak v2.0.2
[INFO] [stderr]    Compiling anyhow v1.0.99
[INFO] [stderr]     Checking bitflags v2.9.2
[INFO] [stderr]    Compiling either v1.15.0
[INFO] [stderr]    Compiling proc-macro-error-attr v1.0.4
[INFO] [stderr]    Compiling const-random-macro v0.1.16
[INFO] [stderr]    Compiling syn v1.0.109
[INFO] [stderr]    Compiling include_dir_macros v0.7.4
[INFO] [stderr]     Checking fixed-hash v0.8.0
[INFO] [stderr]     Checking getrandom_or_panic v0.0.3
[INFO] [stderr]    Compiling itertools v0.10.5
[INFO] [stderr]     Checking regex v1.11.1
[INFO] [stdout] For more information about this error, try `rustc --explain E0277`.
[INFO] [stdout] 
[INFO] [stderr] error: could not compile `trie-db` (lib) due to 2 previous errors
[INFO] [stderr] warning: build failed, waiting for other jobs to finish...
[INFO] running `Command { std: "docker" "inspect" "bfddbfdd235aa03e6261d7d30a325bd5c0d186bf04967acfde8d7629123a1f58", kill_on_drop: false }`
[INFO] running `Command { std: "docker" "rm" "-f" "bfddbfdd235aa03e6261d7d30a325bd5c0d186bf04967acfde8d7629123a1f58", kill_on_drop: false }`
[INFO] [stdout] bfddbfdd235aa03e6261d7d30a325bd5c0d186bf04967acfde8d7629123a1f58
