[INFO] cloning repository https://github.com/chloewilson93/richat
[INFO] running `Command { std: "git" "-c" "credential.helper=" "-c" "credential.helper=/workspace/cargo-home/bin/git-credential-null" "clone" "--bare" "https://github.com/chloewilson93/richat" "/workspace/cache/git-repos/https%3A%2F%2Fgithub.com%2Fchloewilson93%2Frichat", kill_on_drop: false }`
[INFO] [stderr] Cloning into bare repository '/workspace/cache/git-repos/https%3A%2F%2Fgithub.com%2Fchloewilson93%2Frichat'...
[INFO] running `Command { std: "git" "rev-parse" "HEAD", kill_on_drop: false }`
[INFO] [stdout] 9b492871554e99adcfe891840e281f9fb16d7396
[INFO] checking chloewilson93/richat/9b492871554e99adcfe891840e281f9fb16d7396 against c999cef531ea9059e189e82fe0e82c5daf249bc9 for pr-152972
[INFO] running `Command { std: "git" "clone" "/workspace/cache/git-repos/https%3A%2F%2Fgithub.com%2Fchloewilson93%2Frichat" "/workspace/builds/worker-5-tc1/source", kill_on_drop: false }`
[INFO] [stderr] Cloning into '/workspace/builds/worker-5-tc1/source'...
[INFO] [stderr] done.
[INFO] removed /workspace/builds/worker-5-tc1/source/rust-toolchain.toml
[INFO] started tweaking git repo https://github.com/chloewilson93/richat
[INFO] finished tweaking git repo https://github.com/chloewilson93/richat
[INFO] tweaked toml for git repo https://github.com/chloewilson93/richat written to /workspace/builds/worker-5-tc1/source/Cargo.toml
[INFO] validating manifest of git repo https://github.com/chloewilson93/richat on toolchain c999cef531ea9059e189e82fe0e82c5daf249bc9
[INFO] running `Command { std: CARGO_HOME="/workspace/cargo-home" RUSTUP_HOME="/workspace/rustup-home" "/workspace/cargo-home/bin/cargo" "+c999cef531ea9059e189e82fe0e82c5daf249bc9" "metadata" "--manifest-path" "Cargo.toml" "--no-deps", kill_on_drop: false }`
[INFO] crate git repo https://github.com/chloewilson93/richat already has a lockfile, it will not be regenerated
[INFO] running `Command { std: CARGO_HOME="/workspace/cargo-home" RUSTUP_HOME="/workspace/rustup-home" "/workspace/cargo-home/bin/cargo" "+c999cef531ea9059e189e82fe0e82c5daf249bc9" "fetch" "--manifest-path" "Cargo.toml", kill_on_drop: false }`
[INFO] [stderr]     Updating crates.io index
[INFO] [stderr]  Downloading crates ...
[INFO] [stderr]   Downloaded tonic-prost v0.14.1
[INFO] [stderr]   Downloaded serde_json v1.0.142
[INFO] [stderr]   Downloaded tikv-jemallocator v0.6.0
[INFO] [stderr]   Downloaded solana-msg v2.2.1
[INFO] [stderr]   Downloaded solana-loader-v2-interface v2.2.1
[INFO] [stderr]   Downloaded solana-address-lookup-table-interface v2.2.2
[INFO] [stderr]   Downloaded spl-program-error v0.7.0
[INFO] [stderr]   Downloaded solana-transaction-status-client-types v2.3.7
[INFO] [stderr]   Downloaded tonic-build v0.14.1
[INFO] [stderr]   Downloaded borsh-derive v0.10.4
[INFO] [stderr]   Downloaded solana-program-error v2.2.2
[INFO] [stderr]   Downloaded solana-slot-history v2.2.1
[INFO] [stderr]   Downloaded solana-program-pack v2.2.1
[INFO] [stderr]   Downloaded solana-program-memory v2.3.1
[INFO] [stderr]   Downloaded solana-sysvar-id v2.2.1
[INFO] [stderr]   Downloaded spl-token-confidential-transfer-ciphertext-arithmetic v0.3.0
[INFO] [stderr]   Downloaded solana-program-entrypoint v2.3.0
[INFO] [stderr]   Downloaded solana-define-syscall v2.3.0
[INFO] [stderr]   Downloaded solana-signature v2.3.0
[INFO] [stderr]   Downloaded solana-seed-derivable v2.2.1
[INFO] [stderr]   Downloaded spl-discriminator v0.4.1
[INFO] [stderr]   Downloaded borsh-derive-internal v0.10.4
[INFO] [stderr]   Downloaded solana-last-restart-slot v2.2.1
[INFO] [stderr]   Downloaded solana-epoch-schedule v2.2.1
[INFO] [stderr]   Downloaded solana-signer v2.2.1
[INFO] [stderr]   Downloaded solana-transaction-error v2.2.1
[INFO] [stderr]   Downloaded solana-sanitize v2.2.1
[INFO] [stderr]   Downloaded solana-sha256-hasher v2.3.0
[INFO] [stderr]   Downloaded five8_core v0.1.2
[INFO] [stderr]   Downloaded spl-token-confidential-transfer-proof-generation v0.4.0
[INFO] [stderr]   Downloaded solana-instructions-sysvar v2.2.2
[INFO] [stderr]   Downloaded solana-blake3-hasher v2.2.1
[INFO] [stderr]   Downloaded solana-big-mod-exp v2.2.1
[INFO] [stderr]   Downloaded solana-sdk-ids v2.2.1
[INFO] [stderr]   Downloaded solana-cpi v2.2.1
[INFO] [stderr]   Downloaded solana-clock v2.2.2
[INFO] [stderr]   Downloaded solana-sdk-macro v2.2.1
[INFO] [stderr]   Downloaded solana-slot-hashes v2.2.1
[INFO] [stderr]   Downloaded solana-validator-exit v2.2.1
[INFO] [stderr]   Downloaded solana-time-utils v2.2.1
[INFO] [stderr]   Downloaded solana-decode-error v2.3.0
[INFO] [stderr]   Downloaded solana-borsh v2.2.1
[INFO] [stderr]   Downloaded solana-serialize-utils v2.2.1
[INFO] [stderr]   Downloaded solana-system-transaction v2.2.1
[INFO] [stderr]   Downloaded serde-big-array v0.5.1
[INFO] [stderr]   Downloaded solana-derivation-path v2.2.1
[INFO] [stderr]   Downloaded solana-account-info v2.3.0
[INFO] [stderr]   Downloaded solana-curve25519 v2.3.7
[INFO] [stderr]   Downloaded solana-fee-calculator v2.2.1
[INFO] [stderr]   Downloaded solana-instruction v2.3.0
[INFO] [stderr]   Downloaded solana-stable-layout v2.2.1
[INFO] [stderr]   Downloaded spl-token-group-interface v0.6.0
[INFO] [stderr]   Downloaded solana-native-token v2.3.0
[INFO] [stderr]   Downloaded solana-loader-v3-interface v5.0.0
[INFO] [stderr]   Downloaded spl-elgamal-registry v0.2.0
[INFO] [stderr]   Downloaded solana-bincode v2.2.1
[INFO] [stderr]   Downloaded solana-loader-v4-interface v2.2.1
[INFO] [stderr]   Downloaded solana-account-decoder-client-types v2.3.7
[INFO] [stderr]   Downloaded kaigan v0.2.6
[INFO] [stderr]   Downloaded solana-shred-version v2.2.1
[INFO] [stderr]   Downloaded solana-atomic-u64 v2.2.1
[INFO] [stderr]   Downloaded five8_const v0.1.4
[INFO] [stderr]   Downloaded borsh-schema-derive-internal v0.10.4
[INFO] [stderr]   Downloaded solana-seed-phrase v2.2.1
[INFO] [stderr]   Downloaded solana-program-option v2.2.1
[INFO] [stderr]   Downloaded solana-hash v2.3.0
[INFO] [stderr]   Downloaded solana-rent v2.2.1
[INFO] [stderr]   Downloaded spl-memo v6.0.0
[INFO] [stderr]   Downloaded solana-version v2.3.7
[INFO] [stderr]   Downloaded solana-epoch-rewards v2.2.1
[INFO] [stderr]   Downloaded solana-serde-varint v2.2.2
[INFO] [stderr]   Downloaded solana-svm-feature-set v2.3.7
[INFO] [stderr]   Downloaded spl-associated-token-account-client v2.0.0
[INFO] [stderr]   Downloaded solana-short-vec v2.2.1
[INFO] [stderr]   Downloaded solana-secp256k1-recover v2.2.1
[INFO] [stderr]   Downloaded solana-nonce v2.2.1
[INFO] [stderr]   Downloaded solana-keccak-hasher v2.2.1
[INFO] [stderr]   Downloaded solana-feature-gate-interface v2.2.2
[INFO] [stderr]   Downloaded agave-reserved-account-keys v2.3.7
[INFO] [stderr]   Downloaded solana-hard-forks v2.2.1
[INFO] [stderr]   Downloaded prost-derive v0.14.1
[INFO] [stderr]   Downloaded spl-type-length-value v0.8.0
[INFO] [stderr]   Downloaded borsh v0.10.4
[INFO] [stderr]   Downloaded spl-program-error-derive v0.5.0
[INFO] [stderr]   Downloaded solana-stake-interface v1.2.1
[INFO] [stderr]   Downloaded aes-gcm-siv v0.11.1
[INFO] [stderr]   Downloaded spl-token-metadata-interface v0.7.0
[INFO] [stderr]   Downloaded solana-sysvar v2.3.0
[INFO] [stderr]   Downloaded solana-system-interface v1.0.0
[INFO] [stderr]   Downloaded spl-pod v0.5.1
[INFO] [stderr]   Downloaded solana-pubkey v2.4.0
[INFO] [stderr]   Downloaded spl-transfer-hook-interface v0.10.0
[INFO] [stderr]   Downloaded solana-account-decoder v2.3.7
[INFO] [stderr]   Downloaded solana-sdk v2.3.1
[INFO] [stderr]   Downloaded five8 v0.2.1
[INFO] [stderr]   Downloaded spl-generic-token v1.0.1
[INFO] [stderr]   Downloaded solana-config-program-client v0.0.2
[INFO] [stderr]   Downloaded agave-feature-set v2.3.7
[INFO] [stderr]   Downloaded solana-commitment-config v2.2.1
[INFO] [stderr]   Downloaded solana-genesis-config v2.3.0
[INFO] [stderr]   Downloaded solana-vote-interface v2.2.6
[INFO] [stderr]   Downloaded prost v0.14.1
[INFO] [stderr]   Downloaded spl-token-confidential-transfer-proof-extraction v0.3.0
[INFO] [stderr]   Downloaded solana-program v2.3.0
[INFO] [stderr]   Downloaded solana-client v2.3.7
[INFO] [stderr]   Downloaded solana-compute-budget-interface v2.2.2
[INFO] [stderr]   Downloaded spl-tlv-account-resolution v0.10.0
[INFO] [stderr]   Downloaded solana-message v2.4.0
[INFO] [stderr]   Downloaded solana-quic-definitions v2.3.1
[INFO] [stderr]   Downloaded solana-epoch-rewards-hasher v2.2.1
[INFO] [stderr]   Downloaded solana-cluster-type v2.2.1
[INFO] [stderr]   Downloaded spl-associated-token-account v7.0.0
[INFO] [stderr]   Downloaded solana-epoch-info v2.2.1
[INFO] [stderr]   Downloaded autotools v0.2.7
[INFO] [stderr]   Downloaded spl-token v8.0.0
[INFO] [stderr]   Downloaded solana-serde v2.2.1
[INFO] [stderr]   Downloaded solana-client-traits v2.2.1
[INFO] [stderr]   Downloaded solana-net-utils v2.3.7
[INFO] [stderr]   Downloaded solana-measure v2.3.7
[INFO] [stderr]   Downloaded percentage v0.1.0
[INFO] [stderr]   Downloaded histogram v0.6.9
[INFO] [stderr]   Downloaded solana-connection-cache v2.3.7
[INFO] [stderr]   Downloaded solana-thin-client v2.3.7
[INFO] [stderr]   Downloaded tonic v0.14.1
[INFO] [stderr]   Downloaded security-framework v3.3.0
[INFO] [stderr]   Downloaded solana-transaction-status v2.3.7
[INFO] [stderr]   Downloaded num-complex v0.2.4
[INFO] [stderr]   Downloaded cc v1.2.32
[INFO] [stderr]   Downloaded num-rational v0.2.4
[INFO] [stderr]   Downloaded indexmap v2.10.0
[INFO] [stderr]   Downloaded solana-pubsub-client v2.3.7
[INFO] [stderr]   Downloaded solana-quic-client v2.3.7
[INFO] [stderr]   Downloaded tonic-prost-build v0.14.1
[INFO] [stderr]   Downloaded solana-logger v2.3.1
[INFO] [stderr]   Downloaded solana-presigner v2.2.1
[INFO] [stderr]   Downloaded webpki-root-certs v0.26.11
[INFO] [stderr]   Downloaded solana-nohash-hasher v0.2.1
[INFO] [stderr]   Downloaded affinity-linux v1.0.1
[INFO] [stderr]   Downloaded solana-rpc-client v2.3.7
[INFO] [stderr]   Downloaded dlopen2_derive v0.3.0
[INFO] [stderr]   Downloaded winnow v0.7.12
[INFO] [stderr]   Downloaded aws-lc-rs v1.13.3
[INFO] [stderr]   Downloaded solana-account v2.2.1
[INFO] [stderr]   Downloaded solana-ed25519-program v2.2.3
[INFO] [stderr]   Downloaded solana-reward-info v2.2.1
[INFO] [stderr]   Downloaded solana-inflation v2.2.1
[INFO] [stderr]   Downloaded solana-packet v2.2.1
[INFO] [stderr]   Downloaded oid-registry v0.6.1
[INFO] [stderr]   Downloaded solana-rayon-threadlimit v2.3.7
[INFO] [stderr]   Downloaded solana-offchain-message v2.2.1
[INFO] [stderr]   Downloaded multimap v0.8.3
[INFO] [stderr]   Downloaded bindgen v0.69.5
[INFO] [stderr]   Downloaded spl-token-2022 v8.0.1
[INFO] [stderr]   Downloaded syn v2.0.104
[INFO] [stderr]   Downloaded webpki-roots v0.24.0
[INFO] [stderr]   Downloaded solana-precompile-error v2.2.2
[INFO] [stderr]   Downloaded solana-poh-config v2.2.1
[INFO] [stderr]   Downloaded jsonrpsee-types v0.24.9
[INFO] [stderr]   Downloaded asn1-rs-derive v0.4.0
[INFO] [stderr]   Downloaded cfg_eval v0.1.2
[INFO] [stderr]   Downloaded solana-precompiles v2.2.2
[INFO] [stderr]   Downloaded solana-fee-structure v2.3.0
[INFO] [stderr]   Downloaded solana-secp256r1-program v2.2.4
[INFO] [stderr]   Downloaded solana-rent-debits v2.2.1
[INFO] [stderr]   Downloaded solana-rpc-client-types v2.3.7
[INFO] [stderr]   Downloaded prost v0.11.9
[INFO] [stderr]   Downloaded asn1-rs-impl v0.1.0
[INFO] [stderr]   Downloaded solana-tls-utils v2.3.7
[INFO] [stderr]   Downloaded num v0.2.1
[INFO] [stderr]   Downloaded solana-example-mocks v2.2.1
[INFO] [stderr]   Downloaded solana-keypair v2.2.3
[INFO] [stderr]   Downloaded solana-rent-collector v2.2.1
[INFO] [stderr]   Downloaded solana-nonce-account v2.2.1
[INFO] [stderr]   Downloaded fastbloom v0.9.0
[INFO] [stderr]   Downloaded tikv-jemalloc-sys v0.6.0+5.3.0-1-ge13ca993e8ccb9ba9847cc330696e02839f328f7
[INFO] [stderr]   Downloaded solana-feature-set v2.2.5
[INFO] [stderr]   Downloaded agave-geyser-plugin-interface v2.3.7
[INFO] [stderr]   Downloaded tonic-build v0.9.2
[INFO] [stderr]   Downloaded synstructure v0.12.6
[INFO] [stderr]   Downloaded dlopen2 v0.5.0
[INFO] [stderr]   Downloaded caps v0.5.5
[INFO] [stderr]   Downloaded solana-transaction-context v2.3.7
[INFO] [stderr]   Downloaded solana-transaction v2.2.3
[INFO] [stderr]   Downloaded solana-bn254 v2.2.2
[INFO] [stderr]   Downloaded solana-zk-sdk v2.3.7
[INFO] [stderr]   Downloaded solana-transaction-metrics-tracker v2.3.7
[INFO] [stderr]   Downloaded solana-secp256k1-program v2.2.3
[INFO] [stderr]   Downloaded solana-rpc-client-api v2.3.7
[INFO] [stderr]   Downloaded solana-udp-client v2.3.7
[INFO] [stderr]   Downloaded pulldown-cmark-to-cmark v21.0.0
[INFO] [stderr]   Downloaded solana-storage-proto v2.3.7
[INFO] [stderr]   Downloaded cargo-lock v10.1.0
[INFO] [stderr]   Downloaded solana-reserved-account-keys v2.2.2
[INFO] [stderr]   Downloaded metrics-util v0.19.1
[INFO] [stderr]   Downloaded prost-build v0.11.9
[INFO] [stderr]   Downloaded prost-derive v0.11.9
[INFO] [stderr]   Downloaded solana-metrics v2.3.7
[INFO] [stderr]   Downloaded solana-tpu-client v2.3.7
[INFO] [stderr]   Downloaded der-parser v8.2.0
[INFO] [stderr]   Downloaded prost-types v0.14.1
[INFO] [stderr]   Downloaded clap v4.5.43
[INFO] [stderr]   Downloaded prost-types v0.11.9
[INFO] [stderr]   Downloaded solana-perf v2.3.7
[INFO] [stderr]   Downloaded solana-rpc-client-nonce-utils v2.3.7
[INFO] [stderr]   Downloaded metrics v0.24.2
[INFO] [stderr]   Downloaded solana-streamer v2.3.7
[INFO] [stderr]   Downloaded rustls-platform-verifier v0.5.3
[INFO] [stderr]   Downloaded fastwebsockets v0.10.0
[INFO] [stderr]   Downloaded x509-parser v0.14.0
[INFO] [stderr]   Downloaded asn1-rs v0.5.2
[INFO] [stderr]   Downloaded aws-lc-sys v0.30.0
[INFO] [stderr]   Downloaded async-compression v0.4.27
[INFO] [stderr]   Downloaded webpki-root-certs v1.0.2
[INFO] [stderr]   Downloaded clap_builder v4.5.43
[INFO] [stderr]   Downloaded bindgen v0.72.0
[INFO] [stderr]   Downloaded yellowstone-grpc-proto v9.0.0
[INFO] [stderr]   Downloaded brotli v8.0.1
[INFO] [stderr]   Downloaded protobuf-src v1.1.0+21.5
[INFO] running `Command { std: "docker" "create" "-v" "/var/lib/crater-agent-workspace/builds/worker-5-tc1/source:/opt/rustwide/workdir:ro,Z" "-v" "/var/lib/crater-agent-workspace/builds/worker-5-tc1/target:/opt/rustwide/target:rw,Z" "-v" "/var/lib/crater-agent-workspace/cargo-home:/opt/rustwide/cargo-home:ro,Z" "-v" "/var/lib/crater-agent-workspace/rustup-home:/opt/rustwide/rustup-home:ro,Z" "-m" "1610612736" "--network" "none" "ghcr.io/rust-lang/crates-build-env/linux@sha256:3111399a4047eeb3a02b7a90e478d715f38a8c6669b5c4b49d30a17385265909" "sleep" "infinity", kill_on_drop: false }`
[INFO] [stdout] bfa3934469d532ec6514fbd522e4ef677f96f0ebbe80313c34ae5d31a742667a
[INFO] running `Command { std: "docker" "start" "bfa3934469d532ec6514fbd522e4ef677f96f0ebbe80313c34ae5d31a742667a", kill_on_drop: false }`
[INFO] running `Command { std: "docker" "inspect" "bfa3934469d532ec6514fbd522e4ef677f96f0ebbe80313c34ae5d31a742667a", kill_on_drop: false }`
[INFO] running `Command { std: "docker" "exec" "-e" "SOURCE_DIR=/opt/rustwide/workdir" "-e" "CARGO_HOME=/opt/rustwide/cargo-home" "-e" "RUSTUP_HOME=/opt/rustwide/rustup-home" "-e" "CARGO_TARGET_DIR=/opt/rustwide/target" "-w" "/opt/rustwide/workdir" "--user" "0:0" "bfa3934469d532ec6514fbd522e4ef677f96f0ebbe80313c34ae5d31a742667a" "/opt/rustwide/cargo-home/bin/cargo" "+c999cef531ea9059e189e82fe0e82c5daf249bc9" "metadata" "--no-deps" "--format-version=1", kill_on_drop: false }`
[INFO] running `Command { std: "docker" "inspect" "bfa3934469d532ec6514fbd522e4ef677f96f0ebbe80313c34ae5d31a742667a", kill_on_drop: false }`
[INFO] running `Command { std: "docker" "exec" "-e" "SOURCE_DIR=/opt/rustwide/workdir" "-e" "CARGO_HOME=/opt/rustwide/cargo-home" "-e" "RUSTUP_HOME=/opt/rustwide/rustup-home" "-e" "CARGO_TARGET_DIR=/opt/rustwide/target" "-e" "CARGO_INCREMENTAL=0" "-e" "RUST_BACKTRACE=full" "-e" "RUSTFLAGS=--cap-lints=forbid" "-e" "RUSTDOCFLAGS=--cap-lints=forbid" "-w" "/opt/rustwide/workdir" "--user" "0:0" "bfa3934469d532ec6514fbd522e4ef677f96f0ebbe80313c34ae5d31a742667a" "/opt/rustwide/cargo-home/bin/cargo" "+c999cef531ea9059e189e82fe0e82c5daf249bc9" "check" "--frozen" "--all" "--all-targets" "--message-format=json", kill_on_drop: false }`
[INFO] [stderr]    Compiling proc-macro2 v1.0.95
[INFO] [stderr]    Compiling libc v0.2.174
[INFO] [stderr]     Checking cfg-if v1.0.1
[INFO] [stderr]    Compiling serde v1.0.219
[INFO] [stderr]    Compiling typenum v1.18.0
[INFO] [stderr]     Checking subtle v2.6.1
[INFO] [stderr]    Compiling syn v1.0.109
[INFO] [stderr]    Compiling indexmap v2.10.0
[INFO] [stderr]     Checking ppv-lite86 v0.2.21
[INFO] [stderr]    Compiling num-traits v0.2.19
[INFO] [stderr]    Compiling winnow v0.7.12
[INFO] [stderr]    Compiling toml_write v0.1.2
[INFO] [stderr]    Compiling once_cell v1.21.3
[INFO] [stderr]    Compiling ahash v0.8.12
[INFO] [stderr]    Compiling semver v1.0.26
[INFO] [stderr]    Compiling quote v1.0.40
[INFO] [stderr]    Compiling syn v2.0.104
[INFO] [stderr]    Compiling borsh v1.5.7
[INFO] [stderr]     Checking five8_core v0.1.2
[INFO] [stderr]     Checking five8 v0.2.1
[INFO] [stderr]    Compiling jobserver v0.1.33
[INFO] [stderr]     Checking solana-sanitize v2.2.1
[INFO] [stderr]     Checking solana-atomic-u64 v2.2.1
[INFO] [stderr]     Checking solana-decode-error v2.3.0
[INFO] [stderr]     Checking five8_const v0.1.4
[INFO] [stderr]     Checking log v0.4.27
[INFO] [stderr]    Compiling getrandom v0.1.16
[INFO] [stderr]     Checking opaque-debug v0.3.1
[INFO] [stderr]    Compiling cc v1.2.32
[INFO] [stderr]    Compiling thiserror v2.0.12
[INFO] [stderr]     Checking byteorder v1.5.0
[INFO] [stderr]     Checking generic-array v0.14.7
[INFO] [stderr]     Checking signature v1.6.4
[INFO] [stderr]    Compiling bs58 v0.5.1
[INFO] [stderr]     Checking ed25519 v1.5.3
[INFO] [stderr]     Checking solana-msg v2.2.1
[INFO] [stderr]    Compiling anyhow v1.0.98
[INFO] [stderr]     Checking getrandom v0.2.16
[INFO] [stderr]     Checking block-buffer v0.10.4
[INFO] [stderr]     Checking rand_core v0.6.4
[INFO] [stderr]     Checking getrandom v0.3.3
[INFO] [stderr]     Checking digest v0.9.0
[INFO] [stderr]     Checking crypto-common v0.1.6
[INFO] [stderr]     Checking rand_chacha v0.3.1
[INFO] [stderr]     Checking hashbrown v0.13.2
[INFO] [stderr]     Checking digest v0.10.7
[INFO] [stderr]     Checking rand v0.8.5
[INFO] [stderr]     Checking sha2 v0.10.9
[INFO] [stderr]     Checking block-buffer v0.9.0
[INFO] [stderr]     Checking sha2 v0.9.9
[INFO] [stderr]     Checking rand_core v0.5.1
[INFO] [stderr]     Checking signal-hook-registry v1.4.6
[INFO] [stderr]     Checking rand_chacha v0.2.2
[INFO] [stderr]    Compiling serde_json v1.0.142
[INFO] [stderr]     Checking parking_lot_core v0.9.11
[INFO] [stderr]     Checking rand v0.7.3
[INFO] [stderr]     Checking solana-program-memory v2.3.1
[INFO] [stderr]    Compiling ring v0.17.14
[INFO] [stderr]     Checking mio v1.0.4
[INFO] [stderr]     Checking socket2 v0.6.0
[INFO] [stderr]     Checking parking_lot v0.12.4
[INFO] [stderr]     Checking keccak v0.1.5
[INFO] [stderr]    Compiling feature-probe v0.1.1
[INFO] [stderr]     Checking slab v0.4.11
[INFO] [stderr]     Checking either v1.15.0
[INFO] [stderr]    Compiling bv v0.11.1
[INFO] [stderr]     Checking sha3 v0.10.8
[INFO] [stderr]    Compiling icu_normalizer_data v2.0.0
[INFO] [stderr]    Compiling icu_properties_data v2.0.1
[INFO] [stderr]     Checking futures-channel v0.3.31
[INFO] [stderr]     Checking tracing-core v0.1.34
[INFO] [stderr]     Checking derivation-path v0.2.0
[INFO] [stderr]     Checking futures-io v0.3.31
[INFO] [stderr]     Checking hmac v0.12.1
[INFO] [stderr]     Checking qstring v0.7.2
[INFO] [stderr]     Checking uriparse v0.6.4
[INFO] [stderr]    Compiling crunchy v0.2.4
[INFO] [stderr]     Checking pbkdf2 v0.11.0
[INFO] [stderr]     Checking foldhash v0.1.5
[INFO] [stderr]     Checking solana-seed-phrase v2.2.1
[INFO] [stderr]    Compiling blake3 v1.8.2
[INFO] [stderr]     Checking hashbrown v0.15.5
[INFO] [stderr]    Compiling cmake v0.1.54
[INFO] [stderr]    Compiling dunce v1.0.5
[INFO] [stderr]    Compiling fs_extra v1.3.0
[INFO] [stderr]    Compiling aws-lc-sys v0.30.0
[INFO] [stderr]     Checking constant_time_eq v0.3.1
[INFO] [stderr]    Compiling httparse v1.10.1
[INFO] [stderr]    Compiling borsh-schema-derive-internal v0.10.4
[INFO] [stderr]    Compiling borsh-derive-internal v0.10.4
[INFO] [stderr]     Checking solana-derivation-path v2.2.1
[INFO] [stderr]     Checking solana-seed-derivable v2.2.1
[INFO] [stderr]    Compiling synstructure v0.13.2
[INFO] [stderr]    Compiling libsecp256k1-core v0.2.2
[INFO] [stderr]    Compiling aws-lc-rs v1.13.3
[INFO] [stderr]     Checking num-integer v0.1.46
[INFO] [stderr]     Checking crypto-mac v0.8.0
[INFO] [stderr]     Checking tower-service v0.3.3
[INFO] [stderr]    Compiling libsecp256k1-gen-ecmult v0.2.1
[INFO] [stderr]    Compiling libsecp256k1-gen-genmult v0.2.1
[INFO] [stderr]     Checking hmac v0.8.1
[INFO] [stderr]    Compiling rustls v0.23.31
[INFO] [stderr]     Checking hmac-drbg v0.3.0
[INFO] [stderr]    Compiling libsecp256k1 v0.6.0
[INFO] [stderr]    Compiling zstd-sys v2.0.15+zstd.1.5.7
[INFO] [stderr]     Checking try-lock v0.2.5
[INFO] [stderr]     Checking base64 v0.12.3
[INFO] [stderr]     Checking want v0.3.1
[INFO] [stderr]     Checking httpdate v1.0.3
[INFO] [stderr]    Compiling openssl-sys v0.9.109
[INFO] [stderr]     Checking itertools v0.12.1
[INFO] [stderr]     Checking ipnet v2.11.0
[INFO] [stderr]     Checking writeable v0.6.1
[INFO] [stderr]     Checking litemap v0.8.0
[INFO] [stderr]    Compiling serde_derive v1.0.219
[INFO] [stderr]    Compiling zeroize_derive v1.4.2
[INFO] [stderr]    Compiling bytemuck_derive v1.10.1
[INFO] [stderr]    Compiling curve25519-dalek-derive v0.1.1
[INFO] [stderr]     Checking zeroize v1.8.1
[INFO] [stderr]    Compiling thiserror-impl v2.0.12
[INFO] [stderr]    Compiling zerofrom-derive v0.1.6
[INFO] [stderr]    Compiling yoke-derive v0.8.0
[INFO] [stderr]     Checking curve25519-dalek v3.2.0
[INFO] [stderr]     Checking bytemuck v1.23.2
[INFO] [stderr]    Compiling displaydoc v0.2.5
[INFO] [stderr]    Compiling solana-sdk-macro v2.2.1
[INFO] [stderr]    Compiling zerovec-derive v0.11.1
[INFO] [stderr]    Compiling thiserror-impl v1.0.69
[INFO] [stderr]    Compiling tokio-macros v2.5.0
[INFO] [stderr]    Compiling futures-macro v0.3.31
[INFO] [stderr]    Compiling tracing-attributes v0.1.30
[INFO] [stderr]     Checking rustls-pki-types v1.12.0
[INFO] [stderr]     Checking futures-util v0.3.31
[INFO] [stderr]     Checking zerofrom v0.1.6
[INFO] [stderr]     Checking yoke v0.8.0
[INFO] [stderr]    Compiling num-derive v0.4.2
[INFO] [stderr]    Compiling qualifier_attr v0.2.2
[INFO] [stderr]     Checking zerovec v0.11.4
[INFO] [stderr]     Checking thiserror v1.0.69
[INFO] [stderr]     Checking zerotrie v0.2.2
[INFO] [stderr]     Checking tracing v0.1.41
[INFO] [stderr]     Checking num-bigint v0.4.6
[INFO] [stderr]    Compiling bitflags v2.9.1
[INFO] [stderr]     Checking sync_wrapper v1.0.2
[INFO] [stderr]     Checking inout v0.1.4
[INFO] [stderr]     Checking solana-precompile-error v2.2.2
[INFO] [stderr]     Checking tower-layer v0.3.3
[INFO] [stderr]     Checking foreign-types-shared v0.1.1
[INFO] [stderr]    Compiling openssl v0.10.73
[INFO] [stderr]     Checking foreign-types v0.3.2
[INFO] [stderr]     Checking cipher v0.4.4
[INFO] [stderr]     Checking tinystr v0.8.1
[INFO] [stderr]     Checking icu_locale_core v2.0.0
[INFO] [stderr]     Checking potential_utf v0.1.2
[INFO] [stderr]     Checking icu_collections v2.0.0
[INFO] [stderr]    Compiling openssl-macros v0.1.1
[INFO] [stderr]     Checking icu_provider v2.0.0
[INFO] [stderr]    Compiling zstd-safe v7.2.4
[INFO] [stderr]    Compiling memchr v2.7.5
[INFO] [stderr]     Checking icu_properties v2.0.1
[INFO] [stderr]     Checking icu_normalizer v2.0.0
[INFO] [stderr]    Compiling darling_core v0.20.11
[INFO] [stderr]     Checking miniz_oxide v0.8.9
[INFO] [stderr]     Checking crc32fast v1.5.0
[INFO] [stderr]     Checking universal-hash v0.5.1
[INFO] [stderr]    Compiling memoffset v0.9.1
[INFO] [stderr]     Checking bincode v1.3.3
[INFO] [stderr]     Checking bytes v1.10.1
[INFO] [stderr]     Checking ed25519-dalek v1.0.1
[INFO] [stderr]     Checking serde-big-array v0.5.1
[INFO] [stderr]     Checking solana-signature v2.3.0
[INFO] [stderr]     Checking solana-fee-calculator v2.2.1
[INFO] [stderr]     Checking solana-short-vec v2.2.1
[INFO] [stderr]     Checking serde_bytes v0.11.17
[INFO] [stderr]    Compiling toml_datetime v0.6.11
[INFO] [stderr]    Compiling serde_spanned v0.6.9
[INFO] [stderr]    Compiling toml v0.5.11
[INFO] [stderr]    Compiling toml_edit v0.22.27
[INFO] [stderr]    Compiling rustc_version v0.4.1
[INFO] [stderr]     Checking tokio v1.47.1
[INFO] [stderr]    Compiling curve25519-dalek v4.1.3
[INFO] [stderr]     Checking http v1.3.1
[INFO] [stderr]    Compiling proc-macro-crate v0.1.5
[INFO] [stderr]     Checking http-body v1.0.1
[INFO] [stderr]     Checking http-body-util v0.1.3
[INFO] [stderr]    Compiling borsh-derive v0.10.4
[INFO] [stderr]     Checking solana-serde-varint v2.2.2
[INFO] [stderr]     Checking borsh v0.10.4
[INFO] [stderr]    Compiling stable_deref_trait v1.2.0
[INFO] [stderr]    Compiling darling_macro v0.20.11
[INFO] [stderr]     Checking idna_adapter v1.2.1
[INFO] [stderr]    Compiling proc-macro-crate v3.3.0
[INFO] [stderr]     Checking flate2 v1.1.2
[INFO] [stderr]     Checking polyval v0.6.2
[INFO] [stderr]     Checking ctr v0.9.2
[INFO] [stderr]     Checking aes v0.8.4
[INFO] [stderr]     Checking aead v0.5.2
[INFO] [stderr]     Checking solana-program-option v2.2.1
[INFO] [stderr]    Compiling regex-syntax v0.8.5
[INFO] [stderr]     Checking idna v1.0.3
[INFO] [stderr]    Compiling borsh-derive v1.5.7
[INFO] [stderr]     Checking aes-gcm-siv v0.11.1
[INFO] [stderr]    Compiling darling v0.20.11
[INFO] [stderr]     Checking merlin v3.0.0
[INFO] [stderr]    Compiling cpufeatures v0.2.17
[INFO] [stderr]     Checking url v2.5.4
[INFO] [stderr]     Checking aho-corasick v1.1.3
[INFO] [stderr]    Compiling regex-automata v0.4.9
[INFO] [stderr]     Checking tokio-util v0.7.16
[INFO] [stderr]     Checking alloc-no-stdlib v2.0.4
[INFO] [stderr]    Compiling num-conv v0.1.0
[INFO] [stderr]    Compiling time-core v0.1.4
[INFO] [stderr]     Checking solana-hash v2.3.0
[INFO] [stderr]     Checking alloc-stdlib v0.2.2
[INFO] [stderr]     Checking solana-reward-info v2.2.1
[INFO] [stderr]     Checking solana-commitment-config v2.2.1
[INFO] [stderr]     Checking solana-sha256-hasher v2.3.0
[INFO] [stderr]     Checking solana-svm-feature-set v2.3.7
[INFO] [stderr]     Checking solana-pubkey v2.4.0
[INFO] [stderr]    Compiling prettyplease v0.2.36
[INFO] [stderr]     Checking h2 v0.4.12
[INFO] [stderr]     Checking tower v0.5.2
[INFO] [stderr]     Checking solana-instruction v2.3.0
[INFO] [stderr]     Checking solana-sdk-ids v2.2.1
[INFO] [stderr]     Checking solana-transaction-error v2.2.1
[INFO] [stderr]     Checking solana-sysvar-id v2.2.1
[INFO] [stderr]     Checking solana-program-error v2.2.2
[INFO] [stderr]     Checking solana-system-interface v1.0.0
[INFO] [stderr]     Checking solana-epoch-schedule v2.2.1
[INFO] [stderr]     Checking solana-signer v2.2.1
[INFO] [stderr]     Checking solana-account-info v2.3.0
[INFO] [stderr]     Checking solana-clock v2.2.2
[INFO] [stderr]     Checking solana-serialize-utils v2.2.1
[INFO] [stderr]     Checking solana-cpi v2.2.1
[INFO] [stderr]     Checking solana-slot-hashes v2.2.1
[INFO] [stderr]     Checking solana-instructions-sysvar v2.2.2
[INFO] [stderr]     Checking solana-program-entrypoint v2.3.0
[INFO] [stderr]     Checking solana-rent v2.2.1
[INFO] [stderr]     Checking solana-stake-interface v1.2.1
[INFO] [stderr]     Checking solana-slot-history v2.2.1
[INFO] [stderr]     Checking solana-last-restart-slot v2.2.1
[INFO] [stderr]     Checking solana-epoch-rewards v2.2.1
[INFO] [stderr]     Checking solana-bincode v2.2.1
[INFO] [stderr]     Checking solana-feature-set v2.2.5
[INFO] [stderr]     Checking solana-message v2.4.0
[INFO] [stderr]    Compiling regex v1.11.1
[INFO] [stderr]     Checking zstd v0.13.3
[INFO] [stderr]     Checking solana-zk-sdk v2.3.7
[INFO] [stderr]     Checking solana-sysvar v2.3.0
[INFO] [stderr]     Checking agave-feature-set v2.3.7
[INFO] [stderr]     Checking solana-account v2.2.1
[INFO] [stderr]     Checking solana-ed25519-program v2.2.3
[INFO] [stderr]     Checking solana-secp256r1-program v2.2.4
[INFO] [stderr]     Checking solana-secp256k1-program v2.2.3
[INFO] [stderr]     Checking solana-account-decoder-client-types v2.3.7
[INFO] [stderr]     Checking solana-transaction-context v2.3.7
[INFO] [stderr]     Checking solana-precompiles v2.2.2
[INFO] [stderr]     Checking solana-transaction v2.2.3
[INFO] [stderr]     Checking brotli-decompressor v5.0.0
[INFO] [stderr]    Compiling rustix v1.0.8
[INFO] [stderr]    Compiling spl-discriminator-syn v0.2.0
[INFO] [stderr]     Checking solana-feature-gate-interface v2.2.2
[INFO] [stderr]     Checking spl-pod v0.5.1
[INFO] [stderr]     Checking solana-vote-interface v2.2.6
[INFO] [stderr]     Checking spl-generic-token v1.0.1
[INFO] [stderr]     Checking webpki-roots v1.0.2
[INFO] [stderr]     Checking iri-string v0.7.8
[INFO] [stderr]     Checking brotli v8.0.1
[INFO] [stderr]    Compiling linux-raw-sys v0.9.4
[INFO] [stderr]     Checking hyper v1.6.0
[INFO] [stderr]     Checking solana-transaction-status-client-types v2.3.7
[INFO] [stderr]    Compiling spl-discriminator-derive v0.2.0
[INFO] [stderr]     Checking solana-nonce v2.2.1
[INFO] [stderr]     Checking serde_urlencoded v0.7.1
[INFO] [stderr]     Checking ed25519-dalek-bip32 v0.2.0
[INFO] [stderr]    Compiling async-trait v0.1.88
[INFO] [stderr]     Checking tower-http v0.6.6
[INFO] [stderr]    Compiling itertools v0.14.0
[INFO] [stderr]    Compiling autotools v0.2.7
[INFO] [stderr]     Checking hyper-util v0.1.16
[INFO] [stderr]    Compiling fastrand v2.3.0
[INFO] [stderr]    Compiling protobuf-src v1.1.0+21.5
[INFO] [stderr]     Checking solana-keypair v2.2.3
[INFO] [stderr]     Checking spl-discriminator v0.4.1
[INFO] [stderr]    Compiling tonic-build v0.14.1
[INFO] [stderr]     Checking rand_core v0.9.3
[INFO] [stderr]    Compiling tempfile v3.20.0
[INFO] [stderr]     Checking solana-program-pack v2.2.1
[INFO] [stderr]     Checking solana-cluster-type v2.2.1
[INFO] [stderr]     Checking solana-borsh v2.2.1
[INFO] [stderr]    Compiling num_enum_derive v0.7.4
[INFO] [stderr]     Checking solana-time-utils v2.2.1
[INFO] [stderr]     Checking solana-native-token v2.3.0
[INFO] [stderr]    Compiling smallvec v1.15.1
[INFO] [stderr]     Checking deranged v0.4.0
[INFO] [stderr]     Checking rustls-native-certs v0.8.1
[INFO] [stderr]     Checking num_enum v0.7.4
[INFO] [stderr]     Checking rand_chacha v0.9.0
[INFO] [stderr]    Compiling prost-derive v0.14.1
[INFO] [stderr]     Checking spl-type-length-value v0.8.0
[INFO] [stderr]     Checking async-compression v0.4.27
[INFO] [stderr]     Checking solana-address-lookup-table-interface v2.2.2
[INFO] [stderr]     Checking solana-keccak-hasher v2.2.1
[INFO] [stderr]    Compiling time-macros v0.2.22
[INFO] [stderr]    Compiling spl-program-error-derive v0.5.0
[INFO] [stderr]     Checking solana-curve25519 v2.3.7
[INFO] [stderr]     Checking solana-inflation v2.2.1
[INFO] [stderr]     Checking futures-executor v0.3.31
[INFO] [stderr]    Compiling pulldown-cmark v0.13.0
[INFO] [stderr]     Checking spl-program-error v0.7.0
[INFO] [stderr]     Checking futures v0.3.31
[INFO] [stderr]     Checking solana-example-mocks v2.2.1
[INFO] [stderr]     Checking rand v0.9.2
[INFO] [stderr]     Checking solana-loader-v3-interface v5.0.0
[INFO] [stderr]     Checking solana-loader-v4-interface v2.2.1
[INFO] [stderr]     Checking solana-loader-v2-interface v2.2.1
[INFO] [stderr]     Checking solana-stable-layout v2.2.1
[INFO] [stderr]     Checking solana-blake3-hasher v2.2.1
[INFO] [stderr]     Checking solana-secp256k1-recover v2.2.1
[INFO] [stderr]     Checking solana-big-mod-exp v2.2.1
[INFO] [stderr]    Compiling solana-version v2.3.7
[INFO] [stderr]    Compiling percent-encoding v2.3.1
[INFO] [stderr]    Compiling utf8_iter v1.0.4
[INFO] [stderr]    Compiling unicase v2.8.1
[INFO] [stderr]    Compiling prost v0.14.1
[INFO] [stderr]    Compiling form_urlencoded v1.2.1
[INFO] [stderr]     Checking solana-program v2.3.0
[INFO] [stderr]     Checking time v0.3.41
[INFO] [stderr]     Checking spl-tlv-account-resolution v0.10.0
[INFO] [stderr]     Checking spl-token-confidential-transfer-proof-extraction v0.3.0
[INFO] [stderr]    Compiling serde_with_macros v3.14.0
[INFO] [stderr]    Compiling fixedbitset v0.5.7
[INFO] [stderr]     Checking spl-elgamal-registry v0.2.0
[INFO] [stderr]     Checking spl-transfer-hook-interface v0.10.0
[INFO] [stderr]    Compiling prost-types v0.14.1
[INFO] [stderr]    Compiling petgraph v0.7.1
[INFO] [stderr]     Checking serde_with v3.14.0
[INFO] [stderr]    Compiling pulldown-cmark-to-cmark v21.0.0
[INFO] [stderr]     Checking spl-token-confidential-transfer-ciphertext-arithmetic v0.3.0
[INFO] [stderr]     Checking spl-token-metadata-interface v0.7.0
[INFO] [stderr]     Checking spl-token v8.0.0
[INFO] [stderr]     Checking spl-token-group-interface v0.6.0
[INFO] [stderr]     Checking spl-token-confidential-transfer-proof-generation v0.4.0
[INFO] [stderr]     Checking spl-memo v6.0.0
[INFO] [stderr]    Compiling toml v0.8.23
[INFO] [stderr]    Compiling cfg_eval v0.1.2
[INFO] [stderr]     Checking solana-security-txt v1.1.1
[INFO] [stderr]    Compiling multimap v0.10.1
[INFO] [stderr]     Checking spl-token-2022 v8.0.1
[INFO] [stderr]     Checking solana-rpc-client-types v2.3.7
[INFO] [stderr]     Checking solana-packet v2.2.1
[INFO] [stderr]    Compiling cargo-lock v10.1.0
[INFO] [stderr]     Checking tokio-stream v0.1.17
[INFO] [stderr]     Checking kaigan v0.2.6
[INFO] [stderr]    Compiling prost-build v0.14.1
[INFO] [stderr]     Checking raw-cpuid v11.5.0
[INFO] [stderr]     Checking solana-serde v2.2.1
[INFO] [stderr]     Checking safe_arch v0.7.4
[INFO] [stderr]     Checking itertools v0.10.5
[INFO] [stderr]     Checking socket2 v0.5.10
[INFO] [stderr]     Checking wide v0.7.33
[INFO] [stderr]    Compiling tonic-prost-build v0.14.1
[INFO] [stderr]     Checking quanta v0.12.6
[INFO] [stderr]     Checking solana-config-program-client v0.0.2
[INFO] [stderr]     Checking jsonrpc-core v18.0.0
[INFO] [stderr]     Checking Inflector v0.11.4
[INFO] [stderr]     Checking spl-associated-token-account-client v2.0.0
[INFO] [stderr]     Checking solana-epoch-info v2.2.1
[INFO] [stderr]    Compiling pin-project-internal v1.1.10
[INFO] [stderr]    Compiling ark-serialize-derive v0.4.2
[INFO] [stderr]     Checking ark-std v0.4.0
[INFO] [stderr]    Compiling quinn-udp v0.5.13
[INFO] [stderr]     Checking siphasher v1.0.1
[INFO] [stderr]     Checking tinyvec v1.9.0
[INFO] [stderr]     Checking axum-core v0.5.2
[INFO] [stderr]     Checking ark-serialize v0.4.2
[INFO] [stderr]     Checking solana-account-decoder v2.3.7
[INFO] [stderr]     Checking fastbloom v0.9.0
[INFO] [stderr]     Checking spl-associated-token-account v7.0.0
[INFO] [stderr]     Checking solana-quic-definitions v2.3.1
[INFO] [stderr]     Checking agave-reserved-account-keys v2.3.7
[INFO] [stderr]    Compiling ark-ff-asm v0.4.2
[INFO] [stderr]     Checking pin-project v1.1.10
[INFO] [stderr]    Compiling derivative v2.2.0
[INFO] [stderr]    Compiling quinn v0.11.8
[INFO] [stderr]     Checking rustc-hash v2.1.1
[INFO] [stderr]     Checking matchit v0.8.4
[INFO] [stderr]    Compiling ark-ff-macros v0.4.2
[INFO] [stderr]     Checking humantime v2.2.0
[INFO] [stderr]    Compiling signal-hook v0.3.18
[INFO] [stderr]     Checking lru-slab v0.1.2
[INFO] [stderr]     Checking hyper-timeout v0.5.2
[INFO] [stderr]     Checking solana-transaction-status v2.3.7
[INFO] [stderr]     Checking atty v0.2.14
[INFO] [stderr]     Checking termcolor v1.4.1
[INFO] [stderr]     Checking solana-client-traits v2.2.1
[INFO] [stderr]     Checking solana-hard-forks v2.2.1
[INFO] [stderr]     Checking metrics v0.24.2
[INFO] [stderr]     Checking env_logger v0.9.3
[INFO] [stderr]     Checking solana-shred-version v2.2.1
[INFO] [stderr]     Checking rayon-core v1.12.1
[INFO] [stderr]     Checking solana-logger v2.3.1
[INFO] [stderr]     Checking solana-poh-config v2.2.1
[INFO] [stderr]     Checking memmap2 v0.5.10
[INFO] [stderr]     Checking chrono v0.4.41
[INFO] [stderr]     Checking rayon v1.10.0
[INFO] [stderr]     Checking axum v0.8.4
[INFO] [stderr]     Checking ark-ff v0.4.2
[INFO] [stderr]     Checking agave-geyser-plugin-interface v2.3.7
[INFO] [stderr]    Compiling derive_builder_core v0.20.2
[INFO] [stderr]     Checking solana-define-syscall v2.3.0
[INFO] [stderr]     Checking siphasher v0.3.11
[INFO] [stderr]     Checking solana-epoch-rewards-hasher v2.2.1
[INFO] [stderr]     Checking solana-genesis-config v2.3.0
[INFO] [stderr]     Checking solana-offchain-message v2.2.1
[INFO] [stderr]     Checking solana-rent-collector v2.2.1
[INFO] [stderr]     Checking yasna v0.5.2
[INFO] [stderr]     Checking solana-fee-structure v2.3.0
[INFO] [stderr]     Checking solana-system-transaction v2.2.1
[INFO] [stderr]     Checking solana-nonce-account v2.2.1
[INFO] [stderr]     Checking solana-reserved-account-keys v2.2.2
[INFO] [stderr]     Checking solana-presigner v2.2.1
[INFO] [stderr]     Checking solana-compute-budget-interface v2.2.2
[INFO] [stderr]     Checking solana-rent-debits v2.2.1
[INFO] [stderr]    Compiling vergen-lib v0.1.6
[INFO] [stderr]     Checking errno v0.3.13
[INFO] [stderr]     Checking pem v3.0.5
[INFO] [stderr]    Compiling derive_builder_macro v0.20.2
[INFO] [stderr]     Checking solana-validator-exit v2.2.1
[INFO] [stderr]    Compiling powerfmt v0.2.0
[INFO] [stderr]     Checking rcgen v0.13.2
[INFO] [stderr]    Compiling derive_builder v0.20.2
[INFO] [stderr]     Checking affinity-linux v1.0.1
[INFO] [stderr]     Checking richat-metrics v1.0.1 (/opt/rustwide/workdir/metrics)
[INFO] [stderr]     Checking humantime-serde v1.1.1
[INFO] [stderr]     Checking jsonrpsee-types v0.24.9
[INFO] [stderr]     Checking rustls-pemfile v2.2.0
[INFO] [stderr]    Compiling vergen v9.0.6
[INFO] [stderr]     Checking hostname v0.4.1
[INFO] [stderr]    Compiling itoa v1.0.15
[INFO] [stderr]    Compiling num_threads v0.1.7
[INFO] [stderr]     Checking anstyle-parse v0.2.7
[INFO] [stderr]    Compiling git-version-macro v0.3.9
[INFO] [stderr]     Checking anstyle v1.0.11
[INFO] [stderr]     Checking colorchoice v1.0.4
[INFO] [stderr]     Checking anstyle-query v1.1.4
[INFO] [stderr]     Checking is_terminal_polyfill v1.70.1
[INFO] [stderr]     Checking sha1 v0.10.6
[INFO] [stderr]     Checking anstream v0.6.20
[INFO] [stderr]    Compiling portable-atomic v1.11.1
[INFO] [stderr]    Compiling git-version v0.3.9
[INFO] [stderr]     Checking data-encoding v2.9.0
[INFO] [stderr]     Checking crossbeam-channel v0.5.15
[INFO] [stderr]     Checking num_cpus v1.17.0
[INFO] [stderr]     Checking clap_lex v0.7.5
[INFO] [stderr]     Checking nom v7.1.3
[INFO] [stderr]    Compiling synstructure v0.12.6
[INFO] [stderr]     Checking clap_builder v4.5.43
[INFO] [stderr]    Compiling clap_derive v4.5.41
[INFO] [stderr]     Checking rand_xoshiro v0.7.0
[INFO] [stderr]     Checking gethostname v0.2.3
[INFO] [stderr]    Compiling nix v0.30.1
[INFO] [stderr]     Checking sketches-ddsketch v0.3.0
[INFO] [stderr]     Checking metrics-util v0.19.1
[INFO] [stderr]    Compiling asn1-rs-derive v0.4.0
[INFO] [stderr]    Compiling asn1-rs-impl v0.1.0
[INFO] [stderr]     Checking rusticata-macros v4.1.0
[INFO] [stderr]    Compiling num-bigint v0.2.6
[INFO] [stderr]    Compiling glob v0.3.2
[INFO] [stderr]     Checking asn1-rs v0.5.2
[INFO] [stderr]     Checking metrics-exporter-prometheus v0.16.2
[INFO] [stderr]    Compiling clang-sys v1.8.1
[INFO] [stderr]     Checking rustls-webpki v0.101.7
[INFO] [stderr]     Checking concurrent-queue v2.5.0
[INFO] [stderr]    Compiling num-complex v0.2.4
[INFO] [stderr]     Checking ark-poly v0.4.2
[INFO] [stderr]     Checking clap v4.5.43
[INFO] [stderr]    Compiling num-rational v0.2.4
[INFO] [stderr]    Compiling rustls v0.21.12
[INFO] [stderr]    Compiling oid-registry v0.6.1
[INFO] [stderr]    Compiling richat-client v5.0.0 (/opt/rustwide/workdir/client)
[INFO] [stderr]     Checking sct v0.7.1
[INFO] [stderr]     Checking ark-ec v0.4.2
[INFO] [stderr]    Compiling dlopen2_derive v0.3.0
[INFO] [stderr]    Compiling tikv-jemalloc-sys v0.6.0+5.3.0-1-ge13ca993e8ccb9ba9847cc330696e02839f328f7
[INFO] [stderr]    Compiling solana-perf v2.3.7
[INFO] [stderr]     Checking solana-measure v2.3.7
[INFO] [stderr]     Checking unicode-width v0.2.1
[INFO] [stderr]     Checking console v0.15.11
[INFO] [stderr]     Checking dlopen2 v0.5.0
[INFO] [stderr]     Checking der-parser v8.2.0
[INFO] [stderr]    Compiling prost-derive v0.11.9
[INFO] [stderr]     Checking ark-bn254 v0.4.0
[INFO] [stderr]     Checking solana-rayon-threadlimit v2.3.7
[INFO] [stderr]     Checking caps v0.5.5
[INFO] [stderr]     Checking solana-bn254 v2.2.2
[INFO] [stderr]     Checking num-iter v0.1.45
[INFO] [stderr]    Compiling libloading v0.8.8
[INFO] [stderr]     Checking solana-sdk v2.3.1
[INFO] [stderr]    Compiling bindgen v0.72.0
[INFO] [stderr]    Compiling rustix v0.38.44
[INFO] [stderr]     Checking number_prefix v0.4.0
[INFO] [stderr]     Checking hashbrown v0.14.5
[INFO] [stderr]     Checking indicatif v0.17.11
[INFO] [stderr]    Compiling cexpr v0.6.0
[INFO] [stderr]     Checking num v0.2.1
[INFO] [stderr]     Checking x509-parser v0.14.0
[INFO] [stderr]     Checking solana-net-utils v2.3.7
[INFO] [stderr]     Checking dashmap v5.5.3
[INFO] [stderr]     Checking webpki-roots v0.24.0
[INFO] [stderr]    Compiling richat-plugin-agave v5.0.0 (/opt/rustwide/workdir/plugin-agave)
[INFO] [stderr]     Checking http v0.2.12
[INFO] [stderr]    Compiling libz-sys v1.1.22
[INFO] [stderr]    Compiling lz4-sys v1.11.1+lz4-1.10.0
[INFO] [stderr]    Compiling bzip2-sys v0.1.13+1.0.8
[INFO] [stderr]     Checking spinning_top v0.3.0
[INFO] [stderr]     Checking no-std-compat v0.4.1
[INFO] [stderr]    Compiling ucd-trie v0.1.7
[INFO] [stderr]     Checking nonzero_ext v0.3.0
[INFO] [stderr]     Checking futures-timer v3.0.3
[INFO] [stderr]     Checking event-listener v2.5.3
[INFO] [stderr]    Compiling linux-raw-sys v0.4.15
[INFO] [stderr]    Compiling prettyplease v0.1.25
[INFO] [stderr]     Checking async-channel v1.9.0
[INFO] [stderr]     Checking event-listener v5.4.1
[INFO] [stderr]     Checking governor v0.6.3
[INFO] [stderr]     Checking serde_yaml v0.9.34+deprecated
[INFO] [stderr]     Checking tungstenite v0.20.1
[INFO] [stderr] error: could not compile `clang-sys` (lib)
[INFO] [stderr] 
[INFO] [stderr] Caused by:
[INFO] [stderr]   process didn't exit successfully: `/opt/rustwide/rustup-home/toolchains/c999cef531ea9059e189e82fe0e82c5daf249bc9/bin/rustc --crate-name clang_sys --edition=2021 /opt/rustwide/cargo-home/registry/src/index.crates.io-1949cf8c6b5b557f/clang-sys-1.8.1/src/lib.rs --error-format=json --json=diagnostic-rendered-ansi,artifacts,future-incompat,unused-externs-silent --crate-type lib --emit=dep-info,metadata,link -Z embed-metadata=no -C embed-bitcode=no --cfg 'feature="clang_10_0"' --cfg 'feature="clang_11_0"' --cfg 'feature="clang_3_5"' --cfg 'feature="clang_3_6"' --cfg 'feature="clang_3_7"' --cfg 'feature="clang_3_8"' --cfg 'feature="clang_3_9"' --cfg 'feature="clang_4_0"' --cfg 'feature="clang_5_0"' --cfg 'feature="clang_6_0"' --cfg 'feature="clang_7_0"' --cfg 'feature="clang_8_0"' --cfg 'feature="clang_9_0"' --cfg 'feature="libloading"' --cfg 'feature="runtime"' --check-cfg 'cfg(docsrs,test)' --check-cfg 'cfg(feature, values("clang_10_0", "clang_11_0", "clang_12_0", "clang_13_0", "clang_14_0", "clang_15_0", "clang_16_0", "clang_17_0", "clang_18_0", "clang_3_5", "clang_3_6", "clang_3_7", "clang_3_8", "clang_3_9", "clang_4_0", "clang_5_0", "clang_6_0", "clang_7_0", "clang_8_0", "clang_9_0", "libcpp", "libloading", "runtime", "static"))' -C metadata=a0022b24a268051d -C extra-filename=-1784b128605384e8 --out-dir /opt/rustwide/target/debug/build/clang-sys/1784b128605384e8/out -L dependency=/opt/rustwide/target/debug/build/cfg-if/0cd556e75694e1fa/out --extern glob=/opt/rustwide/target/debug/build/glob/5e8f20fa4f3f4282/out/libglob-5e8f20fa4f3f4282.rmeta --extern libc=/opt/rustwide/target/debug/build/libc/95da849184194a4f/out/liblibc-95da849184194a4f.rmeta --extern libloading=/opt/rustwide/target/debug/build/libloading/f151274364ea8ef8/out/liblibloading-f151274364ea8ef8.rmeta --cap-lints allow --cap-lints=forbid --force-warn=unused_crate_dependencies` (signal: 9, SIGKILL: kill)
[INFO] [stderr] warning: build failed, waiting for other jobs to finish...
[INFO] [stderr] error: failed to run custom build command for `protobuf-src v1.1.0+21.5`
[INFO] [stderr] note: To improve backtraces for build dependencies, set the CARGO_PROFILE_DEV_BUILD_OVERRIDE_DEBUG=true environment variable to enable debug information generation.
[INFO] [stderr] 
[INFO] [stderr] Caused by:
[INFO] [stderr]   process didn't exit successfully: `/opt/rustwide/target/debug/build/protobuf-src/c24216e454ebd2a8/out/build_script_build` (exit status: 101)
[INFO] [stderr]   --- stdout
[INFO] [stderr]   running: cd "/opt/rustwide/target/debug/build/protobuf-src/aba3bfe9d737fdf5/out/install/build" && CC="cc" CFLAGS="-O0 -ffunction-sections -fdata-sections -fPIC -m64" CXX="c++" CXXFLAGS="-O0 -ffunction-sections -fdata-sections -fPIC -m64" LC_ALL="C" "sh" "-c" "exec \"$0\" \"$@\"" "/opt/rustwide/cargo-home/registry/src/index.crates.io-1949cf8c6b5b557f/protobuf-src-1.1.0+21.5/protobuf/configure" "--prefix=/opt/rustwide/target/debug/build/protobuf-src/aba3bfe9d737fdf5/out/install" "--disable-shared" "--enable-static" "--disable-maintainer-mode"
[INFO] [stderr]   checking whether to enable maintainer-specific portions of Makefiles... no
[INFO] [stderr]   checking build system type... x86_64-pc-linux-gnu
[INFO] [stderr]   checking host system type... x86_64-pc-linux-gnu
[INFO] [stderr]   checking target system type... x86_64-pc-linux-gnu
[INFO] [stderr]   checking for a BSD-compatible install... /usr/bin/install -c
[INFO] [stderr]   checking whether build environment is sane... yes
[INFO] [stderr]   checking for a race-free mkdir -p... /usr/bin/mkdir -p
[INFO] [stderr]   checking for gawk... no
[INFO] [stderr]   checking for mawk... mawk
[INFO] [stderr]   checking whether make sets $(MAKE)... yes
[INFO] [stderr]   checking whether make supports nested variables... yes
[INFO] [stderr]   checking whether UID '0' is supported by ustar format... yes
[INFO] [stderr]   checking whether GID '0' is supported by ustar format... yes
[INFO] [stderr]   checking how to create a ustar tar archive... gnutar
[INFO] [stderr]   checking whether make supports nested variables... (cached) yes
[INFO] [stderr]   checking for gcc... cc
[INFO] [stderr]   checking whether the C compiler works... yes
[INFO] [stderr]   checking for C compiler default output file name... a.out
[INFO] [stderr]   checking for suffix of executables... 
[INFO] [stderr]   checking whether we are cross compiling... no
[INFO] [stderr]   checking for suffix of object files... o
[INFO] [stderr]   checking whether the compiler supports GNU C... yes
[INFO] [stderr]   checking whether cc accepts -g... yes
[INFO] [stderr]   checking for cc option to enable C11 features... none needed
[INFO] [stderr]   checking whether cc understands -c and -o together... yes
[INFO] [stderr]   checking whether make supports the include directive... yes (GNU style)
[INFO] [stderr]   checking dependency style of cc... gcc3
[INFO] [stderr]   checking whether the compiler supports GNU C++... yes
[INFO] [stderr]   checking whether c++ accepts -g... yes
[INFO] [stderr]   checking for c++ option to enable C++11 features... none needed
[INFO] [stderr]   checking dependency style of c++... gcc3
[INFO] [stderr]   checking how to run the C preprocessor... cc -E
[INFO] [stderr]   checking for gcc... gcc
[INFO] [stderr]   checking whether the compiler supports GNU C... (cached) yes
[INFO] [stderr]   checking whether gcc accepts -g... yes
[INFO] [stderr]   checking for gcc option to enable C11 features... (cached) none needed
[INFO] [stderr]   checking whether gcc understands -c and -o together... (cached) yes
[INFO] [stderr]   checking dependency style of gcc... (cached) gcc3
[INFO] [stderr]   checking how to run the C preprocessor... gcc -E
[INFO] [stderr]   checking how to run the C++ preprocessor... c++ -E
[INFO] [stderr]   checking for g++... g++
[INFO] [stderr]   checking whether the compiler supports GNU C++... (cached) yes
[INFO] [stderr]   checking whether g++ accepts -g... yes
[INFO] [stderr]   checking for g++ option to enable C++11 features... (cached) none needed
[INFO] [stderr]   checking dependency style of g++... (cached) gcc3
[INFO] [stderr]   checking how to run the C++ preprocessor... g++ -E
[INFO] [stderr]   checking for stdio.h... yes
[INFO] [stderr]   checking for stdlib.h... yes
[INFO] [stderr]   checking for string.h... yes
[INFO] [stderr]   checking for inttypes.h... yes
[INFO] [stderr]   checking for stdint.h... yes
[INFO] [stderr]   checking for strings.h... yes
[INFO] [stderr]   checking for sys/stat.h... yes
[INFO] [stderr]   checking for sys/types.h... yes
[INFO] [stderr]   checking for unistd.h... yes
[INFO] [stderr]   checking for wchar.h... yes
[INFO] [stderr]   checking for minix/config.h... no
[INFO] [stderr]   checking whether it is safe to define __EXTENSIONS__... yes
[INFO] [stderr]   checking whether _XOPEN_SOURCE should be defined... no
[INFO] [stderr]   checking for ar... ar
[INFO] [stderr]   checking the archiver (ar) interface... ar
[INFO] [stderr]   checking C++ compiler flags...... use user-supplied: -O0 -ffunction-sections -fdata-sections -fPIC -m64
[INFO] [stderr]   checking for c++ options needed to detect all undeclared functions... none needed
[INFO] [stderr]   checking whether __SUNPRO_CC is declared... no
[INFO] [stderr]   checking how to print strings... printf
[INFO] [stderr]   checking for a sed that does not truncate output... /usr/bin/sed
[INFO] [stderr]   checking for grep that handles long lines and -e... /usr/bin/grep
[INFO] [stderr]   checking for egrep... /usr/bin/grep -E
[INFO] [stderr]   checking for fgrep... /usr/bin/grep -F
[INFO] [stderr]   checking for ld used by cc... /usr/bin/x86_64-linux-gnu-ld
[INFO] [stderr]   checking if the linker (/usr/bin/x86_64-linux-gnu-ld) is GNU ld... yes
[INFO] [stderr]   checking for BSD- or MS-compatible name lister (nm)... /usr/bin/nm -B
[INFO] [stderr]   checking the name lister (/usr/bin/nm -B) interface... BSD nm
[INFO] [stderr]   checking whether ln -s works... yes
[INFO] [stderr]   checking the maximum length of command line arguments... 1572864
[INFO] [stderr]   checking how to convert x86_64-pc-linux-gnu file names to x86_64-pc-linux-gnu format... func_convert_file_noop
[INFO] [stderr]   checking how to convert x86_64-pc-linux-gnu file names to toolchain format... func_convert_file_noop
[INFO] [stderr]   checking for /usr/bin/x86_64-linux-gnu-ld option to reload object files... -r
[INFO] [stderr]   checking for file... file
[INFO] [stderr]   checking for objdump... objdump
[INFO] [stderr]   checking how to recognize dependent libraries... pass_all
[INFO] [stderr]   checking for dlltool... no
[INFO] [stderr]   checking how to associate runtime and link libraries... printf %s\n
[INFO] [stderr]   checking for archiver @FILE support... @
[INFO] [stderr]   checking for strip... strip
[INFO] [stderr]   checking for ranlib... ranlib
[INFO] [stderr]   checking command to parse /usr/bin/nm -B output from cc object... ok
[INFO] [stderr]   checking for sysroot... no
[INFO] [stderr]   checking for a working dd... /usr/bin/dd
[INFO] [stderr]   checking how to truncate binary pipes... /usr/bin/dd bs=4096 count=1
[INFO] [stderr]   checking for mt... no
[INFO] [stderr]   checking if : is a manifest tool... no
[INFO] [stderr]   checking for dlfcn.h... yes
[INFO] [stderr]   checking for objdir... .libs
[INFO] [stderr]   checking if cc supports -fno-rtti -fno-exceptions... no
[INFO] [stderr]   checking for cc option to produce PIC... -fPIC -DPIC
[INFO] [stderr]   checking if cc PIC flag -fPIC -DPIC works... yes
[INFO] [stderr]   checking if cc static flag -static works... yes
[INFO] [stderr]   checking if cc supports -c -o file.o... yes
[INFO] [stderr]   checking if cc supports -c -o file.o... (cached) yes
[INFO] [stderr]   checking whether the cc linker (/usr/bin/x86_64-linux-gnu-ld -m elf_x86_64) supports shared libraries... yes
[INFO] [stderr]   checking dynamic linker characteristics... GNU/Linux ld.so
[INFO] [stderr]   checking how to hardcode library paths into programs... immediate
[INFO] [stderr]   checking whether stripping libraries is possible... yes
[INFO] [stderr]   checking if libtool supports shared libraries... yes
[INFO] [stderr]   checking whether to build shared libraries... no
[INFO] [stderr]   checking whether to build static libraries... yes
[INFO] [stderr]   checking how to run the C++ preprocessor... c++ -E
[INFO] [stderr]   checking for ld used by c++... /usr/bin/x86_64-linux-gnu-ld -m elf_x86_64
[INFO] [stderr]   checking if the linker (/usr/bin/x86_64-linux-gnu-ld -m elf_x86_64) is GNU ld... yes
[INFO] [stderr]   checking whether the c++ linker (/usr/bin/x86_64-linux-gnu-ld -m elf_x86_64) supports shared libraries... yes
[INFO] [stderr]   checking for c++ option to produce PIC... -fPIC -DPIC
[INFO] [stderr]   checking if c++ PIC flag -fPIC -DPIC works... yes
[INFO] [stderr]   checking if c++ static flag -static works... yes
[INFO] [stderr]   checking if c++ supports -c -o file.o... yes
[INFO] [stderr]   checking if c++ supports -c -o file.o... (cached) yes
[INFO] [stderr]   checking whether the c++ linker (/usr/bin/x86_64-linux-gnu-ld -m elf_x86_64) supports shared libraries... yes
[INFO] [stderr]   checking dynamic linker characteristics... (cached) GNU/Linux ld.so
[INFO] [stderr]   checking how to hardcode library paths into programs... immediate
[INFO] [stderr]   checking whether the linker supports version scripts... yes
[INFO] [stderr]   checking for egrep... (cached) /usr/bin/grep -E
[INFO] [stderr]   checking for fcntl.h... yes
[INFO] [stderr]   checking for inttypes.h... (cached) yes
[INFO] [stderr]   checking for limits.h... yes
[INFO] [stderr]   checking for stdlib.h... (cached) yes
[INFO] [stderr]   checking for unistd.h... (cached) yes
[INFO] [stderr]   checking for working memcmp... yes
[INFO] [stderr]   checking for working strtod... yes
[INFO] [stderr]   checking for ftruncate... yes
[INFO] [stderr]   checking for memset... yes
[INFO] [stderr]   checking for mkdir... yes
[INFO] [stderr]   checking for strchr... yes
[INFO] [stderr]   checking for strerror... yes
[INFO] [stderr]   checking for strtol... yes
[INFO] [stderr]   checking zlib version... ok (1.2.0.4 or later)
[INFO] [stderr]   checking for library containing zlibVersion... -lz
[INFO] [stderr]   checking whether c++ supports C++11 features by default... yes
[INFO] [stderr]   checking whether -latomic is needed... no
[INFO] [stderr]   checking whether cc is Clang... no
[INFO] [stderr]   checking whether pthreads work with "-pthread" and "-lpthread"... yes
[INFO] [stderr]   checking for joinable pthread attribute... PTHREAD_CREATE_JOINABLE
[INFO] [stderr]   checking whether more special flags are required for pthreads... no
[INFO] [stderr]   checking for PTHREAD_PRIO_INHERIT... yes
[INFO] [stderr]   checking the location of hash_map... <unordered_map>
[INFO] [stderr]   checking whether -llog is needed... no
[INFO] [stderr]   checking that generated files are newer than configure... done
[INFO] [stderr]   configure: creating ./config.status
[INFO] [stderr]   config.status: creating Makefile
[INFO] [stderr]   config.status: creating src/Makefile
[INFO] [stderr]   config.status: creating benchmarks/Makefile
[INFO] [stderr]   config.status: creating conformance/Makefile
[INFO] [stderr]   config.status: creating protobuf.pc
[INFO] [stderr]   config.status: creating protobuf-lite.pc
[INFO] [stderr]   config.status: creating config.h
[INFO] [stderr]   config.status: executing depfiles commands
[INFO] [stderr]   config.status: executing libtool commands
[INFO] [stderr]   === configuring in third_party/googletest (/opt/rustwide/target/debug/build/protobuf-src/aba3bfe9d737fdf5/out/install/build/third_party/googletest)
[INFO] [stderr]   configure: running /bin/bash /opt/rustwide/cargo-home/registry/src/index.crates.io-1949cf8c6b5b557f/protobuf-src-1.1.0+21.5/protobuf/third_party/googletest/configure --disable-option-checking '--prefix=/opt/rustwide/target/debug/build/protobuf-src/aba3bfe9d737fdf5/out/install'  '--disable-shared' '--enable-static' '--disable-maintainer-mode' 'CC=cc' 'CFLAGS=-O0 -ffunction-sections -fdata-sections -fPIC -m64' 'CXX=c++' 'CXXFLAGS=-O0 -ffunction-sections -fdata-sections -fPIC -m64' --cache-file=/dev/null --srcdir=/opt/rustwide/cargo-home/registry/src/index.crates.io-1949cf8c6b5b557f/protobuf-src-1.1.0+21.5/protobuf/third_party/googletest
[INFO] [stderr]   checking for a BSD-compatible install... /usr/bin/install -c
[INFO] [stderr]   checking whether build environment is sane... yes
[INFO] [stderr]   checking for a race-free mkdir -p... /usr/bin/mkdir -p
[INFO] [stderr]   checking for gawk... no
[INFO] [stderr]   checking for mawk... mawk
[INFO] [stderr]   checking whether make sets $(MAKE)... yes
[INFO] [stderr]   checking whether make supports nested variables... yes
[INFO] [stderr]   checking that generated files are newer than configure... done
[INFO] [stderr]   configure: creating ./config.status
[INFO] [stderr]   config.status: creating Makefile
[INFO] [stderr]   === configuring in googletest (/opt/rustwide/target/debug/build/protobuf-src/aba3bfe9d737fdf5/out/install/build/third_party/googletest/googletest)
[INFO] [stderr]   configure: running /bin/bash /opt/rustwide/cargo-home/registry/src/index.crates.io-1949cf8c6b5b557f/protobuf-src-1.1.0+21.5/protobuf/third_party/googletest/googletest/configure --disable-option-checking '--prefix=/opt/rustwide/target/debug/build/protobuf-src/aba3bfe9d737fdf5/out/install'  '--disable-shared' '--enable-static' '--disable-maintainer-mode' 'CC=cc' 'CFLAGS=-O0 -ffunction-sections -fdata-sections -fPIC -m64' 'CXX=c++' 'CXXFLAGS=-O0 -ffunction-sections -fdata-sections -fPIC -m64' --cache-file=/dev/null --srcdir=/opt/rustwide/cargo-home/registry/src/index.crates.io-1949cf8c6b5b557f/protobuf-src-1.1.0+21.5/protobuf/third_party/googletest/googletest
[INFO] [stderr]   checking for a BSD-compatible install... /usr/bin/install -c
[INFO] [stderr]   checking whether build environment is sane... yes
[INFO] [stderr]   checking for a race-free mkdir -p... /usr/bin/mkdir -p
[INFO] [stderr]   checking for gawk... no
[INFO] [stderr]   checking for mawk... mawk
[INFO] [stderr]   checking whether make sets $(MAKE)... yes
[INFO] [stderr]   checking whether make supports nested variables... yes
[INFO] [stderr]   checking for gcc... cc
[INFO] [stderr]   checking whether the C compiler works... yes
[INFO] [stderr]   checking for C compiler default output file name... a.out
[INFO] [stderr]   checking for suffix of executables... 
[INFO] [stderr]   checking whether we are cross compiling... no
[INFO] [stderr]   checking for suffix of object files... o
[INFO] [stderr]   checking whether the compiler supports GNU C... yes
[INFO] [stderr]   checking whether cc accepts -g... yes
[INFO] [stderr]   checking for cc option to enable C11 features... none needed
[INFO] [stderr]   checking whether cc understands -c and -o together... yes
[INFO] [stderr]   checking whether make supports the include directive... yes (GNU style)
[INFO] [stderr]   checking dependency style of cc... gcc3
[INFO] [stderr]   checking whether the compiler supports GNU C++... yes
[INFO] [stderr]   checking whether c++ accepts -g... yes
[INFO] [stderr]   checking for c++ option to enable C++11 features... none needed
[INFO] [stderr]   checking dependency style of c++... gcc3
[INFO] [stderr]   checking build system type... x86_64-pc-linux-gnu
[INFO] [stderr]   checking host system type... x86_64-pc-linux-gnu
[INFO] [stderr]   checking how to print strings... printf
[INFO] [stderr]   checking for a sed that does not truncate output... /usr/bin/sed
[INFO] [stderr]   checking for grep that handles long lines and -e... /usr/bin/grep
[INFO] [stderr]   checking for egrep... /usr/bin/grep -E
[INFO] [stderr]   checking for fgrep... /usr/bin/grep -F
[INFO] [stderr]   checking for ld used by cc... /usr/bin/x86_64-linux-gnu-ld
[INFO] [stderr]   checking if the linker (/usr/bin/x86_64-linux-gnu-ld) is GNU ld... yes
[INFO] [stderr]   checking for BSD- or MS-compatible name lister (nm)... /usr/bin/nm -B
[INFO] [stderr]   checking the name lister (/usr/bin/nm -B) interface... BSD nm
[INFO] [stderr]   checking whether ln -s works... yes
[INFO] [stderr]   checking the maximum length of command line arguments... 1572864
[INFO] [stderr]   checking how to convert x86_64-pc-linux-gnu file names to x86_64-pc-linux-gnu format... func_convert_file_noop
[INFO] [stderr]   checking how to convert x86_64-pc-linux-gnu file names to toolchain format... func_convert_file_noop
[INFO] [stderr]   checking for /usr/bin/x86_64-linux-gnu-ld option to reload object files... -r
[INFO] [stderr]   checking for file... file
[INFO] [stderr]   checking for objdump... objdump
[INFO] [stderr]   checking how to recognize dependent libraries... pass_all
[INFO] [stderr]   checking for dlltool... no
[INFO] [stderr]   checking how to associate runtime and link libraries... printf %s\n
[INFO] [stderr]   checking for ar... ar
[INFO] [stderr]   checking for archiver @FILE support... @
[INFO] [stderr]   checking for strip... strip
[INFO] [stderr]   checking for ranlib... ranlib
[INFO] [stderr]   checking command to parse /usr/bin/nm -B output from cc object... ok
[INFO] [stderr]   checking for sysroot... no
[INFO] [stderr]   checking for a working dd... /usr/bin/dd
[INFO] [stderr]   checking how to truncate binary pipes... /usr/bin/dd bs=4096 count=1
[INFO] [stderr]   checking for mt... no
[INFO] [stderr]   checking if : is a manifest tool... no
[INFO] [stderr]   checking for stdio.h... yes
[INFO] [stderr]   checking for stdlib.h... yes
[INFO] [stderr]   checking for string.h... yes
[INFO] [stderr]   checking for inttypes.h... yes
[INFO] [stderr]   checking for stdint.h... yes
[INFO] [stderr]   checking for strings.h... yes
[INFO] [stderr]   checking for sys/stat.h... yes
[INFO] [stderr]   checking for sys/types.h... yes
[INFO] [stderr]   checking for unistd.h... yes
[INFO] [stderr]   checking for dlfcn.h... yes
[INFO] [stderr]   checking for objdir... .libs
[INFO] [stderr]   checking if cc supports -fno-rtti -fno-exceptions... no
[INFO] [stderr]   checking for cc option to produce PIC... -fPIC -DPIC
[INFO] [stderr]   checking if cc PIC flag -fPIC -DPIC works... yes
[INFO] [stderr]   checking if cc static flag -static works... yes
[INFO] [stderr]   checking if cc supports -c -o file.o... yes
[INFO] [stderr]   checking if cc supports -c -o file.o... (cached) yes
[INFO] [stderr]   checking whether the cc linker (/usr/bin/x86_64-linux-gnu-ld -m elf_x86_64) supports shared libraries... yes
[INFO] [stderr]   checking dynamic linker characteristics... GNU/Linux ld.so
[INFO] [stderr]   checking how to hardcode library paths into programs... immediate
[INFO] [stderr]   checking whether stripping libraries is possible... yes
[INFO] [stderr]   checking if libtool supports shared libraries... yes
[INFO] [stderr]   checking whether to build shared libraries... no
[INFO] [stderr]   checking whether to build static libraries... yes
[INFO] [stderr]   checking how to run the C++ preprocessor... c++ -E
[INFO] [stderr]   checking for ld used by c++... /usr/bin/x86_64-linux-gnu-ld -m elf_x86_64
[INFO] [stderr]   checking if the linker (/usr/bin/x86_64-linux-gnu-ld -m elf_x86_64) is GNU ld... yes
[INFO] [stderr]   checking whether the c++ linker (/usr/bin/x86_64-linux-gnu-ld -m elf_x86_64) supports shared libraries... yes
[INFO] [stderr]   checking for c++ option to produce PIC... -fPIC -DPIC
[INFO] [stderr]   checking if c++ PIC flag -fPIC -DPIC works... yes
[INFO] [stderr]   checking if c++ static flag -static works... yes
[INFO] [stderr]   checking if c++ supports -c -o file.o... yes
[INFO] [stderr]   checking if c++ supports -c -o file.o... (cached) yes
[INFO] [stderr]   checking whether the c++ linker (/usr/bin/x86_64-linux-gnu-ld -m elf_x86_64) supports shared libraries... yes
[INFO] [stderr]   checking dynamic linker characteristics... (cached) GNU/Linux ld.so
[INFO] [stderr]   checking how to hardcode library paths into programs... immediate
[INFO] [stderr]   checking for python... :
[INFO] [stderr]   checking for the pthreads library -lpthreads... no
[INFO] [stderr]   checking whether pthreads work without any flags... yes
[INFO] [stderr]   checking for joinable pthread attribute... PTHREAD_CREATE_JOINABLE
[INFO] [stderr]   checking if more special flags are required for pthreads... no
[INFO] [stderr]   checking whether to check for GCC pthread/shared inconsistencies... yes
[INFO] [stderr]   checking whether -pthread is sufficient with -shared... yes
[INFO] [stderr]   checking that generated files are newer than configure... done
[INFO] [stderr]   configure: creating ./config.status
[INFO] [stderr]   config.status: creating Makefile
[INFO] [stderr]   config.status: creating scripts/gtest-config
[INFO] [stderr]   config.status: creating build-aux/config.h
[INFO] [stderr]   config.status: executing depfiles commands
[INFO] [stderr]   config.status: executing libtool commands
[INFO] [stderr]   === configuring in googlemock (/opt/rustwide/target/debug/build/protobuf-src/aba3bfe9d737fdf5/out/install/build/third_party/googletest/googlemock)
[INFO] [stderr]   configure: running /bin/bash /opt/rustwide/cargo-home/registry/src/index.crates.io-1949cf8c6b5b557f/protobuf-src-1.1.0+21.5/protobuf/third_party/googletest/googlemock/configure --disable-option-checking '--prefix=/opt/rustwide/target/debug/build/protobuf-src/aba3bfe9d737fdf5/out/install'  '--disable-shared' '--enable-static' '--disable-maintainer-mode' 'CC=cc' 'CFLAGS=-O0 -ffunction-sections -fdata-sections -fPIC -m64' 'CXX=c++' 'CXXFLAGS=-O0 -ffunction-sections -fdata-sections -fPIC -m64' --cache-file=/dev/null --srcdir=/opt/rustwide/cargo-home/registry/src/index.crates.io-1949cf8c6b5b557f/protobuf-src-1.1.0+21.5/protobuf/third_party/googletest/googlemock
[INFO] [stderr]   checking for a BSD-compatible install... /usr/bin/install -c
[INFO] [stderr]   checking whether build environment is sane... yes
[INFO] [stderr]   checking for a race-free mkdir -p... /usr/bin/mkdir -p
[INFO] [stderr]   checking for gawk... no
[INFO] [stderr]   checking for mawk... mawk
[INFO] [stderr]   checking whether make sets $(MAKE)... yes
[INFO] [stderr]   checking whether make supports nested variables... yes
[INFO] [stderr]   checking for gcc... cc
[INFO] [stderr]   checking whether the C compiler works... yes
[INFO] [stderr]   checking for C compiler default output file name... a.out
[INFO] [stderr]   checking for suffix of executables... 
[INFO] [stderr]   checking whether we are cross compiling... no
[INFO] [stderr]   checking for suffix of object files... o
[INFO] [stderr]   checking whether the compiler supports GNU C... yes
[INFO] [stderr]   checking whether cc accepts -g... yes
[INFO] [stderr]   checking for cc option to enable C11 features... none needed
[INFO] [stderr]   checking whether cc understands -c and -o together... yes
[INFO] [stderr]   checking whether make supports the include directive... yes (GNU style)
[INFO] [stderr]   checking dependency style of cc... gcc3
[INFO] [stderr]   checking whether the compiler supports GNU C++... yes
[INFO] [stderr]   checking whether c++ accepts -g... yes
[INFO] [stderr]   checking for c++ option to enable C++11 features... none needed
[INFO] [stderr]   checking dependency style of c++... gcc3
[INFO] [stderr]   checking build system type... x86_64-pc-linux-gnu
[INFO] [stderr]   checking host system type... x86_64-pc-linux-gnu
[INFO] [stderr]   checking how to print strings... printf
[INFO] [stderr]   checking for a sed that does not truncate output... /usr/bin/sed
[INFO] [stderr]   checking for grep that handles long lines and -e... /usr/bin/grep
[INFO] [stderr]   checking for egrep... /usr/bin/grep -E
[INFO] [stderr]   checking for fgrep... /usr/bin/grep -F
[INFO] [stderr]   checking for ld used by cc... /usr/bin/x86_64-linux-gnu-ld
[INFO] [stderr]   checking if the linker (/usr/bin/x86_64-linux-gnu-ld) is GNU ld... yes
[INFO] [stderr]   checking for BSD- or MS-compatible name lister (nm)... /usr/bin/nm -B
[INFO] [stderr]   checking the name lister (/usr/bin/nm -B) interface... BSD nm
[INFO] [stderr]   checking whether ln -s works... yes
[INFO] [stderr]   checking the maximum length of command line arguments... 1572864
[INFO] [stderr]   checking how to convert x86_64-pc-linux-gnu file names to x86_64-pc-linux-gnu format... func_convert_file_noop
[INFO] [stderr]   checking how to convert x86_64-pc-linux-gnu file names to toolchain format... func_convert_file_noop
[INFO] [stderr]   checking for /usr/bin/x86_64-linux-gnu-ld option to reload object files... -r
[INFO] [stderr]   checking for file... file
[INFO] [stderr]   checking for objdump... objdump
[INFO] [stderr]   checking how to recognize dependent libraries... pass_all
[INFO] [stderr]   checking for dlltool... no
[INFO] [stderr]   checking how to associate runtime and link libraries... printf %s\n
[INFO] [stderr]   checking for ar... ar
[INFO] [stderr]   checking for archiver @FILE support... @
[INFO] [stderr]   checking for strip... strip
[INFO] [stderr]   checking for ranlib... ranlib
[INFO] [stderr]   checking command to parse /usr/bin/nm -B output from cc object... ok
[INFO] [stderr]   checking for sysroot... no
[INFO] [stderr]   checking for a working dd... /usr/bin/dd
[INFO] [stderr]   checking how to truncate binary pipes... /usr/bin/dd bs=4096 count=1
[INFO] [stderr]   checking for mt... no
[INFO] [stderr]   checking if : is a manifest tool... no
[INFO] [stderr]   checking for stdio.h... yes
[INFO] [stderr]   checking for stdlib.h... yes
[INFO] [stderr]   checking for string.h... yes
[INFO] [stderr]   checking for inttypes.h... yes
[INFO] [stderr]   checking for stdint.h... yes
[INFO] [stderr]   checking for strings.h... yes
[INFO] [stderr]   checking for sys/stat.h... yes
[INFO] [stderr]   checking for sys/types.h... yes
[INFO] [stderr]   checking for unistd.h... yes
[INFO] [stderr]   checking for dlfcn.h... yes
[INFO] [stderr]   checking for objdir... .libs
[INFO] [stderr]   checking if cc supports -fno-rtti -fno-exceptions... no
[INFO] [stderr]   checking for cc option to produce PIC... -fPIC -DPIC
[INFO] [stderr]   checking if cc PIC flag -fPIC -DPIC works... yes
[INFO] [stderr]   checking if cc static flag -static works... yes
[INFO] [stderr]   checking if cc supports -c -o file.o... yes
[INFO] [stderr]   checking if cc supports -c -o file.o... (cached) yes
[INFO] [stderr]   checking whether the cc linker (/usr/bin/x86_64-linux-gnu-ld -m elf_x86_64) supports shared libraries... yes
[INFO] [stderr]   checking dynamic linker characteristics... GNU/Linux ld.so
[INFO] [stderr]   checking how to hardcode library paths into programs... immediate
[INFO] [stderr]   checking whether stripping libraries is possible... yes
[INFO] [stderr]   checking if libtool supports shared libraries... yes
[INFO] [stderr]   checking whether to build shared libraries... no
[INFO] [stderr]   checking whether to build static libraries... yes
[INFO] [stderr]   checking how to run the C++ preprocessor... c++ -E
[INFO] [stderr]   checking for ld used by c++... /usr/bin/x86_64-linux-gnu-ld -m elf_x86_64
[INFO] [stderr]   checking if the linker (/usr/bin/x86_64-linux-gnu-ld -m elf_x86_64) is GNU ld... yes
[INFO] [stderr]   checking whether the c++ linker (/usr/bin/x86_64-linux-gnu-ld -m elf_x86_64) supports shared libraries... yes
[INFO] [stderr]   checking for c++ option to produce PIC... -fPIC -DPIC
[INFO] [stderr]   checking if c++ PIC flag -fPIC -DPIC works... yes
[INFO] [stderr]   checking if c++ static flag -static works... yes
[INFO] [stderr]   checking if c++ supports -c -o file.o... yes
[INFO] [stderr]   checking if c++ supports -c -o file.o... (cached) yes
[INFO] [stderr]   checking whether the c++ linker (/usr/bin/x86_64-linux-gnu-ld -m elf_x86_64) supports shared libraries... yes
[INFO] [stderr]   checking dynamic linker characteristics... (cached) GNU/Linux ld.so
[INFO] [stderr]   checking how to hardcode library paths into programs... immediate
[INFO] [stderr]   checking for python... :
[INFO] [stderr]   checking for the pthreads library -lpthreads... no
[INFO] [stderr]   checking whether pthreads work without any flags... yes
[INFO] [stderr]   checking for joinable pthread attribute... PTHREAD_CREATE_JOINABLE
[INFO] [stderr]   checking if more special flags are required for pthreads... no
[INFO] [stderr]   checking whether to check for GCC pthread/shared inconsistencies... yes
[INFO] [stderr]   checking whether -pthread is sufficient with -shared... yes
[INFO] [stderr]   checking for gtest-config... no
[INFO] [stderr]   checking that generated files are newer than configure... done
[INFO] [stderr]   configure: creating ./config.status
[INFO] [stderr]   config.status: creating Makefile
[INFO] [stderr]   config.status: creating scripts/gmock-config
[INFO] [stderr]   config.status: creating build-aux/config.h
[INFO] [stderr]   config.status: executing depfiles commands
[INFO] [stderr]   config.status: executing libtool commands
[INFO] [stderr]   running: cd "/opt/rustwide/target/debug/build/protobuf-src/aba3bfe9d737fdf5/out/install/build" && MAKEFLAGS="-j --jobserver-fds=4,5 --jobserver-auth=4,5" "sh" "-c" "exec \"$0\" \"$@\"" "make" "install" "-j8"
[INFO] [stderr]   Making install in .
[INFO] [stderr]   make[1]: Entering directory '/opt/rustwide/target/debug/build/protobuf-src/aba3bfe9d737fdf5/out/install/build'
[INFO] [stderr]   make[2]: Entering directory '/opt/rustwide/target/debug/build/protobuf-src/aba3bfe9d737fdf5/out/install/build'
[INFO] [stderr]   make[2]: Nothing to be done for 'install-exec-am'.
[INFO] [stderr]    /usr/bin/mkdir -p '/opt/rustwide/target/debug/build/protobuf-src/aba3bfe9d737fdf5/out/install/lib/pkgconfig'
[INFO] [stderr]    /usr/bin/install -c -m 644 protobuf.pc protobuf-lite.pc '/opt/rustwide/target/debug/build/protobuf-src/aba3bfe9d737fdf5/out/install/lib/pkgconfig'
[INFO] [stderr]   make[2]: Leaving directory '/opt/rustwide/target/debug/build/protobuf-src/aba3bfe9d737fdf5/out/install/build'
[INFO] [stderr]   make[1]: Leaving directory '/opt/rustwide/target/debug/build/protobuf-src/aba3bfe9d737fdf5/out/install/build'
[INFO] [stderr]   Making install in src
[INFO] [stderr]   make[1]: Entering directory '/opt/rustwide/target/debug/build/protobuf-src/aba3bfe9d737fdf5/out/install/build/src'
[INFO] [stderr]     CXX      google/protobuf/map.lo
[INFO] [stderr]     CXX      google/protobuf/message_lite.lo
[INFO] [stderr]     CXX      google/protobuf/parse_context.lo
[INFO] [stderr]     CXX      google/protobuf/repeated_field.lo
[INFO] [stderr]     CXX      google/protobuf/repeated_ptr_field.lo
[INFO] [stderr]     CXX      google/protobuf/any.lo
[INFO] [stderr]     CXX      google/protobuf/wire_format_lite.lo
[INFO] [stderr]     CXX      google/protobuf/any.pb.lo
[INFO] [stderr]     CXX      google/protobuf/api.pb.lo
[INFO] [stderr]     CXX      google/protobuf/compiler/importer.lo
[INFO] [stderr]     CXX      google/protobuf/compiler/parser.lo
[INFO] [stderr]     CXX      google/protobuf/descriptor.lo
[INFO] [stderr]     CXX      google/protobuf/descriptor.pb.lo
[INFO] [stderr]     CXX      google/protobuf/descriptor_database.lo
[INFO] [stderr]     CXX      google/protobuf/duration.pb.lo
[INFO] [stderr]     CXX      google/protobuf/dynamic_message.lo
[INFO] [stderr]     CXX      google/protobuf/empty.pb.lo
[INFO] [stderr]     CXX      google/protobuf/extension_set_heavy.lo
[INFO] [stderr]     CXX      google/protobuf/field_mask.pb.lo
[INFO] [stderr]   make[1]: Leaving directory '/opt/rustwide/target/debug/build/protobuf-src/aba3bfe9d737fdf5/out/install/build/src'
[INFO] [stderr] 
[INFO] [stderr]   --- stderr
[INFO] [stderr]   make: warning: -j8 forced in submake: resetting jobserver mode.
[INFO] [stderr]   c++: fatal error: Killed signal terminated program cc1plus
[INFO] [stderr]   compilation terminated.
[INFO] [stderr]   make[1]: *** [Makefile:4514: google/protobuf/descriptor.lo] Error 1
[INFO] [stderr]   make[1]: *** Waiting for unfinished jobs....
[INFO] [stderr]   make: *** [Makefile:1757: install-recursive] Error 1
[INFO] [stderr] 
[INFO] [stderr]   thread 'main' (3718) panicked at /opt/rustwide/cargo-home/registry/src/index.crates.io-1949cf8c6b5b557f/autotools-0.2.7/src/lib.rs:790:5:
[INFO] [stderr] 
[INFO] [stderr]   command did not execute successfully, got: exit status: 2
[INFO] [stderr] 
[INFO] [stderr]   build script failed, must exit now
[INFO] [stderr]   stack backtrace:
[INFO] [stderr]      0:     0x64fe2a119ce1 - std[4a959f5f0894f8b4]::backtrace_rs::backtrace::libunwind::trace
[INFO] [stderr]                                  at /rustc/c999cef531ea9059e189e82fe0e82c5daf249bc9/library/std/src/../../backtrace/src/backtrace/libunwind.rs:117:9
[INFO] [stderr]      1:     0x64fe2a119ce1 - std[4a959f5f0894f8b4]::backtrace_rs::backtrace::trace_unsynchronized::<std[4a959f5f0894f8b4]::sys::backtrace::_print_fmt::{closure#1}>
[INFO] [stderr]                                  at /rustc/c999cef531ea9059e189e82fe0e82c5daf249bc9/library/std/src/../../backtrace/src/backtrace/mod.rs:66:14
[INFO] [stderr]      2:     0x64fe2a119ce1 - std[4a959f5f0894f8b4]::sys::backtrace::_print_fmt
[INFO] [stderr]                                  at /rustc/c999cef531ea9059e189e82fe0e82c5daf249bc9/library/std/src/sys/backtrace.rs:74:9
[INFO] [stderr]      3:     0x64fe2a119ce1 - <<std[4a959f5f0894f8b4]::sys::backtrace::BacktraceLock>::print::DisplayBacktrace as core[703651ec52483874]::fmt::Display>::fmt
[INFO] [stderr]                                  at /rustc/c999cef531ea9059e189e82fe0e82c5daf249bc9/library/std/src/sys/backtrace.rs:44:26
[INFO] [stderr]      4:     0x64fe2a12d3ba - <core[703651ec52483874]::fmt::rt::Argument>::fmt
[INFO] [stderr]                                  at /rustc/c999cef531ea9059e189e82fe0e82c5daf249bc9/library/core/src/fmt/rt.rs:152:76
[INFO] [stderr]      5:     0x64fe2a12d3ba - core[703651ec52483874]::fmt::write
[INFO] [stderr]      6:     0x64fe2a11f47c - core[703651ec52483874]::io::write::default_write_fmt::<std[4a959f5f0894f8b4]::sys::stdio::unix::Stderr>
[INFO] [stderr]                                  at /rustc/c999cef531ea9059e189e82fe0e82c5daf249bc9/library/core/src/io/write.rs:402:11
[INFO] [stderr]      7:     0x64fe2a11f47c - <std[4a959f5f0894f8b4]::sys::stdio::unix::Stderr as core[703651ec52483874]::io::write::Write>::write_fmt
[INFO] [stderr]                                  at /rustc/c999cef531ea9059e189e82fe0e82c5daf249bc9/library/core/src/io/write.rs:335:13
[INFO] [stderr]      8:     0x64fe2a0f96c6 - <std[4a959f5f0894f8b4]::sys::backtrace::BacktraceLock>::print
[INFO] [stderr]                                  at /rustc/c999cef531ea9059e189e82fe0e82c5daf249bc9/library/std/src/sys/backtrace.rs:47:9
[INFO] [stderr]      9:     0x64fe2a0f96c6 - std[4a959f5f0894f8b4]::panicking::default_hook::{closure#0}
[INFO] [stderr]                                  at /rustc/c999cef531ea9059e189e82fe0e82c5daf249bc9/library/std/src/panicking.rs:289:27
[INFO] [stderr]     10:     0x64fe2a114881 - std[4a959f5f0894f8b4]::panicking::default_hook
[INFO] [stderr]                                  at /rustc/c999cef531ea9059e189e82fe0e82c5daf249bc9/library/std/src/panicking.rs:316:9
[INFO] [stderr]     11:     0x64fe2a114a3b - std[4a959f5f0894f8b4]::panicking::panic_with_hook
[INFO] [stderr]                                  at /rustc/c999cef531ea9059e189e82fe0e82c5daf249bc9/library/std/src/panicking.rs:811:13
[INFO] [stderr]     12:     0x64fe2a0f9772 - std[4a959f5f0894f8b4]::panicking::panic_handler::{closure#0}
[INFO] [stderr]                                  at /rustc/c999cef531ea9059e189e82fe0e82c5daf249bc9/library/std/src/panicking.rs:685:13
[INFO] [stderr]     13:     0x64fe2a0f1fa9 - std[4a959f5f0894f8b4]::sys::backtrace::__rust_end_short_backtrace::<std[4a959f5f0894f8b4]::panicking::panic_handler::{closure#0}, !>
[INFO] [stderr]                                  at /rustc/c999cef531ea9059e189e82fe0e82c5daf249bc9/library/std/src/sys/backtrace.rs:182:18
[INFO] [stderr]     14:     0x64fe2a0fa04d - __rustc[686462a491047c20]::rust_begin_unwind
[INFO] [stderr]                                  at /rustc/c999cef531ea9059e189e82fe0e82c5daf249bc9/library/std/src/panicking.rs:676:5
[INFO] [stderr]     15:     0x64fe2a12dbac - core[703651ec52483874]::panicking::panic_fmt
[INFO] [stderr]                                  at /rustc/c999cef531ea9059e189e82fe0e82c5daf249bc9/library/core/src/panicking.rs:80:14
[INFO] [stderr]     16:     0x64fe2a0883c7 - autotools[54797a53d85b4298]::fail
[INFO] [stderr]     17:     0x64fe2a08bb98 - <autotools[54797a53d85b4298]::Config>::build
[INFO] [stderr]     18:     0x64fe2a0850b9 - build_script_build[6acf0e22248996b6]::main
[INFO] [stderr]     19:     0x64fe2a086573 - <fn() -> core[703651ec52483874]::result::Result<(), alloc[e79580a9404c7246]::boxed::Box<dyn core[703651ec52483874]::error::Error>> as core[703651ec52483874]::ops::function::FnOnce<()>>::call_once
[INFO] [stderr]     20:     0x64fe2a084d36 - std[4a959f5f0894f8b4]::sys::backtrace::__rust_begin_short_backtrace::<fn() -> core[703651ec52483874]::result::Result<(), alloc[e79580a9404c7246]::boxed::Box<dyn core[703651ec52483874]::error::Error>>, core[703651ec52483874]::result::Result<(), alloc[e79580a9404c7246]::boxed::Box<dyn core[703651ec52483874]::error::Error>>>
[INFO] [stderr]     21:     0x64fe2a084d89 - std[4a959f5f0894f8b4]::rt::lang_start::<core[703651ec52483874]::result::Result<(), alloc[e79580a9404c7246]::boxed::Box<dyn core[703651ec52483874]::error::Error>>>::{closure#0}
[INFO] [stderr]     22:     0x64fe2a113b88 - <&dyn core[703651ec52483874]::ops::function::Fn<(), Output = i32> + core[703651ec52483874]::marker::Sync + core[703651ec52483874]::panic::unwind_safe::RefUnwindSafe as core[703651ec52483874]::ops::function::FnOnce<()>>::call_once
[INFO] [stderr]                                  at /rustc/c999cef531ea9059e189e82fe0e82c5daf249bc9/library/core/src/ops/function.rs:287:21
[INFO] [stderr]     23:     0x64fe2a113b88 - std[4a959f5f0894f8b4]::panicking::catch_unwind::do_call::<&dyn core[703651ec52483874]::ops::function::Fn<(), Output = i32> + core[703651ec52483874]::marker::Sync + core[703651ec52483874]::panic::unwind_safe::RefUnwindSafe, i32>
[INFO] [stderr]                                  at /rustc/c999cef531ea9059e189e82fe0e82c5daf249bc9/library/std/src/panicking.rs:573:43
[INFO] [stderr]     24:     0x64fe2a113b88 - std[4a959f5f0894f8b4]::panicking::catch_unwind::<i32, &dyn core[703651ec52483874]::ops::function::Fn<(), Output = i32> + core[703651ec52483874]::marker::Sync + core[703651ec52483874]::panic::unwind_safe::RefUnwindSafe>
[INFO] [stderr]                                  at /rustc/c999cef531ea9059e189e82fe0e82c5daf249bc9/library/std/src/panicking.rs:541:19
[INFO] [stderr]     25:     0x64fe2a113b88 - std[4a959f5f0894f8b4]::panic::catch_unwind::<&dyn core[703651ec52483874]::ops::function::Fn<(), Output = i32> + core[703651ec52483874]::marker::Sync + core[703651ec52483874]::panic::unwind_safe::RefUnwindSafe, i32>
[INFO] [stderr]                                  at /rustc/c999cef531ea9059e189e82fe0e82c5daf249bc9/library/std/src/panic.rs:359:14
[INFO] [stderr]     26:     0x64fe2a113b88 - std[4a959f5f0894f8b4]::rt::lang_start_internal::{closure#0}
[INFO] [stderr]                                  at /rustc/c999cef531ea9059e189e82fe0e82c5daf249bc9/library/std/src/rt.rs:175:24
[INFO] [stderr]     27:     0x64fe2a113b88 - std[4a959f5f0894f8b4]::panicking::catch_unwind::do_call::<std[4a959f5f0894f8b4]::rt::lang_start_internal::{closure#0}, isize>
[INFO] [stderr]                                  at /rustc/c999cef531ea9059e189e82fe0e82c5daf249bc9/library/std/src/panicking.rs:573:43
[INFO] [stderr]     28:     0x64fe2a113b88 - std[4a959f5f0894f8b4]::panicking::catch_unwind::<isize, std[4a959f5f0894f8b4]::rt::lang_start_internal::{closure#0}>
[INFO] [stderr]                                  at /rustc/c999cef531ea9059e189e82fe0e82c5daf249bc9/library/std/src/panicking.rs:541:19
[INFO] [stderr]     29:     0x64fe2a113b88 - std[4a959f5f0894f8b4]::panic::catch_unwind::<std[4a959f5f0894f8b4]::rt::lang_start_internal::{closure#0}, isize>
[INFO] [stderr]                                  at /rustc/c999cef531ea9059e189e82fe0e82c5daf249bc9/library/std/src/panic.rs:359:14
[INFO] [stderr]     30:     0x64fe2a113b88 - std[4a959f5f0894f8b4]::rt::lang_start_internal
[INFO] [stderr]                                  at /rustc/c999cef531ea9059e189e82fe0e82c5daf249bc9/library/std/src/rt.rs:171:5
[INFO] [stderr]     31:     0x64fe2a084861 - std[4a959f5f0894f8b4]::rt::lang_start::<core[703651ec52483874]::result::Result<(), alloc[e79580a9404c7246]::boxed::Box<dyn core[703651ec52483874]::error::Error>>>
[INFO] [stderr]     32:     0x64fe2a086635 - main
[INFO] [stderr]     33:     0x7ba8334a4601 - <unknown>
[INFO] [stderr]     34:     0x7ba8334a4718 - __libc_start_main
[INFO] [stderr]     35:     0x64fe2a0832d5 - _start
[INFO] [stderr]     36:                0x0 - <unknown>
[INFO] running `Command { std: "docker" "inspect" "bfa3934469d532ec6514fbd522e4ef677f96f0ebbe80313c34ae5d31a742667a", kill_on_drop: false }`
[INFO] running `Command { std: "docker" "rm" "-f" "bfa3934469d532ec6514fbd522e4ef677f96f0ebbe80313c34ae5d31a742667a", kill_on_drop: false }`
[INFO] [stdout] bfa3934469d532ec6514fbd522e4ef677f96f0ebbe80313c34ae5d31a742667a
