[INFO] cloning repository https://github.com/bcncpp/s3newbench
[INFO] running `Command { std: "git" "-c" "credential.helper=" "-c" "credential.helper=/workspace/cargo-home/bin/git-credential-null" "clone" "--bare" "https://github.com/bcncpp/s3newbench" "/workspace/cache/git-repos/https%3A%2F%2Fgithub.com%2Fbcncpp%2Fs3newbench", kill_on_drop: false }`
[INFO] [stderr] Cloning into bare repository '/workspace/cache/git-repos/https%3A%2F%2Fgithub.com%2Fbcncpp%2Fs3newbench'...
[INFO] running `Command { std: "git" "rev-parse" "HEAD", kill_on_drop: false }`
[INFO] [stdout] 808fce3a484321955a7b8432eb4eac238b1dea0d
[INFO] checking bcncpp/s3newbench against e4d5758286bf2cf6f415802f2cf861747a7c6c8c for pr-152972
[INFO] running `Command { std: "git" "clone" "/workspace/cache/git-repos/https%3A%2F%2Fgithub.com%2Fbcncpp%2Fs3newbench" "/workspace/builds/worker-7-tc2/source", kill_on_drop: false }`
[INFO] [stderr] Cloning into '/workspace/builds/worker-7-tc2/source'...
[INFO] [stderr] done.
[INFO] started tweaking git repo https://github.com/bcncpp/s3newbench
[INFO] finished tweaking git repo https://github.com/bcncpp/s3newbench
[INFO] tweaked toml for git repo https://github.com/bcncpp/s3newbench written to /workspace/builds/worker-7-tc2/source/Cargo.toml
[INFO] validating manifest of git repo https://github.com/bcncpp/s3newbench on toolchain e4d5758286bf2cf6f415802f2cf861747a7c6c8c
[INFO] running `Command { std: CARGO_HOME="/workspace/cargo-home" RUSTUP_HOME="/workspace/rustup-home" "/workspace/cargo-home/bin/cargo" "+e4d5758286bf2cf6f415802f2cf861747a7c6c8c" "metadata" "--manifest-path" "Cargo.toml" "--no-deps", kill_on_drop: false }`
[INFO] crate git repo https://github.com/bcncpp/s3newbench already has a lockfile, it will not be regenerated
[INFO] running `Command { std: CARGO_HOME="/workspace/cargo-home" RUSTUP_HOME="/workspace/rustup-home" "/workspace/cargo-home/bin/cargo" "+e4d5758286bf2cf6f415802f2cf861747a7c6c8c" "fetch" "--manifest-path" "Cargo.toml", kill_on_drop: false }`
[INFO] [stderr]     Blocking waiting for file lock on package cache
[INFO] [stderr]     Blocking waiting for file lock on package cache
[INFO] [stderr]  Downloading crates ...
[INFO] [stderr]   Downloaded hostname v0.4.1
[INFO] [stderr]   Downloaded errno v0.3.12
[INFO] [stderr]   Downloaded anstyle-wincon v3.0.8
[INFO] [stderr]   Downloaded dyn-clone v1.0.19
[INFO] [stderr]   Downloaded reqwest v0.12.18
[INFO] [stderr]   Downloaded aws-smithy-xml v0.60.9
[INFO] [stderr]   Downloaded clap v4.5.39
[INFO] [stderr]   Downloaded hyper-util v0.1.13
[INFO] [stderr]   Downloaded aws-smithy-types v1.3.1
[INFO] [stderr]   Downloaded aws-smithy-runtime-api v1.8.0
[INFO] [stderr]   Downloaded aws-smithy-http-client v1.0.2
[INFO] [stderr]   Downloaded tower-http v0.6.4
[INFO] [stderr]   Downloaded async-compression v0.4.23
[INFO] [stderr]   Downloaded hyper-rustls v0.27.6
[INFO] [stderr]   Downloaded aws-smithy-eventstream v0.60.8
[INFO] [stderr]   Downloaded aws-smithy-json v0.61.3
[INFO] [stderr]   Downloaded clap_builder v4.5.39
[INFO] [stderr]   Downloaded aws-sigv4 v1.3.2
[INFO] [stderr]   Downloaded crc-fast v1.2.1
[INFO] [stderr]   Downloaded elasticsearch v9.0.0-alpha.1
[INFO] [stderr]   Downloaded aws-runtime v1.5.7
[INFO] [stderr]   Downloaded rustls v0.23.27
[INFO] [stderr]   Downloaded aws-sdk-s3 v1.89.0
[INFO] running `Command { std: "docker" "create" "-v" "/var/lib/crater-agent-workspace/builds/worker-7-tc2/source:/opt/rustwide/workdir:ro,Z" "-v" "/var/lib/crater-agent-workspace/builds/worker-7-tc2/target:/opt/rustwide/target:rw,Z" "-v" "/var/lib/crater-agent-workspace/cargo-home:/opt/rustwide/cargo-home:ro,Z" "-v" "/var/lib/crater-agent-workspace/rustup-home:/opt/rustwide/rustup-home:ro,Z" "-m" "1610612736" "--network" "none" "ghcr.io/rust-lang/crates-build-env/linux@sha256:3111399a4047eeb3a02b7a90e478d715f38a8c6669b5c4b49d30a17385265909" "sleep" "infinity", kill_on_drop: false }`
[INFO] [stdout] 7f06d78d1baee6ef6deaffa80f3d91a493f7c00c7804cba763afe9935bc1c41e
[INFO] running `Command { std: "docker" "start" "7f06d78d1baee6ef6deaffa80f3d91a493f7c00c7804cba763afe9935bc1c41e", kill_on_drop: false }`
[INFO] running `Command { std: "docker" "inspect" "7f06d78d1baee6ef6deaffa80f3d91a493f7c00c7804cba763afe9935bc1c41e", kill_on_drop: false }`
[INFO] running `Command { std: "docker" "exec" "-e" "SOURCE_DIR=/opt/rustwide/workdir" "-e" "CARGO_HOME=/opt/rustwide/cargo-home" "-e" "RUSTUP_HOME=/opt/rustwide/rustup-home" "-e" "CARGO_TARGET_DIR=/opt/rustwide/target" "-w" "/opt/rustwide/workdir" "--user" "0:0" "7f06d78d1baee6ef6deaffa80f3d91a493f7c00c7804cba763afe9935bc1c41e" "/opt/rustwide/cargo-home/bin/cargo" "+e4d5758286bf2cf6f415802f2cf861747a7c6c8c" "metadata" "--no-deps" "--format-version=1", kill_on_drop: false }`
[INFO] running `Command { std: "docker" "inspect" "7f06d78d1baee6ef6deaffa80f3d91a493f7c00c7804cba763afe9935bc1c41e", kill_on_drop: false }`
[INFO] running `Command { std: "docker" "exec" "-e" "SOURCE_DIR=/opt/rustwide/workdir" "-e" "CARGO_HOME=/opt/rustwide/cargo-home" "-e" "RUSTUP_HOME=/opt/rustwide/rustup-home" "-e" "CARGO_TARGET_DIR=/opt/rustwide/target" "-e" "CARGO_INCREMENTAL=0" "-e" "RUST_BACKTRACE=full" "-e" "RUSTFLAGS=--cap-lints=forbid" "-e" "RUSTDOCFLAGS=--cap-lints=forbid" "-w" "/opt/rustwide/workdir" "--user" "0:0" "7f06d78d1baee6ef6deaffa80f3d91a493f7c00c7804cba763afe9935bc1c41e" "/opt/rustwide/cargo-home/bin/cargo" "+e4d5758286bf2cf6f415802f2cf861747a7c6c8c" "check" "--frozen" "--all" "--all-targets" "--message-format=json", kill_on_drop: false }`
[INFO] [stderr]    Compiling libc v0.2.172
[INFO] [stderr]     Checking smallvec v1.15.0
[INFO] [stderr]     Checking http v1.3.1
[INFO] [stderr]     Checking futures-task v0.3.31
[INFO] [stderr]     Checking tracing-core v0.1.33
[INFO] [stderr]    Compiling num-traits v0.2.19
[INFO] [stderr]     Checking zerofrom v0.1.6
[INFO] [stderr]     Checking futures-util v0.3.31
[INFO] [stderr]     Checking outref v0.5.2
[INFO] [stderr]     Checking yoke v0.8.0
[INFO] [stderr]     Checking vsimd v0.8.0
[INFO] [stderr]     Checking tracing v0.1.41
[INFO] [stderr]     Checking time v0.3.41
[INFO] [stderr]     Checking bytes-utils v0.1.4
[INFO] [stderr]     Checking base64-simd v0.8.0
[INFO] [stderr]     Checking parking_lot_core v0.9.10
[INFO] [stderr]     Checking socket2 v0.5.10
[INFO] [stderr]    Compiling jobserver v0.1.33
[INFO] [stderr]     Checking signal-hook-registry v1.4.5
[INFO] [stderr]     Checking parking_lot v0.12.3
[INFO] [stderr]     Checking mio v1.0.4
[INFO] [stderr]     Checking http-body v1.0.1
[INFO] [stderr]     Checking getrandom v0.2.16
[INFO] [stderr]     Checking num-integer v0.1.46
[INFO] [stderr]     Checking http-body-util v0.1.3
[INFO] [stderr]    Compiling cc v1.2.24
[INFO] [stderr]     Checking tokio v1.45.1
[INFO] [stderr]     Checking digest v0.10.7
[INFO] [stderr]     Checking indexmap v2.9.0
[INFO] [stderr]     Checking zerovec v0.11.2
[INFO] [stderr]     Checking rand_core v0.6.4
[INFO] [stderr]     Checking log v0.4.27
[INFO] [stderr]    Compiling aws-lc-rs v1.13.1
[INFO] [stderr]     Checking der v0.6.1
[INFO] [stderr]     Checking zerotrie v0.2.2
[INFO] [stderr]     Checking base64ct v1.7.3
[INFO] [stderr]    Compiling rustls v0.23.27
[INFO] [stderr]    Compiling rustls v0.21.12
[INFO] [stderr]     Checking crypto-bigint v0.4.9
[INFO] [stderr]     Checking ff v0.12.1
[INFO] [stderr]    Compiling cmake v0.1.54
[INFO] [stderr]    Compiling openssl v0.10.72
[INFO] [stderr]     Checking bitflags v2.9.1
[INFO] [stderr]     Checking spki v0.6.0
[INFO] [stderr]     Checking pkcs8 v0.9.0
[INFO] [stderr]    Compiling serde v1.0.219
[INFO] [stderr]     Checking base16ct v0.1.1
[INFO] [stderr]     Checking group v0.12.1
[INFO] [stderr]     Checking getrandom v0.3.3
[INFO] [stderr]     Checking hmac v0.12.1
[INFO] [stderr]    Compiling openssl-macros v0.1.1
[INFO] [stderr]     Checking sec1 v0.3.0
[INFO] [stderr]    Compiling darling_core v0.20.11
[INFO] [stderr]     Checking rand_core v0.9.3
[INFO] [stderr]     Checking rustls-native-certs v0.6.3
[INFO] [stderr]     Checking sha2 v0.10.9
[INFO] [stderr]     Checking rustls-native-certs v0.8.1
[INFO] [stderr]     Checking tinystr v0.8.1
[INFO] [stderr]     Checking potential_utf v0.1.2
[INFO] [stderr]     Checking icu_collections v2.0.0
[INFO] [stderr]     Checking rfc6979 v0.3.1
[INFO] [stderr]     Checking icu_locale_core v2.0.0
[INFO] [stderr]     Checking elliptic-curve v0.12.3
[INFO] [stderr]     Checking signature v1.6.4
[INFO] [stderr]    Compiling aws-lc-sys v0.29.0
[INFO] [stderr]    Compiling ring v0.17.14
[INFO] [stderr]    Compiling openssl-sys v0.9.108
[INFO] [stderr]     Checking miniz_oxide v0.8.8
[INFO] [stderr]     Checking icu_provider v2.0.0
[INFO] [stderr]     Checking ecdsa v0.14.8
[INFO] [stderr]     Checking icu_properties v2.0.1
[INFO] [stderr]     Checking icu_normalizer v2.0.0
[INFO] [stderr]    Compiling native-tls v0.2.14
[INFO] [stderr]    Compiling crc-fast v1.2.1
[INFO] [stderr]     Checking rand_chacha v0.9.0
[INFO] [stderr]    Compiling aws-types v1.3.7
[INFO] [stderr]    Compiling serde_json v1.0.140
[INFO] [stderr]     Checking rand v0.9.1
[INFO] [stderr]     Checking p256 v0.11.1
[INFO] [stderr]     Checking idna_adapter v1.2.1
[INFO] [stderr]     Checking idna v1.0.3
[INFO] [stderr]     Checking flate2 v1.1.1
[INFO] [stderr]     Checking crypto-bigint v0.5.5
[INFO] [stderr]     Checking url v2.5.4
[INFO] [stderr]     Checking tokio-util v0.7.15
[INFO] [stderr]     Checking aws-smithy-async v1.2.5
[INFO] [stderr]     Checking tower v0.5.2
[INFO] [stderr]    Compiling darling_macro v0.20.11
[INFO] [stderr]     Checking iri-string v0.7.8
[INFO] [stderr]    Compiling darling v0.20.11
[INFO] [stderr]    Compiling serde_with_macros v3.12.0
[INFO] [stderr]     Checking aws-smithy-types v1.3.1
[INFO] [stderr]     Checking h2 v0.4.10
[INFO] [stderr]     Checking aws-smithy-runtime-api v1.8.0
[INFO] [stderr]     Checking aws-smithy-eventstream v0.60.8
[INFO] [stderr]     Checking h2 v0.3.26
[INFO] [stderr]     Checking async-compression v0.4.23
[INFO] [stderr]     Checking tower-http v0.6.4
[INFO] [stderr]     Checking tokio-native-tls v0.3.1
[INFO] [stderr]     Checking rustls-webpki v0.101.7
[INFO] [stderr]     Checking sct v0.7.1
[INFO] [stderr]     Checking serde_urlencoded v0.7.1
[INFO] [stderr]     Checking aws-smithy-http v0.62.1
[INFO] [stderr]     Checking aws-credential-types v1.2.3
[INFO] [stderr]     Checking aws-smithy-observability v0.1.3
[INFO] [stderr]     Checking sha1 v0.10.6
[INFO] [stderr]     Checking aws-sigv4 v1.3.2
[INFO] [stderr]    Compiling elasticsearch v9.0.0-alpha.1
[INFO] [stderr]     Checking md-5 v0.10.6
[INFO] [stderr]     Checking uuid v1.17.0
[INFO] [stderr]     Checking xmlparser v0.13.6
[INFO] [stderr]     Checking clap_builder v4.5.39
[INFO] [stderr]     Checking aws-smithy-checksums v0.63.3
[INFO] [stderr]     Checking aws-smithy-xml v0.60.9
[INFO] [stderr]     Checking serde_with v3.12.0
[INFO] [stderr]     Checking aws-smithy-json v0.61.3
[INFO] [stderr]     Checking lru v0.12.5
[INFO] [stderr]     Checking dyn-clone v1.0.19
[INFO] [stderr]     Checking chrono v0.4.41
[INFO] [stderr]     Checking hostname v0.4.1
[INFO] [stderr]     Checking hyper v1.6.0
[INFO] [stderr]     Checking hyper v0.14.32
[INFO] [stderr]     Checking hyper-util v0.1.13
[INFO] [stderr]     Checking tokio-rustls v0.24.1
[INFO] [stderr]     Checking clap v4.5.39
[INFO] [stderr]     Checking hyper-tls v0.6.0
[INFO] [stderr]     Checking reqwest v0.12.18
[INFO] [stderr]     Checking hyper-rustls v0.24.2
[INFO] [stderr]     Checking rustls-webpki v0.103.3
[INFO] [stderr]     Checking tokio-rustls v0.26.2
[INFO] [stderr]     Checking hyper-rustls v0.27.6
[INFO] [stderr]     Checking aws-smithy-http-client v1.0.2
[INFO] [stderr]     Checking aws-smithy-runtime v1.8.3
[INFO] [stderr]     Checking aws-runtime v1.5.7
[INFO] [stderr]     Checking aws-sdk-s3 v1.89.0
[INFO] [stderr]     Checking s3newbench v0.1.0 (/opt/rustwide/workdir)
[INFO] [stdout] error[E0433]: cannot find module or crate `aws_types` in this scope
[INFO] [stdout]  --> src/main.rs:3:5
[INFO] [stdout]   |
[INFO] [stdout] 3 | use aws_types::credentials::Credentials;
[INFO] [stdout]   |     ^^^^^^^^^ use of unresolved module or unlinked crate `aws_types`
[INFO] [stdout]   |
[INFO] [stdout]   = help: if you wanted to use a crate named `aws_types`, use `cargo add aws_types` to add it to your `Cargo.toml`
[INFO] [stdout] 
[INFO] [stdout] 
[INFO] [stdout] error[E0433]: cannot find module or crate `aws_config` in this scope
[INFO] [stdout]  --> src/main.rs:4:5
[INFO] [stdout]   |
[INFO] [stdout] 4 | use aws_config::meta::region::RegionProviderChain;
[INFO] [stdout]   |     ^^^^^^^^^^ use of unresolved module or unlinked crate `aws_config`
[INFO] [stdout]   |
[INFO] [stdout]   = help: if you wanted to use a crate named `aws_config`, use `cargo add aws_config` to add it to your `Cargo.toml`
[INFO] [stdout] 
[INFO] [stdout] 
[INFO] [stdout] error[E0432]: unresolved import `aws_sdk_s3::types::ByteStream`
[INFO] [stdout]  --> src/main.rs:2:5
[INFO] [stdout]   |
[INFO] [stdout] 2 | use aws_sdk_s3::types::ByteStream;
[INFO] [stdout]   |     ^^^^^^^^^^^^^^^^^^^----------
[INFO] [stdout]   |                        |
[INFO] [stdout]   |                        no `ByteStream` in `types`
[INFO] [stdout]   |
[INFO] [stdout] help: consider importing this struct instead
[INFO] [stdout]   |
[INFO] [stdout] 2 - use aws_sdk_s3::types::ByteStream;
[INFO] [stdout] 2 + use aws_sdk_s3::primitives::ByteStream;
[INFO] [stdout]   |
[INFO] [stdout] 
[INFO] [stdout] 
[INFO] [stdout] error: cannot find derive macro `Parser` in this scope
[INFO] [stdout]   --> src/main.rs:13:10
[INFO] [stdout]    |
[INFO] [stdout] 13 | #[derive(Parser, Debug)]
[INFO] [stdout]    |          ^^^^^^
[INFO] [stdout]    |
[INFO] [stdout] note: `Parser` is a trait, not a derive macro
[INFO] [stdout]   --> /opt/rustwide/cargo-home/registry/src/index.crates.io-1949cf8c6b5b557f/clap_builder-4.5.39/src/derive.rs:28:1
[INFO] [stdout]    |
[INFO] [stdout] 28 | pub trait Parser: FromArgMatches + CommandFactory + Sized {
[INFO] [stdout]    | ^^^^^^^^^^^^^^^^^^^^^^^^^^^^^^^^^^^^^^^^^^^^^^^^^^^^^^^^^
[INFO] [stdout]    = help: consider implementing `Parser` for your type manually
[INFO] [stdout] 
[INFO] [stdout] 
[INFO] [stdout] error: cannot find attribute `clap` in this scope
[INFO] [stdout]   --> src/main.rs:14:3
[INFO] [stdout]    |
[INFO] [stdout] 14 | #[clap(author="Giorgio Zoppi", version="1.0", about="Interactive benchmark tool for S3 operations")]
[INFO] [stdout]    |   ^^^^
[INFO] [stdout]    |
[INFO] [stdout]    = note: `clap` is in scope, but it is a crate, not an attribute
[INFO] [stdout] 
[INFO] [stdout] 
[INFO] [stdout] error: cannot find attribute `clap` in this scope
[INFO] [stdout]   --> src/main.rs:16:7
[INFO] [stdout]    |
[INFO] [stdout] 16 |     #[clap(short = 'e', long, help = "Endpoint URL for S3 object storage")]
[INFO] [stdout]    |       ^^^^
[INFO] [stdout]    |
[INFO] [stdout]    = note: `clap` is in scope, but it is a crate, not an attribute
[INFO] [stdout] 
[INFO] [stdout] 
[INFO] [stdout] error: cannot find attribute `clap` in this scope
[INFO] [stdout]   --> src/main.rs:19:7
[INFO] [stdout]    |
[INFO] [stdout] 19 |     #[clap(short = 'a', long, help = "Access key for S3 object storage")]
[INFO] [stdout]    |       ^^^^
[INFO] [stdout]    |
[INFO] [stdout]    = note: `clap` is in scope, but it is a crate, not an attribute
[INFO] [stdout] 
[INFO] [stdout] 
[INFO] [stdout] error: cannot find attribute `clap` in this scope
[INFO] [stdout]   --> src/main.rs:22:7
[INFO] [stdout]    |
[INFO] [stdout] 22 |     #[clap(short = 's', long, help = "Secret key for S3 object storage")]
[INFO] [stdout]    |       ^^^^
[INFO] [stdout]    |
[INFO] [stdout]    = note: `clap` is in scope, but it is a crate, not an attribute
[INFO] [stdout] 
[INFO] [stdout] 
[INFO] [stdout] error: cannot find attribute `clap` in this scope
[INFO] [stdout]   --> src/main.rs:25:7
[INFO] [stdout]    |
[INFO] [stdout] 25 |     #[clap(short = 'b', long, help = "S3 bucket name")]
[INFO] [stdout]    |       ^^^^
[INFO] [stdout]    |
[INFO] [stdout]    = note: `clap` is in scope, but it is a crate, not an attribute
[INFO] [stdout] 
[INFO] [stdout] 
[INFO] [stdout] error: cannot find attribute `clap` in this scope
[INFO] [stdout]   --> src/main.rs:28:7
[INFO] [stdout]    |
[INFO] [stdout] 28 |     #[clap(short = 'o', long, help = "S3 object size (e.g. 10MB)")]
[INFO] [stdout]    |       ^^^^
[INFO] [stdout]    |
[INFO] [stdout]    = note: `clap` is in scope, but it is a crate, not an attribute
[INFO] [stdout] 
[INFO] [stdout] 
[INFO] [stdout] error: cannot find attribute `clap` in this scope
[INFO] [stdout]   --> src/main.rs:31:7
[INFO] [stdout]    |
[INFO] [stdout] 31 |     #[clap(short = 'u', long, help = "Elasticsearch cluster URL")]
[INFO] [stdout]    |       ^^^^
[INFO] [stdout]    |
[INFO] [stdout]    = note: `clap` is in scope, but it is a crate, not an attribute
[INFO] [stdout] 
[INFO] [stdout] 
[INFO] [stdout] error: cannot find attribute `clap` in this scope
[INFO] [stdout]   --> src/main.rs:34:7
[INFO] [stdout]    |
[INFO] [stdout] 34 |     #[clap(short = 'n', long, help = "Number of objects to put/get")]
[INFO] [stdout]    |       ^^^^
[INFO] [stdout]    |
[INFO] [stdout]    = note: `clap` is in scope, but it is a crate, not an attribute
[INFO] [stdout] 
[INFO] [stdout] 
[INFO] [stdout] error: cannot find attribute `clap` in this scope
[INFO] [stdout]   --> src/main.rs:37:7
[INFO] [stdout]    |
[INFO] [stdout] 37 |     #[clap(short = 'w', long, help = "Workload running on S3 - read/write")]
[INFO] [stdout]    |       ^^^^
[INFO] [stdout]    |
[INFO] [stdout]    = note: `clap` is in scope, but it is a crate, not an attribute
[INFO] [stdout] 
[INFO] [stdout] 
[INFO] [stdout] error: cannot find attribute `clap` in this scope
[INFO] [stdout]   --> src/main.rs:40:7
[INFO] [stdout]    |
[INFO] [stdout] 40 |     #[clap(short = 'l', long, help = "Max acceptable latency per object operation in ms")]
[INFO] [stdout]    |       ^^^^
[INFO] [stdout]    |
[INFO] [stdout]    = note: `clap` is in scope, but it is a crate, not an attribute
[INFO] [stdout] 
[INFO] [stdout] 
[INFO] [stdout] error: cannot find attribute `clap` in this scope
[INFO] [stdout]   --> src/main.rs:43:7
[INFO] [stdout]    |
[INFO] [stdout] 43 |     #[clap(short = 'p', long, help = "A prefix (directory) located in the bucket")]
[INFO] [stdout]    |       ^^^^
[INFO] [stdout]    |
[INFO] [stdout]    = note: `clap` is in scope, but it is a crate, not an attribute
[INFO] [stdout] 
[INFO] [stdout] 
[INFO] [stdout] error: cannot find attribute `clap` in this scope
[INFO] [stdout]   --> src/main.rs:46:7
[INFO] [stdout]    |
[INFO] [stdout] 46 |     #[clap(short = 'c', long, help = "Should we cleanup all the objects written? yes/no")]
[INFO] [stdout]    |       ^^^^
[INFO] [stdout]    |
[INFO] [stdout]    = note: `clap` is in scope, but it is a crate, not an attribute
[INFO] [stdout] 
[INFO] [stdout] 
[INFO] [stdout] warning: unused import: `rand::seq::SliceRandom`
[INFO] [stdout]  --> src/main.rs:9:5
[INFO] [stdout]   |
[INFO] [stdout] 9 | use rand::seq::SliceRandom;
[INFO] [stdout]   |     ^^^^^^^^^^^^^^^^^^^^^^
[INFO] [stdout]   |
[INFO] [stdout]   = note: `#[warn(unused_imports)]` (part of `#[warn(unused)]`) on by default
[INFO] [stdout] 
[INFO] [stdout] 
[INFO] [stdout] warning: unused import: `Duration`
[INFO] [stdout]   --> src/main.rs:10:26
[INFO] [stdout]    |
[INFO] [stdout] 10 | use std::time::{Instant, Duration};
[INFO] [stdout]    |                          ^^^^^^^^
[INFO] [stdout] 
[INFO] [stdout] 
[INFO] [stdout] error[E0433]: cannot find module or crate `aws_config` in this scope
[INFO] [stdout]   --> src/main.rs:61:29
[INFO] [stdout]    |
[INFO] [stdout] 61 |         let shared_config = aws_config::from_env()
[INFO] [stdout]    |                             ^^^^^^^^^^ use of unresolved module or unlinked crate `aws_config`
[INFO] [stdout]    |
[INFO] [stdout]    = help: if you wanted to use a crate named `aws_config`, use `cargo add aws_config` to add it to your `Cargo.toml`
[INFO] [stdout] 
[INFO] [stdout] 
[INFO] [stdout] error[E0433]: cannot find module or crate `aws_types` in this scope
[INFO] [stdout]  --> src/main.rs:3:5
[INFO] [stdout]   |
[INFO] [stdout] 3 | use aws_types::credentials::Credentials;
[INFO] [stdout]   |     ^^^^^^^^^ use of unresolved module or unlinked crate `aws_types`
[INFO] [stdout]   |
[INFO] [stdout]   = help: if you wanted to use a crate named `aws_types`, use `cargo add aws_types` to add it to your `Cargo.toml`
[INFO] [stdout] 
[INFO] [stdout] 
[INFO] [stdout] error[E0433]: cannot find module or crate `aws_config` in this scope
[INFO] [stdout]  --> src/main.rs:4:5
[INFO] [stdout]   |
[INFO] [stdout] 4 | use aws_config::meta::region::RegionProviderChain;
[INFO] [stdout]   |     ^^^^^^^^^^ use of unresolved module or unlinked crate `aws_config`
[INFO] [stdout]   |
[INFO] [stdout]   = help: if you wanted to use a crate named `aws_config`, use `cargo add aws_config` to add it to your `Cargo.toml`
[INFO] [stdout] 
[INFO] [stdout] 
[INFO] [stdout] error[E0432]: unresolved import `aws_sdk_s3::types::ByteStream`
[INFO] [stdout]  --> src/main.rs:2:5
[INFO] [stdout]   |
[INFO] [stdout] 2 | use aws_sdk_s3::types::ByteStream;
[INFO] [stdout]   |     ^^^^^^^^^^^^^^^^^^^----------
[INFO] [stdout]   |                        |
[INFO] [stdout]   |                        no `ByteStream` in `types`
[INFO] [stdout]   |
[INFO] [stdout] help: consider importing this struct instead
[INFO] [stdout]   |
[INFO] [stdout] 2 - use aws_sdk_s3::types::ByteStream;
[INFO] [stdout] 2 + use aws_sdk_s3::primitives::ByteStream;
[INFO] [stdout]   |
[INFO] [stdout] 
[INFO] [stdout] 
[INFO] [stdout] error: cannot find derive macro `Parser` in this scope
[INFO] [stdout]   --> src/main.rs:13:10
[INFO] [stdout]    |
[INFO] [stdout] 13 | #[derive(Parser, Debug)]
[INFO] [stdout]    |          ^^^^^^
[INFO] [stdout]    |
[INFO] [stdout] note: `Parser` is a trait, not a derive macro
[INFO] [stdout]   --> /opt/rustwide/cargo-home/registry/src/index.crates.io-1949cf8c6b5b557f/clap_builder-4.5.39/src/derive.rs:28:1
[INFO] [stdout]    |
[INFO] [stdout] 28 | pub trait Parser: FromArgMatches + CommandFactory + Sized {
[INFO] [stdout]    | ^^^^^^^^^^^^^^^^^^^^^^^^^^^^^^^^^^^^^^^^^^^^^^^^^^^^^^^^^
[INFO] [stdout]    = help: consider implementing `Parser` for your type manually
[INFO] [stdout] 
[INFO] [stdout] 
[INFO] [stdout] error: cannot find attribute `clap` in this scope
[INFO] [stdout]   --> src/main.rs:14:3
[INFO] [stdout]    |
[INFO] [stdout] 14 | #[clap(author="Giorgio Zoppi", version="1.0", about="Interactive benchmark tool for S3 operations")]
[INFO] [stdout]    |   ^^^^
[INFO] [stdout]    |
[INFO] [stdout]    = note: `clap` is in scope, but it is a crate, not an attribute
[INFO] [stdout] 
[INFO] [stdout] 
[INFO] [stdout] error: cannot find attribute `clap` in this scope
[INFO] [stdout]   --> src/main.rs:16:7
[INFO] [stdout]    |
[INFO] [stdout] 16 |     #[clap(short = 'e', long, help = "Endpoint URL for S3 object storage")]
[INFO] [stdout]    |       ^^^^
[INFO] [stdout]    |
[INFO] [stdout]    = note: `clap` is in scope, but it is a crate, not an attribute
[INFO] [stdout] 
[INFO] [stdout] 
[INFO] [stdout] error: cannot find attribute `clap` in this scope
[INFO] [stdout]   --> src/main.rs:19:7
[INFO] [stdout]    |
[INFO] [stdout] 19 |     #[clap(short = 'a', long, help = "Access key for S3 object storage")]
[INFO] [stdout]    |       ^^^^
[INFO] [stdout]    |
[INFO] [stdout]    = note: `clap` is in scope, but it is a crate, not an attribute
[INFO] [stdout] 
[INFO] [stdout] 
[INFO] [stdout] error[E0277]: `?` couldn't convert the error to `aws_sdk_s3::Error`
[INFO] [stdout]    --> src/main.rs:155:45
[INFO] [stdout]     |
[INFO] [stdout] 155 |         let data = resp.body.collect().await?;
[INFO] [stdout]     |                    -------------------------^ the trait `From<ByteStreamError>` is not implemented for `aws_sdk_s3::Error`
[INFO] [stdout]     |                    |
[INFO] [stdout]     |                    this can't be annotated with `?` because it has type `Result<_, ByteStreamError>`
[INFO] [stdout]     |
[INFO] [stdout]     = note: the question mark operation (`?`) implicitly performs a conversion on the error value using the `From` trait
[INFO] [stdout]     = help: `aws_sdk_s3::Error` implements trait `From<T>`:
[INFO] [stdout]               From<AbortMultipartUploadError>
[INFO] [stdout]               From<CompleteMultipartUploadError>
[INFO] [stdout]               From<CopyObjectError>
[INFO] [stdout]               From<CreateBucketError>
[INFO] [stdout]               From<CreateBucketMetadataTableConfigurationError>
[INFO] [stdout]               From<CreateMultipartUploadError>
[INFO] [stdout]               From<CreateSessionError>
[INFO] [stdout]               From<DeleteBucketAnalyticsConfigurationError>
[INFO] [stdout]             and 192 others
[INFO] [stdout]     = note: the full name for the type has been written to '/opt/rustwide/target/debug/build/s3newbench/2041715f6a8dd022/out/s3newbench-2041715f6a8dd022.long-type-10553728510618674716.txt'
[INFO] [stdout]     = note: consider using `--verbose` to print the full type name to the console
[INFO] [stdout] 
[INFO] [stdout] 
[INFO] [stdout] error: cannot find attribute `clap` in this scope
[INFO] [stdout]   --> src/main.rs:22:7
[INFO] [stdout]    |
[INFO] [stdout] 22 |     #[clap(short = 's', long, help = "Secret key for S3 object storage")]
[INFO] [stdout]    |       ^^^^
[INFO] [stdout]    |
[INFO] [stdout]    = note: `clap` is in scope, but it is a crate, not an attribute
[INFO] [stdout] 
[INFO] [stdout] 
[INFO] [stdout] error: cannot find attribute `clap` in this scope
[INFO] [stdout]   --> src/main.rs:25:7
[INFO] [stdout]    |
[INFO] [stdout] 25 |     #[clap(short = 'b', long, help = "S3 bucket name")]
[INFO] [stdout]    |       ^^^^
[INFO] [stdout]    |
[INFO] [stdout]    = note: `clap` is in scope, but it is a crate, not an attribute
[INFO] [stdout] 
[INFO] [stdout] 
[INFO] [stdout] error: cannot find attribute `clap` in this scope
[INFO] [stdout]   --> src/main.rs:28:7
[INFO] [stdout]    |
[INFO] [stdout] 28 |     #[clap(short = 'o', long, help = "S3 object size (e.g. 10MB)")]
[INFO] [stdout]    |       ^^^^
[INFO] [stdout]    |
[INFO] [stdout]    = note: `clap` is in scope, but it is a crate, not an attribute
[INFO] [stdout] 
[INFO] [stdout] 
[INFO] [stdout] error: cannot find attribute `clap` in this scope
[INFO] [stdout]   --> src/main.rs:31:7
[INFO] [stdout]    |
[INFO] [stdout] 31 |     #[clap(short = 'u', long, help = "Elasticsearch cluster URL")]
[INFO] [stdout]    |       ^^^^
[INFO] [stdout]    |
[INFO] [stdout]    = note: `clap` is in scope, but it is a crate, not an attribute
[INFO] [stdout] 
[INFO] [stdout] 
[INFO] [stdout] error: cannot find attribute `clap` in this scope
[INFO] [stdout]   --> src/main.rs:34:7
[INFO] [stdout]    |
[INFO] [stdout] 34 |     #[clap(short = 'n', long, help = "Number of objects to put/get")]
[INFO] [stdout]    |       ^^^^
[INFO] [stdout]    |
[INFO] [stdout]    = note: `clap` is in scope, but it is a crate, not an attribute
[INFO] [stdout] 
[INFO] [stdout] 
[INFO] [stdout] error: cannot find attribute `clap` in this scope
[INFO] [stdout]   --> src/main.rs:37:7
[INFO] [stdout]    |
[INFO] [stdout] 37 |     #[clap(short = 'w', long, help = "Workload running on S3 - read/write")]
[INFO] [stdout]    |       ^^^^
[INFO] [stdout]    |
[INFO] [stdout]    = note: `clap` is in scope, but it is a crate, not an attribute
[INFO] [stdout] 
[INFO] [stdout] 
[INFO] [stdout] error: cannot find attribute `clap` in this scope
[INFO] [stdout]   --> src/main.rs:40:7
[INFO] [stdout]    |
[INFO] [stdout] 40 |     #[clap(short = 'l', long, help = "Max acceptable latency per object operation in ms")]
[INFO] [stdout]    |       ^^^^
[INFO] [stdout]    |
[INFO] [stdout]    = note: `clap` is in scope, but it is a crate, not an attribute
[INFO] [stdout] 
[INFO] [stdout] 
[INFO] [stdout] error: cannot find attribute `clap` in this scope
[INFO] [stdout]   --> src/main.rs:43:7
[INFO] [stdout]    |
[INFO] [stdout] 43 |     #[clap(short = 'p', long, help = "A prefix (directory) located in the bucket")]
[INFO] [stdout]    |       ^^^^
[INFO] [stdout]    |
[INFO] [stdout]    = note: `clap` is in scope, but it is a crate, not an attribute
[INFO] [stdout] 
[INFO] [stdout] 
[INFO] [stdout] error: cannot find attribute `clap` in this scope
[INFO] [stdout]   --> src/main.rs:46:7
[INFO] [stdout]    |
[INFO] [stdout] 46 |     #[clap(short = 'c', long, help = "Should we cleanup all the objects written? yes/no")]
[INFO] [stdout]    |       ^^^^
[INFO] [stdout]    |
[INFO] [stdout]    = note: `clap` is in scope, but it is a crate, not an attribute
[INFO] [stdout] 
[INFO] [stdout] 
[INFO] [stdout] warning: unused import: `rand::seq::SliceRandom`
[INFO] [stdout]  --> src/main.rs:9:5
[INFO] [stdout]   |
[INFO] [stdout] 9 | use rand::seq::SliceRandom;
[INFO] [stdout]   |     ^^^^^^^^^^^^^^^^^^^^^^
[INFO] [stdout]   |
[INFO] [stdout]   = note: `#[warn(unused_imports)]` (part of `#[warn(unused)]`) on by default
[INFO] [stdout] 
[INFO] [stdout] 
[INFO] [stdout] warning: unused import: `Duration`
[INFO] [stdout]   --> src/main.rs:10:26
[INFO] [stdout]    |
[INFO] [stdout] 10 | use std::time::{Instant, Duration};
[INFO] [stdout]    |                          ^^^^^^^^
[INFO] [stdout] 
[INFO] [stdout] 
[INFO] [stdout] error[E0433]: cannot find module or crate `aws_config` in this scope
[INFO] [stdout]   --> src/main.rs:61:29
[INFO] [stdout]    |
[INFO] [stdout] 61 |         let shared_config = aws_config::from_env()
[INFO] [stdout]    |                             ^^^^^^^^^^ use of unresolved module or unlinked crate `aws_config`
[INFO] [stdout]    |
[INFO] [stdout]    = help: if you wanted to use a crate named `aws_config`, use `cargo add aws_config` to add it to your `Cargo.toml`
[INFO] [stdout] 
[INFO] [stdout] 
[INFO] [stdout] error[E0277]: `?` couldn't convert the error to `aws_sdk_s3::Error`
[INFO] [stdout]    --> src/main.rs:155:45
[INFO] [stdout]     |
[INFO] [stdout] 155 |         let data = resp.body.collect().await?;
[INFO] [stdout]     |                    -------------------------^ the trait `From<ByteStreamError>` is not implemented for `aws_sdk_s3::Error`
[INFO] [stdout]     |                    |
[INFO] [stdout]     |                    this can't be annotated with `?` because it has type `Result<_, ByteStreamError>`
[INFO] [stdout]     |
[INFO] [stdout]     = note: the question mark operation (`?`) implicitly performs a conversion on the error value using the `From` trait
[INFO] [stdout]     = help: `aws_sdk_s3::Error` implements trait `From<T>`:
[INFO] [stdout]               From<AbortMultipartUploadError>
[INFO] [stdout]               From<CompleteMultipartUploadError>
[INFO] [stdout]               From<CopyObjectError>
[INFO] [stdout]               From<CreateBucketError>
[INFO] [stdout]               From<CreateBucketMetadataTableConfigurationError>
[INFO] [stdout]               From<CreateMultipartUploadError>
[INFO] [stdout]               From<CreateSessionError>
[INFO] [stdout]               From<DeleteBucketAnalyticsConfigurationError>
[INFO] [stdout]             and 192 others
[INFO] [stdout]     = note: the full name for the type has been written to '/opt/rustwide/target/debug/build/s3newbench/ca9590f2e0a305f1/out/s3newbench-ca9590f2e0a305f1.long-type-6672305912810565734.txt'
[INFO] [stdout]     = note: consider using `--verbose` to print the full type name to the console
[INFO] [stdout] 
[INFO] [stdout] 
[INFO] [stdout] error[E0599]: no associated function or constant named `new_v4` found for struct `uuid::Uuid` in the current scope
[INFO] [stdout]    --> src/main.rs:189:80
[INFO] [stdout]     |
[INFO] [stdout] 189 |         let source = format!("{}{}", hostname::get()?.to_string_lossy(), Uuid::new_v4());
[INFO] [stdout]     |                                                                                ^^^^^^ associated function or constant not found in `uuid::Uuid`
[INFO] [stdout]     |
[INFO] [stdout] note: if you're trying to build a new `uuid::Uuid` consider using one of the following associated functions:
[INFO] [stdout]       uuid::builder::<impl uuid::Uuid>::nil
[INFO] [stdout]       uuid::builder::<impl uuid::Uuid>::max
[INFO] [stdout]       uuid::builder::<impl uuid::Uuid>::from_fields
[INFO] [stdout]       uuid::builder::<impl uuid::Uuid>::from_fields_le
[INFO] [stdout]       and 10 others
[INFO] [stdout]    --> /opt/rustwide/cargo-home/registry/src/index.crates.io-1949cf8c6b5b557f/uuid-1.17.0/src/builder.rs:72:5
[INFO] [stdout]     |
[INFO] [stdout]  72 |     pub const fn nil() -> Self {
[INFO] [stdout]     |     ^^^^^^^^^^^^^^^^^^^^^^^^^^
[INFO] [stdout] ...
[INFO] [stdout]  98 |     pub const fn max() -> Self {
[INFO] [stdout]     |     ^^^^^^^^^^^^^^^^^^^^^^^^^^
[INFO] [stdout] ...
[INFO] [stdout] 122 |     pub const fn from_fields(d1: u32, d2: u16, d3: u16, d4: &[u8; 8]) -> Uuid {
[INFO] [stdout]     |     ^^^^^^^^^^^^^^^^^^^^^^^^^^^^^^^^^^^^^^^^^^^^^^^^^^^^^^^^^^^^^^^^^^^^^^^^^
[INFO] [stdout] ...
[INFO] [stdout] 168 |     pub const fn from_fields_le(d1: u32, d2: u16, d3: u16, d4: &[u8; 8]) -> Uuid {
[INFO] [stdout]     |     ^^^^^^^^^^^^^^^^^^^^^^^^^^^^^^^^^^^^^^^^^^^^^^^^^^^^^^^^^^^^^^^^^^^^^^^^^^^^
[INFO] [stdout] 
[INFO] [stdout] 
[INFO] [stdout] error[E0599]: no associated function or constant named `new_v4` found for struct `uuid::Uuid` in the current scope
[INFO] [stdout]    --> src/main.rs:112:44
[INFO] [stdout]     |
[INFO] [stdout] 112 |             format!("{}/{}", prefix, Uuid::new_v4())
[INFO] [stdout]     |                                            ^^^^^^ associated function or constant not found in `uuid::Uuid`
[INFO] [stdout]     |
[INFO] [stdout] note: if you're trying to build a new `uuid::Uuid` consider using one of the following associated functions:
[INFO] [stdout]       uuid::builder::<impl uuid::Uuid>::nil
[INFO] [stdout]       uuid::builder::<impl uuid::Uuid>::max
[INFO] [stdout]       uuid::builder::<impl uuid::Uuid>::from_fields
[INFO] [stdout]       uuid::builder::<impl uuid::Uuid>::from_fields_le
[INFO] [stdout]       and 10 others
[INFO] [stdout]    --> /opt/rustwide/cargo-home/registry/src/index.crates.io-1949cf8c6b5b557f/uuid-1.17.0/src/builder.rs:72:5
[INFO] [stdout]     |
[INFO] [stdout]  72 |     pub const fn nil() -> Self {
[INFO] [stdout]     |     ^^^^^^^^^^^^^^^^^^^^^^^^^^
[INFO] [stdout] ...
[INFO] [stdout]  98 |     pub const fn max() -> Self {
[INFO] [stdout]     |     ^^^^^^^^^^^^^^^^^^^^^^^^^^
[INFO] [stdout] ...
[INFO] [stdout] 122 |     pub const fn from_fields(d1: u32, d2: u16, d3: u16, d4: &[u8; 8]) -> Uuid {
[INFO] [stdout]     |     ^^^^^^^^^^^^^^^^^^^^^^^^^^^^^^^^^^^^^^^^^^^^^^^^^^^^^^^^^^^^^^^^^^^^^^^^^
[INFO] [stdout] ...
[INFO] [stdout] 168 |     pub const fn from_fields_le(d1: u32, d2: u16, d3: u16, d4: &[u8; 8]) -> Uuid {
[INFO] [stdout]     |     ^^^^^^^^^^^^^^^^^^^^^^^^^^^^^^^^^^^^^^^^^^^^^^^^^^^^^^^^^^^^^^^^^^^^^^^^^^^^
[INFO] [stdout] 
[INFO] [stdout] 
[INFO] [stdout] error[E0599]: no associated function or constant named `new_v4` found for struct `uuid::Uuid` in the current scope
[INFO] [stdout]    --> src/main.rs:114:19
[INFO] [stdout]     |
[INFO] [stdout] 114 |             Uuid::new_v4().to_string()
[INFO] [stdout]     |                   ^^^^^^ associated function or constant not found in `uuid::Uuid`
[INFO] [stdout]     |
[INFO] [stdout] note: if you're trying to build a new `uuid::Uuid` consider using one of the following associated functions:
[INFO] [stdout]       uuid::builder::<impl uuid::Uuid>::nil
[INFO] [stdout]       uuid::builder::<impl uuid::Uuid>::max
[INFO] [stdout]       uuid::builder::<impl uuid::Uuid>::from_fields
[INFO] [stdout]       uuid::builder::<impl uuid::Uuid>::from_fields_le
[INFO] [stdout]       and 10 others
[INFO] [stdout]    --> /opt/rustwide/cargo-home/registry/src/index.crates.io-1949cf8c6b5b557f/uuid-1.17.0/src/builder.rs:72:5
[INFO] [stdout]     |
[INFO] [stdout]  72 |     pub const fn nil() -> Self {
[INFO] [stdout]     |     ^^^^^^^^^^^^^^^^^^^^^^^^^^
[INFO] [stdout] ...
[INFO] [stdout]  98 |     pub const fn max() -> Self {
[INFO] [stdout]     |     ^^^^^^^^^^^^^^^^^^^^^^^^^^
[INFO] [stdout] ...
[INFO] [stdout] 122 |     pub const fn from_fields(d1: u32, d2: u16, d3: u16, d4: &[u8; 8]) -> Uuid {
[INFO] [stdout]     |     ^^^^^^^^^^^^^^^^^^^^^^^^^^^^^^^^^^^^^^^^^^^^^^^^^^^^^^^^^^^^^^^^^^^^^^^^^
[INFO] [stdout] ...
[INFO] [stdout] 168 |     pub const fn from_fields_le(d1: u32, d2: u16, d3: u16, d4: &[u8; 8]) -> Uuid {
[INFO] [stdout]     |     ^^^^^^^^^^^^^^^^^^^^^^^^^^^^^^^^^^^^^^^^^^^^^^^^^^^^^^^^^^^^^^^^^^^^^^^^^^^^
[INFO] [stdout] 
[INFO] [stdout] 
[INFO] [stdout] error[E0599]: no associated function or constant named `new_v4` found for struct `uuid::Uuid` in the current scope
[INFO] [stdout]    --> src/main.rs:189:80
[INFO] [stdout]     |
[INFO] [stdout] 189 |         let source = format!("{}{}", hostname::get()?.to_string_lossy(), Uuid::new_v4());
[INFO] [stdout]     |                                                                                ^^^^^^ associated function or constant not found in `uuid::Uuid`
[INFO] [stdout]     |
[INFO] [stdout] note: if you're trying to build a new `uuid::Uuid` consider using one of the following associated functions:
[INFO] [stdout]       uuid::builder::<impl uuid::Uuid>::nil
[INFO] [stdout]       uuid::builder::<impl uuid::Uuid>::max
[INFO] [stdout]       uuid::builder::<impl uuid::Uuid>::from_fields
[INFO] [stdout]       uuid::builder::<impl uuid::Uuid>::from_fields_le
[INFO] [stdout]       and 10 others
[INFO] [stdout]    --> /opt/rustwide/cargo-home/registry/src/index.crates.io-1949cf8c6b5b557f/uuid-1.17.0/src/builder.rs:72:5
[INFO] [stdout]     |
[INFO] [stdout]  72 |     pub const fn nil() -> Self {
[INFO] [stdout]     |     ^^^^^^^^^^^^^^^^^^^^^^^^^^
[INFO] [stdout] ...
[INFO] [stdout]  98 |     pub const fn max() -> Self {
[INFO] [stdout]     |     ^^^^^^^^^^^^^^^^^^^^^^^^^^
[INFO] [stdout] ...
[INFO] [stdout] 122 |     pub const fn from_fields(d1: u32, d2: u16, d3: u16, d4: &[u8; 8]) -> Uuid {
[INFO] [stdout]     |     ^^^^^^^^^^^^^^^^^^^^^^^^^^^^^^^^^^^^^^^^^^^^^^^^^^^^^^^^^^^^^^^^^^^^^^^^^
[INFO] [stdout] ...
[INFO] [stdout] 168 |     pub const fn from_fields_le(d1: u32, d2: u16, d3: u16, d4: &[u8; 8]) -> Uuid {
[INFO] [stdout]     |     ^^^^^^^^^^^^^^^^^^^^^^^^^^^^^^^^^^^^^^^^^^^^^^^^^^^^^^^^^^^^^^^^^^^^^^^^^^^^
[INFO] [stdout] 
[INFO] [stdout] 
[INFO] [stdout] error[E0599]: no associated function or constant named `parse` found for struct `Args` in the current scope
[INFO] [stdout]    --> src/main.rs:243:22
[INFO] [stdout]     |
[INFO] [stdout]  15 | struct Args {
[INFO] [stdout]     | ----------- associated function or constant `parse` not found for this struct
[INFO] [stdout] ...
[INFO] [stdout] 243 |     let args = Args::parse();
[INFO] [stdout]     |                      ^^^^^ associated function or constant not found in `Args`
[INFO] [stdout]     |
[INFO] [stdout]     = help: items from traits can only be used if the trait is implemented and in scope
[INFO] [stdout]     = note: the following traits define an item `parse`, perhaps you need to implement one of them:
[INFO] [stdout]             candidate #1: `Parser`
[INFO] [stdout]             candidate #2: `TypedValueParser`
[INFO] [stdout]             candidate #3: `time::parsing::parsable::sealed::Sealed`
[INFO] [stdout] 
[INFO] [stdout] 
[INFO] [stdout] error[E0599]: no associated function or constant named `new_v4` found for struct `uuid::Uuid` in the current scope
[INFO] [stdout]    --> src/main.rs:112:44
[INFO] [stdout]     |
[INFO] [stdout] 112 |             format!("{}/{}", prefix, Uuid::new_v4())
[INFO] [stdout]     |                                            ^^^^^^ associated function or constant not found in `uuid::Uuid`
[INFO] [stdout]     |
[INFO] [stdout] note: if you're trying to build a new `uuid::Uuid` consider using one of the following associated functions:
[INFO] [stdout]       uuid::builder::<impl uuid::Uuid>::nil
[INFO] [stdout]       uuid::builder::<impl uuid::Uuid>::max
[INFO] [stdout]       uuid::builder::<impl uuid::Uuid>::from_fields
[INFO] [stdout]       uuid::builder::<impl uuid::Uuid>::from_fields_le
[INFO] [stdout]       and 10 others
[INFO] [stdout]    --> /opt/rustwide/cargo-home/registry/src/index.crates.io-1949cf8c6b5b557f/uuid-1.17.0/src/builder.rs:72:5
[INFO] [stdout]     |
[INFO] [stdout]  72 |     pub const fn nil() -> Self {
[INFO] [stdout]     |     ^^^^^^^^^^^^^^^^^^^^^^^^^^
[INFO] [stdout] ...
[INFO] [stdout]  98 |     pub const fn max() -> Self {
[INFO] [stdout]     |     ^^^^^^^^^^^^^^^^^^^^^^^^^^
[INFO] [stdout] ...
[INFO] [stdout] 122 |     pub const fn from_fields(d1: u32, d2: u16, d3: u16, d4: &[u8; 8]) -> Uuid {
[INFO] [stdout]     |     ^^^^^^^^^^^^^^^^^^^^^^^^^^^^^^^^^^^^^^^^^^^^^^^^^^^^^^^^^^^^^^^^^^^^^^^^^
[INFO] [stdout] ...
[INFO] [stdout] 168 |     pub const fn from_fields_le(d1: u32, d2: u16, d3: u16, d4: &[u8; 8]) -> Uuid {
[INFO] [stdout]     |     ^^^^^^^^^^^^^^^^^^^^^^^^^^^^^^^^^^^^^^^^^^^^^^^^^^^^^^^^^^^^^^^^^^^^^^^^^^^^
[INFO] [stdout] 
[INFO] [stdout] 
[INFO] [stdout] error[E0599]: no associated function or constant named `new_v4` found for struct `uuid::Uuid` in the current scope
[INFO] [stdout]    --> src/main.rs:114:19
[INFO] [stdout]     |
[INFO] [stdout] 114 |             Uuid::new_v4().to_string()
[INFO] [stdout]     |                   ^^^^^^ associated function or constant not found in `uuid::Uuid`
[INFO] [stdout]     |
[INFO] [stdout] note: if you're trying to build a new `uuid::Uuid` consider using one of the following associated functions:
[INFO] [stdout]       uuid::builder::<impl uuid::Uuid>::nil
[INFO] [stdout]       uuid::builder::<impl uuid::Uuid>::max
[INFO] [stdout]       uuid::builder::<impl uuid::Uuid>::from_fields
[INFO] [stdout]       uuid::builder::<impl uuid::Uuid>::from_fields_le
[INFO] [stdout]       and 10 others
[INFO] [stdout]    --> /opt/rustwide/cargo-home/registry/src/index.crates.io-1949cf8c6b5b557f/uuid-1.17.0/src/builder.rs:72:5
[INFO] [stdout]     |
[INFO] [stdout]  72 |     pub const fn nil() -> Self {
[INFO] [stdout]     |     ^^^^^^^^^^^^^^^^^^^^^^^^^^
[INFO] [stdout] ...
[INFO] [stdout]  98 |     pub const fn max() -> Self {
[INFO] [stdout]     |     ^^^^^^^^^^^^^^^^^^^^^^^^^^
[INFO] [stdout] ...
[INFO] [stdout] 122 |     pub const fn from_fields(d1: u32, d2: u16, d3: u16, d4: &[u8; 8]) -> Uuid {
[INFO] [stdout]     |     ^^^^^^^^^^^^^^^^^^^^^^^^^^^^^^^^^^^^^^^^^^^^^^^^^^^^^^^^^^^^^^^^^^^^^^^^^
[INFO] [stdout] ...
[INFO] [stdout] 168 |     pub const fn from_fields_le(d1: u32, d2: u16, d3: u16, d4: &[u8; 8]) -> Uuid {
[INFO] [stdout]     |     ^^^^^^^^^^^^^^^^^^^^^^^^^^^^^^^^^^^^^^^^^^^^^^^^^^^^^^^^^^^^^^^^^^^^^^^^^^^^
[INFO] [stdout] 
[INFO] [stdout] 
[INFO] [stdout] Some errors have detailed explanations: E0277, E0432, E0433, E0599.
[INFO] [stdout] 
[INFO] [stdout] For more information about an error, try `rustc --explain E0277`.
[INFO] [stdout] 
[INFO] [stdout] error[E0599]: no associated function or constant named `parse` found for struct `Args` in the current scope
[INFO] [stdout]    --> src/main.rs:243:22
[INFO] [stdout]     |
[INFO] [stdout]  15 | struct Args {
[INFO] [stdout]     | ----------- associated function or constant `parse` not found for this struct
[INFO] [stdout] ...
[INFO] [stdout] 243 |     let args = Args::parse();
[INFO] [stdout]     |                      ^^^^^ associated function or constant not found in `Args`
[INFO] [stdout]     |
[INFO] [stdout]     = help: items from traits can only be used if the trait is implemented and in scope
[INFO] [stdout]     = note: the following traits define an item `parse`, perhaps you need to implement one of them:
[INFO] [stdout]             candidate #1: `Parser`
[INFO] [stdout]             candidate #2: `TypedValueParser`
[INFO] [stdout]             candidate #3: `time::parsing::parsable::sealed::Sealed`
[INFO] [stdout] 
[INFO] [stdout] 
[INFO] [stderr] error: could not compile `s3newbench` (bin "s3newbench") due to 22 previous errors; 2 warnings emitted
[INFO] [stderr] warning: build failed, waiting for other jobs to finish...
[INFO] [stdout] Some errors have detailed explanations: E0277, E0432, E0433, E0599.
[INFO] [stdout] 
[INFO] [stdout] For more information about an error, try `rustc --explain E0277`.
[INFO] [stdout] 
[INFO] [stderr] error: could not compile `s3newbench` (bin "s3newbench" test) due to 22 previous errors; 2 warnings emitted
[INFO] running `Command { std: "docker" "inspect" "7f06d78d1baee6ef6deaffa80f3d91a493f7c00c7804cba763afe9935bc1c41e", kill_on_drop: false }`
[INFO] running `Command { std: "docker" "rm" "-f" "7f06d78d1baee6ef6deaffa80f3d91a493f7c00c7804cba763afe9935bc1c41e", kill_on_drop: false }`
[INFO] [stdout] 7f06d78d1baee6ef6deaffa80f3d91a493f7c00c7804cba763afe9935bc1c41e
