[INFO] cloning repository https://github.com/Siroro/process_tracker
[INFO] running `Command { std: "git" "-c" "credential.helper=" "-c" "credential.helper=/workspace/cargo-home/bin/git-credential-null" "clone" "--bare" "https://github.com/Siroro/process_tracker" "/workspace/cache/git-repos/https%3A%2F%2Fgithub.com%2FSiroro%2Fprocess_tracker", kill_on_drop: false }`
[INFO] [stderr] Cloning into bare repository '/workspace/cache/git-repos/https%3A%2F%2Fgithub.com%2FSiroro%2Fprocess_tracker'...
[INFO] running `Command { std: "git" "rev-parse" "HEAD", kill_on_drop: false }`
[INFO] [stdout] c177673472ebce93e9461e3c096800f1cc8399a3
[INFO] checking Siroro/process_tracker against e4d5758286bf2cf6f415802f2cf861747a7c6c8c for pr-152972
[INFO] running `Command { std: "git" "clone" "/workspace/cache/git-repos/https%3A%2F%2Fgithub.com%2FSiroro%2Fprocess_tracker" "/workspace/builds/worker-6-tc2/source", kill_on_drop: false }`
[INFO] [stderr] Cloning into '/workspace/builds/worker-6-tc2/source'...
[INFO] [stderr] done.
[INFO] started tweaking git repo https://github.com/Siroro/process_tracker
[INFO] finished tweaking git repo https://github.com/Siroro/process_tracker
[INFO] tweaked toml for git repo https://github.com/Siroro/process_tracker written to /workspace/builds/worker-6-tc2/source/Cargo.toml
[INFO] validating manifest of git repo https://github.com/Siroro/process_tracker on toolchain e4d5758286bf2cf6f415802f2cf861747a7c6c8c
[INFO] running `Command { std: CARGO_HOME="/workspace/cargo-home" RUSTUP_HOME="/workspace/rustup-home" "/workspace/cargo-home/bin/cargo" "+e4d5758286bf2cf6f415802f2cf861747a7c6c8c" "metadata" "--manifest-path" "Cargo.toml" "--no-deps", kill_on_drop: false }`
[INFO] crate git repo https://github.com/Siroro/process_tracker already has a lockfile, it will not be regenerated
[INFO] running `Command { std: CARGO_HOME="/workspace/cargo-home" RUSTUP_HOME="/workspace/rustup-home" "/workspace/cargo-home/bin/cargo" "+e4d5758286bf2cf6f415802f2cf861747a7c6c8c" "fetch" "--manifest-path" "Cargo.toml", kill_on_drop: false }`
[INFO] [stderr]     Blocking waiting for file lock on package cache
[INFO] [stderr]     Blocking waiting for file lock on package cache
[INFO] [stderr]  Downloading crates ...
[INFO] [stderr]   Downloaded wmi v0.14.0
[INFO] running `Command { std: "docker" "create" "-v" "/var/lib/crater-agent-workspace/builds/worker-6-tc2/source:/opt/rustwide/workdir:ro,Z" "-v" "/var/lib/crater-agent-workspace/builds/worker-6-tc2/target:/opt/rustwide/target:rw,Z" "-v" "/var/lib/crater-agent-workspace/cargo-home:/opt/rustwide/cargo-home:ro,Z" "-v" "/var/lib/crater-agent-workspace/rustup-home:/opt/rustwide/rustup-home:ro,Z" "-m" "1610612736" "--network" "none" "ghcr.io/rust-lang/crates-build-env/linux@sha256:3111399a4047eeb3a02b7a90e478d715f38a8c6669b5c4b49d30a17385265909" "sleep" "infinity", kill_on_drop: false }`
[INFO] [stdout] 006a07035f7b3f416e50225d37befba4c925c4cda8efacf6add691a5e68659fd
[INFO] running `Command { std: "docker" "start" "006a07035f7b3f416e50225d37befba4c925c4cda8efacf6add691a5e68659fd", kill_on_drop: false }`
[INFO] running `Command { std: "docker" "inspect" "006a07035f7b3f416e50225d37befba4c925c4cda8efacf6add691a5e68659fd", kill_on_drop: false }`
[INFO] running `Command { std: "docker" "exec" "-e" "SOURCE_DIR=/opt/rustwide/workdir" "-e" "CARGO_HOME=/opt/rustwide/cargo-home" "-e" "RUSTUP_HOME=/opt/rustwide/rustup-home" "-e" "CARGO_TARGET_DIR=/opt/rustwide/target" "-w" "/opt/rustwide/workdir" "--user" "0:0" "006a07035f7b3f416e50225d37befba4c925c4cda8efacf6add691a5e68659fd" "/opt/rustwide/cargo-home/bin/cargo" "+e4d5758286bf2cf6f415802f2cf861747a7c6c8c" "metadata" "--no-deps" "--format-version=1", kill_on_drop: false }`
[INFO] running `Command { std: "docker" "inspect" "006a07035f7b3f416e50225d37befba4c925c4cda8efacf6add691a5e68659fd", kill_on_drop: false }`
[INFO] running `Command { std: "docker" "exec" "-e" "SOURCE_DIR=/opt/rustwide/workdir" "-e" "CARGO_HOME=/opt/rustwide/cargo-home" "-e" "RUSTUP_HOME=/opt/rustwide/rustup-home" "-e" "CARGO_TARGET_DIR=/opt/rustwide/target" "-e" "CARGO_INCREMENTAL=0" "-e" "RUST_BACKTRACE=full" "-e" "RUSTFLAGS=--cap-lints=forbid" "-e" "RUSTDOCFLAGS=--cap-lints=forbid" "-w" "/opt/rustwide/workdir" "--user" "0:0" "006a07035f7b3f416e50225d37befba4c925c4cda8efacf6add691a5e68659fd" "/opt/rustwide/cargo-home/bin/cargo" "+e4d5758286bf2cf6f415802f2cf861747a7c6c8c" "check" "--frozen" "--all" "--all-targets" "--message-format=json", kill_on_drop: false }`
[INFO] [stderr]    Compiling serde v1.0.210
[INFO] [stderr]     Checking wmi v0.14.0
[INFO] [stderr]     Checking process_tracker v0.1.0 (/opt/rustwide/workdir)
[INFO] [stdout] error: cannot find derive macro `Deserialize` in this scope
[INFO] [stdout]    --> src/main.rs:6:10
[INFO] [stdout]     |
[INFO] [stdout]   6 | #[derive(Deserialize, Debug)]
[INFO] [stdout]     |          ^^^^^^^^^^^
[INFO] [stdout]     |
[INFO] [stdout] note: `Deserialize` is a trait, not a derive macro
[INFO] [stdout]    --> /opt/rustwide/cargo-home/registry/src/index.crates.io-1949cf8c6b5b557f/serde-1.0.210/src/de/mod.rs:541:1
[INFO] [stdout]     |
[INFO] [stdout] 541 | pub trait Deserialize<'de>: Sized {
[INFO] [stdout]     | ^^^^^^^^^^^^^^^^^^^^^^^^^^^^^^^^^
[INFO] [stdout]     = help: consider implementing `Deserialize` for your type manually
[INFO] [stdout] 
[INFO] [stdout] 
[INFO] [stdout] error: cannot find attribute `serde` in this scope
[INFO] [stdout]  --> src/main.rs:7:3
[INFO] [stdout]   |
[INFO] [stdout] 7 | #[serde(rename = "__InstanceCreationEvent")]
[INFO] [stdout]   |   ^^^^^
[INFO] [stdout]   |
[INFO] [stdout]   = note: `serde` is in scope, but it is a crate, not an attribute
[INFO] [stdout] 
[INFO] [stdout] 
[INFO] [stdout] error: cannot find attribute `serde` in this scope
[INFO] [stdout]  --> src/main.rs:8:3
[INFO] [stdout]   |
[INFO] [stdout] 8 | #[serde(rename_all = "PascalCase")]
[INFO] [stdout]   |   ^^^^^
[INFO] [stdout]   |
[INFO] [stdout]   = note: `serde` is in scope, but it is a crate, not an attribute
[INFO] [stdout] 
[INFO] [stdout] 
[INFO] [stdout] error: cannot find derive macro `Deserialize` in this scope
[INFO] [stdout]    --> src/main.rs:13:10
[INFO] [stdout]     |
[INFO] [stdout]  13 | #[derive(Deserialize, Debug)]
[INFO] [stdout]     |          ^^^^^^^^^^^
[INFO] [stdout]     |
[INFO] [stdout] note: `Deserialize` is a trait, not a derive macro
[INFO] [stdout]    --> /opt/rustwide/cargo-home/registry/src/index.crates.io-1949cf8c6b5b557f/serde-1.0.210/src/de/mod.rs:541:1
[INFO] [stdout]     |
[INFO] [stdout] 541 | pub trait Deserialize<'de>: Sized {
[INFO] [stdout]     | ^^^^^^^^^^^^^^^^^^^^^^^^^^^^^^^^^
[INFO] [stdout]     = help: consider implementing `Deserialize` for your type manually
[INFO] [stdout] 
[INFO] [stdout] 
[INFO] [stdout] error: cannot find attribute `serde` in this scope
[INFO] [stdout]   --> src/main.rs:14:3
[INFO] [stdout]    |
[INFO] [stdout] 14 | #[serde(rename = "Win32_Process")]
[INFO] [stdout]    |   ^^^^^
[INFO] [stdout]    |
[INFO] [stdout]    = note: `serde` is in scope, but it is a crate, not an attribute
[INFO] [stdout] 
[INFO] [stdout] 
[INFO] [stdout] error: cannot find attribute `serde` in this scope
[INFO] [stdout]   --> src/main.rs:15:3
[INFO] [stdout]    |
[INFO] [stdout] 15 | #[serde(rename_all = "PascalCase")]
[INFO] [stdout]    |   ^^^^^
[INFO] [stdout]    |
[INFO] [stdout]    = note: `serde` is in scope, but it is a crate, not an attribute
[INFO] [stdout] 
[INFO] [stdout] 
[INFO] [stdout] error: cannot find derive macro `Deserialize` in this scope
[INFO] [stdout]    --> src/main.rs:6:10
[INFO] [stdout]     |
[INFO] [stdout]   6 | #[derive(Deserialize, Debug)]
[INFO] [stdout]     |          ^^^^^^^^^^^
[INFO] [stdout]     |
[INFO] [stdout] note: `Deserialize` is a trait, not a derive macro
[INFO] [stdout]    --> /opt/rustwide/cargo-home/registry/src/index.crates.io-1949cf8c6b5b557f/serde-1.0.210/src/de/mod.rs:541:1
[INFO] [stdout]     |
[INFO] [stdout] 541 | pub trait Deserialize<'de>: Sized {
[INFO] [stdout]     | ^^^^^^^^^^^^^^^^^^^^^^^^^^^^^^^^^
[INFO] [stdout]     = help: consider implementing `Deserialize` for your type manually
[INFO] [stdout] 
[INFO] [stdout] 
[INFO] [stdout] error[E0425]: cannot find type `WMIDateTime` in this scope
[INFO] [stdout]   --> src/main.rs:22:27
[INFO] [stdout]    |
[INFO] [stdout] 22 |     creation_date: Option<WMIDateTime>,
[INFO] [stdout]    |                           ^^^^^^^^^^^ not found in this scope
[INFO] [stdout]    |
[INFO] [stdout] help: you might be missing a type parameter
[INFO] [stdout]    |
[INFO] [stdout] 16 | struct Process<WMIDateTime> {
[INFO] [stdout]    |               +++++++++++++
[INFO] [stdout] 
[INFO] [stdout] 
[INFO] [stdout] error[E0425]: cannot find type `FilterValue` in this scope
[INFO] [stdout]   --> src/main.rs:26:41
[INFO] [stdout]    |
[INFO] [stdout] 26 |     let mut filters = HashMap::<String, FilterValue>::new();
[INFO] [stdout]    |                                         ^^^^^^^^^^^ not found in this scope
[INFO] [stdout] 
[INFO] [stdout] 
[INFO] [stdout] error[E0425]: cannot find type `WMIDateTime` in this scope
[INFO] [stdout]   --> src/main.rs:95:36
[INFO] [stdout]    |
[INFO] [stdout] 95 | fn convert_wmi_date_time(wmi_date: WMIDateTime) -> String {
[INFO] [stdout]    |                                    ^^^^^^^^^^^ not found in this scope
[INFO] [stdout] 
[INFO] [stdout] 
[INFO] [stdout] warning: unused import: `wmi::*`
[INFO] [stdout]  --> src/main.rs:4:5
[INFO] [stdout]   |
[INFO] [stdout] 4 | use wmi::*;
[INFO] [stdout]   |     ^^^^^^
[INFO] [stdout]   |
[INFO] [stdout]   = note: `#[warn(unused_imports)]` (part of `#[warn(unused)]`) on by default
[INFO] [stdout] 
[INFO] [stdout] 
[INFO] [stdout] error: cannot find attribute `serde` in this scope
[INFO] [stdout]  --> src/main.rs:7:3
[INFO] [stdout]   |
[INFO] [stdout] 7 | #[serde(rename = "__InstanceCreationEvent")]
[INFO] [stdout]   |   ^^^^^
[INFO] [stdout]   |
[INFO] [stdout]   = note: `serde` is in scope, but it is a crate, not an attribute
[INFO] [stdout] 
[INFO] [stdout] 
[INFO] [stdout] error: cannot find attribute `serde` in this scope
[INFO] [stdout]  --> src/main.rs:8:3
[INFO] [stdout]   |
[INFO] [stdout] 8 | #[serde(rename_all = "PascalCase")]
[INFO] [stdout]   |   ^^^^^
[INFO] [stdout]   |
[INFO] [stdout]   = note: `serde` is in scope, but it is a crate, not an attribute
[INFO] [stdout] 
[INFO] [stdout] 
[INFO] [stdout] error: cannot find derive macro `Deserialize` in this scope
[INFO] [stdout]    --> src/main.rs:13:10
[INFO] [stdout]     |
[INFO] [stdout]  13 | #[derive(Deserialize, Debug)]
[INFO] [stdout]     |          ^^^^^^^^^^^
[INFO] [stdout]     |
[INFO] [stdout] note: `Deserialize` is a trait, not a derive macro
[INFO] [stdout]    --> /opt/rustwide/cargo-home/registry/src/index.crates.io-1949cf8c6b5b557f/serde-1.0.210/src/de/mod.rs:541:1
[INFO] [stdout]     |
[INFO] [stdout] 541 | pub trait Deserialize<'de>: Sized {
[INFO] [stdout]     | ^^^^^^^^^^^^^^^^^^^^^^^^^^^^^^^^^
[INFO] [stdout]     = help: consider implementing `Deserialize` for your type manually
[INFO] [stdout] 
[INFO] [stdout] 
[INFO] [stdout] error: cannot find attribute `serde` in this scope
[INFO] [stdout]   --> src/main.rs:14:3
[INFO] [stdout]    |
[INFO] [stdout] 14 | #[serde(rename = "Win32_Process")]
[INFO] [stdout]    |   ^^^^^
[INFO] [stdout]    |
[INFO] [stdout]    = note: `serde` is in scope, but it is a crate, not an attribute
[INFO] [stdout] 
[INFO] [stdout] 
[INFO] [stdout] error: cannot find attribute `serde` in this scope
[INFO] [stdout]   --> src/main.rs:15:3
[INFO] [stdout]    |
[INFO] [stdout] 15 | #[serde(rename_all = "PascalCase")]
[INFO] [stdout]    |   ^^^^^
[INFO] [stdout]    |
[INFO] [stdout]    = note: `serde` is in scope, but it is a crate, not an attribute
[INFO] [stdout] 
[INFO] [stdout] 
[INFO] [stdout] error[E0433]: cannot find type `FilterValue` in this scope
[INFO] [stdout]   --> src/main.rs:30:9
[INFO] [stdout]    |
[INFO] [stdout] 30 |         FilterValue::is_a::<Process>().unwrap(),
[INFO] [stdout]    |         ^^^^^^^^^^^ use of undeclared type `FilterValue`
[INFO] [stdout] 
[INFO] [stdout] 
[INFO] [stdout] error[E0433]: cannot find type `WMIConnection` in this scope
[INFO] [stdout]   --> src/main.rs:32:19
[INFO] [stdout]    |
[INFO] [stdout] 32 |     let wmi_con = WMIConnection::new(COMLibrary::new().unwrap()).unwrap();
[INFO] [stdout]    |                   ^^^^^^^^^^^^^ use of undeclared type `WMIConnection`
[INFO] [stdout] 
[INFO] [stdout] 
[INFO] [stdout] error[E0433]: cannot find type `COMLibrary` in this scope
[INFO] [stdout]   --> src/main.rs:32:38
[INFO] [stdout]    |
[INFO] [stdout] 32 |     let wmi_con = WMIConnection::new(COMLibrary::new().unwrap()).unwrap();
[INFO] [stdout]    |                                      ^^^^^^^^^^ use of undeclared type `COMLibrary`
[INFO] [stdout] 
[INFO] [stdout] 
[INFO] [stderr] error: could not compile `process_tracker` (bin "process_tracker") due to 12 previous errors; 1 warning emitted
[INFO] [stderr] warning: build failed, waiting for other jobs to finish...
[INFO] [stdout] Some errors have detailed explanations: E0425, E0433.
[INFO] [stdout] 
[INFO] [stdout] For more information about an error, try `rustc --explain E0425`.
[INFO] [stdout] 
[INFO] [stdout] error[E0425]: cannot find type `WMIDateTime` in this scope
[INFO] [stdout]   --> src/main.rs:22:27
[INFO] [stdout]    |
[INFO] [stdout] 22 |     creation_date: Option<WMIDateTime>,
[INFO] [stdout]    |                           ^^^^^^^^^^^ not found in this scope
[INFO] [stdout]    |
[INFO] [stdout] help: you might be missing a type parameter
[INFO] [stdout]    |
[INFO] [stdout] 16 | struct Process<WMIDateTime> {
[INFO] [stdout]    |               +++++++++++++
[INFO] [stdout] 
[INFO] [stdout] 
[INFO] [stdout] error[E0425]: cannot find type `FilterValue` in this scope
[INFO] [stdout]   --> src/main.rs:26:41
[INFO] [stdout]    |
[INFO] [stdout] 26 |     let mut filters = HashMap::<String, FilterValue>::new();
[INFO] [stdout]    |                                         ^^^^^^^^^^^ not found in this scope
[INFO] [stdout] 
[INFO] [stdout] 
[INFO] [stdout] error[E0425]: cannot find type `WMIDateTime` in this scope
[INFO] [stdout]   --> src/main.rs:95:36
[INFO] [stdout]    |
[INFO] [stdout] 95 | fn convert_wmi_date_time(wmi_date: WMIDateTime) -> String {
[INFO] [stdout]    |                                    ^^^^^^^^^^^ not found in this scope
[INFO] [stdout] 
[INFO] [stdout] 
[INFO] [stdout] warning: unused import: `wmi::*`
[INFO] [stdout]  --> src/main.rs:4:5
[INFO] [stdout]   |
[INFO] [stdout] 4 | use wmi::*;
[INFO] [stdout]   |     ^^^^^^
[INFO] [stdout]   |
[INFO] [stdout]   = note: `#[warn(unused_imports)]` (part of `#[warn(unused)]`) on by default
[INFO] [stdout] 
[INFO] [stdout] 
[INFO] [stdout] error[E0433]: cannot find type `FilterValue` in this scope
[INFO] [stdout]   --> src/main.rs:30:9
[INFO] [stdout]    |
[INFO] [stdout] 30 |         FilterValue::is_a::<Process>().unwrap(),
[INFO] [stdout]    |         ^^^^^^^^^^^ use of undeclared type `FilterValue`
[INFO] [stdout] 
[INFO] [stdout] 
[INFO] [stdout] error[E0433]: cannot find type `WMIConnection` in this scope
[INFO] [stdout]   --> src/main.rs:32:19
[INFO] [stdout]    |
[INFO] [stdout] 32 |     let wmi_con = WMIConnection::new(COMLibrary::new().unwrap()).unwrap();
[INFO] [stdout]    |                   ^^^^^^^^^^^^^ use of undeclared type `WMIConnection`
[INFO] [stdout] 
[INFO] [stdout] 
[INFO] [stdout] error[E0433]: cannot find type `COMLibrary` in this scope
[INFO] [stdout]   --> src/main.rs:32:38
[INFO] [stdout]    |
[INFO] [stdout] 32 |     let wmi_con = WMIConnection::new(COMLibrary::new().unwrap()).unwrap();
[INFO] [stdout]    |                                      ^^^^^^^^^^ use of undeclared type `COMLibrary`
[INFO] [stdout] 
[INFO] [stdout] 
[INFO] [stdout] Some errors have detailed explanations: E0425, E0433.
[INFO] [stdout] 
[INFO] [stdout] For more information about an error, try `rustc --explain E0425`.
[INFO] [stdout] 
[INFO] [stderr] error: could not compile `process_tracker` (bin "process_tracker" test) due to 12 previous errors; 1 warning emitted
[INFO] [stderr] warning: unused dependency `chrono`
[INFO] [stderr]  --> Cargo.toml:2:1
[INFO] [stderr]   |
[INFO] [stderr] 2 | chrono = "0.4"
[INFO] [stderr]   | ^^^^^^^^^^^^^^
[INFO] [stderr]   |
[INFO] [stderr]   = note: `cargo::unused_dependencies` is set to `warn` by default
[INFO] [stderr] help: consider removing the dependency on `chrono`
[INFO] [stderr] warning: `process_tracker` (manifest) generated 1 warning
[INFO] running `Command { std: "docker" "inspect" "006a07035f7b3f416e50225d37befba4c925c4cda8efacf6add691a5e68659fd", kill_on_drop: false }`
[INFO] running `Command { std: "docker" "rm" "-f" "006a07035f7b3f416e50225d37befba4c925c4cda8efacf6add691a5e68659fd", kill_on_drop: false }`
[INFO] [stdout] 006a07035f7b3f416e50225d37befba4c925c4cda8efacf6add691a5e68659fd
