[INFO] cloning repository https://github.com/SaveW1nd/kiro.rs
[INFO] running `Command { std: "git" "-c" "credential.helper=" "-c" "credential.helper=/workspace/cargo-home/bin/git-credential-null" "clone" "--bare" "https://github.com/SaveW1nd/kiro.rs" "/workspace/cache/git-repos/https%3A%2F%2Fgithub.com%2FSaveW1nd%2Fkiro.rs", kill_on_drop: false }`
[INFO] [stderr] Cloning into bare repository '/workspace/cache/git-repos/https%3A%2F%2Fgithub.com%2FSaveW1nd%2Fkiro.rs'...
[INFO] running `Command { std: "git" "rev-parse" "HEAD", kill_on_drop: false }`
[INFO] [stdout] 1aa93bd2561126bbfb07d9ae713d40562d5f9fce
[INFO] checking SaveW1nd/kiro.rs against e4d5758286bf2cf6f415802f2cf861747a7c6c8c for pr-152972
[INFO] running `Command { std: "git" "clone" "/workspace/cache/git-repos/https%3A%2F%2Fgithub.com%2FSaveW1nd%2Fkiro.rs" "/workspace/builds/worker-1-tc2/source", kill_on_drop: false }`
[INFO] [stderr] Cloning into '/workspace/builds/worker-1-tc2/source'...
[INFO] [stderr] done.
[INFO] started tweaking git repo https://github.com/SaveW1nd/kiro.rs
[INFO] finished tweaking git repo https://github.com/SaveW1nd/kiro.rs
[INFO] tweaked toml for git repo https://github.com/SaveW1nd/kiro.rs written to /workspace/builds/worker-1-tc2/source/Cargo.toml
[INFO] validating manifest of git repo https://github.com/SaveW1nd/kiro.rs on toolchain e4d5758286bf2cf6f415802f2cf861747a7c6c8c
[INFO] running `Command { std: CARGO_HOME="/workspace/cargo-home" RUSTUP_HOME="/workspace/rustup-home" "/workspace/cargo-home/bin/cargo" "+e4d5758286bf2cf6f415802f2cf861747a7c6c8c" "metadata" "--manifest-path" "Cargo.toml" "--no-deps", kill_on_drop: false }`
[INFO] crate git repo https://github.com/SaveW1nd/kiro.rs already has a lockfile, it will not be regenerated
[INFO] running `Command { std: CARGO_HOME="/workspace/cargo-home" RUSTUP_HOME="/workspace/rustup-home" "/workspace/cargo-home/bin/cargo" "+e4d5758286bf2cf6f415802f2cf861747a7c6c8c" "fetch" "--manifest-path" "Cargo.toml", kill_on_drop: false }`
[INFO] [stderr]     Blocking waiting for file lock on package cache
[INFO] [stderr]     Blocking waiting for file lock on package cache
[INFO] [stderr]  Downloading crates ...
[INFO] [stderr]   Downloaded rustls-pki-types v1.13.2
[INFO] [stderr]   Downloaded zmij v1.0.0
[INFO] [stderr]   Downloaded openssl-sys v0.9.112
[INFO] [stderr]   Downloaded openssl v0.10.76
[INFO] [stderr]   Downloaded openssl-src v300.5.5+3.5.5
[INFO] running `Command { std: "docker" "create" "-v" "/var/lib/crater-agent-workspace/builds/worker-1-tc2/source:/opt/rustwide/workdir:ro,Z" "-v" "/var/lib/crater-agent-workspace/builds/worker-1-tc2/target:/opt/rustwide/target:rw,Z" "-v" "/var/lib/crater-agent-workspace/cargo-home:/opt/rustwide/cargo-home:ro,Z" "-v" "/var/lib/crater-agent-workspace/rustup-home:/opt/rustwide/rustup-home:ro,Z" "-m" "1610612736" "--network" "none" "ghcr.io/rust-lang/crates-build-env/linux@sha256:3111399a4047eeb3a02b7a90e478d715f38a8c6669b5c4b49d30a17385265909" "sleep" "infinity", kill_on_drop: false }`
[INFO] [stdout] b6038d12842083da489f393249ec23a4127ae999099f3a1d587b2c61144e22e7
[INFO] running `Command { std: "docker" "start" "b6038d12842083da489f393249ec23a4127ae999099f3a1d587b2c61144e22e7", kill_on_drop: false }`
[INFO] running `Command { std: "docker" "inspect" "b6038d12842083da489f393249ec23a4127ae999099f3a1d587b2c61144e22e7", kill_on_drop: false }`
[INFO] running `Command { std: "docker" "exec" "-e" "SOURCE_DIR=/opt/rustwide/workdir" "-e" "CARGO_HOME=/opt/rustwide/cargo-home" "-e" "RUSTUP_HOME=/opt/rustwide/rustup-home" "-e" "CARGO_TARGET_DIR=/opt/rustwide/target" "-w" "/opt/rustwide/workdir" "--user" "0:0" "b6038d12842083da489f393249ec23a4127ae999099f3a1d587b2c61144e22e7" "/opt/rustwide/cargo-home/bin/cargo" "+e4d5758286bf2cf6f415802f2cf861747a7c6c8c" "metadata" "--no-deps" "--format-version=1", kill_on_drop: false }`
[INFO] running `Command { std: "docker" "inspect" "b6038d12842083da489f393249ec23a4127ae999099f3a1d587b2c61144e22e7", kill_on_drop: false }`
[INFO] running `Command { std: "docker" "exec" "-e" "SOURCE_DIR=/opt/rustwide/workdir" "-e" "CARGO_HOME=/opt/rustwide/cargo-home" "-e" "RUSTUP_HOME=/opt/rustwide/rustup-home" "-e" "CARGO_TARGET_DIR=/opt/rustwide/target" "-e" "CARGO_INCREMENTAL=0" "-e" "RUST_BACKTRACE=full" "-e" "RUSTFLAGS=--cap-lints=forbid" "-e" "RUSTDOCFLAGS=--cap-lints=forbid" "-w" "/opt/rustwide/workdir" "--user" "0:0" "b6038d12842083da489f393249ec23a4127ae999099f3a1d587b2c61144e22e7" "/opt/rustwide/cargo-home/bin/cargo" "+e4d5758286bf2cf6f415802f2cf861747a7c6c8c" "check" "--frozen" "--all" "--all-targets" "--message-format=json", kill_on_drop: false }`
[INFO] [stderr]    Compiling find-msvc-tools v0.1.6
[INFO] [stderr]     Checking bytes v1.11.0
[INFO] [stderr]     Checking itoa v1.0.17
[INFO] [stderr]     Checking errno v0.3.14
[INFO] [stderr]     Checking tracing-core v0.1.36
[INFO] [stderr]    Compiling serde_core v1.0.228
[INFO] [stderr]     Checking futures-util v0.3.31
[INFO] [stderr]     Checking zeroize v1.8.2
[INFO] [stderr]    Compiling generic-array v0.14.7
[INFO] [stderr]     Checking signal-hook-registry v1.4.8
[INFO] [stderr]    Compiling cc v1.2.51
[INFO] [stderr]     Checking rustls-pki-types v1.13.2
[INFO] [stderr]     Checking getrandom v0.2.16
[INFO] [stderr]     Checking tracing v0.1.44
[INFO] [stderr]     Checking bitflags v2.10.0
[INFO] [stderr]    Compiling zerocopy v0.8.31
[INFO] [stderr]    Compiling openssl v0.10.76
[INFO] [stderr]     Checking tokio v1.48.0
[INFO] [stderr]     Checking http v1.4.0
[INFO] [stderr]    Compiling crypto-common v0.1.7
[INFO] [stderr]    Compiling block-buffer v0.10.4
[INFO] [stderr]     Checking sync_wrapper v1.0.2
[INFO] [stderr]    Compiling native-tls v0.2.18
[INFO] [stderr]     Checking icu_properties v2.1.2
[INFO] [stderr]    Compiling digest v0.10.7
[INFO] [stderr]    Compiling openssl-src v300.5.5+3.5.5
[INFO] [stderr]    Compiling serde_json v1.0.148
[INFO] [stderr]     Checking anstyle-parse v0.2.7
[INFO] [stderr]    Compiling sha2 v0.10.9
[INFO] [stderr]     Checking http-body v1.0.1
[INFO] [stderr]     Checking http-body-util v0.1.3
[INFO] [stderr]    Compiling openssl-sys v0.9.112
[INFO] [stderr]    Compiling ring v0.17.14
[INFO] [stderr]    Compiling num-traits v0.2.19
[INFO] [stderr]     Checking is_terminal_polyfill v1.70.2
[INFO] [stderr]     Checking anstyle v1.0.13
[INFO] [stderr]     Checking zmij v1.0.0
[INFO] [stderr]     Checking anstyle-query v1.1.5
[INFO] [stderr]     Checking idna_adapter v1.2.1
[INFO] [stderr]     Checking regex-syntax v0.8.8
[INFO] [stderr]     Checking colorchoice v1.0.4
[INFO] [stderr]     Checking ryu v1.0.22
[INFO] [stderr]     Checking idna v1.1.0
[INFO] [stderr]     Checking anstream v0.6.21
[INFO] [stderr]     Checking serde v1.0.228
[INFO] [stderr]     Checking ppv-lite86 v0.2.21
[INFO] [stderr]     Checking regex-automata v0.4.13
[INFO] [stderr]     Checking serde_urlencoded v0.7.1
[INFO] [stderr]     Checking rand_chacha v0.9.0
[INFO] [stderr]    Compiling mime_guess v2.0.5
[INFO] [stderr]    Compiling rust-embed-utils v8.9.0
[INFO] [stderr]     Checking rustls-native-certs v0.8.3
[INFO] [stderr]     Checking webpki-roots v1.0.4
[INFO] [stderr]     Checking clap_lex v0.7.6
[INFO] [stderr]     Checking atomic v0.6.1
[INFO] [stderr]     Checking clap_builder v4.5.53
[INFO] [stderr]    Compiling clap_derive v4.5.49
[INFO] [stderr]    Compiling rust-embed-impl v8.9.0
[INFO] [stderr]     Checking rand v0.9.2
[INFO] [stderr]    Compiling rustls v0.23.35
[INFO] [stderr]     Checking futures-executor v0.3.31
[INFO] [stderr]     Checking url v2.5.7
[INFO] [stderr]     Checking serde_path_to_error v0.1.20
[INFO] [stderr]     Checking matchers v0.2.0
[INFO] [stderr]     Checking axum-core v0.5.6
[INFO] [stderr]     Checking tracing-log v0.2.0
[INFO] [stderr]     Checking thread_local v1.1.9
[INFO] [stderr]     Checking iana-time-zone v0.1.64
[INFO] [stderr]     Checking matchit v0.8.4
[INFO] [stderr]     Checking nu-ansi-term v0.50.3
[INFO] [stderr]     Checking tracing-subscriber v0.3.22
[INFO] [stderr]     Checking chrono v0.4.42
[INFO] [stderr]     Checking crc v3.4.0
[INFO] [stderr]     Checking clap v4.5.53
[INFO] [stderr]     Checking rust-embed v8.9.0
[INFO] [stderr]     Checking tokio-util v0.7.17
[INFO] [stderr]     Checking rustls-webpki v0.103.8
[INFO] [stderr]     Checking tower v0.5.2
[INFO] [stderr]     Checking uuid v1.19.0
[INFO] [stderr]     Checking futures v0.3.31
[INFO] [stderr]     Checking tower-http v0.6.8
[INFO] [stderr]     Checking h2 v0.4.13
[INFO] [stderr]     Checking tokio-rustls v0.26.4
[INFO] [stderr]     Checking hyper v1.8.1
[INFO] [stderr]     Checking hyper-util v0.1.19
[INFO] [stderr]     Checking hyper-rustls v0.27.7
[INFO] [stderr]     Checking axum v0.8.8
[INFO] [stderr]     Checking tokio-native-tls v0.3.1
[INFO] [stderr]     Checking hyper-tls v0.6.0
[INFO] [stderr]     Checking reqwest v0.12.28
[INFO] [stderr]     Checking kiro-rs v2026.3.1 (/opt/rustwide/workdir)
[INFO] [stdout] error: #[derive(RustEmbed)] folder '/opt/rustwide/workdir/admin-ui/dist' does not exist. cwd: '/opt/rustwide/workdir'
[INFO] [stdout]   --> src/admin_ui/router.rs:12:1
[INFO] [stdout]    |
[INFO] [stdout] 12 | / /// 嵌入前端构建产物
[INFO] [stdout] 13 | | #[derive(Embed)]
[INFO] [stdout] 14 | | #[folder = "admin-ui/dist"]
[INFO] [stdout] 15 | | struct Asset;
[INFO] [stdout]    | |_____________^
[INFO] [stdout] 
[INFO] [stdout] 
[INFO] [stdout] error: #[derive(RustEmbed)] folder '/opt/rustwide/workdir/admin-ui/dist' does not exist. cwd: '/opt/rustwide/workdir'
[INFO] [stdout]   --> src/admin_ui/router.rs:12:1
[INFO] [stdout]    |
[INFO] [stdout] 12 | / /// 嵌入前端构建产物
[INFO] [stdout] 13 | | #[derive(Embed)]
[INFO] [stdout] 14 | | #[folder = "admin-ui/dist"]
[INFO] [stdout] 15 | | struct Asset;
[INFO] [stdout]    | |_____________^
[INFO] [stdout] 
[INFO] [stdout] 
[INFO] [stdout] error[E0599]: no associated function or constant named `get` found for struct `Asset` in the current scope
[INFO] [stdout]   --> src/admin_ui/router.rs:42:35
[INFO] [stdout]    |
[INFO] [stdout] 15 | struct Asset;
[INFO] [stdout]    | ------------ associated function or constant `get` not found for this struct
[INFO] [stdout] ...
[INFO] [stdout] 42 |     if let Some(content) = Asset::get(path) {
[INFO] [stdout]    |                                   ^^^ associated function or constant not found in `Asset`
[INFO] [stdout]    |
[INFO] [stdout]    = help: items from traits can only be used if the trait is implemented and in scope
[INFO] [stdout]    = note: the following traits define an item `get`, perhaps you need to implement one of them:
[INFO] [stdout]            candidate #1: `Embed`
[INFO] [stdout]            candidate #2: `SliceIndex`
[INFO] [stdout]            candidate #3: `icu_collections::codepointtrie::cptrie::TypedCodePointTrie`
[INFO] [stdout]            candidate #4: `icu_properties::names::PropertyEnumToValueNameLookup`
[INFO] [stdout]            candidate #5: `icu_provider::baked::DataStore`
[INFO] [stdout]            candidate #6: `rustls::server::server_conn::StoresServerSessions`
[INFO] [stdout] 
[INFO] [stdout] 
[INFO] [stdout] error[E0599]: no associated function or constant named `get` found for struct `Asset` in the current scope
[INFO] [stdout]   --> src/admin_ui/router.rs:42:35
[INFO] [stdout]    |
[INFO] [stdout] 15 | struct Asset;
[INFO] [stdout]    | ------------ associated function or constant `get` not found for this struct
[INFO] [stdout] ...
[INFO] [stdout] 42 |     if let Some(content) = Asset::get(path) {
[INFO] [stdout]    |                                   ^^^ associated function or constant not found in `Asset`
[INFO] [stdout]    |
[INFO] [stdout]    = help: items from traits can only be used if the trait is implemented and in scope
[INFO] [stdout]    = note: the following traits define an item `get`, perhaps you need to implement one of them:
[INFO] [stdout]            candidate #1: `Embed`
[INFO] [stdout]            candidate #2: `SliceIndex`
[INFO] [stdout]            candidate #3: `icu_collections::codepointtrie::cptrie::TypedCodePointTrie`
[INFO] [stdout]            candidate #4: `icu_properties::names::PropertyEnumToValueNameLookup`
[INFO] [stdout]            candidate #5: `icu_provider::baked::DataStore`
[INFO] [stdout]            candidate #6: `rustls::server::server_conn::StoresServerSessions`
[INFO] [stdout] 
[INFO] [stdout] 
[INFO] [stdout] error[E0599]: no associated function or constant named `get` found for struct `Asset` in the current scope
[INFO] [stdout]   --> src/admin_ui/router.rs:72:18
[INFO] [stdout]    |
[INFO] [stdout] 15 | struct Asset;
[INFO] [stdout]    | ------------ associated function or constant `get` not found for this struct
[INFO] [stdout] ...
[INFO] [stdout] 72 |     match Asset::get("index.html") {
[INFO] [stdout]    |                  ^^^ associated function or constant not found in `Asset`
[INFO] [stdout]    |
[INFO] [stdout]    = help: items from traits can only be used if the trait is implemented and in scope
[INFO] [stdout]    = note: the following traits define an item `get`, perhaps you need to implement one of them:
[INFO] [stdout]            candidate #1: `Embed`
[INFO] [stdout]            candidate #2: `SliceIndex`
[INFO] [stdout]            candidate #3: `icu_collections::codepointtrie::cptrie::TypedCodePointTrie`
[INFO] [stdout]            candidate #4: `icu_properties::names::PropertyEnumToValueNameLookup`
[INFO] [stdout]            candidate #5: `icu_provider::baked::DataStore`
[INFO] [stdout]            candidate #6: `rustls::server::server_conn::StoresServerSessions`
[INFO] [stdout] 
[INFO] [stdout] 
[INFO] [stdout] error[E0599]: no associated function or constant named `get` found for struct `Asset` in the current scope
[INFO] [stdout]   --> src/admin_ui/router.rs:72:18
[INFO] [stdout]    |
[INFO] [stdout] 15 | struct Asset;
[INFO] [stdout]    | ------------ associated function or constant `get` not found for this struct
[INFO] [stdout] ...
[INFO] [stdout] 72 |     match Asset::get("index.html") {
[INFO] [stdout]    |                  ^^^ associated function or constant not found in `Asset`
[INFO] [stdout]    |
[INFO] [stdout]    = help: items from traits can only be used if the trait is implemented and in scope
[INFO] [stdout]    = note: the following traits define an item `get`, perhaps you need to implement one of them:
[INFO] [stdout]            candidate #1: `Embed`
[INFO] [stdout]            candidate #2: `SliceIndex`
[INFO] [stdout]            candidate #3: `icu_collections::codepointtrie::cptrie::TypedCodePointTrie`
[INFO] [stdout]            candidate #4: `icu_properties::names::PropertyEnumToValueNameLookup`
[INFO] [stdout]            candidate #5: `icu_provider::baked::DataStore`
[INFO] [stdout]            candidate #6: `rustls::server::server_conn::StoresServerSessions`
[INFO] [stdout] 
[INFO] [stdout] 
[INFO] [stdout] For more information about this error, try `rustc --explain E0599`.
[INFO] [stdout] 
[INFO] [stderr] error: could not compile `kiro-rs` (bin "kiro-rs") due to 3 previous errors
[INFO] [stderr] warning: build failed, waiting for other jobs to finish...
[INFO] [stdout] For more information about this error, try `rustc --explain E0599`.
[INFO] [stdout] 
[INFO] [stderr] error: could not compile `kiro-rs` (bin "kiro-rs" test) due to 3 previous errors
[INFO] running `Command { std: "docker" "inspect" "b6038d12842083da489f393249ec23a4127ae999099f3a1d587b2c61144e22e7", kill_on_drop: false }`
[INFO] running `Command { std: "docker" "rm" "-f" "b6038d12842083da489f393249ec23a4127ae999099f3a1d587b2c61144e22e7", kill_on_drop: false }`
[INFO] [stdout] b6038d12842083da489f393249ec23a4127ae999099f3a1d587b2c61144e22e7
