[INFO] cloning repository https://github.com/Oyahkilomeikhide/citrea--015
[INFO] running `Command { std: "git" "-c" "credential.helper=" "-c" "credential.helper=/workspace/cargo-home/bin/git-credential-null" "clone" "--bare" "https://github.com/Oyahkilomeikhide/citrea--015" "/workspace/cache/git-repos/https%3A%2F%2Fgithub.com%2FOyahkilomeikhide%2Fcitrea--015", kill_on_drop: false }`
[INFO] [stderr] Cloning into bare repository '/workspace/cache/git-repos/https%3A%2F%2Fgithub.com%2FOyahkilomeikhide%2Fcitrea--015'...
[INFO] running `Command { std: "git" "rev-parse" "HEAD", kill_on_drop: false }`
[INFO] [stdout] f18187b42169f33bf8a46095f5f3d3276f148ee0
[INFO] checking Oyahkilomeikhide/citrea--015 against e4d5758286bf2cf6f415802f2cf861747a7c6c8c for pr-152972
[INFO] running `Command { std: "git" "clone" "/workspace/cache/git-repos/https%3A%2F%2Fgithub.com%2FOyahkilomeikhide%2Fcitrea--015" "/workspace/builds/worker-2-tc2/source", kill_on_drop: false }`
[INFO] [stderr] Cloning into '/workspace/builds/worker-2-tc2/source'...
[INFO] [stderr] done.
[INFO] removed /workspace/builds/worker-2-tc2/source/rust-toolchain.toml
[INFO] started tweaking git repo https://github.com/Oyahkilomeikhide/citrea--015
[INFO] finished tweaking git repo https://github.com/Oyahkilomeikhide/citrea--015
[INFO] tweaked toml for git repo https://github.com/Oyahkilomeikhide/citrea--015 written to /workspace/builds/worker-2-tc2/source/Cargo.toml
[INFO] validating manifest of git repo https://github.com/Oyahkilomeikhide/citrea--015 on toolchain e4d5758286bf2cf6f415802f2cf861747a7c6c8c
[INFO] running `Command { std: CARGO_HOME="/workspace/cargo-home" RUSTUP_HOME="/workspace/rustup-home" "/workspace/cargo-home/bin/cargo" "+e4d5758286bf2cf6f415802f2cf861747a7c6c8c" "metadata" "--manifest-path" "Cargo.toml" "--no-deps", kill_on_drop: false }`
[INFO] crate git repo https://github.com/Oyahkilomeikhide/citrea--015 already has a lockfile, it will not be regenerated
[INFO] running `Command { std: CARGO_HOME="/workspace/cargo-home" RUSTUP_HOME="/workspace/rustup-home" "/workspace/cargo-home/bin/cargo" "+e4d5758286bf2cf6f415802f2cf861747a7c6c8c" "fetch" "--manifest-path" "Cargo.toml", kill_on_drop: false }`
[INFO] [stderr] warning: unused workspace dependency `alloy-trie`
[INFO] [stderr]    --> Cargo.toml:113:25
[INFO] [stderr]     |
[INFO] [stderr] 113 | [workspace.dependencies.alloy-trie]
[INFO] [stderr]     |                         ^^^^^^^^^^
[INFO] [stderr]     |
[INFO] [stderr]     = note: `cargo::unused_workspace_dependencies` is set to `warn` by default
[INFO] [stderr] help: consider removing the workspace dependency `alloy-trie`
[INFO] [stderr] warning: unused workspace dependency `reth-node-api`
[INFO] [stderr]    --> Cargo.toml:232:25
[INFO] [stderr]     |
[INFO] [stderr] 232 | [workspace.dependencies.reth-node-api]
[INFO] [stderr]     |                         ^^^^^^^^^^^^^
[INFO] [stderr]     |
[INFO] [stderr] help: consider removing the workspace dependency `reth-node-api`
[INFO] [stderr] warning: unused workspace dependency `reth-stages`
[INFO] [stderr]    --> Cargo.toml:277:25
[INFO] [stderr]     |
[INFO] [stderr] 277 | [workspace.dependencies.reth-stages]
[INFO] [stderr]     |                         ^^^^^^^^^^^
[INFO] [stderr]     |
[INFO] [stderr] help: consider removing the workspace dependency `reth-stages`
[INFO] [stderr] warning: unused workspace dependency `revm-bytecode`
[INFO] [stderr]    --> Cargo.toml:302:25
[INFO] [stderr]     |
[INFO] [stderr] 302 | [workspace.dependencies.revm-bytecode]
[INFO] [stderr]     |                         ^^^^^^^^^^^^^
[INFO] [stderr]     |
[INFO] [stderr] help: consider removing the workspace dependency `revm-bytecode`
[INFO] [stderr] warning: unused workspace dependency `revm-primitives`
[INFO] [stderr]    --> Cargo.toml:315:25
[INFO] [stderr]     |
[INFO] [stderr] 315 | [workspace.dependencies.revm-primitives]
[INFO] [stderr]     |                         ^^^^^^^^^^^^^^^
[INFO] [stderr]     |
[INFO] [stderr] help: consider removing the workspace dependency `revm-primitives`
[INFO] [stderr] warning: unused workspace dependency `risc0-circuit-rv32im`
[INFO] [stderr]   --> Cargo.toml:42:1
[INFO] [stderr]    |
[INFO] [stderr] 42 | risc0-circuit-rv32im = "4.0.2"
[INFO] [stderr]    | ^^^^^^^^^^^^^^^^^^^^
[INFO] [stderr]    |
[INFO] [stderr] help: consider removing the workspace dependency `risc0-circuit-rv32im`
[INFO] [stderr] warning: unused workspace dependency `risc0-ethereum-contracts`
[INFO] [stderr]    --> Cargo.toml:319:25
[INFO] [stderr]     |
[INFO] [stderr] 319 | [workspace.dependencies.risc0-ethereum-contracts]
[INFO] [stderr]     |                         ^^^^^^^^^^^^^^^^^^^^^^^^
[INFO] [stderr]     |
[INFO] [stderr] help: consider removing the workspace dependency `risc0-ethereum-contracts`
[INFO] [stderr] warning: unused workspace dependency `risc0-zkvm-platform`
[INFO] [stderr]   --> Cargo.toml:44:1
[INFO] [stderr]    |
[INFO] [stderr] 44 | risc0-zkvm-platform = "2.2.0"
[INFO] [stderr]    | ^^^^^^^^^^^^^^^^^^^
[INFO] [stderr]    |
[INFO] [stderr] help: consider removing the workspace dependency `risc0-zkvm-platform`
[INFO] [stderr] warning: workspace (manifest) generated 8 warnings
[INFO] [stderr] warning: missing `[lints]` to inherit `[workspace.lints]`
[INFO] [stderr]   --> crates/sovereign-sdk/module-system/sov-keys/Cargo.toml
[INFO] [stderr]    = note: `cargo::missing_lints_inheritance` is set to `warn` by default
[INFO] [stderr] help: to inherit `workspace.lints, add:
[INFO] [stderr]    |
[INFO] [stderr] 35 ~ testing = []
[INFO] [stderr] 36 + [lints]
[INFO] [stderr] 37 + workspace = true
[INFO] [stderr]    |
[INFO] [stderr] help: to clarify your intent to not inherit, add:
[INFO] [stderr]    |
[INFO] [stderr] 35 ~ testing = []
[INFO] [stderr] 36 + [lints]
[INFO] [stderr]    |
[INFO] [stderr] warning: `sov-keys` (manifest) generated 1 warning
[INFO] [stderr] warning: missing `[lints]` to inherit `[workspace.lints]`
[INFO] [stderr]    --> crates/evm/Cargo.toml
[INFO] [stderr]     = note: `cargo::missing_lints_inheritance` is set to `warn` by default
[INFO] [stderr] help: to inherit `workspace.lints, add:
[INFO] [stderr]     |
[INFO] [stderr] 116 ~ ]
[INFO] [stderr] 117 + [lints]
[INFO] [stderr] 118 + workspace = true
[INFO] [stderr]     |
[INFO] [stderr] help: to clarify your intent to not inherit, add:
[INFO] [stderr]     |
[INFO] [stderr] 116 ~ ]
[INFO] [stderr] 117 + [lints]
[INFO] [stderr]     |
[INFO] [stderr] warning: `citrea-evm` (manifest) generated 1 warning
[INFO] [stderr] warning: missing `[lints]` to inherit `[workspace.lints]`
[INFO] [stderr]   --> crates/primitives/Cargo.toml
[INFO] [stderr]    = note: `cargo::missing_lints_inheritance` is set to `warn` by default
[INFO] [stderr] help: to inherit `workspace.lints, add:
[INFO] [stderr]    |
[INFO] [stderr] 20 ~ testing = ["sov-rollup-interface/testing"]
[INFO] [stderr] 21 + [lints]
[INFO] [stderr] 22 + workspace = true
[INFO] [stderr]    |
[INFO] [stderr] help: to clarify your intent to not inherit, add:
[INFO] [stderr]    |
[INFO] [stderr] 20 ~ testing = ["sov-rollup-interface/testing"]
[INFO] [stderr] 21 + [lints]
[INFO] [stderr]    |
[INFO] [stderr] warning: `citrea-primitives` (manifest) generated 1 warning
[INFO] [stderr] warning: missing `[lints]` to inherit `[workspace.lints]`
[INFO] [stderr]   --> crates/fullnode/Cargo.toml
[INFO] [stderr]    = note: `cargo::missing_lints_inheritance` is set to `warn` by default
[INFO] [stderr] help: to inherit `workspace.lints, add:
[INFO] [stderr]    |
[INFO] [stderr] 44 ~ tracing = { workspace = true }
[INFO] [stderr] 45 + [lints]
[INFO] [stderr] 46 + workspace = true
[INFO] [stderr]    |
[INFO] [stderr] help: to clarify your intent to not inherit, add:
[INFO] [stderr]    |
[INFO] [stderr] 44 ~ tracing = { workspace = true }
[INFO] [stderr] 45 + [lints]
[INFO] [stderr]    |
[INFO] [stderr] warning: `citrea-fullnode` (manifest) generated 1 warning
[INFO] [stderr] warning: missing `[lints]` to inherit `[workspace.lints]`
[INFO] [stderr]   --> crates/short-header-proof-provider/Cargo.toml
[INFO] [stderr]    = note: `cargo::missing_lints_inheritance` is set to `warn` by default
[INFO] [stderr] help: to inherit `workspace.lints, add:
[INFO] [stderr]    |
[INFO] [stderr] 36 ~ ]
[INFO] [stderr] 37 + [lints]
[INFO] [stderr] 38 + workspace = true
[INFO] [stderr]    |
[INFO] [stderr] help: to clarify your intent to not inherit, add:
[INFO] [stderr]    |
[INFO] [stderr] 36 ~ ]
[INFO] [stderr] 37 + [lints]
[INFO] [stderr]    |
[INFO] [stderr] warning: `short-header-proof-provider` (manifest) generated 1 warning
[INFO] [stderr] warning: missing `[lints]` to inherit `[workspace.lints]`
[INFO] [stderr]    --> bin/citrea/Cargo.toml
[INFO] [stderr]     = note: `cargo::missing_lints_inheritance` is set to `warn` by default
[INFO] [stderr] help: to inherit `workspace.lints, add:
[INFO] [stderr]     |
[INFO] [stderr] 131 ~ path = "src/main.rs"
[INFO] [stderr] 132 + [lints]
[INFO] [stderr] 133 + workspace = true
[INFO] [stderr]     |
[INFO] [stderr] help: to clarify your intent to not inherit, add:
[INFO] [stderr]     |
[INFO] [stderr] 131 ~ path = "src/main.rs"
[INFO] [stderr] 132 + [lints]
[INFO] [stderr]     |
[INFO] [stderr] warning: unused build dependency `sp1-helper`
[INFO] [stderr]    --> bin/citrea/Cargo.toml:115:1
[INFO] [stderr]     |
[INFO] [stderr] 115 | sp1-helper = { version = "3.0.0", default-features = false }
[INFO] [stderr]     | ^^^^^^^^^^^^^^^^^^^^^^^^^^^^^^^^^^^^^^^^^^^^^^^^^^^^^^^^^^^^
[INFO] [stderr]     |
[INFO] [stderr]     = note: `cargo::unused_dependencies` is set to `warn` by default
[INFO] [stderr] help: consider removing the dependency on `sp1-helper`
[INFO] [stderr] warning: `citrea` (manifest) generated 2 warnings
[INFO] [stderr] warning: missing `[lints]` to inherit `[workspace.lints]`
[INFO] [stderr]   --> crates/storage-ops/Cargo.toml
[INFO] [stderr]    = note: `cargo::missing_lints_inheritance` is set to `warn` by default
[INFO] [stderr] help: to inherit `workspace.lints, add:
[INFO] [stderr]    |
[INFO] [stderr] 34 ~ tempfile = { workspace = true }
[INFO] [stderr] 35 + [lints]
[INFO] [stderr] 36 + workspace = true
[INFO] [stderr]    |
[INFO] [stderr] help: to clarify your intent to not inherit, add:
[INFO] [stderr]    |
[INFO] [stderr] 34 ~ tempfile = { workspace = true }
[INFO] [stderr] 35 + [lints]
[INFO] [stderr]    |
[INFO] [stderr] warning: `citrea-storage-ops` (manifest) generated 1 warning
[INFO] [stderr] warning: missing `[lints]` to inherit `[workspace.lints]`
[INFO] [stderr]   --> crates/sovereign-sdk/module-system/module-implementations/sov-accounts/Cargo.toml
[INFO] [stderr]    = note: `cargo::missing_lints_inheritance` is set to `warn` by default
[INFO] [stderr] help: to inherit `workspace.lints, add:
[INFO] [stderr]    |
[INFO] [stderr] 53 ~ serde = []
[INFO] [stderr] 54 + [lints]
[INFO] [stderr] 55 + workspace = true
[INFO] [stderr]    |
[INFO] [stderr] help: to clarify your intent to not inherit, add:
[INFO] [stderr]    |
[INFO] [stderr] 53 ~ serde = []
[INFO] [stderr] 54 + [lints]
[INFO] [stderr]    |
[INFO] [stderr] warning: `sov-accounts` (manifest) generated 1 warning
[INFO] [stderr] warning: missing `[lints]` to inherit `[workspace.lints]`
[INFO] [stderr]   --> crates/prover-services/Cargo.toml
[INFO] [stderr]    = note: `cargo::missing_lints_inheritance` is set to `warn` by default
[INFO] [stderr] help: to inherit `workspace.lints, add:
[INFO] [stderr]    |
[INFO] [stderr] 31 ~ sov-rollup-interface = { path = "../sovereign-sdk/rollup-interface", features = ["testing"] }
[INFO] [stderr] 32 + [lints]
[INFO] [stderr] 33 + workspace = true
[INFO] [stderr]    |
[INFO] [stderr] help: to clarify your intent to not inherit, add:
[INFO] [stderr]    |
[INFO] [stderr] 31 ~ sov-rollup-interface = { path = "../sovereign-sdk/rollup-interface", features = ["testing"] }
[INFO] [stderr] 32 + [lints]
[INFO] [stderr]    |
[INFO] [stderr] warning: `prover-services` (manifest) generated 1 warning
[INFO] [stderr] warning: missing `[lints]` to inherit `[workspace.lints]`
[INFO] [stderr]   --> bin/cli/Cargo.toml
[INFO] [stderr]    = note: `cargo::missing_lints_inheritance` is set to `warn` by default
[INFO] [stderr] help: to inherit `workspace.lints, add:
[INFO] [stderr]    |
[INFO] [stderr] 35 ~ path = "src/main.rs"
[INFO] [stderr] 36 + [lints]
[INFO] [stderr] 37 + workspace = true
[INFO] [stderr]    |
[INFO] [stderr] help: to clarify your intent to not inherit, add:
[INFO] [stderr]    |
[INFO] [stderr] 35 ~ path = "src/main.rs"
[INFO] [stderr] 36 + [lints]
[INFO] [stderr]    |
[INFO] [stderr] warning: `citrea-cli` (manifest) generated 1 warning
[INFO] [stderr] warning: missing `[lints]` to inherit `[workspace.lints]`
[INFO] [stderr]   --> crates/sovereign-sdk/full-node/sov-prover-storage-manager/Cargo.toml
[INFO] [stderr]    = note: `cargo::missing_lints_inheritance` is set to `warn` by default
[INFO] [stderr] help: to inherit `workspace.lints, add:
[INFO] [stderr]    |
[INFO] [stderr] 29 ~ test-utils = []
[INFO] [stderr] 30 + [lints]
[INFO] [stderr] 31 + workspace = true
[INFO] [stderr]    |
[INFO] [stderr] help: to clarify your intent to not inherit, add:
[INFO] [stderr]    |
[INFO] [stderr] 29 ~ test-utils = []
[INFO] [stderr] 30 + [lints]
[INFO] [stderr]    |
[INFO] [stderr] warning: `sov-prover-storage-manager` (manifest) generated 1 warning
[INFO] [stderr] warning: missing `[lints]` to inherit `[workspace.lints]`
[INFO] [stderr]   --> guests/risc0/light-client-proof/Cargo.toml
[INFO] [stderr]    = note: `cargo::missing_lints_inheritance` is set to `warn` by default
[INFO] [stderr] help: to inherit `workspace.lints, add:
[INFO] [stderr]    |
[INFO] [stderr] 22 ~ build = ["citrea-risc0-batch-proof"]
[INFO] [stderr] 23 + [lints]
[INFO] [stderr] 24 + workspace = true
[INFO] [stderr]    |
[INFO] [stderr] help: to clarify your intent to not inherit, add:
[INFO] [stderr]    |
[INFO] [stderr] 22 ~ build = ["citrea-risc0-batch-proof"]
[INFO] [stderr] 23 + [lints]
[INFO] [stderr]    |
[INFO] [stderr] warning: `citrea-risc0-light-client` (manifest) generated 1 warning
[INFO] [stderr] warning: missing `[lints]` to inherit `[workspace.lints]`
[INFO] [stderr]   --> crates/sovereign-sdk/module-system/sov-modules-api/Cargo.toml
[INFO] [stderr]    = note: `cargo::missing_lints_inheritance` is set to `warn` by default
[INFO] [stderr] help: to inherit `workspace.lints, add:
[INFO] [stderr]    |
[INFO] [stderr] 65 ~ testing = []
[INFO] [stderr] 66 + [lints]
[INFO] [stderr] 67 + workspace = true
[INFO] [stderr]    |
[INFO] [stderr] help: to clarify your intent to not inherit, add:
[INFO] [stderr]    |
[INFO] [stderr] 65 ~ testing = []
[INFO] [stderr] 66 + [lints]
[INFO] [stderr]    |
[INFO] [stderr] warning: `sov-modules-api` (manifest) generated 1 warning
[INFO] [stderr] warning: missing `[lints]` to inherit `[workspace.lints]`
[INFO] [stderr]   --> crates/l2-block-rule-enforcer/Cargo.toml
[INFO] [stderr]    = note: `cargo::missing_lints_inheritance` is set to `warn` by default
[INFO] [stderr] help: to inherit `workspace.lints, add:
[INFO] [stderr]    |
[INFO] [stderr] 38 ~ native = ["dep:sov-db", "sov-modules-api/native", "dep:tracing", "jsonrpsee"]
[INFO] [stderr] 39 + [lints]
[INFO] [stderr] 40 + workspace = true
[INFO] [stderr]    |
[INFO] [stderr] help: to clarify your intent to not inherit, add:
[INFO] [stderr]    |
[INFO] [stderr] 38 ~ native = ["dep:sov-db", "sov-modules-api/native", "dep:tracing", "jsonrpsee"]
[INFO] [stderr] 39 + [lints]
[INFO] [stderr]    |
[INFO] [stderr] warning: `l2-block-rule-enforcer` (manifest) generated 1 warning
[INFO] [stderr] warning: missing `[lints]` to inherit `[workspace.lints]`
[INFO] [stderr]   --> crates/sovereign-sdk/full-node/db/sov-schema-db/Cargo.toml
[INFO] [stderr]    = note: `cargo::missing_lints_inheritance` is set to `warn` by default
[INFO] [stderr] help: to inherit `workspace.lints, add:
[INFO] [stderr]    |
[INFO] [stderr] 34 ~ test-utils = ["dep:tempfile", "dep:byteorder"]
[INFO] [stderr] 35 + [lints]
[INFO] [stderr] 36 + workspace = true
[INFO] [stderr]    |
[INFO] [stderr] help: to clarify your intent to not inherit, add:
[INFO] [stderr]    |
[INFO] [stderr] 34 ~ test-utils = ["dep:tempfile", "dep:byteorder"]
[INFO] [stderr] 35 + [lints]
[INFO] [stderr]    |
[INFO] [stderr] warning: `sov-schema-db` (manifest) generated 1 warning
[INFO] [stderr] warning: missing `[lints]` to inherit `[workspace.lints]`
[INFO] [stderr]   --> crates/citrea-stf/Cargo.toml
[INFO] [stderr]    = note: `cargo::missing_lints_inheritance` is set to `warn` by default
[INFO] [stderr] help: to inherit `workspace.lints, add:
[INFO] [stderr]    |
[INFO] [stderr] 65 ~ testing = ["native", "dep:tempfile", "dep:sov-prover-storage-manager"]
[INFO] [stderr] 66 + [lints]
[INFO] [stderr] 67 + workspace = true
[INFO] [stderr]    |
[INFO] [stderr] help: to clarify your intent to not inherit, add:
[INFO] [stderr]    |
[INFO] [stderr] 65 ~ testing = ["native", "dep:tempfile", "dep:sov-prover-storage-manager"]
[INFO] [stderr] 66 + [lints]
[INFO] [stderr]    |
[INFO] [stderr] warning: `citrea-stf` (manifest) generated 1 warning
[INFO] [stderr] warning: missing `[lints]` to inherit `[workspace.lints]`
[INFO] [stderr]   --> crates/sovereign-sdk/module-system/sov-modules-stf-blueprint/Cargo.toml
[INFO] [stderr]    = note: `cargo::missing_lints_inheritance` is set to `warn` by default
[INFO] [stderr] help: to inherit `workspace.lints, add:
[INFO] [stderr]    |
[INFO] [stderr] 43 ~ ]
[INFO] [stderr] 44 + [lints]
[INFO] [stderr] 45 + workspace = true
[INFO] [stderr]    |
[INFO] [stderr] help: to clarify your intent to not inherit, add:
[INFO] [stderr]    |
[INFO] [stderr] 43 ~ ]
[INFO] [stderr] 44 + [lints]
[INFO] [stderr]    |
[INFO] [stderr] warning: `sov-modules-stf-blueprint` (manifest) generated 1 warning
[INFO] [stderr] warning: missing `[lints]` to inherit `[workspace.lints]`
[INFO] [stderr]   --> crates/sequencer/Cargo.toml
[INFO] [stderr]    = note: `cargo::missing_lints_inheritance` is set to `warn` by default
[INFO] [stderr] help: to inherit `workspace.lints, add:
[INFO] [stderr]    |
[INFO] [stderr] 77 ~ default = []
[INFO] [stderr] 78 + [lints]
[INFO] [stderr] 79 + workspace = true
[INFO] [stderr]    |
[INFO] [stderr] help: to clarify your intent to not inherit, add:
[INFO] [stderr]    |
[INFO] [stderr] 77 ~ default = []
[INFO] [stderr] 78 + [lints]
[INFO] [stderr]    |
[INFO] [stderr] warning: `citrea-sequencer` (manifest) generated 1 warning
[INFO] [stderr] warning: missing `[lints]` to inherit `[workspace.lints]`
[INFO] [stderr]   --> crates/ethereum-rpc/Cargo.toml
[INFO] [stderr]    = note: `cargo::missing_lints_inheritance` is set to `warn` by default
[INFO] [stderr] help: to inherit `workspace.lints, add:
[INFO] [stderr]    |
[INFO] [stderr] 54 ~ tokio = { workspace = true }
[INFO] [stderr] 55 + [lints]
[INFO] [stderr] 56 + workspace = true
[INFO] [stderr]    |
[INFO] [stderr] help: to clarify your intent to not inherit, add:
[INFO] [stderr]    |
[INFO] [stderr] 54 ~ tokio = { workspace = true }
[INFO] [stderr] 55 + [lints]
[INFO] [stderr]    |
[INFO] [stderr] warning: `ethereum-rpc` (manifest) generated 1 warning
[INFO] [stderr] warning: missing `[lints]` to inherit `[workspace.lints]`
[INFO] [stderr]   --> crates/sovereign-sdk/module-system/sov-modules-rollup-blueprint/Cargo.toml
[INFO] [stderr]    = note: `cargo::missing_lints_inheritance` is set to `warn` by default
[INFO] [stderr] help: to inherit `workspace.lints, add:
[INFO] [stderr]    |
[INFO] [stderr] 31 ~ tracing = { workspace = true }
[INFO] [stderr] 32 + [lints]
[INFO] [stderr] 33 + workspace = true
[INFO] [stderr]    |
[INFO] [stderr] help: to clarify your intent to not inherit, add:
[INFO] [stderr]    |
[INFO] [stderr] 31 ~ tracing = { workspace = true }
[INFO] [stderr] 32 + [lints]
[INFO] [stderr]    |
[INFO] [stderr] warning: `sov-modules-rollup-blueprint` (manifest) generated 1 warning
[INFO] [stderr] warning: missing `[lints]` to inherit `[workspace.lints]`
[INFO] [stderr]   --> crates/sovereign-sdk/adapters/mock-da/Cargo.toml
[INFO] [stderr]    = note: `cargo::missing_lints_inheritance` is set to `warn` by default
[INFO] [stderr] help: to inherit `workspace.lints, add:
[INFO] [stderr]    |
[INFO] [stderr] 39 ~ ]
[INFO] [stderr] 40 + [lints]
[INFO] [stderr] 41 + workspace = true
[INFO] [stderr]    |
[INFO] [stderr] help: to clarify your intent to not inherit, add:
[INFO] [stderr]    |
[INFO] [stderr] 39 ~ ]
[INFO] [stderr] 40 + [lints]
[INFO] [stderr]    |
[INFO] [stderr] warning: `sov-mock-da` (manifest) generated 1 warning
[INFO] [stderr] warning: missing `[lints]` to inherit `[workspace.lints]`
[INFO] [stderr]   --> crates/sovereign-sdk/module-system/sov-modules-macros/Cargo.toml
[INFO] [stderr]    = note: `cargo::missing_lints_inheritance` is set to `warn` by default
[INFO] [stderr] help: to inherit `workspace.lints, add:
[INFO] [stderr]    |
[INFO] [stderr] 54 ~ ]
[INFO] [stderr] 55 + [lints]
[INFO] [stderr] 56 + workspace = true
[INFO] [stderr]    |
[INFO] [stderr] help: to clarify your intent to not inherit, add:
[INFO] [stderr]    |
[INFO] [stderr] 54 ~ ]
[INFO] [stderr] 55 + [lints]
[INFO] [stderr]    |
[INFO] [stderr] warning: `sov-modules-macros` (manifest) generated 1 warning
[INFO] [stderr] warning: missing `[lints]` to inherit `[workspace.lints]`
[INFO] [stderr]   --> crates/risc0/Cargo.toml
[INFO] [stderr]    = note: `cargo::missing_lints_inheritance` is set to `warn` by default
[INFO] [stderr] help: to inherit `workspace.lints, add:
[INFO] [stderr]    |
[INFO] [stderr] 61 ~ ]
[INFO] [stderr] 62 + [lints]
[INFO] [stderr] 63 + workspace = true
[INFO] [stderr]    |
[INFO] [stderr] help: to clarify your intent to not inherit, add:
[INFO] [stderr]    |
[INFO] [stderr] 61 ~ ]
[INFO] [stderr] 62 + [lints]
[INFO] [stderr]    |
[INFO] [stderr] warning: `citrea-risc0-adapter` (manifest) generated 1 warning
[INFO] [stderr] warning: missing `[lints]` to inherit `[workspace.lints]`
[INFO] [stderr]   --> guests/risc0/batch-proof/Cargo.toml
[INFO] [stderr]    = note: `cargo::missing_lints_inheritance` is set to `warn` by default
[INFO] [stderr] help: to inherit `workspace.lints, add:
[INFO] [stderr]    |
[INFO] [stderr] 17 ~ testing = []
[INFO] [stderr] 18 + [lints]
[INFO] [stderr] 19 + workspace = true
[INFO] [stderr]    |
[INFO] [stderr] help: to clarify your intent to not inherit, add:
[INFO] [stderr]    |
[INFO] [stderr] 17 ~ testing = []
[INFO] [stderr] 18 + [lints]
[INFO] [stderr]    |
[INFO] [stderr] warning: `citrea-risc0-batch-proof` (manifest) generated 1 warning
[INFO] [stderr] warning: missing `[lints]` to inherit `[workspace.lints]`
[INFO] [stderr]   --> crates/sovereign-sdk/module-system/sov-state/Cargo.toml
[INFO] [stderr]    = note: `cargo::missing_lints_inheritance` is set to `warn` by default
[INFO] [stderr] help: to inherit `workspace.lints, add:
[INFO] [stderr]    |
[INFO] [stderr] 36 ~ native = ["sov-db", "sov-schema-db"]
[INFO] [stderr] 37 + [lints]
[INFO] [stderr] 38 + workspace = true
[INFO] [stderr]    |
[INFO] [stderr] help: to clarify your intent to not inherit, add:
[INFO] [stderr]    |
[INFO] [stderr] 36 ~ native = ["sov-db", "sov-schema-db"]
[INFO] [stderr] 37 + [lints]
[INFO] [stderr]    |
[INFO] [stderr] warning: `sov-state` (manifest) generated 1 warning
[INFO] [stderr] warning: missing `[lints]` to inherit `[workspace.lints]`
[INFO] [stderr]   --> crates/sovereign-sdk/module-system/sov-modules-core/Cargo.toml
[INFO] [stderr]    = note: `cargo::missing_lints_inheritance` is set to `warn` by default
[INFO] [stderr] help: to inherit `workspace.lints, add:
[INFO] [stderr]    |
[INFO] [stderr] 63 ~ mocks = []
[INFO] [stderr] 64 + [lints]
[INFO] [stderr] 65 + workspace = true
[INFO] [stderr]    |
[INFO] [stderr] help: to clarify your intent to not inherit, add:
[INFO] [stderr]    |
[INFO] [stderr] 63 ~ mocks = []
[INFO] [stderr] 64 + [lints]
[INFO] [stderr]    |
[INFO] [stderr] warning: `sov-modules-core` (manifest) generated 1 warning
[INFO] [stderr] warning: missing `[lints]` to inherit `[workspace.lints]`
[INFO] [stderr]   --> crates/sovereign-sdk/rollup-interface/Cargo.toml
[INFO] [stderr]    = note: `cargo::missing_lints_inheritance` is set to `warn` by default
[INFO] [stderr] help: to inherit `workspace.lints, add:
[INFO] [stderr]    |
[INFO] [stderr] 53 ~ testing = []
[INFO] [stderr] 54 + [lints]
[INFO] [stderr] 55 + workspace = true
[INFO] [stderr]    |
[INFO] [stderr] help: to clarify your intent to not inherit, add:
[INFO] [stderr]    |
[INFO] [stderr] 53 ~ testing = []
[INFO] [stderr] 54 + [lints]
[INFO] [stderr]    |
[INFO] [stderr] warning: `sov-rollup-interface` (manifest) generated 1 warning
[INFO] [stderr] warning: missing `[lints]` to inherit `[workspace.lints]`
[INFO] [stderr]   --> crates/sovereign-sdk/module-system/module-implementations/integration-tests/Cargo.toml
[INFO] [stderr]    = note: `cargo::missing_lints_inheritance` is set to `warn` by default
[INFO] [stderr] help: to inherit `workspace.lints, add:
[INFO] [stderr]    |
[INFO] [stderr] 27 ~ sov-prover-storage-manager = { path = "../../../full-node/sov-prover-storage-manager", features = ["test-utils"] }
[INFO] [stderr] 28 + [lints]
[INFO] [stderr] 29 + workspace = true
[INFO] [stderr]    |
[INFO] [stderr] help: to clarify your intent to not inherit, add:
[INFO] [stderr]    |
[INFO] [stderr] 27 ~ sov-prover-storage-manager = { path = "../../../full-node/sov-prover-storage-manager", features = ["test-utils"] }
[INFO] [stderr] 28 + [lints]
[INFO] [stderr]    |
[INFO] [stderr] warning: `integration-tests` (manifest) generated 1 warning
[INFO] [stderr] warning: missing `[lints]` to inherit `[workspace.lints]`
[INFO] [stderr]   --> crates/sovereign-sdk/full-node/db/sov-db/Cargo.toml
[INFO] [stderr]    = note: `cargo::missing_lints_inheritance` is set to `warn` by default
[INFO] [stderr] help: to inherit `workspace.lints, add:
[INFO] [stderr]    |
[INFO] [stderr] 46 ~ harness = false
[INFO] [stderr] 47 + [lints]
[INFO] [stderr] 48 + workspace = true
[INFO] [stderr]    |
[INFO] [stderr] help: to clarify your intent to not inherit, add:
[INFO] [stderr]    |
[INFO] [stderr] 46 ~ harness = false
[INFO] [stderr] 47 + [lints]
[INFO] [stderr]    |
[INFO] [stderr] warning: `sov-db` (manifest) generated 1 warning
[INFO] [stderr] warning: missing `[lints]` to inherit `[workspace.lints]`
[INFO] [stderr]   --> crates/common/Cargo.toml
[INFO] [stderr]    = note: `cargo::missing_lints_inheritance` is set to `warn` by default
[INFO] [stderr] help: to inherit `workspace.lints, add:
[INFO] [stderr]    |
[INFO] [stderr] 60 ~ tempfile = { workspace = true }
[INFO] [stderr] 61 + [lints]
[INFO] [stderr] 62 + workspace = true
[INFO] [stderr]    |
[INFO] [stderr] help: to clarify your intent to not inherit, add:
[INFO] [stderr]    |
[INFO] [stderr] 60 ~ tempfile = { workspace = true }
[INFO] [stderr] 61 + [lints]
[INFO] [stderr]    |
[INFO] [stderr] warning: `citrea-common` (manifest) generated 1 warning
[INFO] [stderr] warning: missing `[lints]` to inherit `[workspace.lints]`
[INFO] [stderr]   --> crates/sovereign-sdk/full-node/sov-ledger-rpc/Cargo.toml
[INFO] [stderr]    = note: `cargo::missing_lints_inheritance` is set to `warn` by default
[INFO] [stderr] help: to inherit `workspace.lints, add:
[INFO] [stderr]    |
[INFO] [stderr] 39 ~ client = ["jsonrpsee/client", "jsonrpsee/macros"]
[INFO] [stderr] 40 + [lints]
[INFO] [stderr] 41 + workspace = true
[INFO] [stderr]    |
[INFO] [stderr] help: to clarify your intent to not inherit, add:
[INFO] [stderr]    |
[INFO] [stderr] 39 ~ client = ["jsonrpsee/client", "jsonrpsee/macros"]
[INFO] [stderr] 40 + [lints]
[INFO] [stderr]    |
[INFO] [stderr] warning: `sov-ledger-rpc` (manifest) generated 1 warning
[INFO] [stderr] warning: missing `[lints]` to inherit `[workspace.lints]`
[INFO] [stderr]   --> crates/sovereign-sdk/adapters/mock-zkvm/Cargo.toml
[INFO] [stderr]    = note: `cargo::missing_lints_inheritance` is set to `warn` by default
[INFO] [stderr] help: to inherit `workspace.lints, add:
[INFO] [stderr]    |
[INFO] [stderr] 25 ~ default = []
[INFO] [stderr] 26 + [lints]
[INFO] [stderr] 27 + workspace = true
[INFO] [stderr]    |
[INFO] [stderr] help: to clarify your intent to not inherit, add:
[INFO] [stderr]    |
[INFO] [stderr] 25 ~ default = []
[INFO] [stderr] 26 + [lints]
[INFO] [stderr]    |
[INFO] [stderr] warning: `sov-mock-zkvm` (manifest) generated 1 warning
[INFO] [stderr]     Blocking waiting for file lock on package cache
[INFO] [stderr]     Blocking waiting for file lock on package cache
[INFO] [stderr]  Downloading crates ...
[INFO] [stderr]   Downloaded async-trait v0.1.86
[INFO] [stderr]   Downloaded alloy-rlp v0.3.11
[INFO] [stderr]   Downloaded alloy-rlp-derive v0.3.11
[INFO] [stderr]   Downloaded is-terminal v0.4.15
[INFO] [stderr]   Downloaded oorandom v11.1.4
[INFO] [stderr]   Downloaded auto_impl v1.2.1
[INFO] [stderr]   Downloaded const-hex v1.14.0
[INFO] [stderr]   Downloaded clap v4.5.31
[INFO] [stderr]   Downloaded target-triple v0.1.4
[INFO] [stderr]   Downloaded blake3 v1.6.0
[INFO] [stderr]   Downloaded clap_builder v4.5.31
[INFO] [stderr]   Downloaded trybuild v1.0.103
[INFO] [stderr]   Downloaded tikv-jemalloc-sys v0.6.0+5.3.0-1-ge13ca993e8ccb9ba9847cc330696e02839f328f7
[INFO] [stderr]   Downloaded libz-sys v1.1.21
[INFO] [stderr]   Downloaded rustls-webpki v0.103.0
[INFO] [stderr]   Downloaded aws-lc-rs v1.12.4
[INFO] [stderr]   Downloaded rustls-platform-verifier v0.5.1
[INFO] [stderr]   Downloaded webpki-root-certs v0.26.8
[INFO] [stderr]   Downloaded rustls v0.23.25
[INFO] [stderr]   Downloaded brotli-decompressor v4.0.2
[INFO] [stderr]   Downloaded rs_merkle v1.5.0
[INFO] [stderr]   Downloaded ethereum_ssz_derive v0.8.3
[INFO] [stderr]   Downloaded ethereum_serde_utils v0.7.0
[INFO] [stderr]   Downloaded ethereum_ssz v0.8.3
[INFO] [stderr]   Downloaded alloy-serde v0.13.0
[INFO] [stderr]   Downloaded ring v0.17.12
[INFO] [stderr]   Downloaded alloy-eips v0.13.0
[INFO] [stderr]   Downloaded blst v0.3.14
[INFO] [stderr]   Downloaded revm-primitives v17.0.0
[INFO] [stderr]   Downloaded revm-context-interface v2.0.0
[INFO] [stderr]   Downloaded revm-state v2.0.0
[INFO] [stderr]   Downloaded revm-bytecode v2.0.0
[INFO] [stderr]   Downloaded revm-interpreter v17.0.0
[INFO] [stderr]   Downloaded rusqlite v0.34.0
[INFO] [stderr]   Downloaded revm-database-interface v2.0.0
[INFO] [stderr]   Downloaded revm-database v2.0.0
[INFO] [stderr]   Downloaded zstd-safe v7.2.3
[INFO] [stderr]   Downloaded op-alloy-consensus v0.12.0
[INFO] [stderr]   Downloaded c-kzg v2.1.1
[INFO] [stderr]   Downloaded alloy-rpc-types-eth v0.13.0
[INFO] [stderr]   Downloaded alloy-genesis v0.13.0
[INFO] [stderr]   Downloaded alloy-consensus-any v0.13.0
[INFO] [stderr]   Downloaded tracing-journald v0.3.1
[INFO] [stderr]   Downloaded tracing-logfmt v0.3.5
[INFO] [stderr]   Downloaded rolling-file v0.2.0
[INFO] [stderr]   Downloaded alloy-network-primitives v0.13.0
[INFO] [stderr]   Downloaded revm-precompile v18.0.0
[INFO] [stderr]   Downloaded strum v0.27.1
[INFO] [stderr]   Downloaded strum_macros v0.27.1
[INFO] [stderr]   Downloaded revm v21.0.0
[INFO] [stderr]   Downloaded alloy-evm v0.3.1
[INFO] [stderr]   Downloaded substrate-bn v0.6.0
[INFO] [stderr]   Downloaded alloy-hardforks v0.1.3
[INFO] [stderr]   Downloaded revm-inspector v2.0.0
[INFO] [stderr]   Downloaded enr v0.13.0
[INFO] [stderr]   Downloaded revm-context v2.0.0
[INFO] [stderr]   Downloaded revm-handler v2.0.0
[INFO] [stderr]   Downloaded op-revm v2.0.0
[INFO] [stderr]   Downloaded alloy-rpc-types-engine v0.13.0
[INFO] [stderr]   Downloaded rstest v0.22.0
[INFO] [stderr]   Downloaded boa_macros v0.20.0
[INFO] [stderr]   Downloaded thin-vec v0.2.16
[INFO] [stderr]   Downloaded boa_string v0.20.0
[INFO] [stderr]   Downloaded rstest_macros v0.22.0
[INFO] [stderr]   Downloaded ryu-js v1.0.1
[INFO] [stderr]   Downloaded boa_interner v0.20.0
[INFO] [stderr]   Downloaded alloy-rpc-types-trace v0.13.0
[INFO] [stderr]   Downloaded boa_gc v0.20.0
[INFO] [stderr]   Downloaded op-alloy-rpc-types-engine v0.12.0
[INFO] [stderr]   Downloaded alloy-rpc-types-admin v0.13.0
[INFO] [stderr]   Downloaded boa_profiler v0.20.0
[INFO] [stderr]   Downloaded lz4_flex v0.11.6
[INFO] [stderr]   Downloaded boa_parser v0.20.0
[INFO] [stderr]   Downloaded boa_ast v0.20.0
[INFO] [stderr]   Downloaded libsqlite3-sys v0.32.0
[INFO] [stderr]   Downloaded boa_engine v0.20.0
[INFO] [stderr]   Downloaded alloy-rpc-types v0.13.0
[INFO] [stderr]   Downloaded regress v0.10.1
[INFO] [stderr]   Downloaded notify v8.0.0
[INFO] [stderr]   Downloaded vergen-git2 v1.0.5
[INFO] [stderr]   Downloaded vergen v9.0.4
[INFO] [stderr]   Downloaded shellexpand v3.1.0
[INFO] [stderr]   Downloaded aws-lc-sys v0.26.0
[INFO] [stderr]   Downloaded concat-kdf v0.1.0
[INFO] [stderr]   Downloaded linked_hash_set v0.1.5
[INFO] [stderr]   Downloaded resolv-conf v0.7.1
[INFO] [stderr]   Downloaded hickory-resolver v0.25.1
[INFO] [stderr]   Downloaded alloy-consensus v0.13.0
[INFO] [stderr]   Downloaded moka v0.12.10
[INFO] [stderr]   Downloaded generator v0.8.4
[INFO] [stderr]   Downloaded hickory-proto v0.25.1
[INFO] [stderr]   Downloaded discv5 v0.9.1
[INFO] [stderr]   Downloaded data-encoding-macro v0.1.17
[INFO] [stderr]   Downloaded libp2p-identity v0.2.10
[INFO] [stderr]   Downloaded data-encoding-macro-internal v0.1.15
[INFO] [stderr]   Downloaded delay_map v0.4.0
[INFO] [stderr]   Downloaded asn1_der v0.7.6
[INFO] [stderr]   Downloaded openssl-sys v0.9.108
[INFO] [stderr]   Downloaded if-addrs v0.13.3
[INFO] [stderr]   Downloaded quinn-udp v0.5.9
[INFO] [stderr]   Downloaded alloy-rpc-types-mev v0.13.0
[INFO] [stderr]   Downloaded alloy-transport v0.13.0
[INFO] [stderr]   Downloaded alloy-signer v0.13.0
[INFO] [stderr]   Downloaded alloy-network v0.13.0
[INFO] [stderr]   Downloaded tree_hash_derive v0.9.1
[INFO] [stderr]   Downloaded alloy v0.13.0
[INFO] [stderr]   Downloaded ethereum_hashing v0.7.0
[INFO] [stderr]   Downloaded alloy-rpc-types-debug v0.13.0
[INFO] [stderr]   Downloaded alloy-rpc-types-anvil v0.13.0
[INFO] [stderr]   Downloaded alloy-json-rpc v0.13.0
[INFO] [stderr]   Downloaded alloy-rpc-types-any v0.13.0
[INFO] [stderr]   Downloaded alloy-transport-http v0.13.0
[INFO] [stderr]   Downloaded alloy-signer-local v0.13.0
[INFO] [stderr]   Downloaded alloy-rpc-types-txpool v0.13.0
[INFO] [stderr]   Downloaded constmuck_internal v1.0.0
[INFO] [stderr]   Downloaded alloy-core v0.8.23
[INFO] [stderr]   Downloaded alloy-rpc-client v0.13.0
[INFO] [stderr]   Downloaded alloy-rpc-types-beacon v0.13.0
[INFO] [stderr]   Downloaded constmuck v1.1.0
[INFO] [stderr]   Downloaded tree_hash v0.9.1
[INFO] [stderr]   Downloaded alloy-provider v0.13.0
[INFO] [stderr]   Downloaded typewit v1.11.0
[INFO] [stderr]   Downloaded cobs v0.2.3
[INFO] [stderr]   Downloaded postcard v1.1.1
[INFO] [stderr]   Downloaded bitcoin v0.32.5
[INFO] [stderr]   Downloaded utoipa v5.3.1
[INFO] [stderr]   Downloaded boundless-market v1.0.1
[INFO] [stderr]   Downloaded siwe v0.6.1
[INFO] [stderr]   Downloaded utoipa-gen v5.3.1
[INFO] [stderr]   Downloaded risc0-ethereum-contracts v3.0.1
[INFO] [stderr]   Downloaded alloy-serde v1.0.9
[INFO] [stderr]   Downloaded alloy-sol-macro-expander v1.3.1
[INFO] [stderr]   Downloaded alloy v1.0.9
[INFO] [stderr]   Downloaded alloy-rpc-types-anvil v1.0.9
[INFO] [stderr]   Downloaded alloy-sol-types v1.3.1
[INFO] [stderr]   Downloaded alloy-sol-macro-input v1.3.1
[INFO] [stderr]   Downloaded alloy-transport v1.0.9
[INFO] [stderr]   Downloaded alloy-rpc-types-any v1.0.9
[INFO] [stderr]   Downloaded alloy-dyn-abi v1.1.2
[INFO] [stderr]   Downloaded syn-solidity v1.3.1
[INFO] [stderr]   Downloaded alloy-transport-http v1.0.9
[INFO] [stderr]   Downloaded alloy-consensus-any v1.0.9
[INFO] [stderr]   Downloaded alloy-json-rpc v1.0.9
[INFO] [stderr]   Downloaded alloy-provider v1.0.9
[INFO] [stderr]   Downloaded alloy-sol-macro v1.3.1
[INFO] [stderr]   Downloaded alloy-json-abi v1.3.1
[INFO] [stderr]   Downloaded alloy-signer-local v1.0.9
[INFO] [stderr]   Downloaded alloy-sol-type-parser v1.3.1
[INFO] [stderr]   Downloaded alloy-consensus v1.0.9
[INFO] [stderr]   Downloaded alloy-trie v0.8.1
[INFO] [stderr]   Downloaded alloy-node-bindings v1.0.9
[INFO] [stderr]   Downloaded alloy-eip7702 v0.6.1
[INFO] [stderr]   Downloaded alloy-core v1.1.2
[INFO] [stderr]   Downloaded alloy-eip2930 v0.2.1
[INFO] [stderr]   Downloaded alloy-signer v1.0.9
[INFO] [stderr]   Downloaded alloy-rpc-types-eth v1.0.9
[INFO] [stderr]   Downloaded risc0-aggregation v0.9.0
[INFO] [stderr]   Downloaded alloy-primitives v1.3.1
[INFO] [stderr]   Downloaded alloy-network-primitives v1.0.9
[INFO] [stderr]   Downloaded alloy-eips v1.0.9
[INFO] [stderr]   Downloaded alloy-hardforks v0.2.2
[INFO] [stderr]   Downloaded alloy-contract v1.0.9
[INFO] [stderr]   Downloaded alloy-network v1.0.9
[INFO] [stderr]   Downloaded alloy-rpc-client v1.0.9
[INFO] [stderr]   Downloaded alloy-rpc-types v1.0.9
[INFO] [stderr]   Downloaded alloy-chains v0.2.1
[INFO] [stderr]   Downloaded alloy-genesis v1.0.9
[INFO] [stderr]   Downloaded aws-credential-types v1.2.6
[INFO] [stderr]   Downloaded aws-smithy-http-client v1.0.6
[INFO] [stderr]   Downloaded aws-smithy-runtime v1.8.6
[INFO] [stderr]   Downloaded aws-smithy-checksums v0.63.6
[INFO] [stderr]   Downloaded crc-fast v1.5.0
[INFO] [stderr]   Downloaded sp1-helper v3.2.1
[INFO] [stderr]   Downloaded sp1-build v3.2.1
[INFO] [stderr]   Downloaded aws-runtime v1.5.10
[INFO] [stderr]   Downloaded log-panics v2.1.0
[INFO] [stderr]   Downloaded bollard-stubs v1.48.3-rc.28.0.4
[INFO] [stderr]   Downloaded aws-sdk-s3 v1.102.0
[INFO] [stderr]   Downloaded bollard v0.19.1
[INFO] running `Command { std: "docker" "create" "-v" "/var/lib/crater-agent-workspace/builds/worker-2-tc2/source:/opt/rustwide/workdir:ro,Z" "-v" "/var/lib/crater-agent-workspace/builds/worker-2-tc2/target:/opt/rustwide/target:rw,Z" "-v" "/var/lib/crater-agent-workspace/cargo-home:/opt/rustwide/cargo-home:ro,Z" "-v" "/var/lib/crater-agent-workspace/rustup-home:/opt/rustwide/rustup-home:ro,Z" "-m" "1610612736" "--network" "none" "ghcr.io/rust-lang/crates-build-env/linux@sha256:3111399a4047eeb3a02b7a90e478d715f38a8c6669b5c4b49d30a17385265909" "sleep" "infinity", kill_on_drop: false }`
[INFO] [stdout] ca319a1f4e4e01a760eb78671c73bc2a266974d38fe942845545daa746c784ea
[INFO] running `Command { std: "docker" "start" "ca319a1f4e4e01a760eb78671c73bc2a266974d38fe942845545daa746c784ea", kill_on_drop: false }`
[INFO] running `Command { std: "docker" "inspect" "ca319a1f4e4e01a760eb78671c73bc2a266974d38fe942845545daa746c784ea", kill_on_drop: false }`
[INFO] running `Command { std: "docker" "exec" "-e" "SOURCE_DIR=/opt/rustwide/workdir" "-e" "CARGO_HOME=/opt/rustwide/cargo-home" "-e" "RUSTUP_HOME=/opt/rustwide/rustup-home" "-e" "CARGO_TARGET_DIR=/opt/rustwide/target" "-w" "/opt/rustwide/workdir" "--user" "0:0" "ca319a1f4e4e01a760eb78671c73bc2a266974d38fe942845545daa746c784ea" "/opt/rustwide/cargo-home/bin/cargo" "+e4d5758286bf2cf6f415802f2cf861747a7c6c8c" "metadata" "--no-deps" "--format-version=1", kill_on_drop: false }`
[INFO] running `Command { std: "docker" "inspect" "ca319a1f4e4e01a760eb78671c73bc2a266974d38fe942845545daa746c784ea", kill_on_drop: false }`
[INFO] running `Command { std: "docker" "exec" "-e" "SOURCE_DIR=/opt/rustwide/workdir" "-e" "CARGO_HOME=/opt/rustwide/cargo-home" "-e" "RUSTUP_HOME=/opt/rustwide/rustup-home" "-e" "CARGO_TARGET_DIR=/opt/rustwide/target" "-e" "CARGO_INCREMENTAL=0" "-e" "RUST_BACKTRACE=full" "-e" "RUSTFLAGS=--cap-lints=forbid" "-e" "RUSTDOCFLAGS=--cap-lints=forbid" "-w" "/opt/rustwide/workdir" "--user" "0:0" "ca319a1f4e4e01a760eb78671c73bc2a266974d38fe942845545daa746c784ea" "/opt/rustwide/cargo-home/bin/cargo" "+e4d5758286bf2cf6f415802f2cf861747a7c6c8c" "check" "--frozen" "--all" "--all-targets" "--message-format=json", kill_on_drop: false }`
[INFO] [stderr] warning: unused workspace dependency `alloy-trie`
[INFO] [stderr]    --> Cargo.toml:113:25
[INFO] [stderr]     |
[INFO] [stderr] 113 | [workspace.dependencies.alloy-trie]
[INFO] [stderr]     |                         ^^^^^^^^^^
[INFO] [stderr]     |
[INFO] [stderr]     = note: `cargo::unused_workspace_dependencies` is set to `warn` by default
[INFO] [stderr] help: consider removing the workspace dependency `alloy-trie`
[INFO] [stderr] warning: unused workspace dependency `reth-node-api`
[INFO] [stderr]    --> Cargo.toml:232:25
[INFO] [stderr]     |
[INFO] [stderr] 232 | [workspace.dependencies.reth-node-api]
[INFO] [stderr]     |                         ^^^^^^^^^^^^^
[INFO] [stderr]     |
[INFO] [stderr] help: consider removing the workspace dependency `reth-node-api`
[INFO] [stderr] warning: unused workspace dependency `reth-stages`
[INFO] [stderr]    --> Cargo.toml:277:25
[INFO] [stderr]     |
[INFO] [stderr] 277 | [workspace.dependencies.reth-stages]
[INFO] [stderr]     |                         ^^^^^^^^^^^
[INFO] [stderr]     |
[INFO] [stderr] help: consider removing the workspace dependency `reth-stages`
[INFO] [stderr] warning: unused workspace dependency `revm-bytecode`
[INFO] [stderr]    --> Cargo.toml:302:25
[INFO] [stderr]     |
[INFO] [stderr] 302 | [workspace.dependencies.revm-bytecode]
[INFO] [stderr]     |                         ^^^^^^^^^^^^^
[INFO] [stderr]     |
[INFO] [stderr] help: consider removing the workspace dependency `revm-bytecode`
[INFO] [stderr] warning: unused workspace dependency `revm-primitives`
[INFO] [stderr]    --> Cargo.toml:315:25
[INFO] [stderr]     |
[INFO] [stderr] 315 | [workspace.dependencies.revm-primitives]
[INFO] [stderr]     |                         ^^^^^^^^^^^^^^^
[INFO] [stderr]     |
[INFO] [stderr] help: consider removing the workspace dependency `revm-primitives`
[INFO] [stderr] warning: unused workspace dependency `risc0-circuit-rv32im`
[INFO] [stderr]   --> Cargo.toml:42:1
[INFO] [stderr]    |
[INFO] [stderr] 42 | risc0-circuit-rv32im = "4.0.2"
[INFO] [stderr]    | ^^^^^^^^^^^^^^^^^^^^
[INFO] [stderr]    |
[INFO] [stderr] help: consider removing the workspace dependency `risc0-circuit-rv32im`
[INFO] [stderr] warning: unused workspace dependency `risc0-ethereum-contracts`
[INFO] [stderr]    --> Cargo.toml:319:25
[INFO] [stderr]     |
[INFO] [stderr] 319 | [workspace.dependencies.risc0-ethereum-contracts]
[INFO] [stderr]     |                         ^^^^^^^^^^^^^^^^^^^^^^^^
[INFO] [stderr]     |
[INFO] [stderr] help: consider removing the workspace dependency `risc0-ethereum-contracts`
[INFO] [stderr] warning: unused workspace dependency `risc0-zkvm-platform`
[INFO] [stderr]   --> Cargo.toml:44:1
[INFO] [stderr]    |
[INFO] [stderr] 44 | risc0-zkvm-platform = "2.2.0"
[INFO] [stderr]    | ^^^^^^^^^^^^^^^^^^^
[INFO] [stderr]    |
[INFO] [stderr] help: consider removing the workspace dependency `risc0-zkvm-platform`
[INFO] [stderr] warning: workspace (manifest) generated 8 warnings
[INFO] [stderr] warning: missing `[lints]` to inherit `[workspace.lints]`
[INFO] [stderr]   --> crates/sovereign-sdk/rollup-interface/Cargo.toml
[INFO] [stderr]    = note: `cargo::missing_lints_inheritance` is set to `warn` by default
[INFO] [stderr] help: to inherit `workspace.lints, add:
[INFO] [stderr]    |
[INFO] [stderr] 53 ~ testing = []
[INFO] [stderr] 54 + [lints]
[INFO] [stderr] 55 + workspace = true
[INFO] [stderr]    |
[INFO] [stderr] help: to clarify your intent to not inherit, add:
[INFO] [stderr]    |
[INFO] [stderr] 53 ~ testing = []
[INFO] [stderr] 54 + [lints]
[INFO] [stderr]    |
[INFO] [stderr] warning: `sov-rollup-interface` (manifest) generated 1 warning
[INFO] [stderr] warning: missing `[lints]` to inherit `[workspace.lints]`
[INFO] [stderr]   --> crates/sovereign-sdk/module-system/sov-modules-macros/Cargo.toml
[INFO] [stderr]    = note: `cargo::missing_lints_inheritance` is set to `warn` by default
[INFO] [stderr] help: to inherit `workspace.lints, add:
[INFO] [stderr]    |
[INFO] [stderr] 54 ~ ]
[INFO] [stderr] 55 + [lints]
[INFO] [stderr] 56 + workspace = true
[INFO] [stderr]    |
[INFO] [stderr] help: to clarify your intent to not inherit, add:
[INFO] [stderr]    |
[INFO] [stderr] 54 ~ ]
[INFO] [stderr] 55 + [lints]
[INFO] [stderr]    |
[INFO] [stderr] warning: `sov-modules-macros` (manifest) generated 1 warning
[INFO] [stderr] warning: missing `[lints]` to inherit `[workspace.lints]`
[INFO] [stderr]   --> crates/ethereum-rpc/Cargo.toml
[INFO] [stderr]    = note: `cargo::missing_lints_inheritance` is set to `warn` by default
[INFO] [stderr] help: to inherit `workspace.lints, add:
[INFO] [stderr]    |
[INFO] [stderr] 54 ~ tokio = { workspace = true }
[INFO] [stderr] 55 + [lints]
[INFO] [stderr] 56 + workspace = true
[INFO] [stderr]    |
[INFO] [stderr] help: to clarify your intent to not inherit, add:
[INFO] [stderr]    |
[INFO] [stderr] 54 ~ tokio = { workspace = true }
[INFO] [stderr] 55 + [lints]
[INFO] [stderr]    |
[INFO] [stderr] warning: `ethereum-rpc` (manifest) generated 1 warning
[INFO] [stderr] warning: missing `[lints]` to inherit `[workspace.lints]`
[INFO] [stderr]   --> crates/sovereign-sdk/module-system/sov-modules-rollup-blueprint/Cargo.toml
[INFO] [stderr]    = note: `cargo::missing_lints_inheritance` is set to `warn` by default
[INFO] [stderr] help: to inherit `workspace.lints, add:
[INFO] [stderr]    |
[INFO] [stderr] 31 ~ tracing = { workspace = true }
[INFO] [stderr] 32 + [lints]
[INFO] [stderr] 33 + workspace = true
[INFO] [stderr]    |
[INFO] [stderr] help: to clarify your intent to not inherit, add:
[INFO] [stderr]    |
[INFO] [stderr] 31 ~ tracing = { workspace = true }
[INFO] [stderr] 32 + [lints]
[INFO] [stderr]    |
[INFO] [stderr] warning: `sov-modules-rollup-blueprint` (manifest) generated 1 warning
[INFO] [stderr] warning: missing `[lints]` to inherit `[workspace.lints]`
[INFO] [stderr]   --> crates/sovereign-sdk/module-system/sov-state/Cargo.toml
[INFO] [stderr]    = note: `cargo::missing_lints_inheritance` is set to `warn` by default
[INFO] [stderr] help: to inherit `workspace.lints, add:
[INFO] [stderr]    |
[INFO] [stderr] 36 ~ native = ["sov-db", "sov-schema-db"]
[INFO] [stderr] 37 + [lints]
[INFO] [stderr] 38 + workspace = true
[INFO] [stderr]    |
[INFO] [stderr] help: to clarify your intent to not inherit, add:
[INFO] [stderr]    |
[INFO] [stderr] 36 ~ native = ["sov-db", "sov-schema-db"]
[INFO] [stderr] 37 + [lints]
[INFO] [stderr]    |
[INFO] [stderr] warning: `sov-state` (manifest) generated 1 warning
[INFO] [stderr] warning: missing `[lints]` to inherit `[workspace.lints]`
[INFO] [stderr]   --> crates/sovereign-sdk/module-system/sov-modules-core/Cargo.toml
[INFO] [stderr]    = note: `cargo::missing_lints_inheritance` is set to `warn` by default
[INFO] [stderr] help: to inherit `workspace.lints, add:
[INFO] [stderr]    |
[INFO] [stderr] 63 ~ mocks = []
[INFO] [stderr] 64 + [lints]
[INFO] [stderr] 65 + workspace = true
[INFO] [stderr]    |
[INFO] [stderr] help: to clarify your intent to not inherit, add:
[INFO] [stderr]    |
[INFO] [stderr] 63 ~ mocks = []
[INFO] [stderr] 64 + [lints]
[INFO] [stderr]    |
[INFO] [stderr] warning: `sov-modules-core` (manifest) generated 1 warning
[INFO] [stderr] warning: missing `[lints]` to inherit `[workspace.lints]`
[INFO] [stderr]   --> crates/risc0/Cargo.toml
[INFO] [stderr]    = note: `cargo::missing_lints_inheritance` is set to `warn` by default
[INFO] [stderr] help: to inherit `workspace.lints, add:
[INFO] [stderr]    |
[INFO] [stderr] 61 ~ ]
[INFO] [stderr] 62 + [lints]
[INFO] [stderr] 63 + workspace = true
[INFO] [stderr]    |
[INFO] [stderr] help: to clarify your intent to not inherit, add:
[INFO] [stderr]    |
[INFO] [stderr] 61 ~ ]
[INFO] [stderr] 62 + [lints]
[INFO] [stderr]    |
[INFO] [stderr] warning: `citrea-risc0-adapter` (manifest) generated 1 warning
[INFO] [stderr] warning: missing `[lints]` to inherit `[workspace.lints]`
[INFO] [stderr]   --> crates/common/Cargo.toml
[INFO] [stderr]    = note: `cargo::missing_lints_inheritance` is set to `warn` by default
[INFO] [stderr] help: to inherit `workspace.lints, add:
[INFO] [stderr]    |
[INFO] [stderr] 60 ~ tempfile = { workspace = true }
[INFO] [stderr] 61 + [lints]
[INFO] [stderr] 62 + workspace = true
[INFO] [stderr]    |
[INFO] [stderr] help: to clarify your intent to not inherit, add:
[INFO] [stderr]    |
[INFO] [stderr] 60 ~ tempfile = { workspace = true }
[INFO] [stderr] 61 + [lints]
[INFO] [stderr]    |
[INFO] [stderr] warning: `citrea-common` (manifest) generated 1 warning
[INFO] [stderr] warning: missing `[lints]` to inherit `[workspace.lints]`
[INFO] [stderr]   --> crates/sovereign-sdk/module-system/module-implementations/sov-accounts/Cargo.toml
[INFO] [stderr]    = note: `cargo::missing_lints_inheritance` is set to `warn` by default
[INFO] [stderr] help: to inherit `workspace.lints, add:
[INFO] [stderr]    |
[INFO] [stderr] 53 ~ serde = []
[INFO] [stderr] 54 + [lints]
[INFO] [stderr] 55 + workspace = true
[INFO] [stderr]    |
[INFO] [stderr] help: to clarify your intent to not inherit, add:
[INFO] [stderr]    |
[INFO] [stderr] 53 ~ serde = []
[INFO] [stderr] 54 + [lints]
[INFO] [stderr]    |
[INFO] [stderr] warning: `sov-accounts` (manifest) generated 1 warning
[INFO] [stderr] warning: missing `[lints]` to inherit `[workspace.lints]`
[INFO] [stderr]   --> crates/sovereign-sdk/adapters/mock-zkvm/Cargo.toml
[INFO] [stderr]    = note: `cargo::missing_lints_inheritance` is set to `warn` by default
[INFO] [stderr] help: to inherit `workspace.lints, add:
[INFO] [stderr]    |
[INFO] [stderr] 25 ~ default = []
[INFO] [stderr] 26 + [lints]
[INFO] [stderr] 27 + workspace = true
[INFO] [stderr]    |
[INFO] [stderr] help: to clarify your intent to not inherit, add:
[INFO] [stderr]    |
[INFO] [stderr] 25 ~ default = []
[INFO] [stderr] 26 + [lints]
[INFO] [stderr]    |
[INFO] [stderr] warning: `sov-mock-zkvm` (manifest) generated 1 warning
[INFO] [stderr] warning: missing `[lints]` to inherit `[workspace.lints]`
[INFO] [stderr]   --> crates/sovereign-sdk/full-node/sov-ledger-rpc/Cargo.toml
[INFO] [stderr]    = note: `cargo::missing_lints_inheritance` is set to `warn` by default
[INFO] [stderr] help: to inherit `workspace.lints, add:
[INFO] [stderr]    |
[INFO] [stderr] 39 ~ client = ["jsonrpsee/client", "jsonrpsee/macros"]
[INFO] [stderr] 40 + [lints]
[INFO] [stderr] 41 + workspace = true
[INFO] [stderr]    |
[INFO] [stderr] help: to clarify your intent to not inherit, add:
[INFO] [stderr]    |
[INFO] [stderr] 39 ~ client = ["jsonrpsee/client", "jsonrpsee/macros"]
[INFO] [stderr] 40 + [lints]
[INFO] [stderr]    |
[INFO] [stderr] warning: `sov-ledger-rpc` (manifest) generated 1 warning
[INFO] [stderr] warning: missing `[lints]` to inherit `[workspace.lints]`
[INFO] [stderr]   --> crates/sovereign-sdk/module-system/sov-keys/Cargo.toml
[INFO] [stderr]    = note: `cargo::missing_lints_inheritance` is set to `warn` by default
[INFO] [stderr] help: to inherit `workspace.lints, add:
[INFO] [stderr]    |
[INFO] [stderr] 35 ~ testing = []
[INFO] [stderr] 36 + [lints]
[INFO] [stderr] 37 + workspace = true
[INFO] [stderr]    |
[INFO] [stderr] help: to clarify your intent to not inherit, add:
[INFO] [stderr]    |
[INFO] [stderr] 35 ~ testing = []
[INFO] [stderr] 36 + [lints]
[INFO] [stderr]    |
[INFO] [stderr] warning: `sov-keys` (manifest) generated 1 warning
[INFO] [stderr] warning: missing `[lints]` to inherit `[workspace.lints]`
[INFO] [stderr]   --> crates/sovereign-sdk/full-node/db/sov-schema-db/Cargo.toml
[INFO] [stderr]    = note: `cargo::missing_lints_inheritance` is set to `warn` by default
[INFO] [stderr] help: to inherit `workspace.lints, add:
[INFO] [stderr]    |
[INFO] [stderr] 34 ~ test-utils = ["dep:tempfile", "dep:byteorder"]
[INFO] [stderr] 35 + [lints]
[INFO] [stderr] 36 + workspace = true
[INFO] [stderr]    |
[INFO] [stderr] help: to clarify your intent to not inherit, add:
[INFO] [stderr]    |
[INFO] [stderr] 34 ~ test-utils = ["dep:tempfile", "dep:byteorder"]
[INFO] [stderr] 35 + [lints]
[INFO] [stderr]    |
[INFO] [stderr] warning: `sov-schema-db` (manifest) generated 1 warning
[INFO] [stderr] warning: missing `[lints]` to inherit `[workspace.lints]`
[INFO] [stderr]    --> crates/evm/Cargo.toml
[INFO] [stderr]     = note: `cargo::missing_lints_inheritance` is set to `warn` by default
[INFO] [stderr] help: to inherit `workspace.lints, add:
[INFO] [stderr]     |
[INFO] [stderr] 116 ~ ]
[INFO] [stderr] 117 + [lints]
[INFO] [stderr] 118 + workspace = true
[INFO] [stderr]     |
[INFO] [stderr] help: to clarify your intent to not inherit, add:
[INFO] [stderr]     |
[INFO] [stderr] 116 ~ ]
[INFO] [stderr] 117 + [lints]
[INFO] [stderr]     |
[INFO] [stderr] warning: `citrea-evm` (manifest) generated 1 warning
[INFO] [stderr] warning: missing `[lints]` to inherit `[workspace.lints]`
[INFO] [stderr]   --> crates/primitives/Cargo.toml
[INFO] [stderr]    = note: `cargo::missing_lints_inheritance` is set to `warn` by default
[INFO] [stderr] help: to inherit `workspace.lints, add:
[INFO] [stderr]    |
[INFO] [stderr] 20 ~ testing = ["sov-rollup-interface/testing"]
[INFO] [stderr] 21 + [lints]
[INFO] [stderr] 22 + workspace = true
[INFO] [stderr]    |
[INFO] [stderr] help: to clarify your intent to not inherit, add:
[INFO] [stderr]    |
[INFO] [stderr] 20 ~ testing = ["sov-rollup-interface/testing"]
[INFO] [stderr] 21 + [lints]
[INFO] [stderr]    |
[INFO] [stderr] warning: `citrea-primitives` (manifest) generated 1 warning
[INFO] [stderr] warning: missing `[lints]` to inherit `[workspace.lints]`
[INFO] [stderr]   --> crates/fullnode/Cargo.toml
[INFO] [stderr]    = note: `cargo::missing_lints_inheritance` is set to `warn` by default
[INFO] [stderr] help: to inherit `workspace.lints, add:
[INFO] [stderr]    |
[INFO] [stderr] 44 ~ tracing = { workspace = true }
[INFO] [stderr] 45 + [lints]
[INFO] [stderr] 46 + workspace = true
[INFO] [stderr]    |
[INFO] [stderr] help: to clarify your intent to not inherit, add:
[INFO] [stderr]    |
[INFO] [stderr] 44 ~ tracing = { workspace = true }
[INFO] [stderr] 45 + [lints]
[INFO] [stderr]    |
[INFO] [stderr] warning: `citrea-fullnode` (manifest) generated 1 warning
[INFO] [stderr] warning: missing `[lints]` to inherit `[workspace.lints]`
[INFO] [stderr]   --> crates/short-header-proof-provider/Cargo.toml
[INFO] [stderr]    = note: `cargo::missing_lints_inheritance` is set to `warn` by default
[INFO] [stderr] help: to inherit `workspace.lints, add:
[INFO] [stderr]    |
[INFO] [stderr] 36 ~ ]
[INFO] [stderr] 37 + [lints]
[INFO] [stderr] 38 + workspace = true
[INFO] [stderr]    |
[INFO] [stderr] help: to clarify your intent to not inherit, add:
[INFO] [stderr]    |
[INFO] [stderr] 36 ~ ]
[INFO] [stderr] 37 + [lints]
[INFO] [stderr]    |
[INFO] [stderr] warning: `short-header-proof-provider` (manifest) generated 1 warning
[INFO] [stderr] warning: missing `[lints]` to inherit `[workspace.lints]`
[INFO] [stderr]   --> guests/risc0/light-client-proof/Cargo.toml
[INFO] [stderr]    = note: `cargo::missing_lints_inheritance` is set to `warn` by default
[INFO] [stderr] help: to inherit `workspace.lints, add:
[INFO] [stderr]    |
[INFO] [stderr] 22 ~ build = ["citrea-risc0-batch-proof"]
[INFO] [stderr] 23 + [lints]
[INFO] [stderr] 24 + workspace = true
[INFO] [stderr]    |
[INFO] [stderr] help: to clarify your intent to not inherit, add:
[INFO] [stderr]    |
[INFO] [stderr] 22 ~ build = ["citrea-risc0-batch-proof"]
[INFO] [stderr] 23 + [lints]
[INFO] [stderr]    |
[INFO] [stderr] warning: `citrea-risc0-light-client` (manifest) generated 1 warning
[INFO] [stderr] warning: missing `[lints]` to inherit `[workspace.lints]`
[INFO] [stderr]    --> bin/citrea/Cargo.toml
[INFO] [stderr]     = note: `cargo::missing_lints_inheritance` is set to `warn` by default
[INFO] [stderr] help: to inherit `workspace.lints, add:
[INFO] [stderr]     |
[INFO] [stderr] 131 ~ path = "src/main.rs"
[INFO] [stderr] 132 + [lints]
[INFO] [stderr] 133 + workspace = true
[INFO] [stderr]     |
[INFO] [stderr] help: to clarify your intent to not inherit, add:
[INFO] [stderr]     |
[INFO] [stderr] 131 ~ path = "src/main.rs"
[INFO] [stderr] 132 + [lints]
[INFO] [stderr]     |
[INFO] [stderr] warning: unused build dependency `sp1-helper`
[INFO] [stderr]    --> bin/citrea/Cargo.toml:115:1
[INFO] [stderr]     |
[INFO] [stderr] 115 | sp1-helper = { version = "3.0.0", default-features = false }
[INFO] [stderr]     | ^^^^^^^^^^^^^^^^^^^^^^^^^^^^^^^^^^^^^^^^^^^^^^^^^^^^^^^^^^^^
[INFO] [stderr]     |
[INFO] [stderr]     = note: `cargo::unused_dependencies` is set to `warn` by default
[INFO] [stderr] help: consider removing the dependency on `sp1-helper`
[INFO] [stderr] warning: `citrea` (manifest) generated 2 warnings
[INFO] [stderr] warning: missing `[lints]` to inherit `[workspace.lints]`
[INFO] [stderr]   --> crates/storage-ops/Cargo.toml
[INFO] [stderr]    = note: `cargo::missing_lints_inheritance` is set to `warn` by default
[INFO] [stderr] help: to inherit `workspace.lints, add:
[INFO] [stderr]    |
[INFO] [stderr] 34 ~ tempfile = { workspace = true }
[INFO] [stderr] 35 + [lints]
[INFO] [stderr] 36 + workspace = true
[INFO] [stderr]    |
[INFO] [stderr] help: to clarify your intent to not inherit, add:
[INFO] [stderr]    |
[INFO] [stderr] 34 ~ tempfile = { workspace = true }
[INFO] [stderr] 35 + [lints]
[INFO] [stderr]    |
[INFO] [stderr] warning: `citrea-storage-ops` (manifest) generated 1 warning
[INFO] [stderr] warning: missing `[lints]` to inherit `[workspace.lints]`
[INFO] [stderr]   --> crates/prover-services/Cargo.toml
[INFO] [stderr]    = note: `cargo::missing_lints_inheritance` is set to `warn` by default
[INFO] [stderr] help: to inherit `workspace.lints, add:
[INFO] [stderr]    |
[INFO] [stderr] 31 ~ sov-rollup-interface = { path = "../sovereign-sdk/rollup-interface", features = ["testing"] }
[INFO] [stderr] 32 + [lints]
[INFO] [stderr] 33 + workspace = true
[INFO] [stderr]    |
[INFO] [stderr] help: to clarify your intent to not inherit, add:
[INFO] [stderr]    |
[INFO] [stderr] 31 ~ sov-rollup-interface = { path = "../sovereign-sdk/rollup-interface", features = ["testing"] }
[INFO] [stderr] 32 + [lints]
[INFO] [stderr]    |
[INFO] [stderr] warning: `prover-services` (manifest) generated 1 warning
[INFO] [stderr] warning: missing `[lints]` to inherit `[workspace.lints]`
[INFO] [stderr]   --> crates/sovereign-sdk/full-node/sov-prover-storage-manager/Cargo.toml
[INFO] [stderr]    = note: `cargo::missing_lints_inheritance` is set to `warn` by default
[INFO] [stderr] help: to inherit `workspace.lints, add:
[INFO] [stderr]    |
[INFO] [stderr] 29 ~ test-utils = []
[INFO] [stderr] 30 + [lints]
[INFO] [stderr] 31 + workspace = true
[INFO] [stderr]    |
[INFO] [stderr] help: to clarify your intent to not inherit, add:
[INFO] [stderr]    |
[INFO] [stderr] 29 ~ test-utils = []
[INFO] [stderr] 30 + [lints]
[INFO] [stderr]    |
[INFO] [stderr] warning: `sov-prover-storage-manager` (manifest) generated 1 warning
[INFO] [stderr] warning: missing `[lints]` to inherit `[workspace.lints]`
[INFO] [stderr]   --> bin/cli/Cargo.toml
[INFO] [stderr]    = note: `cargo::missing_lints_inheritance` is set to `warn` by default
[INFO] [stderr] help: to inherit `workspace.lints, add:
[INFO] [stderr]    |
[INFO] [stderr] 35 ~ path = "src/main.rs"
[INFO] [stderr] 36 + [lints]
[INFO] [stderr] 37 + workspace = true
[INFO] [stderr]    |
[INFO] [stderr] help: to clarify your intent to not inherit, add:
[INFO] [stderr]    |
[INFO] [stderr] 35 ~ path = "src/main.rs"
[INFO] [stderr] 36 + [lints]
[INFO] [stderr]    |
[INFO] [stderr] warning: `citrea-cli` (manifest) generated 1 warning
[INFO] [stderr] warning: missing `[lints]` to inherit `[workspace.lints]`
[INFO] [stderr]   --> crates/sovereign-sdk/module-system/module-implementations/integration-tests/Cargo.toml
[INFO] [stderr]    = note: `cargo::missing_lints_inheritance` is set to `warn` by default
[INFO] [stderr] help: to inherit `workspace.lints, add:
[INFO] [stderr]    |
[INFO] [stderr] 27 ~ sov-prover-storage-manager = { path = "../../../full-node/sov-prover-storage-manager", features = ["test-utils"] }
[INFO] [stderr] 28 + [lints]
[INFO] [stderr] 29 + workspace = true
[INFO] [stderr]    |
[INFO] [stderr] help: to clarify your intent to not inherit, add:
[INFO] [stderr]    |
[INFO] [stderr] 27 ~ sov-prover-storage-manager = { path = "../../../full-node/sov-prover-storage-manager", features = ["test-utils"] }
[INFO] [stderr] 28 + [lints]
[INFO] [stderr]    |
[INFO] [stderr] warning: `integration-tests` (manifest) generated 1 warning
[INFO] [stderr] warning: missing `[lints]` to inherit `[workspace.lints]`
[INFO] [stderr]   --> crates/sovereign-sdk/module-system/sov-modules-api/Cargo.toml
[INFO] [stderr]    = note: `cargo::missing_lints_inheritance` is set to `warn` by default
[INFO] [stderr] help: to inherit `workspace.lints, add:
[INFO] [stderr]    |
[INFO] [stderr] 65 ~ testing = []
[INFO] [stderr] 66 + [lints]
[INFO] [stderr] 67 + workspace = true
[INFO] [stderr]    |
[INFO] [stderr] help: to clarify your intent to not inherit, add:
[INFO] [stderr]    |
[INFO] [stderr] 65 ~ testing = []
[INFO] [stderr] 66 + [lints]
[INFO] [stderr]    |
[INFO] [stderr] warning: `sov-modules-api` (manifest) generated 1 warning
[INFO] [stderr] warning: missing `[lints]` to inherit `[workspace.lints]`
[INFO] [stderr]   --> crates/sovereign-sdk/full-node/db/sov-db/Cargo.toml
[INFO] [stderr]    = note: `cargo::missing_lints_inheritance` is set to `warn` by default
[INFO] [stderr] help: to inherit `workspace.lints, add:
[INFO] [stderr]    |
[INFO] [stderr] 46 ~ harness = false
[INFO] [stderr] 47 + [lints]
[INFO] [stderr] 48 + workspace = true
[INFO] [stderr]    |
[INFO] [stderr] help: to clarify your intent to not inherit, add:
[INFO] [stderr]    |
[INFO] [stderr] 46 ~ harness = false
[INFO] [stderr] 47 + [lints]
[INFO] [stderr]    |
[INFO] [stderr] warning: `sov-db` (manifest) generated 1 warning
[INFO] [stderr] warning: missing `[lints]` to inherit `[workspace.lints]`
[INFO] [stderr]   --> crates/l2-block-rule-enforcer/Cargo.toml
[INFO] [stderr]    = note: `cargo::missing_lints_inheritance` is set to `warn` by default
[INFO] [stderr] help: to inherit `workspace.lints, add:
[INFO] [stderr]    |
[INFO] [stderr] 38 ~ native = ["dep:sov-db", "sov-modules-api/native", "dep:tracing", "jsonrpsee"]
[INFO] [stderr] 39 + [lints]
[INFO] [stderr] 40 + workspace = true
[INFO] [stderr]    |
[INFO] [stderr] help: to clarify your intent to not inherit, add:
[INFO] [stderr]    |
[INFO] [stderr] 38 ~ native = ["dep:sov-db", "sov-modules-api/native", "dep:tracing", "jsonrpsee"]
[INFO] [stderr] 39 + [lints]
[INFO] [stderr]    |
[INFO] [stderr] warning: `l2-block-rule-enforcer` (manifest) generated 1 warning
[INFO] [stderr] warning: missing `[lints]` to inherit `[workspace.lints]`
[INFO] [stderr]   --> crates/sovereign-sdk/module-system/sov-modules-stf-blueprint/Cargo.toml
[INFO] [stderr]    = note: `cargo::missing_lints_inheritance` is set to `warn` by default
[INFO] [stderr] help: to inherit `workspace.lints, add:
[INFO] [stderr]    |
[INFO] [stderr] 43 ~ ]
[INFO] [stderr] 44 + [lints]
[INFO] [stderr] 45 + workspace = true
[INFO] [stderr]    |
[INFO] [stderr] help: to clarify your intent to not inherit, add:
[INFO] [stderr]    |
[INFO] [stderr] 43 ~ ]
[INFO] [stderr] 44 + [lints]
[INFO] [stderr]    |
[INFO] [stderr] warning: `sov-modules-stf-blueprint` (manifest) generated 1 warning
[INFO] [stderr] warning: missing `[lints]` to inherit `[workspace.lints]`
[INFO] [stderr]   --> crates/citrea-stf/Cargo.toml
[INFO] [stderr]    = note: `cargo::missing_lints_inheritance` is set to `warn` by default
[INFO] [stderr] help: to inherit `workspace.lints, add:
[INFO] [stderr]    |
[INFO] [stderr] 65 ~ testing = ["native", "dep:tempfile", "dep:sov-prover-storage-manager"]
[INFO] [stderr] 66 + [lints]
[INFO] [stderr] 67 + workspace = true
[INFO] [stderr]    |
[INFO] [stderr] help: to clarify your intent to not inherit, add:
[INFO] [stderr]    |
[INFO] [stderr] 65 ~ testing = ["native", "dep:tempfile", "dep:sov-prover-storage-manager"]
[INFO] [stderr] 66 + [lints]
[INFO] [stderr]    |
[INFO] [stderr] warning: `citrea-stf` (manifest) generated 1 warning
[INFO] [stderr] warning: missing `[lints]` to inherit `[workspace.lints]`
[INFO] [stderr]   --> guests/risc0/batch-proof/Cargo.toml
[INFO] [stderr]    = note: `cargo::missing_lints_inheritance` is set to `warn` by default
[INFO] [stderr] help: to inherit `workspace.lints, add:
[INFO] [stderr]    |
[INFO] [stderr] 17 ~ testing = []
[INFO] [stderr] 18 + [lints]
[INFO] [stderr] 19 + workspace = true
[INFO] [stderr]    |
[INFO] [stderr] help: to clarify your intent to not inherit, add:
[INFO] [stderr]    |
[INFO] [stderr] 17 ~ testing = []
[INFO] [stderr] 18 + [lints]
[INFO] [stderr]    |
[INFO] [stderr] warning: `citrea-risc0-batch-proof` (manifest) generated 1 warning
[INFO] [stderr] warning: missing `[lints]` to inherit `[workspace.lints]`
[INFO] [stderr]   --> crates/sequencer/Cargo.toml
[INFO] [stderr]    = note: `cargo::missing_lints_inheritance` is set to `warn` by default
[INFO] [stderr] help: to inherit `workspace.lints, add:
[INFO] [stderr]    |
[INFO] [stderr] 77 ~ default = []
[INFO] [stderr] 78 + [lints]
[INFO] [stderr] 79 + workspace = true
[INFO] [stderr]    |
[INFO] [stderr] help: to clarify your intent to not inherit, add:
[INFO] [stderr]    |
[INFO] [stderr] 77 ~ default = []
[INFO] [stderr] 78 + [lints]
[INFO] [stderr]    |
[INFO] [stderr] warning: `citrea-sequencer` (manifest) generated 1 warning
[INFO] [stderr] warning: missing `[lints]` to inherit `[workspace.lints]`
[INFO] [stderr]   --> crates/sovereign-sdk/adapters/mock-da/Cargo.toml
[INFO] [stderr]    = note: `cargo::missing_lints_inheritance` is set to `warn` by default
[INFO] [stderr] help: to inherit `workspace.lints, add:
[INFO] [stderr]    |
[INFO] [stderr] 39 ~ ]
[INFO] [stderr] 40 + [lints]
[INFO] [stderr] 41 + workspace = true
[INFO] [stderr]    |
[INFO] [stderr] help: to clarify your intent to not inherit, add:
[INFO] [stderr]    |
[INFO] [stderr] 39 ~ ]
[INFO] [stderr] 40 + [lints]
[INFO] [stderr]    |
[INFO] [stderr] warning: `sov-mock-da` (manifest) generated 1 warning
[INFO] [stderr]    Compiling proc-macro2 v1.0.93
[INFO] [stderr]    Compiling unicode-ident v1.0.17
[INFO] [stderr]    Compiling libc v0.2.170
[INFO] [stderr]    Compiling portable-atomic v1.11.0
[INFO] [stderr]     Checking critical-section v1.2.0
[INFO] [stderr]    Compiling generic-array v0.14.7
[INFO] [stderr]     Checking itoa v1.0.14
[INFO] [stderr]    Compiling foldhash v0.1.4
[INFO] [stderr]    Compiling winnow v0.7.3
[INFO] [stderr]    Compiling once_cell v1.21.1
[INFO] [stderr]    Compiling hashbrown v0.15.2
[INFO] [stderr]     Checking log v0.4.26
[INFO] [stderr]    Compiling borsh v1.5.5
[INFO] [stderr]    Compiling quote v1.0.38
[INFO] [stderr]    Compiling syn v2.0.98
[INFO] [stderr]     Checking base64ct v1.6.0
[INFO] [stderr]    Compiling convert_case v0.7.1
[INFO] [stderr]    Compiling indexmap v2.7.1
[INFO] [stderr]     Checking pem-rfc7468 v0.7.0
[INFO] [stderr]    Compiling getrandom v0.3.2
[INFO] [stderr]     Checking tracing-core v0.1.33
[INFO] [stderr]    Compiling jobserver v0.1.32
[INFO] [stderr]     Checking ryu v1.0.19
[INFO] [stderr]     Checking tiny-keccak v2.0.2
[INFO] [stderr]    Compiling libm v0.2.11
[INFO] [stderr]    Compiling num-traits v0.2.19
[INFO] [stderr]    Compiling cc v1.2.15
[INFO] [stderr]    Compiling rustversion v1.0.19
[INFO] [stderr]    Compiling lock_api v0.4.12
[INFO] [stderr]    Compiling subtle v2.6.1
[INFO] [stderr]    Compiling getrandom v0.2.15
[INFO] [stderr]    Compiling ahash v0.8.11
[INFO] [stderr]     Checking signal-hook-registry v1.4.2
[INFO] [stderr]     Checking rand_core v0.6.4
[INFO] [stderr]     Checking rand_core v0.9.3
[INFO] [stderr]     Checking mio v1.0.3
[INFO] [stderr]     Checking socket2 v0.5.8
[INFO] [stderr]     Checking ff v0.13.0
[INFO] [stderr]     Checking group v0.13.0
[INFO] [stderr]     Checking futures-task v0.3.31
[INFO] [stderr]    Compiling const-oid v0.9.6
[INFO] [stderr]    Compiling block-buffer v0.10.4
[INFO] [stderr]    Compiling crypto-common v0.1.6
[INFO] [stderr]    Compiling syn v1.0.109
[INFO] [stderr]     Checking crc v3.2.1
[INFO] [stderr]     Checking litemap v0.7.4
[INFO] [stderr]    Compiling aho-corasick v1.1.3
[INFO] [stderr]    Compiling digest v0.10.7
[INFO] [stderr]    Compiling regex-syntax v0.8.5
[INFO] [stderr]     Checking dyn-clone v1.0.18
[INFO] [stderr]     Checking num-integer v0.1.46
[INFO] [stderr]    Compiling sha2-asm v0.6.4
[INFO] [stderr]    Compiling proc-macro-error-attr2 v2.0.0
[INFO] [stderr]    Compiling semver v1.0.25
[INFO] [stderr]    Compiling ring v0.17.12
[INFO] [stderr]    Compiling der v0.7.9
[INFO] [stderr]    Compiling httparse v1.10.0
[INFO] [stderr]    Compiling blst v0.3.14
[INFO] [stderr]    Compiling synstructure v0.13.1
[INFO] [stderr]    Compiling darling_core v0.20.10
[INFO] [stderr]    Compiling regex-automata v0.4.9
[INFO] [stderr]    Compiling macro-string v0.1.4
[INFO] [stderr]    Compiling proc-macro-error2 v2.0.1
[INFO] [stderr]    Compiling spki v0.7.3
[INFO] [stderr]    Compiling sha2 v0.10.8
[INFO] [stderr]    Compiling pkcs8 v0.10.2
[INFO] [stderr]    Compiling signature v2.2.0
[INFO] [stderr]     Checking num_cpus v1.16.0
[INFO] [stderr]    Compiling c-kzg v2.1.1
[INFO] [stderr]    Compiling serde_derive v1.0.218
[INFO] [stderr]    Compiling zerocopy-derive v0.7.35
[INFO] [stderr]    Compiling zeroize_derive v1.4.2
[INFO] [stderr]    Compiling tracing-attributes v0.1.28
[INFO] [stderr]    Compiling derive_more-impl v2.0.1
[INFO] [stderr]     Checking zerocopy v0.7.35
[INFO] [stderr]     Checking zeroize v1.8.1
[INFO] [stderr]     Checking ppv-lite86 v0.2.20
[INFO] [stderr]    Compiling thiserror-impl v2.0.12
[INFO] [stderr]     Checking tracing v0.1.41
[INFO] [stderr]     Checking rand_chacha v0.3.1
[INFO] [stderr]     Checking rand_chacha v0.9.0
[INFO] [stderr]    Compiling alloy-rlp-derive v0.3.11
[INFO] [stderr]     Checking rand v0.9.4
[INFO] [stderr]    Compiling tokio-macros v2.5.0
[INFO] [stderr]    Compiling futures-macro v0.3.31
[INFO] [stderr]    Compiling thiserror-impl v1.0.69
[INFO] [stderr]    Compiling zerofrom-derive v0.1.5
[INFO] [stderr]    Compiling yoke-derive v0.7.5
[INFO] [stderr]     Checking thiserror v2.0.12
[INFO] [stderr]    Compiling darling_macro v0.20.10
[INFO] [stderr]    Compiling zerovec-derive v0.10.3
[INFO] [stderr]    Compiling darling v0.20.10
[INFO] [stderr]    Compiling displaydoc v0.2.5
[INFO] [stderr]     Checking futures-util v0.3.31
[INFO] [stderr]     Checking thiserror v1.0.69
[INFO] [stderr]     Checking serde v1.0.218
[INFO] [stderr]    Compiling derive_more-impl v1.0.0
[INFO] [stderr]    Compiling icu_provider_macros v1.5.0
[INFO] [stderr]    Compiling serde_with_macros v3.12.0
[INFO] [stderr]    Compiling auto_impl v1.2.1
[INFO] [stderr]     Checking zerofrom v0.1.5
[INFO] [stderr]     Checking yoke v0.7.5
[INFO] [stderr]    Compiling bytemuck_derive v1.8.1
[INFO] [stderr]     Checking derive_more v2.0.1
[INFO] [stderr]     Checking zerovec v0.10.4
[INFO] [stderr]    Compiling regex v1.11.1
[INFO] [stderr]    Compiling async-trait v0.1.86
[INFO] [stderr]     Checking threadpool v1.8.1
[INFO] [stderr]     Checking bytes v1.11.1
[INFO] [stderr]     Checking rand v0.8.6
[INFO] [stderr]     Checking smallvec v1.14.0
[INFO] [stderr]    Compiling serde_spanned v0.6.8
[INFO] [stderr]    Compiling toml_datetime v0.6.8
[INFO] [stderr]     Checking arrayvec v0.7.6
[INFO] [stderr]     Checking serdect v0.2.0
[INFO] [stderr]     Checking hmac v0.12.1
[INFO] [stderr]     Checking crypto-bigint v0.5.5
[INFO] [stderr]     Checking sec1 v0.7.3
[INFO] [stderr]    Compiling toml_edit v0.22.24
[INFO] [stderr]     Checking alloy-rlp v0.3.11
[INFO] [stderr]     Checking rfc6979 v0.4.0
[INFO] [stderr]     Checking serde_json v1.0.139
[INFO] [stderr]     Checking const-hex v1.14.0
[INFO] [stderr]     Checking either v1.15.0
[INFO] [stderr]     Checking hex v0.4.3
[INFO] [stderr]     Checking parking_lot_core v0.9.10
[INFO] [stderr]     Checking bitflags v2.8.0
[INFO] [stderr]     Checking http v1.2.0
[INFO] [stderr]     Checking derive_more v1.0.0
[INFO] [stderr]     Checking parking_lot v0.12.3
[INFO] [stderr]     Checking tinystr v0.7.6
[INFO] [stderr]     Checking tokio v1.44.2
[INFO] [stderr]     Checking icu_locid v1.5.0
[INFO] [stderr]     Checking icu_collections v1.5.0
[INFO] [stderr]     Checking serde_with v3.12.0
[INFO] [stderr]     Checking icu_provider v1.5.0
[INFO] [stderr]     Checking itertools v0.13.0
[INFO] [stderr]     Checking nybbles v0.3.4
[INFO] [stderr]     Checking elliptic-curve v0.13.8
[INFO] [stderr]     Checking http-body v1.0.1
[INFO] [stderr]     Checking ripemd v0.1.3
[INFO] [stderr]     Checking jsonrpsee-types v0.24.9
[INFO] [stderr]     Checking icu_locid_transform v1.5.0
[INFO] [stderr]     Checking ecdsa v0.16.9
[INFO] [stderr]     Checking k256 v0.13.4
[INFO] [stderr]    Compiling proc-macro-crate v3.2.0
[INFO] [stderr]     Checking bytemuck v1.21.0
[INFO] [stderr]     Checking icu_properties v1.5.1
[INFO] [stderr]    Compiling strum_macros v0.27.1
[INFO] [stderr]     Checking sha3 v0.10.8
[INFO] [stderr]    Compiling ethereum_ssz_derive v0.8.3
[INFO] [stderr]     Checking futures-executor v0.3.31
[INFO] [stderr]    Compiling borsh-derive v1.5.5
[INFO] [stderr]    Compiling num_enum_derive v0.7.4
[INFO] [stderr]     Checking futures v0.3.31
[INFO] [stderr]     Checking num-bigint v0.4.6
[INFO] [stderr]    Compiling base16ct v0.2.0
[INFO] [stderr]    Compiling stability v0.2.1
[INFO] [stderr]     Checking num_enum v0.7.4
[INFO] [stderr]    Compiling pin-project-internal v1.1.9
[INFO] [stderr]     Checking http-body-util v0.1.2
[INFO] [stderr]    Compiling risc0-zkp v3.0.2
[INFO] [stderr]     Checking ruint v1.16.0
[INFO] [stderr]    Compiling alloy-sol-type-parser v0.8.26
[INFO] [stderr]    Compiling metrics-derive v0.1.0
[INFO] [stderr]     Checking icu_normalizer v1.5.0
[INFO] [stderr]     Checking idna_adapter v1.2.0
[INFO] [stderr]     Checking idna v1.0.3
[INFO] [stderr]    Compiling rustix v1.0.7
[INFO] [stderr]     Checking url v2.5.4
[INFO] [stderr]    Compiling syn-solidity v0.8.26
[INFO] [stderr]     Checking strum v0.27.1
[INFO] [stderr]     Checking metrics v0.24.3
[INFO] [stderr]     Checking rustls-pki-types v1.11.0
[INFO] [stderr]     Checking pin-project v1.1.9
[INFO] [stderr]     Checking alloy-primitives v0.8.26
[INFO] [stderr]     Checking itertools v0.14.0
[INFO] [stderr]    Compiling secp256k1-sys v0.10.1
[INFO] [stderr]    Compiling enum-ordinalize-derive v4.3.1
[INFO] [stderr]     Checking tokio-util v0.7.13
[INFO] [stderr]    Compiling glob v0.3.2
[INFO] [stderr]    Compiling enum-ordinalize v4.3.0
[INFO] [stderr]     Checking ark-std v0.5.0
[INFO] [stderr]    Compiling ark-serialize-derive v0.5.0
[INFO] [stderr]    Compiling enumn v0.1.14
[INFO] [stderr]    Compiling educe v0.6.0
[INFO] [stderr]     Checking ark-serialize v0.5.0
[INFO] [stderr]     Checking alloy-eip7702 v0.5.1
[INFO] [stderr]     Checking alloy-eip2930 v0.1.0
[INFO] [stderr]     Checking alloy-eip2124 v0.1.0
[INFO] [stderr]     Checking ethereum_serde_utils v0.7.0
[INFO] [stderr]     Checking alloy-serde v0.13.0
[INFO] [stderr]     Checking alloy-trie v0.7.9
[INFO] [stderr]     Checking ethereum_ssz v0.8.3
[INFO] [stderr]     Checking alloy-json-abi v0.8.26
[INFO] [stderr]     Checking revm-primitives v17.0.0
[INFO] [stderr]     Checking alloy-eips v0.13.0
[INFO] [stderr]    Compiling ark-ff-asm v0.5.0
[INFO] [stderr]    Compiling ark-ff-macros v0.5.0
[INFO] [stderr]     Checking bitvec v1.0.1
[INFO] [stderr]    Compiling clang-sys v1.8.1
[INFO] [stderr]    Compiling cmake v0.1.54
[INFO] [stderr]    Compiling crossbeam-epoch v0.9.20
[INFO] [stderr]     Checking ark-ff v0.5.0
[INFO] [stderr]     Checking alloy-consensus v0.13.0
[INFO] [stderr]     Checking tokio-stream v0.1.17
[INFO] [stderr]    Compiling minimal-lexical v0.2.1
[INFO] [stderr]    Compiling aws-lc-sys v0.26.0
[INFO] [stderr]    Compiling nom v7.1.3
[INFO] [stderr]     Checking h2 v0.4.8
[INFO] [stderr]    Compiling rustc_version v0.4.1
[INFO] [stderr]    Compiling alloy-sol-macro-input v0.8.26
[INFO] [stderr]    Compiling alloy-sol-macro-expander v0.8.26
[INFO] [stderr]     Checking revm-bytecode v2.0.0
[INFO] [stderr]     Checking num-iter v0.1.45
[INFO] [stderr]    Compiling zstd-sys v2.0.14+zstd.1.5.7
[INFO] [stderr]    Compiling libloading v0.8.6
[INFO] [stderr]     Checking revm-state v2.0.0
[INFO] [stderr]    Compiling cexpr v0.6.0
[INFO] [stderr]     Checking secp256k1 v0.30.0
[INFO] [stderr]    Compiling time-macros v0.2.19
[INFO] [stderr]     Checking rustls-native-certs v0.8.1
[INFO] [stderr]    Compiling aws-lc-rs v1.12.4
[INFO] [stderr]     Checking hyper v1.6.0
[INFO] [stderr]     Checking ark-poly v0.5.0
[INFO] [stderr]     Checking time v0.3.37
[INFO] [stderr]    Compiling alloy-sol-macro v0.8.26
[INFO] [stderr]     Checking ark-ec v0.5.0
[INFO] [stderr]     Checking alloy-sol-types v0.8.26
[INFO] [stderr]    Compiling zstd-safe v7.2.3
[INFO] [stderr]    Compiling prost-derive v0.13.5
[INFO] [stderr]     Checking hyper-util v0.1.10
[INFO] [stderr]     Checking revm-database-interface v2.0.0
[INFO] [stderr]     Checking blake2 v0.10.6
[INFO] [stderr]    Compiling rustls v0.23.25
[INFO] [stderr]     Checking colorchoice v1.0.3
[INFO] [stderr]     Checking anstyle v1.0.10
[INFO] [stderr]     Checking anstyle-parse v0.2.6
[INFO] [stderr]     Checking ark-bn254 v0.5.0
[INFO] [stderr]     Checking anstyle-query v1.1.2
[INFO] [stderr]     Checking crossbeam-deque v0.8.6
[INFO] [stderr]     Checking anstream v0.6.18
[INFO] [stderr]     Checking alloy-genesis v0.13.0
[INFO] [stderr]     Checking uuid v1.12.1
[INFO] [stderr]     Checking hashbrown v0.13.2
[INFO] [stderr]    Compiling modular-bitfield-impl v0.11.2
[INFO] [stderr]    Compiling blake3 v1.6.0
[INFO] [stderr]     Checking clap_lex v0.7.4
[INFO] [stderr]     Checking rayon-core v1.12.1
[INFO] [stderr]     Checking clap_builder v4.5.31
[INFO] [stderr]     Checking alloy-network-primitives v0.13.0
[INFO] [stderr]     Checking alloy-consensus-any v0.13.0
[INFO] [stderr]     Checking risc0-zkvm-platform v2.2.1
[INFO] [stderr]    Compiling clap_derive v4.5.28
[INFO] [stderr]    Compiling reth-codecs-derive v1.3.7 (https://github.com/paradigmxyz/reth?tag=v1.3.7#ed7da87d)
[INFO] [stderr]     Checking modular-bitfield v0.11.2
[INFO] [stderr]     Checking rayon v1.10.0
[INFO] [stderr]     Checking num-rational v0.4.2
[INFO] [stderr]     Checking risc0-core v3.0.0
[INFO] [stderr]    Compiling serde_derive_internals v0.29.1
[INFO] [stderr]     Checking num-complex v0.4.6
[INFO] [stderr]     Checking num v0.4.3
[INFO] [stderr]     Checking clap v4.5.31
[INFO] [stderr]     Checking revm-context-interface v2.0.0
[INFO] [stderr]    Compiling schemars_derive v0.8.22
[INFO] [stderr]     Checking alloy-chains v0.1.69
[INFO] [stderr]     Checking primeorder v0.13.6
[INFO] [stderr]    Compiling rustc-hash v2.1.1
[INFO] [stderr]     Checking substrate-bn v0.6.0
[INFO] [stderr]     Checking p256 v0.13.2
[INFO] [stderr]     Checking aurora-engine-modexp v1.2.0
[INFO] [stderr]     Checking ark-bls12-381 v0.5.0
[INFO] [stderr]     Checking revm-database v2.0.0
[INFO] [stderr]     Checking webpki-roots v0.26.8
[INFO] [stderr]    Compiling derive-where v1.2.7
[INFO] [stderr]     Checking revm-interpreter v17.0.0
[INFO] [stderr]     Checking revm-precompile v18.0.0
[INFO] [stderr]     Checking schemars v0.8.22
[INFO] [stderr]    Compiling num-derive v0.3.3
[INFO] [stderr]     Checking alloy-hardforks v0.1.3
[INFO] [stderr]     Checking prost v0.13.5
[INFO] [stderr]     Checking revm-context v2.0.0
[INFO] [stderr]    Compiling tikv-jemalloc-sys v0.6.0+5.3.0-1-ge13ca993e8ccb9ba9847cc330696e02839f328f7
[INFO] [stderr]    Compiling lz4-sys v1.11.1+lz4-1.10.0
[INFO] [stderr]    Compiling bindgen v0.72.1
[INFO] [stderr]     Checking revm-handler v2.0.0
[INFO] [stderr]    Compiling curve25519-dalek v4.1.3
[INFO] [stderr]     Checking tempfile v3.20.0
[INFO] [stderr]     Checking revm-inspector v2.0.0
[INFO] [stderr]     Checking bincode v1.3.3
[INFO] [stderr]     Checking revm v21.0.0
[INFO] [stderr]    Compiling curve25519-dalek-derive v0.1.1
[INFO] [stderr]     Checking itertools v0.10.5
[INFO] [stderr]     Checking ed25519 v2.2.3
[INFO] [stderr]     Checking ed25519-dalek v2.1.1
[INFO] [stderr]    Compiling wasm-bindgen-shared v0.2.100
[INFO] [stderr]     Checking informalsystems-pbjson v0.7.0
[INFO] [stderr]     Checking hash32 v0.3.1
[INFO] [stderr]    Compiling writeable v0.5.5
[INFO] [stderr]    Compiling wasm-bindgen-backend v0.2.100
[INFO] [stderr]     Checking ics23 v0.12.0
[INFO] [stderr]     Checking heapless v0.8.0
[INFO] [stderr]     Checking alloy-rpc-types-eth v0.13.0
[INFO] [stderr]     Checking alloy-evm v0.3.1
[INFO] [stderr]    Compiling librocksdb-sys v0.17.3+10.4.2
[INFO] [stderr]     Checking faster-hex v0.10.0
[INFO] [stderr]     Checking jmt v0.11.0 (https://github.com/penumbra-zone/jmt.git?rev=550a2f2#550a2f20)
[INFO] [stderr]     Checking zstd v0.13.3
[INFO] [stderr]     Checking reth-zstd-compressors v1.3.7 (https://github.com/paradigmxyz/reth?tag=v1.3.7#ed7da87d)
[INFO] [stderr]     Checking reth-codecs v1.3.7 (https://github.com/paradigmxyz/reth?tag=v1.3.7#ed7da87d)
[INFO] [stderr]    Compiling wasm-bindgen-macro-support v0.2.100
[INFO] [stderr]     Checking reth-primitives-traits v1.3.7 (https://github.com/paradigmxyz/reth?tag=v1.3.7#ed7da87d)
[INFO] [stderr]     Checking sov-keys v2.7.0 (/opt/rustwide/workdir/crates/sovereign-sdk/module-system/sov-keys)
[INFO] [stderr]    Compiling icu_locid_transform_data v1.5.0
[INFO] [stderr]     Checking enr v0.13.0
[INFO] [stderr]    Compiling wasm-bindgen-macro v0.2.100
[INFO] [stderr]    Compiling icu_properties_data v1.5.0
[INFO] [stderr]     Checking wasm-bindgen v0.2.100
[INFO] [stderr]     Checking reth-trie-common v1.3.7 (https://github.com/paradigmxyz/reth?tag=v1.3.7#ed7da87d)
[INFO] [stderr]     Checking sov-rollup-interface v2.7.0 (/opt/rustwide/workdir/crates/sovereign-sdk/rollup-interface)
[INFO] [stderr]    Compiling utf16_iter v1.0.5
[INFO] [stderr]    Compiling icu_normalizer_data v1.5.0
[INFO] [stderr]    Compiling futures-core v0.3.31
[INFO] [stderr]    Compiling futures-sink v0.3.31
[INFO] [stderr]    Compiling write16 v1.0.0
[INFO] [stderr]     Checking js-sys v0.3.77
[INFO] [stderr]     Checking reth-network-peers v1.3.7 (https://github.com/paradigmxyz/reth?tag=v1.3.7#ed7da87d)
[INFO] [stderr]     Checking reth-ethereum-primitives v1.3.7 (https://github.com/paradigmxyz/reth?tag=v1.3.7#ed7da87d)
[INFO] [stderr]     Checking reth-prune-types v1.3.7 (https://github.com/paradigmxyz/reth?tag=v1.3.7#ed7da87d)
[INFO] [stderr]     Checking reth-static-file-types v1.3.7 (https://github.com/paradigmxyz/reth?tag=v1.3.7#ed7da87d)
[INFO] [stderr]    Compiling futures-io v0.3.31
[INFO] [stderr]     Checking tower v0.5.2
[INFO] [stderr]     Checking tinyvec v1.8.1
[INFO] [stderr]     Checking matchers v0.2.0
[INFO] [stderr]    Compiling openssl-sys v0.9.108
[INFO] [stderr]     Checking sharded-slab v0.1.7
[INFO] [stderr]     Checking tracing-serde v0.2.0
[INFO] [stderr]     Checking tracing-log v0.2.0
[INFO] [stderr]     Checking thread_local v1.1.8
[INFO] [stderr]    Compiling percent-encoding v2.3.1
[INFO] [stderr]     Checking tracing-subscriber v0.3.20
[INFO] [stderr]    Compiling form_urlencoded v1.2.1
[INFO] [stderr]     Checking reth-storage-errors v1.3.7 (https://github.com/paradigmxyz/reth?tag=v1.3.7#ed7da87d)
[INFO] [stderr]     Checking reth-ethereum-forks v1.3.7 (https://github.com/paradigmxyz/reth?tag=v1.3.7#ed7da87d)
[INFO] [stderr]    Compiling slab v0.4.9
[INFO] [stderr]     Checking gloo-timers v0.2.6
[INFO] [stderr]    Compiling rlimit v0.10.2
[INFO] [stderr]     Checking futures-timer v3.0.3
[INFO] [stderr]    Compiling futures-channel v0.3.31
[INFO] [stderr]     Checking sha1 v0.10.6
[INFO] [stderr]    Compiling camino v1.1.9
[INFO] [stderr]     Checking jsonrpsee-core v0.24.9
[INFO] [stderr]    Compiling derive_builder_core v0.20.2
[INFO] [stderr]    Compiling openssl v0.10.72
[INFO] [stderr]     Checking indenter v0.3.3
[INFO] [stderr]     Checking chrono v0.4.39
[INFO] [stderr]    Compiling derive_builder_macro v0.20.2
[INFO] [stderr]     Checking eyre v0.6.12
[INFO] [stderr]     Checking reth-metrics v1.3.7 (https://github.com/paradigmxyz/reth?tag=v1.3.7#ed7da87d)
[INFO] [stderr]    Compiling openssl-macros v0.1.1
[INFO] [stderr]    Compiling native-tls v0.2.14
[INFO] [stderr]     Checking reth-chainspec v1.3.7 (https://github.com/paradigmxyz/reth?tag=v1.3.7#ed7da87d)
[INFO] [stderr]     Checking simple_asn1 v0.6.2
[INFO] [stderr]    Compiling jsonrpsee-proc-macros v0.24.9
[INFO] [stderr] error: failed to run custom build command for `tikv-jemalloc-sys v0.6.0+5.3.0-1-ge13ca993e8ccb9ba9847cc330696e02839f328f7`
[INFO] [stderr] note: To improve backtraces for build dependencies, set the CARGO_PROFILE_DEV_BUILD_OVERRIDE_DEBUG=true environment variable to enable debug information generation.
[INFO] [stderr] 
[INFO] [stderr] Caused by:
[INFO] [stderr]   process didn't exit successfully: `/opt/rustwide/target/debug/build/tikv-jemalloc-sys/11b3ada6caeb879a/out/build_script_build` (exit status: 101)
[INFO] [stderr]   --- stdout
[INFO] [stderr]   TARGET=x86_64-unknown-linux-gnu
[INFO] [stderr]   HOST=x86_64-unknown-linux-gnu
[INFO] [stderr]   NUM_JOBS=8
[INFO] [stderr]   OUT_DIR="/opt/rustwide/target/debug/build/tikv-jemalloc-sys/35227cc62d4f8971/out"
[INFO] [stderr]   BUILD_DIR="/opt/rustwide/target/debug/build/tikv-jemalloc-sys/35227cc62d4f8971/out/build"
[INFO] [stderr]   SRC_DIR="/opt/rustwide/cargo-home/registry/src/index.crates.io-1949cf8c6b5b557f/tikv-jemalloc-sys-0.6.0+5.3.0-1-ge13ca993e8ccb9ba9847cc330696e02839f328f7"
[INFO] [stderr]   cargo:rerun-if-env-changed=X86_64_UNKNOWN_LINUX_GNU_JEMALLOC_OVERRIDE
[INFO] [stderr]   cargo:rerun-if-env-changed=JEMALLOC_OVERRIDE
[INFO] [stderr]   OPT_LEVEL = Some(0)
[INFO] [stderr]   OUT_DIR = Some(/opt/rustwide/target/debug/build/tikv-jemalloc-sys/35227cc62d4f8971/out)
[INFO] [stderr]   TARGET = Some(x86_64-unknown-linux-gnu)
[INFO] [stderr]   HOST = Some(x86_64-unknown-linux-gnu)
[INFO] [stderr]   cargo:rerun-if-env-changed=CC_x86_64-unknown-linux-gnu
[INFO] [stderr]   CC_x86_64-unknown-linux-gnu = None
[INFO] [stderr]   cargo:rerun-if-env-changed=CC_x86_64_unknown_linux_gnu
[INFO] [stderr]   CC_x86_64_unknown_linux_gnu = None
[INFO] [stderr]   cargo:rerun-if-env-changed=HOST_CC
[INFO] [stderr]   HOST_CC = None
[INFO] [stderr]   cargo:rerun-if-env-changed=CC
[INFO] [stderr]   CC = None
[INFO] [stderr]   cargo:rerun-if-env-changed=CC_ENABLE_DEBUG_OUTPUT
[INFO] [stderr]   RUSTC_WRAPPER = None
[INFO] [stderr]   cargo:rerun-if-env-changed=CRATE_CC_NO_DEFAULTS
[INFO] [stderr]   CRATE_CC_NO_DEFAULTS = None
[INFO] [stderr]   DEBUG = Some(true)
[INFO] [stderr]   CARGO_CFG_TARGET_FEATURE = Some(fxsr,sse,sse2,x87)
[INFO] [stderr]   cargo:rerun-if-env-changed=CFLAGS
[INFO] [stderr]   CFLAGS = None
[INFO] [stderr]   cargo:rerun-if-env-changed=HOST_CFLAGS
[INFO] [stderr]   HOST_CFLAGS = None
[INFO] [stderr]   cargo:rerun-if-env-changed=CFLAGS_x86_64_unknown_linux_gnu
[INFO] [stderr]   CFLAGS_x86_64_unknown_linux_gnu = None
[INFO] [stderr]   cargo:rerun-if-env-changed=CFLAGS_x86_64-unknown-linux-gnu
[INFO] [stderr]   CFLAGS_x86_64-unknown-linux-gnu = None
[INFO] [stderr]   CARGO_ENCODED_RUSTFLAGS = Some(--cap-lints=forbid)
[INFO] [stderr]   CC="cc"
[INFO] [stderr]   CFLAGS="-O0 -ffunction-sections -fdata-sections -fPIC -gdwarf-4 -fno-omit-frame-pointer -m64 -Wall"
[INFO] [stderr]   JEMALLOC_REPO_DIR="jemalloc"
[INFO] [stderr]   cargo:rerun-if-env-changed=X86_64_UNKNOWN_LINUX_GNU_JEMALLOC_SYS_WITH_MALLOC_CONF
[INFO] [stderr]   cargo:rerun-if-env-changed=JEMALLOC_SYS_WITH_MALLOC_CONF
[INFO] [stderr]   cargo:rerun-if-env-changed=X86_64_UNKNOWN_LINUX_GNU_JEMALLOC_SYS_WITH_LG_PAGE
[INFO] [stderr]   cargo:rerun-if-env-changed=JEMALLOC_SYS_WITH_LG_PAGE
[INFO] [stderr]   cargo:rerun-if-env-changed=X86_64_UNKNOWN_LINUX_GNU_JEMALLOC_SYS_WITH_LG_HUGEPAGE
[INFO] [stderr]   cargo:rerun-if-env-changed=JEMALLOC_SYS_WITH_LG_HUGEPAGE
[INFO] [stderr]   cargo:rerun-if-env-changed=X86_64_UNKNOWN_LINUX_GNU_JEMALLOC_SYS_WITH_LG_QUANTUM
[INFO] [stderr]   cargo:rerun-if-env-changed=JEMALLOC_SYS_WITH_LG_QUANTUM
[INFO] [stderr]   cargo:rerun-if-env-changed=X86_64_UNKNOWN_LINUX_GNU_JEMALLOC_SYS_WITH_LG_VADDR
[INFO] [stderr]   cargo:rerun-if-env-changed=JEMALLOC_SYS_WITH_LG_VADDR
[INFO] [stderr]   CARGO_FEATURE_STATS not set
[INFO] [stderr]   running: cd "/opt/rustwide/target/debug/build/tikv-jemalloc-sys/35227cc62d4f8971/out/build" && CC="cc" CFLAGS="-O0 -ffunction-sections -fdata-sections -fPIC -gdwarf-4 -fno-omit-frame-pointer -m64 -Wall" CPPFLAGS="-O0 -ffunction-sections -fdata-sections -fPIC -gdwarf-4 -fno-omit-frame-pointer -m64 -Wall" LDFLAGS="-O0 -ffunction-sections -fdata-sections -fPIC -gdwarf-4 -fno-omit-frame-pointer -m64 -Wall" "sh" "/opt/rustwide/target/debug/build/tikv-jemalloc-sys/35227cc62d4f8971/out/build/configure" "--with-version=5.3.0-1-ge13ca993e8ccb9ba9847cc330696e02839f328f7" "--disable-cxx" "--enable-doc=no" "--enable-shared=no" "--with-private-namespace=_rjem_" "--disable-stats" "--host=x86_64-unknown-linux-gnu" "--build=x86_64-unknown-linux-gnu" "--prefix=/opt/rustwide/target/debug/build/tikv-jemalloc-sys/35227cc62d4f8971/out"
[INFO] [stderr]   checking for xsltproc... false
[INFO] [stderr]   checking for x86_64-unknown-linux-gnu-gcc... cc
[INFO] [stderr]   checking whether the C compiler works... yes
[INFO] [stderr]   checking for C compiler default output file name... a.out
[INFO] [stderr]   checking for suffix of executables... 
[INFO] [stderr]   checking whether we are cross compiling... no
[INFO] [stderr]   checking for suffix of object files... o
[INFO] [stderr]   checking whether we are using the GNU C compiler... yes
[INFO] [stderr]   checking whether cc accepts -g... yes
[INFO] [stderr]   checking for cc option to accept ISO C89... none needed
[INFO] [stderr]   checking whether compiler is cray... no
[INFO] [stderr]   checking whether compiler supports -std=gnu11... yes
[INFO] [stderr]   checking whether compiler supports -Werror=unknown-warning-option... no
[INFO] [stderr]   checking whether compiler supports -Wall... yes
[INFO] [stderr]   checking whether compiler supports -Wextra... yes
[INFO] [stderr]   checking whether compiler supports -Wshorten-64-to-32... no
[INFO] [stderr]   checking whether compiler supports -Wsign-compare... yes
[INFO] [stderr]   checking whether compiler supports -Wundef... yes
[INFO] [stderr]   checking whether compiler supports -Wno-format-zero-length... yes
[INFO] [stderr]   checking whether compiler supports -Wpointer-arith... yes
[INFO] [stderr]   checking whether compiler supports -Wno-missing-braces... yes
[INFO] [stderr]   checking whether compiler supports -Wno-missing-field-initializers... yes
[INFO] [stderr]   checking whether compiler supports -Wno-missing-attributes... yes
[INFO] [stderr]   checking whether compiler supports -pipe... yes
[INFO] [stderr]   checking whether compiler supports -g3... yes
[INFO] [stderr]   checking how to run the C preprocessor... cc -E
[INFO] [stderr]   checking for grep that handles long lines and -e... /usr/bin/grep
[INFO] [stderr]   checking for egrep... /usr/bin/grep -E
[INFO] [stderr]   checking for ANSI C header files... yes
[INFO] [stderr]   checking for sys/types.h... yes
[INFO] [stderr]   checking for sys/stat.h... yes
[INFO] [stderr]   checking for stdlib.h... yes
[INFO] [stderr]   checking for string.h... yes
[INFO] [stderr]   checking for memory.h... yes
[INFO] [stderr]   checking for strings.h... yes
[INFO] [stderr]   checking for inttypes.h... yes
[INFO] [stderr]   checking for stdint.h... yes
[INFO] [stderr]   checking for unistd.h... yes
[INFO] [stderr]   checking whether byte ordering is bigendian... no
[INFO] [stderr]   checking size of void *... 8
[INFO] [stderr]   checking size of int... 4
[INFO] [stderr]   checking size of long... 8
[INFO] [stderr]   checking size of long long... 8
[INFO] [stderr]   checking size of intmax_t... 8
[INFO] [stderr]   checking build system type... x86_64-unknown-linux-gnu
[INFO] [stderr]   checking host system type... x86_64-unknown-linux-gnu
[INFO] [stderr]   checking whether pause instruction is compilable... yes
[INFO] [stderr]   checking number of significant virtual address bits... 48
[INFO] [stderr]   checking for x86_64-unknown-linux-gnu-ar... no
[INFO] [stderr]   checking for ar... ar
[INFO] [stderr]   checking for x86_64-unknown-linux-gnu-nm... no
[INFO] [stderr]   checking for nm... nm
[INFO] [stderr]   checking for gawk... no
[INFO] [stderr]   checking for mawk... mawk
[INFO] [stderr]   checking malloc.h usability... yes
[INFO] [stderr]   checking malloc.h presence... yes
[INFO] [stderr]   checking for malloc.h... yes
[INFO] [stderr]   checking whether malloc_usable_size definition can use const argument... no
[INFO] [stderr]   checking for library containing log... -lm
[INFO] [stderr]   checking whether __attribute__ syntax is compilable... yes
[INFO] [stderr]   checking whether compiler supports -fvisibility=hidden... yes
[INFO] [stderr]   checking whether compiler supports -fvisibility=hidden... no
[INFO] [stderr]   checking whether compiler supports -Werror... yes
[INFO] [stderr]   checking whether compiler supports -herror_on_warning... no
[INFO] [stderr]   checking whether tls_model attribute is compilable... yes
[INFO] [stderr]   checking whether compiler supports -Werror... yes
[INFO] [stderr]   checking whether compiler supports -herror_on_warning... no
[INFO] [stderr]   checking whether alloc_size attribute is compilable... yes
[INFO] [stderr]   checking whether compiler supports -Werror... yes
[INFO] [stderr]   checking whether compiler supports -herror_on_warning... no
[INFO] [stderr]   checking whether format(gnu_printf, ...) attribute is compilable... yes
[INFO] [stderr]   checking whether compiler supports -Werror... yes
[INFO] [stderr]   checking whether compiler supports -herror_on_warning... no
[INFO] [stderr]   checking whether format(printf, ...) attribute is compilable... yes
[INFO] [stderr]   checking whether compiler supports -Werror... yes
[INFO] [stderr]   checking whether compiler supports -herror_on_warning... no
[INFO] [stderr]   checking whether format(printf, ...) attribute is compilable... yes
[INFO] [stderr]   checking whether compiler supports -Wimplicit-fallthrough... yes
[INFO] [stderr]   checking whether fallthrough attribute is compilable... yes
[INFO] [stderr]   checking whether compiler supports -Wimplicit-fallthrough... yes
[INFO] [stderr]   checking whether compiler supports -Wimplicit-fallthrough... no
[INFO] [stderr]   checking whether compiler supports -Werror... yes
[INFO] [stderr]   checking whether compiler supports -herror_on_warning... no
[INFO] [stderr]   checking whether cold attribute is compilable... yes
[INFO] [stderr]   checking whether vm_make_tag is compilable... no
[INFO] [stderr]   checking for a BSD-compatible install... /usr/bin/install -c
[INFO] [stderr]   checking for x86_64-unknown-linux-gnu-ranlib... no
[INFO] [stderr]   checking for ranlib... ranlib
[INFO] [stderr]   checking for ld... /usr/bin/ld
[INFO] [stderr]   checking for autoconf... /usr/bin/autoconf
[INFO] [stderr]   checking for memalign... yes
[INFO] [stderr]   checking for valloc... yes
[INFO] [stderr]   checking for malloc_size... no
[INFO] [stderr]   checking for __libc_calloc... yes
[INFO] [stderr]   checking for __libc_free... yes
[INFO] [stderr]   checking for __libc_malloc... yes
[INFO] [stderr]   checking for __libc_memalign... yes
[INFO] [stderr]   checking for __libc_realloc... yes
[INFO] [stderr]   checking for __libc_valloc... yes
[INFO] [stderr]   checking for __posix_memalign... no
[INFO] [stderr]   checking whether compiler supports -O3... yes
[INFO] [stderr]   checking whether compiler supports -O3... no
[INFO] [stderr]   checking whether compiler supports -funroll-loops... yes
[INFO] [stderr]   checking configured backtracing method... N/A
[INFO] [stderr]   checking for sbrk... yes
[INFO] [stderr]   checking whether utrace(2) is compilable... no
[INFO] [stderr]   checking whether utrace(2) with label is compilable... no
[INFO] [stderr]   checking whether a program using __builtin_unreachable is compilable... yes
[INFO] [stderr]   checking whether a program using __builtin_ffsl is compilable... yes
[INFO] [stderr]   checking whether a program using __builtin_popcountl is compilable... yes
[INFO] [stderr]   checking LG_PAGE... 12
[INFO] [stderr]   checking pthread.h usability... yes
[INFO] [stderr]   checking pthread.h presence... yes
[INFO] [stderr]   checking for pthread.h... yes
[INFO] [stderr]   checking for pthread_create in -lpthread... yes
[INFO] [stderr]   checking dlfcn.h usability... yes
[INFO] [stderr]   checking dlfcn.h presence... yes
[INFO] [stderr]   checking for dlfcn.h... yes
[INFO] [stderr]   checking for dlsym... yes
[INFO] [stderr]   checking whether pthread_atfork(3) is compilable... yes
[INFO] [stderr]   checking whether pthread_setname_np(3) is compilable... yes
[INFO] [stderr]   checking whether pthread_getname_np(3) is compilable... yes
[INFO] [stderr]   checking whether pthread_get_name_np(3) is compilable... no
[INFO] [stderr]   checking for library containing clock_gettime... none required
[INFO] [stderr]   checking whether clock_gettime(CLOCK_MONOTONIC_COARSE, ...) is compilable... yes
[INFO] [stderr]   checking whether clock_gettime(CLOCK_MONOTONIC, ...) is compilable... yes
[INFO] [stderr]   checking whether mach_absolute_time() is compilable... no
[INFO] [stderr]   checking whether clock_gettime(CLOCK_REALTIME, ...) is compilable... yes
[INFO] [stderr]   checking whether compiler supports -Werror... yes
[INFO] [stderr]   checking whether syscall(2) is compilable... yes
[INFO] [stderr]   checking for secure_getenv... yes
[INFO] [stderr]   checking for sched_getcpu... yes
[INFO] [stderr]   checking for sched_setaffinity... yes
[INFO] [stderr]   checking for issetugid... no
[INFO] [stderr]   checking for _malloc_thread_cleanup... no
[INFO] [stderr]   checking for _pthread_mutex_init_calloc_cb... no
[INFO] [stderr]   checking for memcntl... no
[INFO] [stderr]   checking for TLS... yes
[INFO] [stderr]   checking whether C11 atomics is compilable... yes
[INFO] [stderr]   checking whether GCC __atomic atomics is compilable... yes
[INFO] [stderr]   checking whether GCC 8-bit __atomic atomics is compilable... yes
[INFO] [stderr]   checking whether GCC __sync atomics is compilable... yes
[INFO] [stderr]   checking whether GCC 8-bit __sync atomics is compilable... yes
[INFO] [stderr]   checking whether Darwin OSAtomic*() is compilable... no
[INFO] [stderr]   checking whether madvise(2) is compilable... yes
[INFO] [stderr]   checking whether madvise(..., MADV_FREE) is compilable... yes
[INFO] [stderr]   checking whether madvise(..., MADV_DONTNEED) is compilable... yes
[INFO] [stderr]   checking whether madvise(..., MADV_DO[NT]DUMP) is compilable... yes
[INFO] [stderr]   checking whether madvise(..., MADV_[NO]HUGEPAGE) is compilable... yes
[INFO] [stderr]   checking whether madvise(..., MADV_[NO]CORE) is compilable... no
[INFO] [stderr]   checking whether mprotect(2) is compilable... yes
[INFO] [stderr]   checking for __builtin_clz... yes
[INFO] [stderr]   checking whether Darwin os_unfair_lock_*() is compilable... no
[INFO] [stderr]   checking whether glibc malloc hook is compilable... no
[INFO] [stderr]   checking whether glibc memalign hook is compilable... no
[INFO] [stderr]   checking whether pthreads adaptive mutexes is compilable... yes
[INFO] [stderr]   checking whether compiler supports -D_GNU_SOURCE... yes
[INFO] [stderr]   checking whether compiler supports -Werror... yes
[INFO] [stderr]   checking whether compiler supports -herror_on_warning... no
[INFO] [stderr]   checking whether strerror_r returns char with gnu source is compilable... yes
[INFO] [stderr]   checking for stdbool.h that conforms to C99... yes
[INFO] [stderr]   checking for _Bool... yes
[INFO] [stderr]   configure: creating ./config.status
[INFO] [stderr]   config.status: creating Makefile
[INFO] [stderr]   config.status: creating jemalloc.pc
[INFO] [stderr]   config.status: creating doc/html.xsl
[INFO] [stderr]   config.status: creating doc/manpages.xsl
[INFO] [stderr]   config.status: creating doc/jemalloc.xml
[INFO] [stderr]   config.status: creating include/jemalloc/jemalloc_macros.h
[INFO] [stderr]   config.status: creating include/jemalloc/jemalloc_protos.h
[INFO] [stderr]   config.status: creating include/jemalloc/jemalloc_typedefs.h
[INFO] [stderr]   config.status: creating include/jemalloc/internal/jemalloc_preamble.h
[INFO] [stderr]   config.status: creating test/test.sh
[INFO] [stderr]   config.status: creating test/include/test/jemalloc_test.h
[INFO] [stderr]   config.status: creating config.stamp
[INFO] [stderr]   config.status: creating bin/jemalloc-config
[INFO] [stderr]   config.status: creating bin/jemalloc.sh
[INFO] [stderr]   config.status: creating bin/jeprof
[INFO] [stderr]   config.status: creating include/jemalloc/jemalloc_defs.h
[INFO] [stderr]   config.status: creating include/jemalloc/internal/jemalloc_internal_defs.h
[INFO] [stderr]   config.status: creating test/include/test/jemalloc_test_defs.h
[INFO] [stderr]   config.status: executing include/jemalloc/internal/public_symbols.txt commands
[INFO] [stderr]   config.status: executing include/jemalloc/internal/private_symbols.awk commands
[INFO] [stderr]   config.status: executing include/jemalloc/internal/private_symbols_jet.awk commands
[INFO] [stderr]   config.status: executing include/jemalloc/internal/public_namespace.h commands
[INFO] [stderr]   config.status: executing include/jemalloc/internal/public_unnamespace.h commands
[INFO] [stderr]   config.status: executing include/jemalloc/jemalloc_protos_jet.h commands
[INFO] [stderr]   config.status: executing include/jemalloc/jemalloc_rename.h commands
[INFO] [stderr]   config.status: executing include/jemalloc/jemalloc_mangle.h commands
[INFO] [stderr]   config.status: executing include/jemalloc/jemalloc_mangle_jet.h commands
[INFO] [stderr]   config.status: executing include/jemalloc/jemalloc.h commands
[INFO] [stderr]   ===============================================================================
[INFO] [stderr]   jemalloc version   : 5.3.0-1-ge13ca993e8ccb9ba9847cc330696e02839f328f7
[INFO] [stderr]   library revision   : 2
[INFO] [stderr] 
[INFO] [stderr]   CONFIG             : --with-version=5.3.0-1-ge13ca993e8ccb9ba9847cc330696e02839f328f7 --disable-cxx --enable-doc=no --enable-shared=no --with-private-namespace=_rjem_ --disable-stats --host=x86_64-unknown-linux-gnu --build=x86_64-unknown-linux-gnu --prefix=/opt/rustwide/target/debug/build/tikv-jemalloc-sys/35227cc62d4f8971/out build_alias=x86_64-unknown-linux-gnu host_alias=x86_64-unknown-linux-gnu CC=cc 'CFLAGS=-O0 -ffunction-sections -fdata-sections -fPIC -gdwarf-4 -fno-omit-frame-pointer -m64 -Wall' 'LDFLAGS=-O0 -ffunction-sections -fdata-sections -fPIC -gdwarf-4 -fno-omit-frame-pointer -m64 -Wall' 'CPPFLAGS=-O0 -ffunction-sections -fdata-sections -fPIC -gdwarf-4 -fno-omit-frame-pointer -m64 -Wall'
[INFO] [stderr]   CC                 : cc
[INFO] [stderr]   CONFIGURE_CFLAGS   : -std=gnu11 -Wall -Wextra -Wsign-compare -Wundef -Wno-format-zero-length -Wpointer-arith -Wno-missing-braces -Wno-missing-field-initializers -Wno-missing-attributes -pipe -g3 -fvisibility=hidden -Wimplicit-fallthrough -O3 -funroll-loops
[INFO] [stderr]   SPECIFIED_CFLAGS   : -O0 -ffunction-sections -fdata-sections -fPIC -gdwarf-4 -fno-omit-frame-pointer -m64 -Wall
[INFO] [stderr]   EXTRA_CFLAGS       : 
[INFO] [stderr]   CPPFLAGS           : -O0 -ffunction-sections -fdata-sections -fPIC -gdwarf-4 -fno-omit-frame-pointer -m64 -Wall -D_GNU_SOURCE -D_REENTRANT
[INFO] [stderr]   CXX                : 
[INFO] [stderr]   CONFIGURE_CXXFLAGS : 
[INFO] [stderr]   SPECIFIED_CXXFLAGS : 
[INFO] [stderr]   EXTRA_CXXFLAGS     : 
[INFO] [stderr]   LDFLAGS            : -O0 -ffunction-sections -fdata-sections -fPIC -gdwarf-4 -fno-omit-frame-pointer -m64 -Wall
[INFO] [stderr]   EXTRA_LDFLAGS      : 
[INFO] [stderr]   DSO_LDFLAGS        : -shared -Wl,-soname,$(@F)
[INFO] [stderr]   LIBS               : -lm  -pthread
[INFO] [stderr]   RPATH_EXTRA        : 
[INFO] [stderr] 
[INFO] [stderr]   XSLTPROC           : false
[INFO] [stderr]   XSLROOT            : 
[INFO] [stderr] 
[INFO] [stderr]   PREFIX             : /opt/rustwide/target/debug/build/tikv-jemalloc-sys/35227cc62d4f8971/out
[INFO] [stderr]   BINDIR             : /opt/rustwide/target/debug/build/tikv-jemalloc-sys/35227cc62d4f8971/out/bin
[INFO] [stderr]   DATADIR            : /opt/rustwide/target/debug/build/tikv-jemalloc-sys/35227cc62d4f8971/out/share
[INFO] [stderr]   INCLUDEDIR         : /opt/rustwide/target/debug/build/tikv-jemalloc-sys/35227cc62d4f8971/out/include
[INFO] [stderr]   LIBDIR             : /opt/rustwide/target/debug/build/tikv-jemalloc-sys/35227cc62d4f8971/out/lib
[INFO] [stderr]   MANDIR             : /opt/rustwide/target/debug/build/tikv-jemalloc-sys/35227cc62d4f8971/out/share/man
[INFO] [stderr] 
[INFO] [stderr]   srcroot            : 
[INFO] [stderr]   abs_srcroot        : /opt/rustwide/target/debug/build/tikv-jemalloc-sys/35227cc62d4f8971/out/build/
[INFO] [stderr]   objroot            : 
[INFO] [stderr]   abs_objroot        : /opt/rustwide/target/debug/build/tikv-jemalloc-sys/35227cc62d4f8971/out/build/
[INFO] [stderr] 
[INFO] [stderr]   JEMALLOC_PREFIX    : 
[INFO] [stderr]   JEMALLOC_PRIVATE_NAMESPACE
[INFO] [stderr]                      : _rjem_je_
[INFO] [stderr]   install_suffix     : 
[INFO] [stderr]   malloc_conf        : 
[INFO] [stderr]   documentation      : 0
[INFO] [stderr]   shared libs        : 0
[INFO] [stderr]   static libs        : 1
[INFO] [stderr]   autogen            : 0
[INFO] [stderr]   debug              : 0
[INFO] [stderr]   stats              : 0
[INFO] [stderr]   experimental_smallocx : 0
[INFO] [stderr]   prof               : 0
[INFO] [stderr]   prof-libunwind     : 0
[INFO] [stderr]   prof-libgcc        : 0
[INFO] [stderr]   prof-gcc           : 0
[INFO] [stderr]   fill               : 1
[INFO] [stderr]   utrace             : 0
[INFO] [stderr]   xmalloc            : 0
[INFO] [stderr]   log                : 0
[INFO] [stderr]   lazy_lock          : 0
[INFO] [stderr]   cache-oblivious    : 1
[INFO] [stderr]   cxx                : 0
[INFO] [stderr]   ===============================================================================
[INFO] [stderr]   running: cd "/opt/rustwide/target/debug/build/tikv-jemalloc-sys/35227cc62d4f8971/out/build" && "make" "-j" "8"
[INFO] [stderr]   cc -std=gnu11 -Wall -Wextra -Wsign-compare -Wundef -Wno-format-zero-length -Wpointer-arith -Wno-missing-braces -Wno-missing-field-initializers -Wno-missing-attributes -pipe -g3 -fvisibility=hidden -Wimplicit-fallthrough -O3 -funroll-loops -O0 -ffunction-sections -fdata-sections -fPIC -gdwarf-4 -fno-omit-frame-pointer -m64 -Wall -c -O0 -ffunction-sections -fdata-sections -fPIC -gdwarf-4 -fno-omit-frame-pointer -m64 -Wall -D_GNU_SOURCE -D_REENTRANT -Iinclude -Iinclude -DJEMALLOC_NO_PRIVATE_NAMESPACE -o src/jemalloc.sym.o src/jemalloc.c
[INFO] [stderr]   cc -std=gnu11 -Wall -Wextra -Wsign-compare -Wundef -Wno-format-zero-length -Wpointer-arith -Wno-missing-braces -Wno-missing-field-initializers -Wno-missing-attributes -pipe -g3 -fvisibility=hidden -Wimplicit-fallthrough -O3 -funroll-loops -O0 -ffunction-sections -fdata-sections -fPIC -gdwarf-4 -fno-omit-frame-pointer -m64 -Wall -c -O0 -ffunction-sections -fdata-sections -fPIC -gdwarf-4 -fno-omit-frame-pointer -m64 -Wall -D_GNU_SOURCE -D_REENTRANT -Iinclude -Iinclude -DJEMALLOC_NO_PRIVATE_NAMESPACE -o src/arena.sym.o src/arena.c
[INFO] [stderr]   cc -std=gnu11 -Wall -Wextra -Wsign-compare -Wundef -Wno-format-zero-length -Wpointer-arith -Wno-missing-braces -Wno-missing-field-initializers -Wno-missing-attributes -pipe -g3 -fvisibility=hidden -Wimplicit-fallthrough -O3 -funroll-loops -O0 -ffunction-sections -fdata-sections -fPIC -gdwarf-4 -fno-omit-frame-pointer -m64 -Wall -c -O0 -ffunction-sections -fdata-sections -fPIC -gdwarf-4 -fno-omit-frame-pointer -m64 -Wall -D_GNU_SOURCE -D_REENTRANT -Iinclude -Iinclude -DJEMALLOC_NO_PRIVATE_NAMESPACE -o src/background_thread.sym.o src/background_thread.c
[INFO] [stderr]   cc -std=gnu11 -Wall -Wextra -Wsign-compare -Wundef -Wno-format-zero-length -Wpointer-arith -Wno-missing-braces -Wno-missing-field-initializers -Wno-missing-attributes -pipe -g3 -fvisibility=hidden -Wimplicit-fallthrough -O3 -funroll-loops -O0 -ffunction-sections -fdata-sections -fPIC -gdwarf-4 -fno-omit-frame-pointer -m64 -Wall -c -O0 -ffunction-sections -fdata-sections -fPIC -gdwarf-4 -fno-omit-frame-pointer -m64 -Wall -D_GNU_SOURCE -D_REENTRANT -Iinclude -Iinclude -DJEMALLOC_NO_PRIVATE_NAMESPACE -o src/bin.sym.o src/bin.c
[INFO] [stderr]   cc -std=gnu11 -Wall -Wextra -Wsign-compare -Wundef -Wno-format-zero-length -Wpointer-arith -Wno-missing-braces -Wno-missing-field-initializers -Wno-missing-attributes -pipe -g3 -fvisibility=hidden -Wimplicit-fallthrough -O3 -funroll-loops -O0 -ffunction-sections -fdata-sections -fPIC -gdwarf-4 -fno-omit-frame-pointer -m64 -Wall -c -O0 -ffunction-sections -fdata-sections -fPIC -gdwarf-4 -fno-omit-frame-pointer -m64 -Wall -D_GNU_SOURCE -D_REENTRANT -Iinclude -Iinclude -DJEMALLOC_NO_PRIVATE_NAMESPACE -o src/base.sym.o src/base.c
[INFO] [stderr]   cc -std=gnu11 -Wall -Wextra -Wsign-compare -Wundef -Wno-format-zero-length -Wpointer-arith -Wno-missing-braces -Wno-missing-field-initializers -Wno-missing-attributes -pipe -g3 -fvisibility=hidden -Wimplicit-fallthrough -O3 -funroll-loops -O0 -ffunction-sections -fdata-sections -fPIC -gdwarf-4 -fno-omit-frame-pointer -m64 -Wall -c -O0 -ffunction-sections -fdata-sections -fPIC -gdwarf-4 -fno-omit-frame-pointer -m64 -Wall -D_GNU_SOURCE -D_REENTRANT -Iinclude -Iinclude -DJEMALLOC_NO_PRIVATE_NAMESPACE -o src/bin_info.sym.o src/bin_info.c
[INFO] [stderr]   cc -std=gnu11 -Wall -Wextra -Wsign-compare -Wundef -Wno-format-zero-length -Wpointer-arith -Wno-missing-braces -Wno-missing-field-initializers -Wno-missing-attributes -pipe -g3 -fvisibility=hidden -Wimplicit-fallthrough -O3 -funroll-loops -O0 -ffunction-sections -fdata-sections -fPIC -gdwarf-4 -fno-omit-frame-pointer -m64 -Wall -c -O0 -ffunction-sections -fdata-sections -fPIC -gdwarf-4 -fno-omit-frame-pointer -m64 -Wall -D_GNU_SOURCE -D_REENTRANT -Iinclude -Iinclude -DJEMALLOC_NO_PRIVATE_NAMESPACE -o src/bitmap.sym.o src/bitmap.c
[INFO] [stderr]   cc -std=gnu11 -Wall -Wextra -Wsign-compare -Wundef -Wno-format-zero-length -Wpointer-arith -Wno-missing-braces -Wno-missing-field-initializers -Wno-missing-attributes -pipe -g3 -fvisibility=hidden -Wimplicit-fallthrough -O3 -funroll-loops -O0 -ffunction-sections -fdata-sections -fPIC -gdwarf-4 -fno-omit-frame-pointer -m64 -Wall -c -O0 -ffunction-sections -fdata-sections -fPIC -gdwarf-4 -fno-omit-frame-pointer -m64 -Wall -D_GNU_SOURCE -D_REENTRANT -Iinclude -Iinclude -DJEMALLOC_NO_PRIVATE_NAMESPACE -o src/buf_writer.sym.o src/buf_writer.c
[INFO] [stderr]   cc -std=gnu11 -Wall -Wextra -Wsign-compare -Wundef -Wno-format-zero-length -Wpointer-arith -Wno-missing-braces -Wno-missing-field-initializers -Wno-missing-attributes -pipe -g3 -fvisibility=hidden -Wimplicit-fallthrough -O3 -funroll-loops -O0 -ffunction-sections -fdata-sections -fPIC -gdwarf-4 -fno-omit-frame-pointer -m64 -Wall -c -O0 -ffunction-sections -fdata-sections -fPIC -gdwarf-4 -fno-omit-frame-pointer -m64 -Wall -D_GNU_SOURCE -D_REENTRANT -Iinclude -Iinclude -DJEMALLOC_NO_PRIVATE_NAMESPACE -o src/cache_bin.sym.o src/cache_bin.c
[INFO] [stderr]   cc -std=gnu11 -Wall -Wextra -Wsign-compare -Wundef -Wno-format-zero-length -Wpointer-arith -Wno-missing-braces -Wno-missing-field-initializers -Wno-missing-attributes -pipe -g3 -fvisibility=hidden -Wimplicit-fallthrough -O3 -funroll-loops -O0 -ffunction-sections -fdata-sections -fPIC -gdwarf-4 -fno-omit-frame-pointer -m64 -Wall -c -O0 -ffunction-sections -fdata-sections -fPIC -gdwarf-4 -fno-omit-frame-pointer -m64 -Wall -D_GNU_SOURCE -D_REENTRANT -Iinclude -Iinclude -DJEMALLOC_NO_PRIVATE_NAMESPACE -o src/ckh.sym.o src/ckh.c
[INFO] [stderr]   cc -std=gnu11 -Wall -Wextra -Wsign-compare -Wundef -Wno-format-zero-length -Wpointer-arith -Wno-missing-braces -Wno-missing-field-initializers -Wno-missing-attributes -pipe -g3 -fvisibility=hidden -Wimplicit-fallthrough -O3 -funroll-loops -O0 -ffunction-sections -fdata-sections -fPIC -gdwarf-4 -fno-omit-frame-pointer -m64 -Wall -c -O0 -ffunction-sections -fdata-sections -fPIC -gdwarf-4 -fno-omit-frame-pointer -m64 -Wall -D_GNU_SOURCE -D_REENTRANT -Iinclude -Iinclude -DJEMALLOC_NO_PRIVATE_NAMESPACE -o src/counter.sym.o src/counter.c
[INFO] [stderr]   cc -std=gnu11 -Wall -Wextra -Wsign-compare -Wundef -Wno-format-zero-length -Wpointer-arith -Wno-missing-braces -Wno-missing-field-initializers -Wno-missing-attributes -pipe -g3 -fvisibility=hidden -Wimplicit-fallthrough -O3 -funroll-loops -O0 -ffunction-sections -fdata-sections -fPIC -gdwarf-4 -fno-omit-frame-pointer -m64 -Wall -c -O0 -ffunction-sections -fdata-sections -fPIC -gdwarf-4 -fno-omit-frame-pointer -m64 -Wall -D_GNU_SOURCE -D_REENTRANT -Iinclude -Iinclude -DJEMALLOC_NO_PRIVATE_NAMESPACE -o src/ctl.sym.o src/ctl.c
[INFO] [stderr]   cc -std=gnu11 -Wall -Wextra -Wsign-compare -Wundef -Wno-format-zero-length -Wpointer-arith -Wno-missing-braces -Wno-missing-field-initializers -Wno-missing-attributes -pipe -g3 -fvisibility=hidden -Wimplicit-fallthrough -O3 -funroll-loops -O0 -ffunction-sections -fdata-sections -fPIC -gdwarf-4 -fno-omit-frame-pointer -m64 -Wall -c -O0 -ffunction-sections -fdata-sections -fPIC -gdwarf-4 -fno-omit-frame-pointer -m64 -Wall -D_GNU_SOURCE -D_REENTRANT -Iinclude -Iinclude -DJEMALLOC_NO_PRIVATE_NAMESPACE -o src/decay.sym.o src/decay.c
[INFO] [stderr]   cc -std=gnu11 -Wall -Wextra -Wsign-compare -Wundef -Wno-format-zero-length -Wpointer-arith -Wno-missing-braces -Wno-missing-field-initializers -Wno-missing-attributes -pipe -g3 -fvisibility=hidden -Wimplicit-fallthrough -O3 -funroll-loops -O0 -ffunction-sections -fdata-sections -fPIC -gdwarf-4 -fno-omit-frame-pointer -m64 -Wall -c -O0 -ffunction-sections -fdata-sections -fPIC -gdwarf-4 -fno-omit-frame-pointer -m64 -Wall -D_GNU_SOURCE -D_REENTRANT -Iinclude -Iinclude -DJEMALLOC_NO_PRIVATE_NAMESPACE -o src/div.sym.o src/div.c
[INFO] [stderr]   cc -std=gnu11 -Wall -Wextra -Wsign-compare -Wundef -Wno-format-zero-length -Wpointer-arith -Wno-missing-braces -Wno-missing-field-initializers -Wno-missing-attributes -pipe -g3 -fvisibility=hidden -Wimplicit-fallthrough -O3 -funroll-loops -O0 -ffunction-sections -fdata-sections -fPIC -gdwarf-4 -fno-omit-frame-pointer -m64 -Wall -c -O0 -ffunction-sections -fdata-sections -fPIC -gdwarf-4 -fno-omit-frame-pointer -m64 -Wall -D_GNU_SOURCE -D_REENTRANT -Iinclude -Iinclude -DJEMALLOC_NO_PRIVATE_NAMESPACE -o src/ecache.sym.o src/ecache.c
[INFO] [stderr]   cc -std=gnu11 -Wall -Wextra -Wsign-compare -Wundef -Wno-format-zero-length -Wpointer-arith -Wno-missing-braces -Wno-missing-field-initializers -Wno-missing-attributes -pipe -g3 -fvisibility=hidden -Wimplicit-fallthrough -O3 -funroll-loops -O0 -ffunction-sections -fdata-sections -fPIC -gdwarf-4 -fno-omit-frame-pointer -m64 -Wall -c -O0 -ffunction-sections -fdata-sections -fPIC -gdwarf-4 -fno-omit-frame-pointer -m64 -Wall -D_GNU_SOURCE -D_REENTRANT -Iinclude -Iinclude -DJEMALLOC_NO_PRIVATE_NAMESPACE -o src/edata.sym.o src/edata.c
[INFO] [stderr]   cc -std=gnu11 -Wall -Wextra -Wsign-compare -Wundef -Wno-format-zero-length -Wpointer-arith -Wno-missing-braces -Wno-missing-field-initializers -Wno-missing-attributes -pipe -g3 -fvisibility=hidden -Wimplicit-fallthrough -O3 -funroll-loops -O0 -ffunction-sections -fdata-sections -fPIC -gdwarf-4 -fno-omit-frame-pointer -m64 -Wall -c -O0 -ffunction-sections -fdata-sections -fPIC -gdwarf-4 -fno-omit-frame-pointer -m64 -Wall -D_GNU_SOURCE -D_REENTRANT -Iinclude -Iinclude -DJEMALLOC_NO_PRIVATE_NAMESPACE -o src/edata_cache.sym.o src/edata_cache.c
[INFO] [stderr]   cc -std=gnu11 -Wall -Wextra -Wsign-compare -Wundef -Wno-format-zero-length -Wpointer-arith -Wno-missing-braces -Wno-missing-field-initializers -Wno-missing-attributes -pipe -g3 -fvisibility=hidden -Wimplicit-fallthrough -O3 -funroll-loops -O0 -ffunction-sections -fdata-sections -fPIC -gdwarf-4 -fno-omit-frame-pointer -m64 -Wall -c -O0 -ffunction-sections -fdata-sections -fPIC -gdwarf-4 -fno-omit-frame-pointer -m64 -Wall -D_GNU_SOURCE -D_REENTRANT -Iinclude -Iinclude -DJEMALLOC_NO_PRIVATE_NAMESPACE -o src/ehooks.sym.o src/ehooks.c
[INFO] [stderr]   cc -std=gnu11 -Wall -Wextra -Wsign-compare -Wundef -Wno-format-zero-length -Wpointer-arith -Wno-missing-braces -Wno-missing-field-initializers -Wno-missing-attributes -pipe -g3 -fvisibility=hidden -Wimplicit-fallthrough -O3 -funroll-loops -O0 -ffunction-sections -fdata-sections -fPIC -gdwarf-4 -fno-omit-frame-pointer -m64 -Wall -c -O0 -ffunction-sections -fdata-sections -fPIC -gdwarf-4 -fno-omit-frame-pointer -m64 -Wall -D_GNU_SOURCE -D_REENTRANT -Iinclude -Iinclude -DJEMALLOC_NO_PRIVATE_NAMESPACE -o src/emap.sym.o src/emap.c
[INFO] [stderr]   cc -std=gnu11 -Wall -Wextra -Wsign-compare -Wundef -Wno-format-zero-length -Wpointer-arith -Wno-missing-braces -Wno-missing-field-initializers -Wno-missing-attributes -pipe -g3 -fvisibility=hidden -Wimplicit-fallthrough -O3 -funroll-loops -O0 -ffunction-sections -fdata-sections -fPIC -gdwarf-4 -fno-omit-frame-pointer -m64 -Wall -c -O0 -ffunction-sections -fdata-sections -fPIC -gdwarf-4 -fno-omit-frame-pointer -m64 -Wall -D_GNU_SOURCE -D_REENTRANT -Iinclude -Iinclude -DJEMALLOC_NO_PRIVATE_NAMESPACE -o src/eset.sym.o src/eset.c
[INFO] [stderr]   cc -std=gnu11 -Wall -Wextra -Wsign-compare -Wundef -Wno-format-zero-length -Wpointer-arith -Wno-missing-braces -Wno-missing-field-initializers -Wno-missing-attributes -pipe -g3 -fvisibility=hidden -Wimplicit-fallthrough -O3 -funroll-loops -O0 -ffunction-sections -fdata-sections -fPIC -gdwarf-4 -fno-omit-frame-pointer -m64 -Wall -c -O0 -ffunction-sections -fdata-sections -fPIC -gdwarf-4 -fno-omit-frame-pointer -m64 -Wall -D_GNU_SOURCE -D_REENTRANT -Iinclude -Iinclude -DJEMALLOC_NO_PRIVATE_NAMESPACE -o src/exp_grow.sym.o src/exp_grow.c
[INFO] [stderr]   cc -std=gnu11 -Wall -Wextra -Wsign-compare -Wundef -Wno-format-zero-length -Wpointer-arith -Wno-missing-braces -Wno-missing-field-initializers -Wno-missing-attributes -pipe -g3 -fvisibility=hidden -Wimplicit-fallthrough -O3 -funroll-loops -O0 -ffunction-sections -fdata-sections -fPIC -gdwarf-4 -fno-omit-frame-pointer -m64 -Wall -c -O0 -ffunction-sections -fdata-sections -fPIC -gdwarf-4 -fno-omit-frame-pointer -m64 -Wall -D_GNU_SOURCE -D_REENTRANT -Iinclude -Iinclude -DJEMALLOC_NO_PRIVATE_NAMESPACE -o src/extent.sym.o src/extent.c
[INFO] [stderr]   cc -std=gnu11 -Wall -Wextra -Wsign-compare -Wundef -Wno-format-zero-length -Wpointer-arith -Wno-missing-braces -Wno-missing-field-initializers -Wno-missing-attributes -pipe -g3 -fvisibility=hidden -Wimplicit-fallthrough -O3 -funroll-loops -O0 -ffunction-sections -fdata-sections -fPIC -gdwarf-4 -fno-omit-frame-pointer -m64 -Wall -c -O0 -ffunction-sections -fdata-sections -fPIC -gdwarf-4 -fno-omit-frame-pointer -m64 -Wall -D_GNU_SOURCE -D_REENTRANT -Iinclude -Iinclude -DJEMALLOC_NO_PRIVATE_NAMESPACE -o src/extent_dss.sym.o src/extent_dss.c
[INFO] [stderr]   cc -std=gnu11 -Wall -Wextra -Wsign-compare -Wundef -Wno-format-zero-length -Wpointer-arith -Wno-missing-braces -Wno-missing-field-initializers -Wno-missing-attributes -pipe -g3 -fvisibility=hidden -Wimplicit-fallthrough -O3 -funroll-loops -O0 -ffunction-sections -fdata-sections -fPIC -gdwarf-4 -fno-omit-frame-pointer -m64 -Wall -c -O0 -ffunction-sections -fdata-sections -fPIC -gdwarf-4 -fno-omit-frame-pointer -m64 -Wall -D_GNU_SOURCE -D_REENTRANT -Iinclude -Iinclude -DJEMALLOC_NO_PRIVATE_NAMESPACE -o src/extent_mmap.sym.o src/extent_mmap.c
[INFO] [stderr]   cc -std=gnu11 -Wall -Wextra -Wsign-compare -Wundef -Wno-format-zero-length -Wpointer-arith -Wno-missing-braces -Wno-missing-field-initializers -Wno-missing-attributes -pipe -g3 -fvisibility=hidden -Wimplicit-fallthrough -O3 -funroll-loops -O0 -ffunction-sections -fdata-sections -fPIC -gdwarf-4 -fno-omit-frame-pointer -m64 -Wall -c -O0 -ffunction-sections -fdata-sections -fPIC -gdwarf-4 -fno-omit-frame-pointer -m64 -Wall -D_GNU_SOURCE -D_REENTRANT -Iinclude -Iinclude -DJEMALLOC_NO_PRIVATE_NAMESPACE -o src/fxp.sym.o src/fxp.c
[INFO] [stderr]   cc -std=gnu11 -Wall -Wextra -Wsign-compare -Wundef -Wno-format-zero-length -Wpointer-arith -Wno-missing-braces -Wno-missing-field-initializers -Wno-missing-attributes -pipe -g3 -fvisibility=hidden -Wimplicit-fallthrough -O3 -funroll-loops -O0 -ffunction-sections -fdata-sections -fPIC -gdwarf-4 -fno-omit-frame-pointer -m64 -Wall -c -O0 -ffunction-sections -fdata-sections -fPIC -gdwarf-4 -fno-omit-frame-pointer -m64 -Wall -D_GNU_SOURCE -D_REENTRANT -Iinclude -Iinclude -DJEMALLOC_NO_PRIVATE_NAMESPACE -o src/san.sym.o src/san.c
[INFO] [stderr]   cc -std=gnu11 -Wall -Wextra -Wsign-compare -Wundef -Wno-format-zero-length -Wpointer-arith -Wno-missing-braces -Wno-missing-field-initializers -Wno-missing-attributes -pipe -g3 -fvisibility=hidden -Wimplicit-fallthrough -O3 -funroll-loops -O0 -ffunction-sections -fdata-sections -fPIC -gdwarf-4 -fno-omit-frame-pointer -m64 -Wall -c -O0 -ffunction-sections -fdata-sections -fPIC -gdwarf-4 -fno-omit-frame-pointer -m64 -Wall -D_GNU_SOURCE -D_REENTRANT -Iinclude -Iinclude -DJEMALLOC_NO_PRIVATE_NAMESPACE -o src/san_bump.sym.o src/san_bump.c
[INFO] [stderr]   cc -std=gnu11 -Wall -Wextra -Wsign-compare -Wundef -Wno-format-zero-length -Wpointer-arith -Wno-missing-braces -Wno-missing-field-initializers -Wno-missing-attributes -pipe -g3 -fvisibility=hidden -Wimplicit-fallthrough -O3 -funroll-loops -O0 -ffunction-sections -fdata-sections -fPIC -gdwarf-4 -fno-omit-frame-pointer -m64 -Wall -c -O0 -ffunction-sections -fdata-sections -fPIC -gdwarf-4 -fno-omit-frame-pointer -m64 -Wall -D_GNU_SOURCE -D_REENTRANT -Iinclude -Iinclude -DJEMALLOC_NO_PRIVATE_NAMESPACE -o src/hook.sym.o src/hook.c
[INFO] [stderr]   cc -std=gnu11 -Wall -Wextra -Wsign-compare -Wundef -Wno-format-zero-length -Wpointer-arith -Wno-missing-braces -Wno-missing-field-initializers -Wno-missing-attributes -pipe -g3 -fvisibility=hidden -Wimplicit-fallthrough -O3 -funroll-loops -O0 -ffunction-sections -fdata-sections -fPIC -gdwarf-4 -fno-omit-frame-pointer -m64 -Wall -c -O0 -ffunction-sections -fdata-sections -fPIC -gdwarf-4 -fno-omit-frame-pointer -m64 -Wall -D_GNU_SOURCE -D_REENTRANT -Iinclude -Iinclude -DJEMALLOC_NO_PRIVATE_NAMESPACE -o src/hpa.sym.o src/hpa.c
[INFO] [stderr]   cc -std=gnu11 -Wall -Wextra -Wsign-compare -Wundef -Wno-format-zero-length -Wpointer-arith -Wno-missing-braces -Wno-missing-field-initializers -Wno-missing-attributes -pipe -g3 -fvisibility=hidden -Wimplicit-fallthrough -O3 -funroll-loops -O0 -ffunction-sections -fdata-sections -fPIC -gdwarf-4 -fno-omit-frame-pointer -m64 -Wall -c -O0 -ffunction-sections -fdata-sections -fPIC -gdwarf-4 -fno-omit-frame-pointer -m64 -Wall -D_GNU_SOURCE -D_REENTRANT -Iinclude -Iinclude -DJEMALLOC_NO_PRIVATE_NAMESPACE -o src/hpa_hooks.sym.o src/hpa_hooks.c
[INFO] [stderr]   cc -std=gnu11 -Wall -Wextra -Wsign-compare -Wundef -Wno-format-zero-length -Wpointer-arith -Wno-missing-braces -Wno-missing-field-initializers -Wno-missing-attributes -pipe -g3 -fvisibility=hidden -Wimplicit-fallthrough -O3 -funroll-loops -O0 -ffunction-sections -fdata-sections -fPIC -gdwarf-4 -fno-omit-frame-pointer -m64 -Wall -c -O0 -ffunction-sections -fdata-sections -fPIC -gdwarf-4 -fno-omit-frame-pointer -m64 -Wall -D_GNU_SOURCE -D_REENTRANT -Iinclude -Iinclude -DJEMALLOC_NO_PRIVATE_NAMESPACE -o src/hpdata.sym.o src/hpdata.c
[INFO] [stderr]   cc -std=gnu11 -Wall -Wextra -Wsign-compare -Wundef -Wno-format-zero-length -Wpointer-arith -Wno-missing-braces -Wno-missing-field-initializers -Wno-missing-attributes -pipe -g3 -fvisibility=hidden -Wimplicit-fallthrough -O3 -funroll-loops -O0 -ffunction-sections -fdata-sections -fPIC -gdwarf-4 -fno-omit-frame-pointer -m64 -Wall -c -O0 -ffunction-sections -fdata-sections -fPIC -gdwarf-4 -fno-omit-frame-pointer -m64 -Wall -D_GNU_SOURCE -D_REENTRANT -Iinclude -Iinclude -DJEMALLOC_NO_PRIVATE_NAMESPACE -o src/inspect.sym.o src/inspect.c
[INFO] [stderr]   cc -std=gnu11 -Wall -Wextra -Wsign-compare -Wundef -Wno-format-zero-length -Wpointer-arith -Wno-missing-braces -Wno-missing-field-initializers -Wno-missing-attributes -pipe -g3 -fvisibility=hidden -Wimplicit-fallthrough -O3 -funroll-loops -O0 -ffunction-sections -fdata-sections -fPIC -gdwarf-4 -fno-omit-frame-pointer -m64 -Wall -c -O0 -ffunction-sections -fdata-sections -fPIC -gdwarf-4 -fno-omit-frame-pointer -m64 -Wall -D_GNU_SOURCE -D_REENTRANT -Iinclude -Iinclude -DJEMALLOC_NO_PRIVATE_NAMESPACE -o src/large.sym.o src/large.c
[INFO] [stderr]   cc -std=gnu11 -Wall -Wextra -Wsign-compare -Wundef -Wno-format-zero-length -Wpointer-arith -Wno-missing-braces -Wno-missing-field-initializers -Wno-missing-attributes -pipe -g3 -fvisibility=hidden -Wimplicit-fallthrough -O3 -funroll-loops -O0 -ffunction-sections -fdata-sections -fPIC -gdwarf-4 -fno-omit-frame-pointer -m64 -Wall -c -O0 -ffunction-sections -fdata-sections -fPIC -gdwarf-4 -fno-omit-frame-pointer -m64 -Wall -D_GNU_SOURCE -D_REENTRANT -Iinclude -Iinclude -DJEMALLOC_NO_PRIVATE_NAMESPACE -o src/log.sym.o src/log.c
[INFO] [stderr]   cc -std=gnu11 -Wall -Wextra -Wsign-compare -Wundef -Wno-format-zero-length -Wpointer-arith -Wno-missing-braces -Wno-missing-field-initializers -Wno-missing-attributes -pipe -g3 -fvisibility=hidden -Wimplicit-fallthrough -O3 -funroll-loops -O0 -ffunction-sections -fdata-sections -fPIC -gdwarf-4 -fno-omit-frame-pointer -m64 -Wall -c -O0 -ffunction-sections -fdata-sections -fPIC -gdwarf-4 -fno-omit-frame-pointer -m64 -Wall -D_GNU_SOURCE -D_REENTRANT -Iinclude -Iinclude -DJEMALLOC_NO_PRIVATE_NAMESPACE -o src/malloc_io.sym.o src/malloc_io.c
[INFO] [stderr]   cc -std=gnu11 -Wall -Wextra -Wsign-compare -Wundef -Wno-format-zero-length -Wpointer-arith -Wno-missing-braces -Wno-missing-field-initializers -Wno-missing-attributes -pipe -g3 -fvisibility=hidden -Wimplicit-fallthrough -O3 -funroll-loops -O0 -ffunction-sections -fdata-sections -fPIC -gdwarf-4 -fno-omit-frame-pointer -m64 -Wall -c -O0 -ffunction-sections -fdata-sections -fPIC -gdwarf-4 -fno-omit-frame-pointer -m64 -Wall -D_GNU_SOURCE -D_REENTRANT -Iinclude -Iinclude -DJEMALLOC_NO_PRIVATE_NAMESPACE -o src/mutex.sym.o src/mutex.c
[INFO] [stderr] 
[INFO] [stderr]   --- stderr
[INFO] [stderr]   cc: fatal error: Killed signal terminated program cc1
[INFO] [stderr]   compilation terminated.
[INFO] [stderr]   make: *** [Makefile:479: src/jemalloc.sym.o] Error 1
[INFO] [stderr]   make: *** Waiting for unfinished jobs....
[INFO] [stderr] 
[INFO] [stderr]   thread 'main' (4061) panicked at /opt/rustwide/cargo-home/registry/src/index.crates.io-1949cf8c6b5b557f/tikv-jemalloc-sys-0.6.0+5.3.0-1-ge13ca993e8ccb9ba9847cc330696e02839f328f7/build.rs:388:9:
[INFO] [stderr]   command did not execute successfully: cd "/opt/rustwide/target/debug/build/tikv-jemalloc-sys/35227cc62d4f8971/out/build" && "make" "-j" "8"
[INFO] [stderr]   expected success, got: exit status: 2
[INFO] [stderr]   stack backtrace:
[INFO] [stderr]      0:     0x5cc725219311 - std[cbafc1a513166901]::backtrace_rs::backtrace::libunwind::trace
[INFO] [stderr]                                  at /rustc/e4d5758286bf2cf6f415802f2cf861747a7c6c8c/library/std/src/../../backtrace/src/backtrace/libunwind.rs:117:9
[INFO] [stderr]      1:     0x5cc725219311 - std[cbafc1a513166901]::backtrace_rs::backtrace::trace_unsynchronized::<std[cbafc1a513166901]::sys::backtrace::_print_fmt::{closure#1}>
[INFO] [stderr]                                  at /rustc/e4d5758286bf2cf6f415802f2cf861747a7c6c8c/library/std/src/../../backtrace/src/backtrace/mod.rs:66:14
[INFO] [stderr]      2:     0x5cc725219311 - std[cbafc1a513166901]::sys::backtrace::_print_fmt
[INFO] [stderr]                                  at /rustc/e4d5758286bf2cf6f415802f2cf861747a7c6c8c/library/std/src/sys/backtrace.rs:74:9
[INFO] [stderr]      3:     0x5cc725219311 - <<std[cbafc1a513166901]::sys::backtrace::BacktraceLock>::print::DisplayBacktrace as core[1ebd966819e03bce]::fmt::Display>::fmt
[INFO] [stderr]                                  at /rustc/e4d5758286bf2cf6f415802f2cf861747a7c6c8c/library/std/src/sys/backtrace.rs:44:26
[INFO] [stderr]      4:     0x5cc72522f4ba - <core[1ebd966819e03bce]::fmt::rt::Argument>::fmt
[INFO] [stderr]                                  at /rustc/e4d5758286bf2cf6f415802f2cf861747a7c6c8c/library/core/src/fmt/rt.rs:152:76
[INFO] [stderr]      5:     0x5cc72522f4ba - core[1ebd966819e03bce]::fmt::write
[INFO] [stderr]      6:     0x5cc72522003c - core[1ebd966819e03bce]::io::write::default_write_fmt::<std[cbafc1a513166901]::sys::stdio::unix::Stderr>
[INFO] [stderr]                                  at /rustc/e4d5758286bf2cf6f415802f2cf861747a7c6c8c/library/core/src/io/write.rs:402:11
[INFO] [stderr]      7:     0x5cc72522003c - <std[cbafc1a513166901]::sys::stdio::unix::Stderr as core[1ebd966819e03bce]::io::write::Write>::write_fmt
[INFO] [stderr]                                  at /rustc/e4d5758286bf2cf6f415802f2cf861747a7c6c8c/library/core/src/io/write.rs:335:13
[INFO] [stderr]      8:     0x5cc7251f4e76 - <std[cbafc1a513166901]::sys::backtrace::BacktraceLock>::print
[INFO] [stderr]                                  at /rustc/e4d5758286bf2cf6f415802f2cf861747a7c6c8c/library/std/src/sys/backtrace.rs:47:9
[INFO] [stderr]      9:     0x5cc7251f4e76 - std[cbafc1a513166901]::panicking::default_hook::{closure#0}
[INFO] [stderr]                                  at /rustc/e4d5758286bf2cf6f415802f2cf861747a7c6c8c/library/std/src/panicking.rs:289:27
[INFO] [stderr]     10:     0x5cc7252126b1 - std[cbafc1a513166901]::panicking::default_hook
[INFO] [stderr]                                  at /rustc/e4d5758286bf2cf6f415802f2cf861747a7c6c8c/library/std/src/panicking.rs:316:9
[INFO] [stderr]     11:     0x5cc72521286b - std[cbafc1a513166901]::panicking::panic_with_hook
[INFO] [stderr]                                  at /rustc/e4d5758286bf2cf6f415802f2cf861747a7c6c8c/library/std/src/panicking.rs:811:13
[INFO] [stderr]     12:     0x5cc7251f4f22 - std[cbafc1a513166901]::panicking::panic_handler::{closure#0}
[INFO] [stderr]                                  at /rustc/e4d5758286bf2cf6f415802f2cf861747a7c6c8c/library/std/src/panicking.rs:685:13
[INFO] [stderr]     13:     0x5cc7251eebd9 - std[cbafc1a513166901]::sys::backtrace::__rust_end_short_backtrace::<std[cbafc1a513166901]::panicking::panic_handler::{closure#0}, !>
[INFO] [stderr]                                  at /rustc/e4d5758286bf2cf6f415802f2cf861747a7c6c8c/library/std/src/sys/backtrace.rs:182:18
[INFO] [stderr]     14:     0x5cc7251f584d - __rustc[1080c69225188e79]::rust_begin_unwind
[INFO] [stderr]                                  at /rustc/e4d5758286bf2cf6f415802f2cf861747a7c6c8c/library/std/src/panicking.rs:676:5
[INFO] [stderr]     15:     0x5cc72522fcac - core[1ebd966819e03bce]::panicking::panic_fmt
[INFO] [stderr]                                  at /rustc/e4d5758286bf2cf6f415802f2cf861747a7c6c8c/library/core/src/panicking.rs:80:14
[INFO] [stderr]     16:     0x5cc72515819f - build_script_build[715747231d919036]::execute::<build_script_build[715747231d919036]::run::{closure#0}>
[INFO] [stderr]     17:     0x5cc72515b26e - build_script_build[715747231d919036]::run
[INFO] [stderr]     18:     0x5cc72515e8ed - build_script_build[715747231d919036]::main
[INFO] [stderr]     19:     0x5cc725160f13 - <fn() as core[1ebd966819e03bce]::ops::function::FnOnce<()>>::call_once
[INFO] [stderr]     20:     0x5cc725159e1e - std[cbafc1a513166901]::sys::backtrace::__rust_begin_short_backtrace::<fn(), ()>
[INFO] [stderr]     21:     0x5cc72515a419 - std[cbafc1a513166901]::rt::lang_start::<()>::{closure#0}
[INFO] [stderr]     22:     0x5cc7252119b8 - <&dyn core[1ebd966819e03bce]::ops::function::Fn<(), Output = i32> + core[1ebd966819e03bce]::panic::unwind_safe::RefUnwindSafe + core[1ebd966819e03bce]::marker::Sync as core[1ebd966819e03bce]::ops::function::FnOnce<()>>::call_once
[INFO] [stderr]                                  at /rustc/e4d5758286bf2cf6f415802f2cf861747a7c6c8c/library/core/src/ops/function.rs:287:21
[INFO] [stderr]     23:     0x5cc7252119b8 - std[cbafc1a513166901]::panicking::catch_unwind::do_call::<&dyn core[1ebd966819e03bce]::ops::function::Fn<(), Output = i32> + core[1ebd966819e03bce]::panic::unwind_safe::RefUnwindSafe + core[1ebd966819e03bce]::marker::Sync, i32>
[INFO] [stderr]                                  at /rustc/e4d5758286bf2cf6f415802f2cf861747a7c6c8c/library/std/src/panicking.rs:573:43
[INFO] [stderr]     24:     0x5cc7252119b8 - std[cbafc1a513166901]::panicking::catch_unwind::<i32, &dyn core[1ebd966819e03bce]::ops::function::Fn<(), Output = i32> + core[1ebd966819e03bce]::panic::unwind_safe::RefUnwindSafe + core[1ebd966819e03bce]::marker::Sync>
[INFO] [stderr]                                  at /rustc/e4d5758286bf2cf6f415802f2cf861747a7c6c8c/library/std/src/panicking.rs:541:19
[INFO] [stderr]     25:     0x5cc7252119b8 - std[cbafc1a513166901]::panic::catch_unwind::<&dyn core[1ebd966819e03bce]::ops::function::Fn<(), Output = i32> + core[1ebd966819e03bce]::panic::unwind_safe::RefUnwindSafe + core[1ebd966819e03bce]::marker::Sync, i32>
[INFO] [stderr]                                  at /rustc/e4d5758286bf2cf6f415802f2cf861747a7c6c8c/library/std/src/panic.rs:359:14
[INFO] [stderr]     26:     0x5cc7252119b8 - std[cbafc1a513166901]::rt::lang_start_internal::{closure#0}
[INFO] [stderr]                                  at /rustc/e4d5758286bf2cf6f415802f2cf861747a7c6c8c/library/std/src/rt.rs:175:24
[INFO] [stderr]     27:     0x5cc7252119b8 - std[cbafc1a513166901]::panicking::catch_unwind::do_call::<std[cbafc1a513166901]::rt::lang_start_internal::{closure#0}, isize>
[INFO] [stderr]                                  at /rustc/e4d5758286bf2cf6f415802f2cf861747a7c6c8c/library/std/src/panicking.rs:573:43
[INFO] [stderr]     28:     0x5cc7252119b8 - std[cbafc1a513166901]::panicking::catch_unwind::<isize, std[cbafc1a513166901]::rt::lang_start_internal::{closure#0}>
[INFO] [stderr]                                  at /rustc/e4d5758286bf2cf6f415802f2cf861747a7c6c8c/library/std/src/panicking.rs:541:19
[INFO] [stderr]     29:     0x5cc7252119b8 - std[cbafc1a513166901]::panic::catch_unwind::<std[cbafc1a513166901]::rt::lang_start_internal::{closure#0}, isize>
[INFO] [stderr]                                  at /rustc/e4d5758286bf2cf6f415802f2cf861747a7c6c8c/library/std/src/panic.rs:359:14
[INFO] [stderr]     30:     0x5cc7252119b8 - std[cbafc1a513166901]::rt::lang_start_internal
[INFO] [stderr]                                  at /rustc/e4d5758286bf2cf6f415802f2cf861747a7c6c8c/library/std/src/rt.rs:171:5
[INFO] [stderr]     31:     0x5cc725159e11 - std[cbafc1a513166901]::rt::lang_start::<()>
[INFO] [stderr]     32:     0x5cc725160f85 - main
[INFO] [stderr]     33:     0x78861b92b601 - <unknown>
[INFO] [stderr]     34:     0x78861b92b718 - __libc_start_main
[INFO] [stderr]     35:     0x5cc7251572a5 - _start
[INFO] [stderr]     36:                0x0 - <unknown>
[INFO] [stderr] warning: build failed, waiting for other jobs to finish...
[INFO] running `Command { std: "docker" "inspect" "ca319a1f4e4e01a760eb78671c73bc2a266974d38fe942845545daa746c784ea", kill_on_drop: false }`
[INFO] running `Command { std: "docker" "rm" "-f" "ca319a1f4e4e01a760eb78671c73bc2a266974d38fe942845545daa746c784ea", kill_on_drop: false }`
[INFO] [stdout] ca319a1f4e4e01a760eb78671c73bc2a266974d38fe942845545daa746c784ea
