[INFO] cloning repository https://github.com/NexRX/ui-controls
[INFO] running `Command { std: "git" "-c" "credential.helper=" "-c" "credential.helper=/workspace/cargo-home/bin/git-credential-null" "clone" "--bare" "https://github.com/NexRX/ui-controls" "/workspace/cache/git-repos/https%3A%2F%2Fgithub.com%2FNexRX%2Fui-controls", kill_on_drop: false }`
[INFO] [stderr] Cloning into bare repository '/workspace/cache/git-repos/https%3A%2F%2Fgithub.com%2FNexRX%2Fui-controls'...
[INFO] running `Command { std: "git" "rev-parse" "HEAD", kill_on_drop: false }`
[INFO] [stdout] 02fc185bd34055dce2698fa66e3a375e9d700a3b
[INFO] checking NexRX/ui-controls/02fc185bd34055dce2698fa66e3a375e9d700a3b against c999cef531ea9059e189e82fe0e82c5daf249bc9 for pr-152972
[INFO] running `Command { std: "git" "clone" "/workspace/cache/git-repos/https%3A%2F%2Fgithub.com%2FNexRX%2Fui-controls" "/workspace/builds/worker-4-tc1/source", kill_on_drop: false }`
[INFO] [stderr] Cloning into '/workspace/builds/worker-4-tc1/source'...
[INFO] [stderr] done.
[INFO] started tweaking git repo https://github.com/NexRX/ui-controls
[INFO] finished tweaking git repo https://github.com/NexRX/ui-controls
[INFO] tweaked toml for git repo https://github.com/NexRX/ui-controls written to /workspace/builds/worker-4-tc1/source/Cargo.toml
[INFO] validating manifest of git repo https://github.com/NexRX/ui-controls on toolchain c999cef531ea9059e189e82fe0e82c5daf249bc9
[INFO] running `Command { std: CARGO_HOME="/workspace/cargo-home" RUSTUP_HOME="/workspace/rustup-home" "/workspace/cargo-home/bin/cargo" "+c999cef531ea9059e189e82fe0e82c5daf249bc9" "metadata" "--manifest-path" "Cargo.toml" "--no-deps", kill_on_drop: false }`
[INFO] crate git repo https://github.com/NexRX/ui-controls already has a lockfile, it will not be regenerated
[INFO] running `Command { std: CARGO_HOME="/workspace/cargo-home" RUSTUP_HOME="/workspace/rustup-home" "/workspace/cargo-home/bin/cargo" "+c999cef531ea9059e189e82fe0e82c5daf249bc9" "fetch" "--manifest-path" "Cargo.toml", kill_on_drop: false }`
[INFO] [stderr]     Updating crates.io index
[INFO] [stderr]  Downloading crates ...
[INFO] [stderr]   Downloaded xcap v0.0.10
[INFO] [stderr]   Downloaded xcb v1.4.0
[INFO] [stderr]   Downloaded rustfft v6.2.0
[INFO] [stderr]   Downloaded range_check v0.2.0
[INFO] [stderr]   Downloaded ndrustfft v0.4.5
[INFO] [stderr]   Downloaded realfft v3.3.0
[INFO] [stderr]   Downloaded rustdct v0.7.1
[INFO] [stderr]   Downloaded portable-atomic-util v0.2.2
[INFO] [stderr]   Downloaded opencv-binding-generator v0.90.2
[INFO] [stderr]   Downloaded ndarray v0.16.0
[INFO] [stderr]   Downloaded opencv v0.92.2
[INFO] running `Command { std: "docker" "create" "-v" "/var/lib/crater-agent-workspace/builds/worker-4-tc1/source:/opt/rustwide/workdir:ro,Z" "-v" "/var/lib/crater-agent-workspace/builds/worker-4-tc1/target:/opt/rustwide/target:rw,Z" "-v" "/var/lib/crater-agent-workspace/cargo-home:/opt/rustwide/cargo-home:ro,Z" "-v" "/var/lib/crater-agent-workspace/rustup-home:/opt/rustwide/rustup-home:ro,Z" "-m" "1610612736" "--network" "none" "ghcr.io/rust-lang/crates-build-env/linux@sha256:3111399a4047eeb3a02b7a90e478d715f38a8c6669b5c4b49d30a17385265909" "sleep" "infinity", kill_on_drop: false }`
[INFO] [stdout] bc2a4a97d347224d344685baac43f46350e2148534882db6cb81b9a8f0aa5117
[INFO] running `Command { std: "docker" "start" "bc2a4a97d347224d344685baac43f46350e2148534882db6cb81b9a8f0aa5117", kill_on_drop: false }`
[INFO] running `Command { std: "docker" "inspect" "bc2a4a97d347224d344685baac43f46350e2148534882db6cb81b9a8f0aa5117", kill_on_drop: false }`
[INFO] running `Command { std: "docker" "exec" "-e" "SOURCE_DIR=/opt/rustwide/workdir" "-e" "CARGO_HOME=/opt/rustwide/cargo-home" "-e" "RUSTUP_HOME=/opt/rustwide/rustup-home" "-e" "CARGO_TARGET_DIR=/opt/rustwide/target" "-w" "/opt/rustwide/workdir" "--user" "0:0" "bc2a4a97d347224d344685baac43f46350e2148534882db6cb81b9a8f0aa5117" "/opt/rustwide/cargo-home/bin/cargo" "+c999cef531ea9059e189e82fe0e82c5daf249bc9" "metadata" "--no-deps" "--format-version=1", kill_on_drop: false }`
[INFO] running `Command { std: "docker" "inspect" "bc2a4a97d347224d344685baac43f46350e2148534882db6cb81b9a8f0aa5117", kill_on_drop: false }`
[INFO] running `Command { std: "docker" "exec" "-e" "SOURCE_DIR=/opt/rustwide/workdir" "-e" "CARGO_HOME=/opt/rustwide/cargo-home" "-e" "RUSTUP_HOME=/opt/rustwide/rustup-home" "-e" "CARGO_TARGET_DIR=/opt/rustwide/target" "-e" "CARGO_INCREMENTAL=0" "-e" "RUST_BACKTRACE=full" "-e" "RUSTFLAGS=--cap-lints=forbid" "-e" "RUSTDOCFLAGS=--cap-lints=forbid" "-w" "/opt/rustwide/workdir" "--user" "0:0" "bc2a4a97d347224d344685baac43f46350e2148534882db6cb81b9a8f0aa5117" "/opt/rustwide/cargo-home/bin/cargo" "+c999cef531ea9059e189e82fe0e82c5daf249bc9" "check" "--frozen" "--all" "--all-targets" "--message-format=json", kill_on_drop: false }`
[INFO] [stderr]    Compiling num-traits v0.2.19
[INFO] [stderr]    Compiling libc v0.2.155
[INFO] [stderr]    Compiling clang-sys v1.8.1
[INFO] [stderr]    Compiling libloading v0.8.5
[INFO] [stderr]    Compiling aho-corasick v1.1.3
[INFO] [stderr]    Compiling regex-syntax v0.8.4
[INFO] [stderr]    Compiling rustfft v6.2.0
[INFO] [stderr]    Compiling matrixmultiply v0.3.9
[INFO] [stderr]     Checking bytemuck v1.16.3
[INFO] [stderr]     Checking strength_reduce v0.2.4
[INFO] [stderr]    Compiling syn v2.0.72
[INFO] [stderr]     Checking flate2 v1.0.31
[INFO] [stderr]    Compiling simd_helpers v0.1.0
[INFO] [stderr]    Compiling quick-xml v0.30.0
[INFO] [stderr]    Compiling percent-encoding v2.3.1
[INFO] [stderr]     Checking bitstream-io v2.5.0
[INFO] [stderr]     Checking flume v0.11.0
[INFO] [stderr]     Checking avif-serialize v0.8.1
[INFO] [stderr]     Checking fdeflate v0.3.4
[INFO] [stderr]    Compiling shlex v1.3.0
[INFO] [stderr]     Checking exr v1.72.0
[INFO] [stderr]     Checking range_check v0.2.0
[INFO] [stderr]     Checking rgb v0.8.47
[INFO] [stderr]     Checking qoi v0.4.1
[INFO] [stderr]     Checking tiff v0.9.1
[INFO] [stderr]     Checking png v0.17.13
[INFO] [stderr]    Compiling xcb v1.4.0
[INFO] [stderr]     Checking sysinfo v0.30.13
[INFO] [stderr]    Compiling jobserver v0.1.32
[INFO] [stderr]     Checking num-integer v0.1.46
[INFO] [stderr]     Checking num-complex v0.4.6
[INFO] [stderr]     Checking v_frame v0.3.8
[INFO] [stderr]     Checking approx v0.5.1
[INFO] [stderr]    Compiling cc v1.1.7
[INFO] [stderr]     Checking num-bigint v0.4.6
[INFO] [stderr]     Checking transpose v0.2.3
[INFO] [stderr]     Checking primal-check v0.3.4
[INFO] [stderr]     Checking ndarray v0.15.6
[INFO] [stderr]     Checking ndarray v0.16.0
[INFO] [stderr]    Compiling regex-automata v0.4.7
[INFO] [stderr]    Compiling libdbus-sys v0.2.5
[INFO] [stderr]     Checking num-rational v0.4.2
[INFO] [stderr]     Checking av1-grain v0.2.3
[INFO] [stderr]    Compiling clang v2.0.0
[INFO] [stderr]    Compiling profiling-procmacros v1.0.15
[INFO] [stderr]    Compiling thiserror-impl v1.0.63
[INFO] [stderr]    Compiling num-derive v0.4.2
[INFO] [stderr]    Compiling arg_enum_proc_macro v0.3.4
[INFO] [stderr]    Compiling derive_more v0.99.18
[INFO] [stderr]     Checking profiling v1.0.15
[INFO] [stderr]     Checking dbus v0.9.7
[INFO] [stderr]    Compiling regex v1.10.6
[INFO] [stderr]     Checking thiserror v1.0.63
[INFO] [stderr]    Compiling opencv-binding-generator v0.90.2
[INFO] [stderr]     Checking rav1e v0.7.1
[INFO] [stderr]     Checking rustdct v0.7.1
[INFO] [stderr]     Checking realfft v3.3.0
[INFO] [stderr]     Checking ndrustfft v0.4.5
[INFO] [stderr]    Compiling opencv v0.92.2
[INFO] [stderr]     Checking ravif v0.11.9
[INFO] [stderr]     Checking image v0.25.2
[INFO] [stderr]     Checking xcap v0.0.10
[INFO] [stdout] error[E0277]: the trait bound `!: ReadAll` is not satisfied
[INFO] [stdout]    --> /opt/rustwide/cargo-home/registry/src/index.crates.io-1949cf8c6b5b557f/xcap-0.0.10/src/linux/wayland_capture.rs:71:11
[INFO] [stdout]     |
[INFO] [stdout]  71 |     proxy.method_call(
[INFO] [stdout]     |           ^^^^^^^^^^^ the trait `ReadAll` is not implemented for `!`
[INFO] [stdout]     |
[INFO] [stdout]     = help: the following other types implement trait `ReadAll`:
[INFO] [stdout]               ()
[INFO] [stdout]               (A,)
[INFO] [stdout]               (A, B)
[INFO] [stdout]               (A, B, C)
[INFO] [stdout]               (A, B, C, D)
[INFO] [stdout]               (A, B, C, D, E)
[INFO] [stdout]               (A, B, C, D, E, F)
[INFO] [stdout]               (A, B, C, D, E, F, G)
[INFO] [stdout]             and 28 others
[INFO] [stdout]     = note: this error might have been caused by changes to Rust's type-inference algorithm (see issue #148922 <https://github.com/rust-lang/rust/issues/148922> for more information)
[INFO] [stdout]     = help: you might have intended to use the type `()` here instead
[INFO] [stdout] note: required by a bound in `Proxy::<'a, C>::method_call`
[INFO] [stdout]    --> /opt/rustwide/cargo-home/registry/src/index.crates.io-1949cf8c6b5b557f/dbus-0.9.7/src/blocking.rs:396:35
[INFO] [stdout]     |
[INFO] [stdout] 396 |     pub fn method_call<'i, 'm, R: ReadAll, A: AppendAll, I: Into<Interface<'i>>, M: Into<Member<'m>>>(&self, i: I, m: M, args: A) -...
[INFO] [stdout]     |                                   ^^^^^^^ required by this bound in `Proxy::<'a, C>::method_call`
[INFO] [stdout] 
[INFO] [stdout] 
[INFO] [stdout] error[E0277]: the trait bound `!: ReadAll` is not satisfied
[INFO] [stdout]    --> /opt/rustwide/cargo-home/registry/src/index.crates.io-1949cf8c6b5b557f/xcap-0.0.10/src/linux/wayland_capture.rs:127:11
[INFO] [stdout]     |
[INFO] [stdout] 127 |     proxy.method_call(
[INFO] [stdout]     |           ^^^^^^^^^^^ the trait `ReadAll` is not implemented for `!`
[INFO] [stdout]     |
[INFO] [stdout]     = help: the following other types implement trait `ReadAll`:
[INFO] [stdout]               ()
[INFO] [stdout]               (A,)
[INFO] [stdout]               (A, B)
[INFO] [stdout]               (A, B, C)
[INFO] [stdout]               (A, B, C, D)
[INFO] [stdout]               (A, B, C, D, E)
[INFO] [stdout]               (A, B, C, D, E, F)
[INFO] [stdout]               (A, B, C, D, E, F, G)
[INFO] [stdout]             and 28 others
[INFO] [stdout]     = note: this error might have been caused by changes to Rust's type-inference algorithm (see issue #148922 <https://github.com/rust-lang/rust/issues/148922> for more information)
[INFO] [stdout]     = help: you might have intended to use the type `()` here instead
[INFO] [stdout] note: required by a bound in `Proxy::<'a, C>::method_call`
[INFO] [stdout]    --> /opt/rustwide/cargo-home/registry/src/index.crates.io-1949cf8c6b5b557f/dbus-0.9.7/src/blocking.rs:396:35
[INFO] [stdout]     |
[INFO] [stdout] 396 |     pub fn method_call<'i, 'm, R: ReadAll, A: AppendAll, I: Into<Interface<'i>>, M: Into<Member<'m>>>(&self, i: I, m: M, args: A) -...
[INFO] [stdout]     |                                   ^^^^^^^ required by this bound in `Proxy::<'a, C>::method_call`
[INFO] [stdout] 
[INFO] [stdout] 
[INFO] [stdout] For more information about this error, try `rustc --explain E0277`.
[INFO] [stdout] 
[INFO] [stderr] error: could not compile `xcap` (lib) due to 2 previous errors
[INFO] [stderr] warning: build failed, waiting for other jobs to finish...
[ERROR] error running command: no output for 300 seconds
[INFO] running `Command { std: "docker" "inspect" "bc2a4a97d347224d344685baac43f46350e2148534882db6cb81b9a8f0aa5117", kill_on_drop: false }`
[INFO] running `Command { std: "docker" "rm" "-f" "bc2a4a97d347224d344685baac43f46350e2148534882db6cb81b9a8f0aa5117", kill_on_drop: false }`
[INFO] [stdout] bc2a4a97d347224d344685baac43f46350e2148534882db6cb81b9a8f0aa5117
