[INFO] cloning repository https://github.com/MrZloHex/ZET
[INFO] running `Command { std: "git" "-c" "credential.helper=" "-c" "credential.helper=/workspace/cargo-home/bin/git-credential-null" "clone" "--bare" "https://github.com/MrZloHex/ZET" "/workspace/cache/git-repos/https%3A%2F%2Fgithub.com%2FMrZloHex%2FZET", kill_on_drop: false }`
[INFO] [stderr] Cloning into bare repository '/workspace/cache/git-repos/https%3A%2F%2Fgithub.com%2FMrZloHex%2FZET'...
[INFO] running `Command { std: "git" "rev-parse" "HEAD", kill_on_drop: false }`
[INFO] [stdout] 1bcd50f793a0d8c9e52fc0b4932d516d1f5c46be
[INFO] checking MrZloHex/ZET against e4d5758286bf2cf6f415802f2cf861747a7c6c8c for pr-152972
[INFO] running `Command { std: "git" "clone" "/workspace/cache/git-repos/https%3A%2F%2Fgithub.com%2FMrZloHex%2FZET" "/workspace/builds/worker-5-tc2/source", kill_on_drop: false }`
[INFO] [stderr] Cloning into '/workspace/builds/worker-5-tc2/source'...
[INFO] [stderr] done.
[INFO] started tweaking git repo https://github.com/MrZloHex/ZET
[INFO] finished tweaking git repo https://github.com/MrZloHex/ZET
[INFO] tweaked toml for git repo https://github.com/MrZloHex/ZET written to /workspace/builds/worker-5-tc2/source/Cargo.toml
[INFO] validating manifest of git repo https://github.com/MrZloHex/ZET on toolchain e4d5758286bf2cf6f415802f2cf861747a7c6c8c
[INFO] running `Command { std: CARGO_HOME="/workspace/cargo-home" RUSTUP_HOME="/workspace/rustup-home" "/workspace/cargo-home/bin/cargo" "+e4d5758286bf2cf6f415802f2cf861747a7c6c8c" "metadata" "--manifest-path" "Cargo.toml" "--no-deps", kill_on_drop: false }`
[INFO] crate git repo https://github.com/MrZloHex/ZET already has a lockfile, it will not be regenerated
[INFO] running `Command { std: CARGO_HOME="/workspace/cargo-home" RUSTUP_HOME="/workspace/rustup-home" "/workspace/cargo-home/bin/cargo" "+e4d5758286bf2cf6f415802f2cf861747a7c6c8c" "fetch" "--manifest-path" "Cargo.toml", kill_on_drop: false }`
[INFO] [stderr]     Blocking waiting for file lock on package cache
[INFO] [stderr]     Updating crates.io index
[INFO] [stderr]     Blocking waiting for file lock on package cache
[ERROR] error running command: no output for 300 seconds
[INFO] checking MrZloHex/ZET against e4d5758286bf2cf6f415802f2cf861747a7c6c8c for pr-152972
[INFO] running `Command { std: "git" "clone" "/workspace/cache/git-repos/https%3A%2F%2Fgithub.com%2FMrZloHex%2FZET" "/workspace/builds/worker-5-tc2/source", kill_on_drop: false }`
[INFO] [stderr] Cloning into '/workspace/builds/worker-5-tc2/source'...
[INFO] [stderr] done.
[INFO] started tweaking git repo https://github.com/MrZloHex/ZET
[INFO] finished tweaking git repo https://github.com/MrZloHex/ZET
[INFO] tweaked toml for git repo https://github.com/MrZloHex/ZET written to /workspace/builds/worker-5-tc2/source/Cargo.toml
[INFO] validating manifest of git repo https://github.com/MrZloHex/ZET on toolchain e4d5758286bf2cf6f415802f2cf861747a7c6c8c
[INFO] running `Command { std: CARGO_HOME="/workspace/cargo-home" RUSTUP_HOME="/workspace/rustup-home" "/workspace/cargo-home/bin/cargo" "+e4d5758286bf2cf6f415802f2cf861747a7c6c8c" "metadata" "--manifest-path" "Cargo.toml" "--no-deps", kill_on_drop: false }`
[INFO] crate git repo https://github.com/MrZloHex/ZET already has a lockfile, it will not be regenerated
[INFO] running `Command { std: CARGO_HOME="/workspace/cargo-home" RUSTUP_HOME="/workspace/rustup-home" "/workspace/cargo-home/bin/cargo" "+e4d5758286bf2cf6f415802f2cf861747a7c6c8c" "fetch" "--manifest-path" "Cargo.toml", kill_on_drop: false }`
[INFO] [stderr]     Blocking waiting for file lock on package cache
[INFO] [stderr]     Blocking waiting for file lock on package cache
[INFO] [stderr]  Downloading crates ...
[INFO] [stderr]   Downloaded bytes v0.6.0
[INFO] [stderr]   Downloaded tokio-macros v0.3.2
[INFO] [stderr]   Downloaded libp2p v0.31.2
[INFO] [stderr]   Downloaded prost-derive v0.6.1
[INFO] [stderr]   Downloaded libp2p-yamux v0.28.0
[INFO] [stderr]   Downloaded futures_codec v0.4.1
[INFO] [stderr]   Downloaded instant v0.1.10
[INFO] [stderr]   Downloaded libp2p-websocket v0.26.3
[INFO] [stderr]   Downloaded asn1_der_derive v0.1.2
[INFO] [stderr]   Downloaded libp2p-wasm-ext v0.25.0
[INFO] [stderr]   Downloaded libp2p-uds v0.25.0
[INFO] [stderr]   Downloaded prost v0.6.1
[INFO] [stderr]   Downloaded multistream-select v0.9.1
[INFO] [stderr]   Downloaded synstructure v0.12.5
[INFO] [stderr]   Downloaded prost-types v0.6.1
[INFO] [stderr]   Downloaded libp2p-tcp v0.25.1
[INFO] [stderr]   Downloaded minicbor v0.7.2
[INFO] [stderr]   Downloaded parity-multiaddr v0.10.1
[INFO] [stderr]   Downloaded anyhow v1.0.42
[INFO] [stderr]   Downloaded yamux v0.8.1
[INFO] [stderr]   Downloaded libp2p-plaintext v0.25.0
[INFO] [stderr]   Downloaded async-tls v0.11.0
[INFO] [stderr]   Downloaded libp2p-pnet v0.19.2
[INFO] [stderr]   Downloaded salsa20 v0.6.0
[INFO] [stderr]   Downloaded libp2p-ping v0.25.0
[INFO] [stderr]   Downloaded cc v1.0.69
[INFO] [stderr]   Downloaded libp2p-request-response v0.6.0
[INFO] [stderr]   Downloaded libp2p-noise v0.27.0
[INFO] [stderr]   Downloaded libp2p-swarm v0.25.1
[INFO] [stderr]   Downloaded libp2p-mdns v0.25.0
[INFO] [stderr]   Downloaded libp2p-identify v0.25.0
[INFO] [stderr]   Downloaded libp2p-floodsub v0.25.0
[INFO] [stderr]   Downloaded libp2p-deflate v0.25.0
[INFO] [stderr]   Downloaded libp2p-core-derive v0.21.0
[INFO] [stderr]   Downloaded itertools v0.8.2
[INFO] [stderr]   Downloaded libp2p-dns v0.25.0
[INFO] [stderr]   Downloaded libp2p-core v0.25.2
[INFO] [stderr]   Downloaded libp2p-mplex v0.25.0
[INFO] [stderr]   Downloaded lru_time_cache v0.11.11
[INFO] [stderr]   Downloaded uint v0.8.5
[INFO] [stderr]   Downloaded libp2p-gossipsub v0.25.0
[INFO] [stderr]   Downloaded libp2p-kad v0.26.0
[INFO] [stderr]   Downloaded tokio v0.3.7
[INFO] [stderr]   Downloaded libc v0.2.98
[INFO] [stderr]   Downloaded asn1_der v0.6.3
[INFO] [stderr]   Downloaded prost-build v0.6.1
[INFO] running `Command { std: "docker" "create" "-v" "/var/lib/crater-agent-workspace/builds/worker-5-tc2/source:/opt/rustwide/workdir:ro,Z" "-v" "/var/lib/crater-agent-workspace/builds/worker-5-tc2/target:/opt/rustwide/target:rw,Z" "-v" "/var/lib/crater-agent-workspace/cargo-home:/opt/rustwide/cargo-home:ro,Z" "-v" "/var/lib/crater-agent-workspace/rustup-home:/opt/rustwide/rustup-home:ro,Z" "-m" "1610612736" "--network" "none" "ghcr.io/rust-lang/crates-build-env/linux@sha256:3111399a4047eeb3a02b7a90e478d715f38a8c6669b5c4b49d30a17385265909" "sleep" "infinity", kill_on_drop: false }`
[INFO] [stdout] 32fd30ac9984fa5378461acb4203112073a7c00a4d090fd057ace0aeeeccfa7f
[INFO] running `Command { std: "docker" "start" "32fd30ac9984fa5378461acb4203112073a7c00a4d090fd057ace0aeeeccfa7f", kill_on_drop: false }`
[INFO] running `Command { std: "docker" "inspect" "32fd30ac9984fa5378461acb4203112073a7c00a4d090fd057ace0aeeeccfa7f", kill_on_drop: false }`
[INFO] running `Command { std: "docker" "exec" "-e" "SOURCE_DIR=/opt/rustwide/workdir" "-e" "CARGO_HOME=/opt/rustwide/cargo-home" "-e" "RUSTUP_HOME=/opt/rustwide/rustup-home" "-e" "CARGO_TARGET_DIR=/opt/rustwide/target" "-w" "/opt/rustwide/workdir" "--user" "0:0" "32fd30ac9984fa5378461acb4203112073a7c00a4d090fd057ace0aeeeccfa7f" "/opt/rustwide/cargo-home/bin/cargo" "+e4d5758286bf2cf6f415802f2cf861747a7c6c8c" "metadata" "--no-deps" "--format-version=1", kill_on_drop: false }`
[INFO] running `Command { std: "docker" "inspect" "32fd30ac9984fa5378461acb4203112073a7c00a4d090fd057ace0aeeeccfa7f", kill_on_drop: false }`
[INFO] running `Command { std: "docker" "exec" "-e" "SOURCE_DIR=/opt/rustwide/workdir" "-e" "CARGO_HOME=/opt/rustwide/cargo-home" "-e" "RUSTUP_HOME=/opt/rustwide/rustup-home" "-e" "CARGO_TARGET_DIR=/opt/rustwide/target" "-e" "CARGO_INCREMENTAL=0" "-e" "RUST_BACKTRACE=full" "-e" "RUSTFLAGS=--cap-lints=forbid" "-e" "RUSTDOCFLAGS=--cap-lints=forbid" "-w" "/opt/rustwide/workdir" "--user" "0:0" "32fd30ac9984fa5378461acb4203112073a7c00a4d090fd057ace0aeeeccfa7f" "/opt/rustwide/cargo-home/bin/cargo" "+e4d5758286bf2cf6f415802f2cf861747a7c6c8c" "check" "--frozen" "--all" "--all-targets" "--message-format=json", kill_on_drop: false }`
[INFO] [stderr]    Compiling syn v1.0.73
[INFO] [stderr]    Compiling libc v0.2.98
[INFO] [stderr]    Compiling log v0.4.14
[INFO] [stderr]    Compiling memchr v2.4.0
[INFO] [stderr]    Compiling anyhow v1.0.42
[INFO] [stderr]    Compiling either v1.6.1
[INFO] [stderr]    Compiling proc-macro2 v1.0.27
[INFO] [stderr]    Compiling indexmap v1.7.0
[INFO] [stderr]    Compiling ppv-lite86 v0.2.10
[INFO] [stderr]    Compiling hashbrown v0.11.2
[INFO] [stderr]    Compiling bytes v0.5.6
[INFO] [stderr]     Checking generic-array v0.14.4
[INFO] [stderr]    Compiling remove_dir_all v0.5.3
[INFO] [stderr]    Compiling cc v1.0.69
[INFO] [stderr]    Compiling fixedbitset v0.2.0
[INFO] [stderr]    Compiling multimap v0.8.3
[INFO] [stderr]    Compiling futures-util v0.3.15
[INFO] [stdout] error[E0422]: cannot find struct, variant or union type `LineColumn` in crate `proc_macro`
[INFO] [stdout]    --> /opt/rustwide/cargo-home/registry/src/index.crates.io-1949cf8c6b5b557f/proc-macro2-1.0.27/src/wrapper.rs:485:33
[INFO] [stdout]     |
[INFO] [stdout] 485 |                 let proc_macro::LineColumn { line, column } = s.start();
[INFO] [stdout]     |                                 ^^^^^^^^^^ not found in `proc_macro`
[INFO] [stdout]     |
[INFO] [stdout] help: consider importing one of these structs
[INFO] [stdout]     |
[INFO] [stdout]   1 + use crate::LineColumn;
[INFO] [stdout]     |
[INFO] [stdout]   1 + use crate::fallback::LineColumn;
[INFO] [stdout]     |
[INFO] [stdout] help: if you import `LineColumn`, refer to it directly
[INFO] [stdout]     |
[INFO] [stdout] 485 -                 let proc_macro::LineColumn { line, column } = s.start();
[INFO] [stdout] 485 +                 let LineColumn { line, column } = s.start();
[INFO] [stdout]     |
[INFO] [stdout] 
[INFO] [stdout] 
[INFO] [stdout] error[E0422]: cannot find struct, variant or union type `LineColumn` in crate `proc_macro`
[INFO] [stdout]    --> /opt/rustwide/cargo-home/registry/src/index.crates.io-1949cf8c6b5b557f/proc-macro2-1.0.27/src/wrapper.rs:502:33
[INFO] [stdout]     |
[INFO] [stdout] 502 |                 let proc_macro::LineColumn { line, column } = s.end();
[INFO] [stdout]     |                                 ^^^^^^^^^^ not found in `proc_macro`
[INFO] [stdout]     |
[INFO] [stdout] help: consider importing one of these structs
[INFO] [stdout]     |
[INFO] [stdout]   1 + use crate::LineColumn;
[INFO] [stdout]     |
[INFO] [stdout]   1 + use crate::fallback::LineColumn;
[INFO] [stdout]     |
[INFO] [stdout] help: if you import `LineColumn`, refer to it directly
[INFO] [stdout]     |
[INFO] [stdout] 502 -                 let proc_macro::LineColumn { line, column } = s.end();
[INFO] [stdout] 502 +                 let LineColumn { line, column } = s.end();
[INFO] [stdout]     |
[INFO] [stdout] 
[INFO] [stdout] 
[INFO] [stderr]    Compiling itertools v0.8.2
[INFO] [stderr]     Checking subtle v2.4.1
[INFO] [stderr]     Checking once_cell v1.8.0
[INFO] [stderr]    Compiling pin-project-internal v0.4.28
[INFO] [stderr]    Compiling serde v1.0.126
[INFO] [stderr]     Checking generic-array v0.12.4
[INFO] [stderr]    Compiling proc-macro-error-attr v1.0.4
[INFO] [stderr]     Checking digest v0.9.0
[INFO] [stderr]     Checking block-buffer v0.9.0
[INFO] [stdout] For more information about this error, try `rustc --explain E0422`.
[INFO] [stdout] 
[INFO] [stderr]    Compiling proc-macro-error v1.0.4
[INFO] [stderr] error: could not compile `proc-macro2` (lib) due to 2 previous errors
[INFO] [stderr] warning: build failed, waiting for other jobs to finish...
[INFO] running `Command { std: "docker" "inspect" "32fd30ac9984fa5378461acb4203112073a7c00a4d090fd057ace0aeeeccfa7f", kill_on_drop: false }`
[INFO] running `Command { std: "docker" "rm" "-f" "32fd30ac9984fa5378461acb4203112073a7c00a4d090fd057ace0aeeeccfa7f", kill_on_drop: false }`
[INFO] [stdout] 32fd30ac9984fa5378461acb4203112073a7c00a4d090fd057ace0aeeeccfa7f
