[INFO] cloning repository https://github.com/Julia-Roman/bestlogs-rs
[INFO] running `Command { std: "git" "-c" "credential.helper=" "-c" "credential.helper=/workspace/cargo-home/bin/git-credential-null" "clone" "--bare" "https://github.com/Julia-Roman/bestlogs-rs" "/workspace/cache/git-repos/https%3A%2F%2Fgithub.com%2FJulia-Roman%2Fbestlogs-rs", kill_on_drop: false }`
[INFO] [stderr] Cloning into bare repository '/workspace/cache/git-repos/https%3A%2F%2Fgithub.com%2FJulia-Roman%2Fbestlogs-rs'...
[INFO] running `Command { std: "git" "rev-parse" "HEAD", kill_on_drop: false }`
[INFO] [stdout] ee5a59ee38ff6f47152aa10a1b003b92ac109d1b
[INFO] checking Julia-Roman/bestlogs-rs against e4d5758286bf2cf6f415802f2cf861747a7c6c8c for pr-152972
[INFO] running `Command { std: "git" "clone" "/workspace/cache/git-repos/https%3A%2F%2Fgithub.com%2FJulia-Roman%2Fbestlogs-rs" "/workspace/builds/worker-4-tc2/source", kill_on_drop: false }`
[INFO] [stderr] Cloning into '/workspace/builds/worker-4-tc2/source'...
[INFO] [stderr] done.
[INFO] started tweaking git repo https://github.com/Julia-Roman/bestlogs-rs
[INFO] finished tweaking git repo https://github.com/Julia-Roman/bestlogs-rs
[INFO] tweaked toml for git repo https://github.com/Julia-Roman/bestlogs-rs written to /workspace/builds/worker-4-tc2/source/Cargo.toml
[INFO] validating manifest of git repo https://github.com/Julia-Roman/bestlogs-rs on toolchain e4d5758286bf2cf6f415802f2cf861747a7c6c8c
[INFO] running `Command { std: CARGO_HOME="/workspace/cargo-home" RUSTUP_HOME="/workspace/rustup-home" "/workspace/cargo-home/bin/cargo" "+e4d5758286bf2cf6f415802f2cf861747a7c6c8c" "metadata" "--manifest-path" "Cargo.toml" "--no-deps", kill_on_drop: false }`
[INFO] crate git repo https://github.com/Julia-Roman/bestlogs-rs already has a lockfile, it will not be regenerated
[INFO] running `Command { std: CARGO_HOME="/workspace/cargo-home" RUSTUP_HOME="/workspace/rustup-home" "/workspace/cargo-home/bin/cargo" "+e4d5758286bf2cf6f415802f2cf861747a7c6c8c" "fetch" "--manifest-path" "Cargo.toml", kill_on_drop: false }`
[INFO] [stderr]     Blocking waiting for file lock on package cache
[INFO] [stderr]     Blocking waiting for file lock on package cache
[ERROR] error running command: no output for 300 seconds
[INFO] checking Julia-Roman/bestlogs-rs against e4d5758286bf2cf6f415802f2cf861747a7c6c8c for pr-152972
[INFO] running `Command { std: "git" "clone" "/workspace/cache/git-repos/https%3A%2F%2Fgithub.com%2FJulia-Roman%2Fbestlogs-rs" "/workspace/builds/worker-4-tc2/source", kill_on_drop: false }`
[INFO] [stderr] Cloning into '/workspace/builds/worker-4-tc2/source'...
[INFO] [stderr] done.
[INFO] started tweaking git repo https://github.com/Julia-Roman/bestlogs-rs
[INFO] finished tweaking git repo https://github.com/Julia-Roman/bestlogs-rs
[INFO] tweaked toml for git repo https://github.com/Julia-Roman/bestlogs-rs written to /workspace/builds/worker-4-tc2/source/Cargo.toml
[INFO] validating manifest of git repo https://github.com/Julia-Roman/bestlogs-rs on toolchain e4d5758286bf2cf6f415802f2cf861747a7c6c8c
[INFO] running `Command { std: CARGO_HOME="/workspace/cargo-home" RUSTUP_HOME="/workspace/rustup-home" "/workspace/cargo-home/bin/cargo" "+e4d5758286bf2cf6f415802f2cf861747a7c6c8c" "metadata" "--manifest-path" "Cargo.toml" "--no-deps", kill_on_drop: false }`
[INFO] crate git repo https://github.com/Julia-Roman/bestlogs-rs already has a lockfile, it will not be regenerated
[INFO] running `Command { std: CARGO_HOME="/workspace/cargo-home" RUSTUP_HOME="/workspace/rustup-home" "/workspace/cargo-home/bin/cargo" "+e4d5758286bf2cf6f415802f2cf861747a7c6c8c" "fetch" "--manifest-path" "Cargo.toml", kill_on_drop: false }`
[INFO] [stderr]     Blocking waiting for file lock on package cache
[INFO] [stderr]     Blocking waiting for file lock on package cache
[INFO] [stderr]  Downloading crates ...
[INFO] [stderr]   Downloaded async-compression v0.4.43
[INFO] [stderr]   Downloaded moka v0.12.16
[INFO] running `Command { std: "docker" "create" "-v" "/var/lib/crater-agent-workspace/builds/worker-4-tc2/source:/opt/rustwide/workdir:ro,Z" "-v" "/var/lib/crater-agent-workspace/builds/worker-4-tc2/target:/opt/rustwide/target:rw,Z" "-v" "/var/lib/crater-agent-workspace/cargo-home:/opt/rustwide/cargo-home:ro,Z" "-v" "/var/lib/crater-agent-workspace/rustup-home:/opt/rustwide/rustup-home:ro,Z" "-m" "1610612736" "--network" "none" "ghcr.io/rust-lang/crates-build-env/linux@sha256:3111399a4047eeb3a02b7a90e478d715f38a8c6669b5c4b49d30a17385265909" "sleep" "infinity", kill_on_drop: false }`
[INFO] [stdout] 2373e4051d78cdbb9bc587b3ceba6b0fe807e9264cb2658a2ee06fee1f9426f3
[INFO] running `Command { std: "docker" "start" "2373e4051d78cdbb9bc587b3ceba6b0fe807e9264cb2658a2ee06fee1f9426f3", kill_on_drop: false }`
[INFO] running `Command { std: "docker" "inspect" "2373e4051d78cdbb9bc587b3ceba6b0fe807e9264cb2658a2ee06fee1f9426f3", kill_on_drop: false }`
[INFO] running `Command { std: "docker" "exec" "-e" "SOURCE_DIR=/opt/rustwide/workdir" "-e" "CARGO_HOME=/opt/rustwide/cargo-home" "-e" "RUSTUP_HOME=/opt/rustwide/rustup-home" "-e" "CARGO_TARGET_DIR=/opt/rustwide/target" "-w" "/opt/rustwide/workdir" "--user" "0:0" "2373e4051d78cdbb9bc587b3ceba6b0fe807e9264cb2658a2ee06fee1f9426f3" "/opt/rustwide/cargo-home/bin/cargo" "+e4d5758286bf2cf6f415802f2cf861747a7c6c8c" "metadata" "--no-deps" "--format-version=1", kill_on_drop: false }`
[INFO] running `Command { std: "docker" "inspect" "2373e4051d78cdbb9bc587b3ceba6b0fe807e9264cb2658a2ee06fee1f9426f3", kill_on_drop: false }`
[INFO] running `Command { std: "docker" "exec" "-e" "SOURCE_DIR=/opt/rustwide/workdir" "-e" "CARGO_HOME=/opt/rustwide/cargo-home" "-e" "RUSTUP_HOME=/opt/rustwide/rustup-home" "-e" "CARGO_TARGET_DIR=/opt/rustwide/target" "-e" "CARGO_INCREMENTAL=0" "-e" "RUST_BACKTRACE=full" "-e" "RUSTFLAGS=--cap-lints=forbid" "-e" "RUSTDOCFLAGS=--cap-lints=forbid" "-w" "/opt/rustwide/workdir" "--user" "0:0" "2373e4051d78cdbb9bc587b3ceba6b0fe807e9264cb2658a2ee06fee1f9426f3" "/opt/rustwide/cargo-home/bin/cargo" "+e4d5758286bf2cf6f415802f2cf861747a7c6c8c" "check" "--frozen" "--all" "--all-targets" "--message-format=json", kill_on_drop: false }`
[INFO] [stderr]     Checking log v0.4.34
[INFO] [stderr]    Compiling serde_core v1.0.229
[INFO] [stderr]     Checking futures-task v0.3.34
[INFO] [stderr]     Checking futures-io v0.3.34
[INFO] [stderr]     Checking futures-channel v0.3.34
[INFO] [stderr]    Compiling syn v3.0.4
[INFO] [stderr]    Compiling cc v1.4.4
[INFO] [stderr]    Compiling hybrid-array v0.4.14
[INFO] [stderr]    Compiling crossbeam-utils v0.8.22
[INFO] [stderr]    Compiling crc32fast v1.5.1
[INFO] [stderr]    Compiling zstd-safe v7.2.4
[INFO] [stderr]     Checking miniz_oxide v0.9.1
[INFO] [stderr]     Checking aho-corasick v1.1.5
[INFO] [stderr]    Compiling cpufeatures v0.3.1
[INFO] [stderr]    Compiling portable-atomic v1.15.0
[INFO] [stderr]    Compiling crossbeam-epoch v0.9.20
[INFO] [stderr]     Checking tracing v0.1.44
[INFO] [stderr]     Checking bitflags v2.13.0
[INFO] [stderr]     Checking getrandom v0.4.3
[INFO] [stderr]     Checking event-listener-strategy v0.5.4
[INFO] [stderr]    Compiling anyhow v1.0.104
[INFO] [stderr]     Checking tracing-log v0.2.0
[INFO] [stderr]     Checking uuid v1.26.0
[INFO] [stderr]    Compiling bestlogs-rs v0.1.0 (/opt/rustwide/workdir)
[INFO] [stderr]     Checking async-lock v3.4.2
[INFO] [stderr]     Checking axum-core v0.5.6
[INFO] [stderr]     Checking flate2 v1.1.10
[INFO] [stderr]    Compiling crypto-common v0.2.2
[INFO] [stderr]    Compiling block-buffer v0.12.1
[INFO] [stderr]     Checking crossbeam-channel v0.5.16
[INFO] [stderr]     Checking dashmap v6.2.1
[INFO] [stderr]     Checking regex-automata v0.4.18
[INFO] [stderr]    Compiling cmake v0.1.58
[INFO] [stderr]    Compiling zstd-sys v2.0.16+zstd.1.5.7
[INFO] [stderr]    Compiling aws-lc-sys v0.44.0
[INFO] [stderr]     Checking digest v0.11.3
[INFO] [stderr]    Compiling sha2 v0.11.0
[INFO] [stderr]     Checking rust-embed-utils v8.12.0
[INFO] [stderr]    Compiling rust-embed-impl v8.12.0
[INFO] [stderr]     Checking indexmap v2.14.1
[INFO] [stderr]     Checking serde_json v1.0.151
[INFO] [stderr]     Checking serde_path_to_error v0.1.20
[INFO] [stderr]     Checking rust-embed v8.12.0
[INFO] [stderr]    Compiling zerovec-derive v0.11.6
[INFO] [stderr]    Compiling tokio-macros v2.7.2
[INFO] [stderr]    Compiling displaydoc v0.2.7
[INFO] [stderr]    Compiling futures-macro v0.3.34
[INFO] [stderr]    Compiling serde_derive v1.0.229
[INFO] [stderr]     Checking matchers v0.2.0
[INFO] [stderr]     Checking regex v1.13.1
[INFO] [stderr]     Checking tracing-subscriber v0.3.23
[INFO] [stderr]     Checking zerotrie v0.2.5
[INFO] [stderr]     Checking futures-util v0.3.34
[INFO] [stderr]     Checking tokio v1.53.1
[INFO] [stderr]     Checking zerovec v0.11.8
[INFO] [stderr]     Checking tinystr v0.8.4
[INFO] [stderr]     Checking potential_utf v0.1.6
[INFO] [stderr]     Checking icu_collections v2.3.0
[INFO] [stderr]     Checking icu_locale_core v2.3.0
[INFO] [stderr]     Checking zstd v0.13.3
[INFO] [stderr]     Checking compression-codecs v0.4.38
[INFO] [stderr]     Checking serde v1.0.229
[INFO] [stderr]     Checking icu_provider v2.3.1
[INFO] [stderr]     Checking icu_normalizer v2.3.0
[INFO] [stderr]     Checking icu_properties v2.3.0
[INFO] [stderr]     Checking serde_urlencoded v0.7.1
[INFO] [stderr]     Checking chrono v0.4.45
[INFO] [stderr]     Checking futures-executor v0.3.34
[INFO] [stderr]     Checking moka v0.12.16
[INFO] [stderr]     Checking futures v0.3.34
[INFO] [stderr]     Checking idna_adapter v1.2.2
[INFO] [stderr]     Checking idna v1.1.0
[INFO] [stderr]     Checking url v2.5.8
[INFO] [stderr]     Checking tokio-util v0.7.19
[INFO] [stderr]     Checking tower v0.5.3
[INFO] [stderr]     Checking async-compression v0.4.43
[INFO] [stderr]     Checking h2 v0.4.19
[INFO] [stderr]     Checking tower-http v0.6.11
[INFO] [stderr]     Checking tower-http v0.7.1
[INFO] [stderr]     Checking hyper v1.11.1
[INFO] [stderr]    Compiling aws-lc-rs v1.18.0
[INFO] [stderr]    Compiling rustls v0.23.43
[INFO] [stderr]     Checking hyper-util v0.1.20
[INFO] [stderr]     Checking rustls-webpki v0.103.15
[INFO] [stderr]     Checking axum v0.8.9
[INFO] [stderr]     Checking tokio-rustls v0.26.4
[INFO] [stderr]     Checking rustls-platform-verifier v0.7.0
[INFO] [stderr]     Checking hyper-rustls v0.27.9
[INFO] [stderr]     Checking reqwest v0.13.4
[INFO] [stdout] error: #[derive(RustEmbed)] folder '/opt/rustwide/workdir/frontend/build/' does not exist. cwd: '/opt/rustwide/workdir'
[INFO] [stdout]  --> src/web/static_files.rs:6:1
[INFO] [stdout]   |
[INFO] [stdout] 6 | / #[folder = "frontend/build/"]
[INFO] [stdout] 7 | | struct Assets;
[INFO] [stdout]   | |______________^
[INFO] [stdout] 
[INFO] [stdout] 
[INFO] [stdout] error: #[derive(RustEmbed)] folder '/opt/rustwide/workdir/frontend/build/' does not exist. cwd: '/opt/rustwide/workdir'
[INFO] [stdout]  --> src/web/static_files.rs:6:1
[INFO] [stdout]   |
[INFO] [stdout] 6 | / #[folder = "frontend/build/"]
[INFO] [stdout] 7 | | struct Assets;
[INFO] [stdout]   | |______________^
[INFO] [stdout] 
[INFO] [stdout] 
[INFO] [stdout] error[E0599]: no associated function or constant named `get` found for struct `Assets` in the current scope
[INFO] [stdout]   --> src/web/static_files.rs:10:25
[INFO] [stdout]    |
[INFO] [stdout]  7 | struct Assets;
[INFO] [stdout]    | ------------- associated function or constant `get` not found for this struct
[INFO] [stdout] ...
[INFO] [stdout] 10 |     let asset = Assets::get(path)?;
[INFO] [stdout]    |                         ^^^ associated function or constant not found in `Assets`
[INFO] [stdout]    |
[INFO] [stdout]    = help: items from traits can only be used if the trait is implemented and in scope
[INFO] [stdout]    = note: the following traits define an item `get`, perhaps you need to implement one of them:
[INFO] [stdout]            candidate #1: `Embed`
[INFO] [stdout]            candidate #2: `SliceIndex`
[INFO] [stdout]            candidate #3: `icu_collections::codepointtrie::cptrie::TypedCodePointTrie`
[INFO] [stdout]            candidate #4: `icu_properties::names::PropertyEnumToValueNameLookup`
[INFO] [stdout]            candidate #5: `icu_provider::baked::DataStore`
[INFO] [stdout]            candidate #6: `rustls::server::server_conn::StoresServerSessions`
[INFO] [stdout] 
[INFO] [stdout] 
[INFO] [stdout] error[E0599]: no associated function or constant named `get` found for struct `Assets` in the current scope
[INFO] [stdout]   --> src/web/static_files.rs:10:25
[INFO] [stdout]    |
[INFO] [stdout]  7 | struct Assets;
[INFO] [stdout]    | ------------- associated function or constant `get` not found for this struct
[INFO] [stdout] ...
[INFO] [stdout] 10 |     let asset = Assets::get(path)?;
[INFO] [stdout]    |                         ^^^ associated function or constant not found in `Assets`
[INFO] [stdout]    |
[INFO] [stdout]    = help: items from traits can only be used if the trait is implemented and in scope
[INFO] [stdout]    = note: the following traits define an item `get`, perhaps you need to implement one of them:
[INFO] [stdout]            candidate #1: `Embed`
[INFO] [stdout]            candidate #2: `SliceIndex`
[INFO] [stdout]            candidate #3: `icu_collections::codepointtrie::cptrie::TypedCodePointTrie`
[INFO] [stdout]            candidate #4: `icu_properties::names::PropertyEnumToValueNameLookup`
[INFO] [stdout]            candidate #5: `icu_provider::baked::DataStore`
[INFO] [stdout]            candidate #6: `rustls::server::server_conn::StoresServerSessions`
[INFO] [stdout] 
[INFO] [stdout] 
[INFO] [stdout] warning: overflow evaluating the requirement `fn(State<Arc<AppState>>, axum::extract::Path<std::string::String>, Query<ApiQuery>, HeaderMap, Uri) -> impl futures::Future<Output = _> {api_channel}: Handler<_, _>`
[INFO] [stdout]   --> src/web/mod.rs:25:34
[INFO] [stdout]    |
[INFO] [stdout] 25 |         .route("/api/{channel}", get(api::api_channel))
[INFO] [stdout]    |                                  ^^^^^^^^^^^^^^^^^^^^^
[INFO] [stdout]    |
[INFO] [stdout]    = note: which requires `impl futures::Future<Output = axum::http::Response<axum::body::Body>>: std::marker::Send`
[INFO] [stdout]    = note: which requires `{async fn body of api::api_channel()}: std::marker::Send`
[INFO] [stdout]    = note: which requires `{coroutine witness@src/web/api.rs:272:15: 274:2}: std::marker::Send`
[INFO] [stdout]    = note: which requires `impl futures::Future<Output = axum::http::Response<axum::body::Body>>: std::marker::Send`
[INFO] [stdout]    = note: which requires `{async fn body of api::api_lookup()}: std::marker::Send`
[INFO] [stdout]    = note: which requires `{coroutine witness@src/web/api.rs:210:15: 264:2}: std::marker::Send`
[INFO] [stdout]    = note: which requires `impl futures::Future<Output = InstanceResult>: std::marker::Send`
[INFO] [stdout]    = note: which requires `{async fn body of instance::get_instance()}: std::marker::Send`
[INFO] [stdout]    = note: which requires `{coroutine witness@src/logs/instance.rs:404:21: 598:2}: std::marker::Send`
[INFO] [stdout]    = note: which requires `JoinAll<impl futures::Future<Output = GetLogsOutcome>>: std::marker::Send`
[INFO] [stdout]    = note: which requires `futures::future::join_all::JoinAllKind<impl futures::Future<Output = GetLogsOutcome>>: std::marker::Send`
[INFO] [stdout]    = note: which requires `Pin<Box<[MaybeDone<impl futures::Future<Output = GetLogsOutcome>>]>>: std::marker::Send`
[INFO] [stdout]    = note: which requires `Box<[MaybeDone<impl futures::Future<Output = GetLogsOutcome>>]>: std::marker::Send`
[INFO] [stdout]    = note: which requires `std::ptr::Unique<[MaybeDone<impl futures::Future<Output = GetLogsOutcome>>]>: std::marker::Send`
[INFO] [stdout]    = note: which requires `[MaybeDone<impl futures::Future<Output = GetLogsOutcome>>]: std::marker::Send`
[INFO] [stdout]    = note: and so on...
[INFO] [stdout]    = help: consider adding a manual `impl` of auto traits like `Send` for intermediate types, if auto traits are involved
[INFO] [stdout]    = help: or consider increasing the recursion limit by adding a `#![recursion_limit = "256"]` attribute to your crate (`bestlogs_rs`)
[INFO] [stdout]    = note: this lint is attached to the whole crate and can't be disabled on a per-function basis
[INFO] [stdout]    = warning: this was previously accepted by the compiler but is being phased out; it will become a hard error in a future release!
[INFO] [stdout]    = note: for more information, see issue #159228 <https://github.com/rust-lang/rust/issues/159228>
[INFO] [stdout]    = note: `#[warn(recursion_depth_exceeding_limit)]` (part of `#[warn(future_incompatible)]`) on by default
[INFO] [stdout] 
[INFO] [stdout] 
[INFO] [stdout] warning: overflow evaluating the requirement `fn(State<Arc<AppState>>, axum::extract::Path<std::string::String>, Query<ApiQuery>, HeaderMap, Uri) -> impl futures::Future<Output = _> {api_channel}: Handler<_, _>`
[INFO] [stdout]   --> src/web/mod.rs:25:34
[INFO] [stdout]    |
[INFO] [stdout] 25 |         .route("/api/{channel}", get(api::api_channel))
[INFO] [stdout]    |                                  ^^^^^^^^^^^^^^^^^^^^^
[INFO] [stdout]    |
[INFO] [stdout]    = note: which requires `impl futures::Future<Output = axum::http::Response<axum::body::Body>>: std::marker::Send`
[INFO] [stdout]    = note: which requires `{async fn body of api::api_channel()}: std::marker::Send`
[INFO] [stdout]    = note: which requires `{coroutine witness@src/web/api.rs:272:15: 274:2}: std::marker::Send`
[INFO] [stdout]    = note: which requires `impl futures::Future<Output = axum::http::Response<axum::body::Body>>: std::marker::Send`
[INFO] [stdout]    = note: which requires `{async fn body of api::api_lookup()}: std::marker::Send`
[INFO] [stdout]    = note: which requires `{coroutine witness@src/web/api.rs:210:15: 264:2}: std::marker::Send`
[INFO] [stdout]    = note: which requires `impl futures::Future<Output = InstanceResult>: std::marker::Send`
[INFO] [stdout]    = note: which requires `{async fn body of instance::get_instance()}: std::marker::Send`
[INFO] [stdout]    = note: which requires `{coroutine witness@src/logs/instance.rs:404:21: 598:2}: std::marker::Send`
[INFO] [stdout]    = note: which requires `JoinAll<impl futures::Future<Output = GetLogsOutcome>>: std::marker::Send`
[INFO] [stdout]    = note: which requires `futures::future::join_all::JoinAllKind<impl futures::Future<Output = GetLogsOutcome>>: std::marker::Send`
[INFO] [stdout]    = note: which requires `Pin<Box<[MaybeDone<impl futures::Future<Output = GetLogsOutcome>>]>>: std::marker::Send`
[INFO] [stdout]    = note: which requires `Box<[MaybeDone<impl futures::Future<Output = GetLogsOutcome>>]>: std::marker::Send`
[INFO] [stdout]    = note: which requires `std::ptr::Unique<[MaybeDone<impl futures::Future<Output = GetLogsOutcome>>]>: std::marker::Send`
[INFO] [stdout]    = note: which requires `[MaybeDone<impl futures::Future<Output = GetLogsOutcome>>]: std::marker::Send`
[INFO] [stdout]    = note: and so on...
[INFO] [stdout]    = help: consider adding a manual `impl` of auto traits like `Send` for intermediate types, if auto traits are involved
[INFO] [stdout]    = help: or consider increasing the recursion limit by adding a `#![recursion_limit = "256"]` attribute to your crate (`bestlogs_rs`)
[INFO] [stdout]    = note: this lint is attached to the whole crate and can't be disabled on a per-function basis
[INFO] [stdout]    = warning: this was previously accepted by the compiler but is being phased out; it will become a hard error in a future release!
[INFO] [stdout]    = note: for more information, see issue #159228 <https://github.com/rust-lang/rust/issues/159228>
[INFO] [stdout]    = note: `#[warn(recursion_depth_exceeding_limit)]` (part of `#[warn(future_incompatible)]`) on by default
[INFO] [stdout] 
[INFO] [stdout] 
[INFO] [stdout] For more information about this error, try `rustc --explain E0599`.
[INFO] [stdout] 
[INFO] [stderr] error: could not compile `bestlogs-rs` (bin "bestlogs-rs" test) due to 2 previous errors; 1 warning emitted
[INFO] [stderr] warning: build failed, waiting for other jobs to finish...
[INFO] [stdout] For more information about this error, try `rustc --explain E0599`.
[INFO] [stdout] 
[INFO] [stderr] error: could not compile `bestlogs-rs` (bin "bestlogs-rs") due to 2 previous errors; 1 warning emitted
[INFO] running `Command { std: "docker" "inspect" "2373e4051d78cdbb9bc587b3ceba6b0fe807e9264cb2658a2ee06fee1f9426f3", kill_on_drop: false }`
[INFO] running `Command { std: "docker" "rm" "-f" "2373e4051d78cdbb9bc587b3ceba6b0fe807e9264cb2658a2ee06fee1f9426f3", kill_on_drop: false }`
[INFO] [stdout] 2373e4051d78cdbb9bc587b3ceba6b0fe807e9264cb2658a2ee06fee1f9426f3
