[INFO] cloning repository https://github.com/Julgodis/kura-indexer
[INFO] running `Command { std: "git" "-c" "credential.helper=" "-c" "credential.helper=/workspace/cargo-home/bin/git-credential-null" "clone" "--bare" "https://github.com/Julgodis/kura-indexer" "/workspace/cache/git-repos/https%3A%2F%2Fgithub.com%2FJulgodis%2Fkura-indexer", kill_on_drop: false }`
[INFO] [stderr] Cloning into bare repository '/workspace/cache/git-repos/https%3A%2F%2Fgithub.com%2FJulgodis%2Fkura-indexer'...
[INFO] running `Command { std: "git" "rev-parse" "HEAD", kill_on_drop: false }`
[INFO] [stdout] 93ef39464550e144aa99f0b5ca95f22c748bdd58
[INFO] checking Julgodis/kura-indexer against e4d5758286bf2cf6f415802f2cf861747a7c6c8c for pr-152972
[INFO] running `Command { std: "git" "clone" "/workspace/cache/git-repos/https%3A%2F%2Fgithub.com%2FJulgodis%2Fkura-indexer" "/workspace/builds/worker-0-tc2/source", kill_on_drop: false }`
[INFO] [stderr] Cloning into '/workspace/builds/worker-0-tc2/source'...
[INFO] [stderr] done.
[INFO] started tweaking git repo https://github.com/Julgodis/kura-indexer
[INFO] finished tweaking git repo https://github.com/Julgodis/kura-indexer
[INFO] tweaked toml for git repo https://github.com/Julgodis/kura-indexer written to /workspace/builds/worker-0-tc2/source/Cargo.toml
[INFO] validating manifest of git repo https://github.com/Julgodis/kura-indexer on toolchain e4d5758286bf2cf6f415802f2cf861747a7c6c8c
[INFO] running `Command { std: CARGO_HOME="/workspace/cargo-home" RUSTUP_HOME="/workspace/rustup-home" "/workspace/cargo-home/bin/cargo" "+e4d5758286bf2cf6f415802f2cf861747a7c6c8c" "metadata" "--manifest-path" "Cargo.toml" "--no-deps", kill_on_drop: false }`
[INFO] crate git repo https://github.com/Julgodis/kura-indexer already has a lockfile, it will not be regenerated
[INFO] running `Command { std: CARGO_HOME="/workspace/cargo-home" RUSTUP_HOME="/workspace/rustup-home" "/workspace/cargo-home/bin/cargo" "+e4d5758286bf2cf6f415802f2cf861747a7c6c8c" "fetch" "--manifest-path" "Cargo.toml", kill_on_drop: false }`
[INFO] [stderr]     Blocking waiting for file lock on package cache
[INFO] [stderr]     Blocking waiting for file lock on package cache
[ERROR] error running command: no output for 300 seconds
[INFO] checking Julgodis/kura-indexer against e4d5758286bf2cf6f415802f2cf861747a7c6c8c for pr-152972
[INFO] running `Command { std: "git" "clone" "/workspace/cache/git-repos/https%3A%2F%2Fgithub.com%2FJulgodis%2Fkura-indexer" "/workspace/builds/worker-0-tc2/source", kill_on_drop: false }`
[INFO] [stderr] Cloning into '/workspace/builds/worker-0-tc2/source'...
[INFO] [stderr] done.
[INFO] started tweaking git repo https://github.com/Julgodis/kura-indexer
[INFO] finished tweaking git repo https://github.com/Julgodis/kura-indexer
[INFO] tweaked toml for git repo https://github.com/Julgodis/kura-indexer written to /workspace/builds/worker-0-tc2/source/Cargo.toml
[INFO] validating manifest of git repo https://github.com/Julgodis/kura-indexer on toolchain e4d5758286bf2cf6f415802f2cf861747a7c6c8c
[INFO] running `Command { std: CARGO_HOME="/workspace/cargo-home" RUSTUP_HOME="/workspace/rustup-home" "/workspace/cargo-home/bin/cargo" "+e4d5758286bf2cf6f415802f2cf861747a7c6c8c" "metadata" "--manifest-path" "Cargo.toml" "--no-deps", kill_on_drop: false }`
[INFO] crate git repo https://github.com/Julgodis/kura-indexer already has a lockfile, it will not be regenerated
[INFO] running `Command { std: CARGO_HOME="/workspace/cargo-home" RUSTUP_HOME="/workspace/rustup-home" "/workspace/cargo-home/bin/cargo" "+e4d5758286bf2cf6f415802f2cf861747a7c6c8c" "fetch" "--manifest-path" "Cargo.toml", kill_on_drop: false }`
[INFO] [stderr]     Blocking waiting for file lock on package cache
[INFO] [stderr]     Blocking waiting for file lock on package cache
[INFO] [stderr]  Downloading crates ...
[INFO] [stderr]   Downloaded once_cell v1.21.2
[INFO] [stderr]   Downloaded iana-time-zone v0.1.62
[INFO] running `Command { std: "docker" "create" "-v" "/var/lib/crater-agent-workspace/builds/worker-0-tc2/source:/opt/rustwide/workdir:ro,Z" "-v" "/var/lib/crater-agent-workspace/builds/worker-0-tc2/target:/opt/rustwide/target:rw,Z" "-v" "/var/lib/crater-agent-workspace/cargo-home:/opt/rustwide/cargo-home:ro,Z" "-v" "/var/lib/crater-agent-workspace/rustup-home:/opt/rustwide/rustup-home:ro,Z" "-m" "1610612736" "--network" "none" "ghcr.io/rust-lang/crates-build-env/linux@sha256:3111399a4047eeb3a02b7a90e478d715f38a8c6669b5c4b49d30a17385265909" "sleep" "infinity", kill_on_drop: false }`
[INFO] [stdout] 994eb5b6f001bfb8a3f3a4fccf3f46324d51abd05450731353b911c7797602a0
[INFO] running `Command { std: "docker" "start" "994eb5b6f001bfb8a3f3a4fccf3f46324d51abd05450731353b911c7797602a0", kill_on_drop: false }`
[INFO] running `Command { std: "docker" "inspect" "994eb5b6f001bfb8a3f3a4fccf3f46324d51abd05450731353b911c7797602a0", kill_on_drop: false }`
[INFO] running `Command { std: "docker" "exec" "-e" "SOURCE_DIR=/opt/rustwide/workdir" "-e" "CARGO_HOME=/opt/rustwide/cargo-home" "-e" "RUSTUP_HOME=/opt/rustwide/rustup-home" "-e" "CARGO_TARGET_DIR=/opt/rustwide/target" "-w" "/opt/rustwide/workdir" "--user" "0:0" "994eb5b6f001bfb8a3f3a4fccf3f46324d51abd05450731353b911c7797602a0" "/opt/rustwide/cargo-home/bin/cargo" "+e4d5758286bf2cf6f415802f2cf861747a7c6c8c" "metadata" "--no-deps" "--format-version=1", kill_on_drop: false }`
[INFO] running `Command { std: "docker" "inspect" "994eb5b6f001bfb8a3f3a4fccf3f46324d51abd05450731353b911c7797602a0", kill_on_drop: false }`
[INFO] running `Command { std: "docker" "exec" "-e" "SOURCE_DIR=/opt/rustwide/workdir" "-e" "CARGO_HOME=/opt/rustwide/cargo-home" "-e" "RUSTUP_HOME=/opt/rustwide/rustup-home" "-e" "CARGO_TARGET_DIR=/opt/rustwide/target" "-e" "CARGO_INCREMENTAL=0" "-e" "RUST_BACKTRACE=full" "-e" "RUSTFLAGS=--cap-lints=forbid" "-e" "RUSTDOCFLAGS=--cap-lints=forbid" "-w" "/opt/rustwide/workdir" "--user" "0:0" "994eb5b6f001bfb8a3f3a4fccf3f46324d51abd05450731353b911c7797602a0" "/opt/rustwide/cargo-home/bin/cargo" "+e4d5758286bf2cf6f415802f2cf861747a7c6c8c" "check" "--frozen" "--all" "--all-targets" "--message-format=json", kill_on_drop: false }`
[INFO] [stderr]    Compiling proc-macro2 v1.0.94
[INFO] [stderr]     Checking once_cell v1.21.2
[INFO] [stderr]     Checking futures-channel v0.3.31
[INFO] [stderr]    Compiling getrandom v0.3.2
[INFO] [stderr]     Checking smallvec v1.14.0
[INFO] [stderr]    Compiling rustversion v1.0.20
[INFO] [stderr]    Compiling serde_json v1.0.140
[INFO] [stderr]     Checking regex-syntax v0.6.29
[INFO] [stderr]     Checking regex-syntax v0.8.5
[INFO] [stderr]     Checking overload v0.1.1
[INFO] [stderr]     Checking iana-time-zone v0.1.62
[INFO] [stderr]     Checking nu-ansi-term v0.46.0
[INFO] [stderr]     Checking tracing-core v0.1.33
[INFO] [stderr]     Checking thread_local v1.1.8
[INFO] [stderr]     Checking uuid v1.16.0
[INFO] [stderr]     Checking tracing-log v0.2.0
[INFO] [stderr]    Compiling quote v1.0.40
[INFO] [stderr]    Compiling syn v2.0.100
[INFO] [stderr]     Checking regex-automata v0.4.9
[INFO] [stderr]     Checking regex-automata v0.1.10
[INFO] [stderr]     Checking matchers v0.1.0
[INFO] [stderr]     Checking regex v1.11.1
[INFO] [stderr]    Compiling futures-macro v0.3.31
[INFO] [stderr]    Compiling tokio-macros v2.5.0
[INFO] [stderr]    Compiling serde_derive v1.0.219
[INFO] [stderr]    Compiling tracing-attributes v0.1.28
[INFO] [stderr]    Compiling thiserror-impl v2.0.12
[INFO] [stderr]    Compiling async-stream-impl v0.3.6
[INFO] [stderr]    Compiling async-trait v0.1.88
[INFO] [stderr]    Compiling axum-macros v0.5.0
[INFO] [stderr]     Checking async-stream v0.3.6
[INFO] [stderr]     Checking tokio v1.44.1
[INFO] [stderr]     Checking futures-util v0.3.31
[INFO] [stderr]     Checking thiserror v2.0.12
[INFO] [stderr]     Checking tracing v0.1.41
[INFO] [stderr]     Checking axum-core v0.5.2
[INFO] [stderr]     Checking tracing-subscriber v0.3.19
[INFO] [stderr]     Checking serde v1.0.219
[INFO] [stderr]     Checking tokio-stream v0.1.17
[INFO] [stderr]     Checking hyper v1.6.0
[INFO] [stderr]     Checking futures-executor v0.3.31
[INFO] [stderr]     Checking tower v0.5.2
[INFO] [stderr]     Checking futures v0.3.31
[INFO] [stderr]     Checking hyper-util v0.1.11
[INFO] [stderr]     Checking serde_urlencoded v0.7.1
[INFO] [stderr]     Checking serde_path_to_error v0.1.17
[INFO] [stderr]     Checking chrono v0.4.40
[INFO] [stderr]     Checking axum v0.8.3
[INFO] [stderr]     Checking kura-api v0.1.0 (/opt/rustwide/workdir)
[INFO] [stdout] error[E0277]: the trait bound `RecentResponse: IntoResponse` is not satisfied
[INFO] [stdout]   --> examples/server/main.rs:15:6
[INFO] [stdout]    |
[INFO] [stdout] 15 | ) -> Result<RecentResponse> {
[INFO] [stdout]    |      ^^^^^^^^^^^^^^^^^^^^^^ the trait `IntoResponse` is not implemented for `RecentResponse`
[INFO] [stdout]    |
[INFO] [stdout]    = help: the following other types implement trait `IntoResponse`:
[INFO] [stdout]              ()
[INFO] [stdout]              (R,)
[INFO] [stdout]              (Response<()>, R)
[INFO] [stdout]              (StatusCode, R)
[INFO] [stdout]              (T1, R)
[INFO] [stdout]              (axum::http::response::Parts, R)
[INFO] [stdout]              (Response<()>, T1, R)
[INFO] [stdout]              (StatusCode, T1, R)
[INFO] [stdout]            and 120 others
[INFO] [stdout]    = note: required for `Result<RecentResponse, kura_api::Error>` to implement `IntoResponse`
[INFO] [stdout] note: required by a bound in `__axum_macros_check_indexer_recent_handler_into_response::{closure#0}::check`
[INFO] [stdout]   --> examples/server/main.rs:15:6
[INFO] [stdout]    |
[INFO] [stdout] 15 | ) -> Result<RecentResponse> {
[INFO] [stdout]    |      ^^^^^^^^^^^^^^^^^^^^^^ required by this bound in `check`
[INFO] [stdout]    = note: the full name for the type has been written to '/opt/rustwide/target/debug/build/kura-api/39b86130bad124ab/out/server-39b86130bad124ab.long-type-8135604645946139154.txt'
[INFO] [stdout]    = note: consider using `--verbose` to print the full type name to the console
[INFO] [stdout] 
[INFO] [stdout] 
[INFO] [stdout] error[E0277]: the trait bound `SearchResponse: IntoResponse` is not satisfied
[INFO] [stdout]   --> examples/server/main.rs:30:6
[INFO] [stdout]    |
[INFO] [stdout] 30 | ) -> Result<SearchResponse> {
[INFO] [stdout]    |      ^^^^^^^^^^^^^^^^^^^^^^ the trait `IntoResponse` is not implemented for `SearchResponse`
[INFO] [stdout]    |
[INFO] [stdout]    = help: the following other types implement trait `IntoResponse`:
[INFO] [stdout]              ()
[INFO] [stdout]              (R,)
[INFO] [stdout]              (Response<()>, R)
[INFO] [stdout]              (StatusCode, R)
[INFO] [stdout]              (T1, R)
[INFO] [stdout]              (axum::http::response::Parts, R)
[INFO] [stdout]              (Response<()>, T1, R)
[INFO] [stdout]              (StatusCode, T1, R)
[INFO] [stdout]            and 120 others
[INFO] [stdout]    = note: required for `Result<SearchResponse, kura_api::Error>` to implement `IntoResponse`
[INFO] [stdout] note: required by a bound in `__axum_macros_check_indexer_search_handler_into_response::{closure#0}::check`
[INFO] [stdout]   --> examples/server/main.rs:30:6
[INFO] [stdout]    |
[INFO] [stdout] 30 | ) -> Result<SearchResponse> {
[INFO] [stdout]    |      ^^^^^^^^^^^^^^^^^^^^^^ required by this bound in `check`
[INFO] [stdout]    = note: the full name for the type has been written to '/opt/rustwide/target/debug/build/kura-api/39b86130bad124ab/out/server-39b86130bad124ab.long-type-8135604645946139154.txt'
[INFO] [stdout]    = note: consider using `--verbose` to print the full type name to the console
[INFO] [stdout] 
[INFO] [stdout] 
[INFO] [stdout] error[E0277]: the trait bound `HealthResponse: IntoResponse` is not satisfied
[INFO] [stdout]   --> examples/server/main.rs:39:60
[INFO] [stdout]    |
[INFO] [stdout] 39 | async fn health_handler(Query(_): Query<HealthRequest>) -> Result<HealthResponse> {
[INFO] [stdout]    |                                                            ^^^^^^^^^^^^^^^^^^^^^^ the trait `IntoResponse` is not implemented for `HealthResponse`
[INFO] [stdout]    |
[INFO] [stdout]    = help: the following other types implement trait `IntoResponse`:
[INFO] [stdout]              ()
[INFO] [stdout]              (R,)
[INFO] [stdout]              (Response<()>, R)
[INFO] [stdout]              (StatusCode, R)
[INFO] [stdout]              (T1, R)
[INFO] [stdout]              (axum::http::response::Parts, R)
[INFO] [stdout]              (Response<()>, T1, R)
[INFO] [stdout]              (StatusCode, T1, R)
[INFO] [stdout]            and 120 others
[INFO] [stdout]    = note: required for `Result<HealthResponse, kura_api::Error>` to implement `IntoResponse`
[INFO] [stdout] note: required by a bound in `__axum_macros_check_health_handler_into_response::{closure#0}::check`
[INFO] [stdout]   --> examples/server/main.rs:39:60
[INFO] [stdout]    |
[INFO] [stdout] 39 | async fn health_handler(Query(_): Query<HealthRequest>) -> Result<HealthResponse> {
[INFO] [stdout]    |                                                            ^^^^^^^^^^^^^^^^^^^^^^ required by this bound in `check`
[INFO] [stdout]    = note: the full name for the type has been written to '/opt/rustwide/target/debug/build/kura-api/39b86130bad124ab/out/server-39b86130bad124ab.long-type-8135604645946139154.txt'
[INFO] [stdout]    = note: consider using `--verbose` to print the full type name to the console
[INFO] [stdout] 
[INFO] [stdout] 
[INFO] [stdout] error[E0277]: the trait bound `fn(Query<RecentRequest>) -> _ {indexer_recent_handler}: Handler<_, _>` is not satisfied
[INFO] [stdout]     --> examples/server/main.rs:63:32
[INFO] [stdout]      |
[INFO] [stdout]   63 |             axum::routing::get(indexer_recent_handler),
[INFO] [stdout]      |             ------------------ ^^^^^^^^^^^^^^^^^^^^^^ the trait `Handler<_, _>` is not implemented for fn item `fn(Query<RecentRequest>) -> _ {indexer_recent_handler}`
[INFO] [stdout]      |             |
[INFO] [stdout]      |             required by a bound introduced by this call
[INFO] [stdout]      |
[INFO] [stdout]      = note: Consider using `#[axum::debug_handler]` to improve the error message
[INFO] [stdout] help: the following other types implement trait `Handler<T, S>`
[INFO] [stdout]     --> /opt/rustwide/cargo-home/registry/src/index.crates.io-1949cf8c6b5b557f/axum-0.8.3/src/routing/method_routing.rs:1298:1
[INFO] [stdout]      |
[INFO] [stdout] 1298 | / impl<S> Handler<(), S> for MethodRouter<S>
[INFO] [stdout] 1299 | | where
[INFO] [stdout] 1300 | |     S: Clone + 'static,
[INFO] [stdout]      | |_______________________^ `MethodRouter<S>` implements `Handler<(), S>`
[INFO] [stdout]      |
[INFO] [stdout]     ::: /opt/rustwide/cargo-home/registry/src/index.crates.io-1949cf8c6b5b557f/axum-0.8.3/src/handler/mod.rs:299:1
[INFO] [stdout]      |
[INFO] [stdout]  299 | / impl<H, S, T, L> Handler<T, S> for Layered<L, H, T, S>
[INFO] [stdout]  300 | | where
[INFO] [stdout]  301 | |     L: Layer<HandlerService<H, T, S>> + Clone + Send + Sync + 'static,
[INFO] [stdout]  302 | |     H: Handler<T, S>,
[INFO] [stdout] ...    |
[INFO] [stdout]  306 | |     T: 'static,
[INFO] [stdout]  307 | |     S: 'static,
[INFO] [stdout]      | |_______________^ `axum::handler::Layered<L, H, T, S>` implements `Handler<T, S>`
[INFO] [stdout] note: required by a bound in `axum::routing::get`
[INFO] [stdout]     --> /opt/rustwide/cargo-home/registry/src/index.crates.io-1949cf8c6b5b557f/axum-0.8.3/src/routing/method_routing.rs:166:16
[INFO] [stdout]      |
[INFO] [stdout]  166 |             H: Handler<T, S>,
[INFO] [stdout]      |                ^^^^^^^^^^^^^ required by this bound in `get`
[INFO] [stdout] ...
[INFO] [stdout]  440 | top_level_handler_fn!(get, GET);
[INFO] [stdout]      | -------------------------------
[INFO] [stdout]      | |                     |
[INFO] [stdout]      | |                     required by a bound in this function
[INFO] [stdout]      | in this macro invocation
[INFO] [stdout]      = note: the full name for the type has been written to '/opt/rustwide/target/debug/build/kura-api/39b86130bad124ab/out/server-39b86130bad124ab.long-type-7103489054361520379.txt'
[INFO] [stdout]      = note: consider using `--verbose` to print the full type name to the console
[INFO] [stdout]      = note: this error originates in the macro `top_level_handler_fn` (in Nightly builds, run with -Z macro-backtrace for more info)
[INFO] [stdout] 
[INFO] [stdout] 
[INFO] [stdout] error[E0277]: the trait bound `fn(Query<SearchRequest>) -> _ {indexer_search_handler}: Handler<_, _>` is not satisfied
[INFO] [stdout]     --> examples/server/main.rs:67:32
[INFO] [stdout]      |
[INFO] [stdout]   67 |             axum::routing::get(indexer_search_handler),
[INFO] [stdout]      |             ------------------ ^^^^^^^^^^^^^^^^^^^^^^ the trait `Handler<_, _>` is not implemented for fn item `fn(Query<SearchRequest>) -> _ {indexer_search_handler}`
[INFO] [stdout]      |             |
[INFO] [stdout]      |             required by a bound introduced by this call
[INFO] [stdout]      |
[INFO] [stdout]      = note: Consider using `#[axum::debug_handler]` to improve the error message
[INFO] [stdout] help: the following other types implement trait `Handler<T, S>`
[INFO] [stdout]     --> /opt/rustwide/cargo-home/registry/src/index.crates.io-1949cf8c6b5b557f/axum-0.8.3/src/routing/method_routing.rs:1298:1
[INFO] [stdout]      |
[INFO] [stdout] 1298 | / impl<S> Handler<(), S> for MethodRouter<S>
[INFO] [stdout] 1299 | | where
[INFO] [stdout] 1300 | |     S: Clone + 'static,
[INFO] [stdout]      | |_______________________^ `MethodRouter<S>` implements `Handler<(), S>`
[INFO] [stdout]      |
[INFO] [stdout]     ::: /opt/rustwide/cargo-home/registry/src/index.crates.io-1949cf8c6b5b557f/axum-0.8.3/src/handler/mod.rs:299:1
[INFO] [stdout]      |
[INFO] [stdout]  299 | / impl<H, S, T, L> Handler<T, S> for Layered<L, H, T, S>
[INFO] [stdout]  300 | | where
[INFO] [stdout]  301 | |     L: Layer<HandlerService<H, T, S>> + Clone + Send + Sync + 'static,
[INFO] [stdout]  302 | |     H: Handler<T, S>,
[INFO] [stdout] ...    |
[INFO] [stdout]  306 | |     T: 'static,
[INFO] [stdout]  307 | |     S: 'static,
[INFO] [stdout]      | |_______________^ `axum::handler::Layered<L, H, T, S>` implements `Handler<T, S>`
[INFO] [stdout] note: required by a bound in `axum::routing::get`
[INFO] [stdout]     --> /opt/rustwide/cargo-home/registry/src/index.crates.io-1949cf8c6b5b557f/axum-0.8.3/src/routing/method_routing.rs:166:16
[INFO] [stdout]      |
[INFO] [stdout]  166 |             H: Handler<T, S>,
[INFO] [stdout]      |                ^^^^^^^^^^^^^ required by this bound in `get`
[INFO] [stdout] ...
[INFO] [stdout]  440 | top_level_handler_fn!(get, GET);
[INFO] [stdout]      | -------------------------------
[INFO] [stdout]      | |                     |
[INFO] [stdout]      | |                     required by a bound in this function
[INFO] [stdout]      | in this macro invocation
[INFO] [stdout]      = note: the full name for the type has been written to '/opt/rustwide/target/debug/build/kura-api/39b86130bad124ab/out/server-39b86130bad124ab.long-type-1087404747728614017.txt'
[INFO] [stdout]      = note: consider using `--verbose` to print the full type name to the console
[INFO] [stdout]      = note: this error originates in the macro `top_level_handler_fn` (in Nightly builds, run with -Z macro-backtrace for more info)
[INFO] [stdout] 
[INFO] [stdout] 
[INFO] [stdout] error[E0277]: the trait bound `fn(Query<HealthRequest>) -> _ {health_handler}: Handler<_, _>` is not satisfied
[INFO] [stdout]     --> examples/server/main.rs:69:53
[INFO] [stdout]      |
[INFO] [stdout]   69 |         .route("/api/v1/health", axum::routing::get(health_handler));
[INFO] [stdout]      |                                  ------------------ ^^^^^^^^^^^^^^ the trait `Handler<_, _>` is not implemented for fn item `fn(Query<HealthRequest>) -> impl Future<Output = _> {health_handler}`
[INFO] [stdout]      |                                  |
[INFO] [stdout]      |                                  required by a bound introduced by this call
[INFO] [stdout]      |
[INFO] [stdout]      = note: Consider using `#[axum::debug_handler]` to improve the error message
[INFO] [stdout] help: the following other types implement trait `Handler<T, S>`
[INFO] [stdout]     --> /opt/rustwide/cargo-home/registry/src/index.crates.io-1949cf8c6b5b557f/axum-0.8.3/src/routing/method_routing.rs:1298:1
[INFO] [stdout]      |
[INFO] [stdout] 1298 | / impl<S> Handler<(), S> for MethodRouter<S>
[INFO] [stdout] 1299 | | where
[INFO] [stdout] 1300 | |     S: Clone + 'static,
[INFO] [stdout]      | |_______________________^ `MethodRouter<S>` implements `Handler<(), S>`
[INFO] [stdout]      |
[INFO] [stdout]     ::: /opt/rustwide/cargo-home/registry/src/index.crates.io-1949cf8c6b5b557f/axum-0.8.3/src/handler/mod.rs:299:1
[INFO] [stdout]      |
[INFO] [stdout]  299 | / impl<H, S, T, L> Handler<T, S> for Layered<L, H, T, S>
[INFO] [stdout]  300 | | where
[INFO] [stdout]  301 | |     L: Layer<HandlerService<H, T, S>> + Clone + Send + Sync + 'static,
[INFO] [stdout]  302 | |     H: Handler<T, S>,
[INFO] [stdout] ...    |
[INFO] [stdout]  306 | |     T: 'static,
[INFO] [stdout]  307 | |     S: 'static,
[INFO] [stdout]      | |_______________^ `axum::handler::Layered<L, H, T, S>` implements `Handler<T, S>`
[INFO] [stdout] note: required by a bound in `axum::routing::get`
[INFO] [stdout]     --> /opt/rustwide/cargo-home/registry/src/index.crates.io-1949cf8c6b5b557f/axum-0.8.3/src/routing/method_routing.rs:166:16
[INFO] [stdout]      |
[INFO] [stdout]  166 |             H: Handler<T, S>,
[INFO] [stdout]      |                ^^^^^^^^^^^^^ required by this bound in `get`
[INFO] [stdout] ...
[INFO] [stdout]  440 | top_level_handler_fn!(get, GET);
[INFO] [stdout]      | -------------------------------
[INFO] [stdout]      | |                     |
[INFO] [stdout]      | |                     required by a bound in this function
[INFO] [stdout]      | in this macro invocation
[INFO] [stdout]      = note: the full name for the type has been written to '/opt/rustwide/target/debug/build/kura-api/39b86130bad124ab/out/server-39b86130bad124ab.long-type-5011100408432546352.txt'
[INFO] [stdout]      = note: consider using `--verbose` to print the full type name to the console
[INFO] [stdout]      = note: this error originates in the macro `top_level_handler_fn` (in Nightly builds, run with -Z macro-backtrace for more info)
[INFO] [stdout] 
[INFO] [stdout] 
[INFO] [stdout] For more information about this error, try `rustc --explain E0277`.
[INFO] [stdout] 
[INFO] [stderr] error: could not compile `kura-api` (example "server") due to 6 previous errors
[INFO] [stderr] warning: build failed, waiting for other jobs to finish...
[INFO] [stderr] warning: unused dependency `async-stream`
[INFO] [stderr]  --> Cargo.toml:2:1
[INFO] [stderr]   |
[INFO] [stderr] 2 | async-stream = "0.3.6"
[INFO] [stderr]   | ^^^^^^^^^^^^^^^^^^^^^^
[INFO] [stderr]   |
[INFO] [stderr]   = note: `cargo::unused_dependencies` is set to `warn` by default
[INFO] [stderr] help: consider removing the dependency on `async-stream`
[INFO] [stderr] warning: unused dependency `async-trait`
[INFO] [stderr]  --> Cargo.toml:3:1
[INFO] [stderr]   |
[INFO] [stderr] 3 | async-trait = "0.1.88"
[INFO] [stderr]   | ^^^^^^^^^^^^^^^^^^^^^^
[INFO] [stderr]   |
[INFO] [stderr] help: consider removing the dependency on `async-trait`
[INFO] [stderr] warning: unused dependency `futures`
[INFO] [stderr]  --> Cargo.toml:4:1
[INFO] [stderr]   |
[INFO] [stderr] 4 | futures = "0.3.31"
[INFO] [stderr]   | ^^^^^^^^^^^^^^^^^^
[INFO] [stderr]   |
[INFO] [stderr] help: consider removing the dependency on `futures`
[INFO] [stderr] warning: unused dependency `tokio-stream`
[INFO] [stderr]  --> Cargo.toml:8:1
[INFO] [stderr]   |
[INFO] [stderr] 8 | tokio-stream = "0.1.17"
[INFO] [stderr]   | ^^^^^^^^^^^^^^^^^^^^^^^
[INFO] [stderr]   |
[INFO] [stderr] help: consider removing the dependency on `tokio-stream`
[INFO] [stderr] warning: unused dependency `uuid`
[INFO] [stderr]   --> Cargo.toml:23:15
[INFO] [stderr]    |
[INFO] [stderr] 23 | [dependencies.uuid]
[INFO] [stderr]    |               ^^^^^
[INFO] [stderr]    |
[INFO] [stderr] help: consider removing the dependency on `uuid`
[INFO] [stderr] warning: `kura-api` (manifest) generated 5 warnings
[INFO] running `Command { std: "docker" "inspect" "994eb5b6f001bfb8a3f3a4fccf3f46324d51abd05450731353b911c7797602a0", kill_on_drop: false }`
[INFO] running `Command { std: "docker" "rm" "-f" "994eb5b6f001bfb8a3f3a4fccf3f46324d51abd05450731353b911c7797602a0", kill_on_drop: false }`
[INFO] [stdout] 994eb5b6f001bfb8a3f3a4fccf3f46324d51abd05450731353b911c7797602a0
