[INFO] cloning repository https://github.com/Gendiro/fochan
[INFO] running `Command { std: "git" "-c" "credential.helper=" "-c" "credential.helper=/workspace/cargo-home/bin/git-credential-null" "clone" "--bare" "https://github.com/Gendiro/fochan" "/workspace/cache/git-repos/https%3A%2F%2Fgithub.com%2FGendiro%2Ffochan", kill_on_drop: false }`
[INFO] [stderr] Cloning into bare repository '/workspace/cache/git-repos/https%3A%2F%2Fgithub.com%2FGendiro%2Ffochan'...
[INFO] running `Command { std: "git" "rev-parse" "HEAD", kill_on_drop: false }`
[INFO] [stdout] 853870e3b12e4c257b84d4cb12f189026b8cdb8c
[INFO] checking Gendiro/fochan against e4d5758286bf2cf6f415802f2cf861747a7c6c8c for pr-152972
[INFO] running `Command { std: "git" "clone" "/workspace/cache/git-repos/https%3A%2F%2Fgithub.com%2FGendiro%2Ffochan" "/workspace/builds/worker-6-tc2/source", kill_on_drop: false }`
[INFO] [stderr] Cloning into '/workspace/builds/worker-6-tc2/source'...
[INFO] [stderr] done.
[INFO] started tweaking git repo https://github.com/Gendiro/fochan
[INFO] finished tweaking git repo https://github.com/Gendiro/fochan
[INFO] tweaked toml for git repo https://github.com/Gendiro/fochan written to /workspace/builds/worker-6-tc2/source/Cargo.toml
[INFO] validating manifest of git repo https://github.com/Gendiro/fochan on toolchain e4d5758286bf2cf6f415802f2cf861747a7c6c8c
[INFO] running `Command { std: CARGO_HOME="/workspace/cargo-home" RUSTUP_HOME="/workspace/rustup-home" "/workspace/cargo-home/bin/cargo" "+e4d5758286bf2cf6f415802f2cf861747a7c6c8c" "metadata" "--manifest-path" "Cargo.toml" "--no-deps", kill_on_drop: false }`
[INFO] crate git repo https://github.com/Gendiro/fochan already has a lockfile, it will not be regenerated
[INFO] running `Command { std: CARGO_HOME="/workspace/cargo-home" RUSTUP_HOME="/workspace/rustup-home" "/workspace/cargo-home/bin/cargo" "+e4d5758286bf2cf6f415802f2cf861747a7c6c8c" "fetch" "--manifest-path" "Cargo.toml", kill_on_drop: false }`
[INFO] [stderr]     Blocking waiting for file lock on package cache
[INFO] [stderr]     Updating crates.io index
[INFO] [stderr]     Blocking waiting for file lock on package cache
[INFO] [stderr]  Downloading crates ...
[INFO] [stderr]   Downloaded rocket v0.4.11
[INFO] [stderr]   Downloaded devise_core v0.2.1
[INFO] [stderr]   Downloaded pear v0.1.5
[INFO] [stderr]   Downloaded pear_codegen v0.1.5
[INFO] [stderr]   Downloaded devise v0.2.1
[INFO] [stderr]   Downloaded state v0.4.2
[INFO] [stderr]   Downloaded devise_codegen v0.2.1
[INFO] [stderr]   Downloaded rocket_contrib v0.4.11
[INFO] [stderr]   Downloaded cookie v0.11.5
[INFO] [stderr]   Downloaded rocket_codegen v0.4.11
[INFO] [stderr]   Downloaded rocket_http v0.4.11
[INFO] [stderr]   Downloaded ref-cast-impl v1.0.22
[INFO] [stderr]   Downloaded ref-cast v1.0.22
[INFO] [stderr]   Downloaded figment v0.10.18
[INFO] [stderr]   Downloaded winnow v0.6.8
[INFO] [stderr]   Downloaded pq-sys v0.4.8
[INFO] [stderr]   Downloaded diesel_table_macro_syntax v0.1.0
[INFO] [stderr]   Downloaded diesel_derives v2.1.4
[INFO] [stderr]   Downloaded diesel v2.1.6
[INFO] running `Command { std: "docker" "create" "-v" "/var/lib/crater-agent-workspace/builds/worker-6-tc2/source:/opt/rustwide/workdir:ro,Z" "-v" "/var/lib/crater-agent-workspace/builds/worker-6-tc2/target:/opt/rustwide/target:rw,Z" "-v" "/var/lib/crater-agent-workspace/cargo-home:/opt/rustwide/cargo-home:ro,Z" "-v" "/var/lib/crater-agent-workspace/rustup-home:/opt/rustwide/rustup-home:ro,Z" "-m" "1610612736" "--network" "none" "ghcr.io/rust-lang/crates-build-env/linux@sha256:3111399a4047eeb3a02b7a90e478d715f38a8c6669b5c4b49d30a17385265909" "sleep" "infinity", kill_on_drop: false }`
[INFO] [stdout] 0e38878158417eb480103704a2c92d575b8355af7e90bba375bcd26671a7347d
[INFO] running `Command { std: "docker" "start" "0e38878158417eb480103704a2c92d575b8355af7e90bba375bcd26671a7347d", kill_on_drop: false }`
[INFO] running `Command { std: "docker" "inspect" "0e38878158417eb480103704a2c92d575b8355af7e90bba375bcd26671a7347d", kill_on_drop: false }`
[INFO] running `Command { std: "docker" "exec" "-e" "SOURCE_DIR=/opt/rustwide/workdir" "-e" "CARGO_HOME=/opt/rustwide/cargo-home" "-e" "RUSTUP_HOME=/opt/rustwide/rustup-home" "-e" "CARGO_TARGET_DIR=/opt/rustwide/target" "-w" "/opt/rustwide/workdir" "--user" "0:0" "0e38878158417eb480103704a2c92d575b8355af7e90bba375bcd26671a7347d" "/opt/rustwide/cargo-home/bin/cargo" "+e4d5758286bf2cf6f415802f2cf861747a7c6c8c" "metadata" "--no-deps" "--format-version=1", kill_on_drop: false }`
[INFO] running `Command { std: "docker" "inspect" "0e38878158417eb480103704a2c92d575b8355af7e90bba375bcd26671a7347d", kill_on_drop: false }`
[INFO] running `Command { std: "docker" "exec" "-e" "SOURCE_DIR=/opt/rustwide/workdir" "-e" "CARGO_HOME=/opt/rustwide/cargo-home" "-e" "RUSTUP_HOME=/opt/rustwide/rustup-home" "-e" "CARGO_TARGET_DIR=/opt/rustwide/target" "-e" "CARGO_INCREMENTAL=0" "-e" "RUST_BACKTRACE=full" "-e" "RUSTFLAGS=--cap-lints=forbid" "-e" "RUSTDOCFLAGS=--cap-lints=forbid" "-w" "/opt/rustwide/workdir" "--user" "0:0" "0e38878158417eb480103704a2c92d575b8355af7e90bba375bcd26671a7347d" "/opt/rustwide/cargo-home/bin/cargo" "+e4d5758286bf2cf6f415802f2cf861747a7c6c8c" "check" "--frozen" "--all" "--all-targets" "--message-format=json", kill_on_drop: false }`
[INFO] [stderr]    Compiling libc v0.2.154
[INFO] [stderr]    Compiling proc-macro2 v1.0.81
[INFO] [stderr]    Compiling serde v1.0.200
[INFO] [stderr]    Compiling proc-macro2 v0.4.30
[INFO] [stderr]    Compiling yansi v0.5.1
[INFO] [stderr]    Compiling proc-macro2-diagnostics v0.10.1
[INFO] [stderr]    Compiling slab v0.4.9
[INFO] [stderr]    Compiling syn v0.15.44
[INFO] [stderr]     Checking pin-project-lite v0.2.14
[INFO] [stderr]     Checking itoa v1.0.11
[INFO] [stderr]     Checking log v0.4.21
[INFO] [stderr]    Compiling version_check v0.1.5
[INFO] [stderr]     Checking memchr v2.7.2
[INFO] [stderr]     Checking bytes v1.6.0
[INFO] [stderr]    Compiling unicase v1.4.2
[INFO] [stderr]    Compiling pear_codegen v0.1.5
[INFO] [stderr]    Compiling httparse v1.8.0
[INFO] [stderr]    Compiling percent-encoding v2.3.1
[INFO] [stderr]    Compiling time-macros v0.2.18
[INFO] [stderr]    Compiling tinyvec v1.6.0
[INFO] [stderr]     Checking futures-channel v0.3.30
[INFO] [stderr]    Compiling cookie v0.18.1
[INFO] [stderr]     Checking num_cpus v1.16.0
[INFO] [stderr]     Checking signal-hook-registry v1.4.2
[INFO] [stderr]     Checking socket2 v0.5.7
[INFO] [stderr]     Checking mio v0.8.11
[INFO] [stderr]    Compiling quote v1.0.36
[INFO] [stderr]    Compiling quote v0.6.13
[INFO] [stderr]    Compiling unicode-bidi v0.3.15
[INFO] [stderr]    Compiling futures-core v0.3.30
[INFO] [stderr]    Compiling ref-cast v1.0.22
[INFO] [stderr]    Compiling syn v2.0.60
[INFO] [stderr]     Checking futures-io v0.3.30
[INFO] [stderr]    Compiling futures-sink v0.3.30
[INFO] [stderr]     Checking futures-task v0.3.30
[INFO] [stderr]     Checking http v0.2.12
[INFO] [stderr]    Compiling time v0.1.45
[INFO] [stderr]     Checking futures-util v0.3.30
[INFO] [stderr]     Checking unicode-normalization v0.1.23
[INFO] [stderr]    Compiling log v0.3.9
[INFO] [stderr]    Compiling safemem v0.3.3
[INFO] [stderr]    Compiling percent-encoding v1.0.1
[INFO] [stderr]    Compiling powerfmt v0.2.0
[INFO] [stderr]     Checking matches v0.1.10
[INFO] [stderr]    Compiling deranged v0.3.11
[INFO] [stderr]    Compiling idna v0.1.5
[INFO] [stderr]    Compiling base64 v0.9.3
[INFO] [stderr]    Compiling url v1.7.2
[INFO] [stderr]    Compiling tracing-core v0.1.32
[INFO] [stderr]    Compiling mime v0.2.6
[INFO] [stderr]     Checking is-terminal v0.4.12
[INFO] [stderr]    Compiling uncased v0.9.10
[INFO] [stderr]    Compiling typeable v0.1.2
[INFO] [stderr]    Compiling bitflags v2.5.0
[INFO] [stderr]    Compiling language-tags v0.2.2
[INFO] [stderr]    Compiling traitobject v0.1.0
[INFO] [stdout] error[E0119]: conflicting implementations of trait `Trait` for type `(dyn Send + Sync + 'static)`
[INFO] [stdout]   --> /opt/rustwide/cargo-home/registry/src/index.crates.io-1949cf8c6b5b557f/traitobject-0.1.0/src/impls.rs:72:1
[INFO] [stdout]    |
[INFO] [stdout] 71 | unsafe impl Trait for ::std::marker::Send + Sync { }
[INFO] [stdout]    | ------------------------------------------------ first implementation here
[INFO] [stdout] 72 | unsafe impl Trait for ::std::marker::Send + Send + Sync { }
[INFO] [stdout]    | ^^^^^^^^^^^^^^^^^^^^^^^^^^^^^^^^^^^^^^^^^^^^^^^^^^^^^^^ conflicting implementation for `(dyn Send + Sync + 'static)`
[INFO] [stdout] 
[INFO] [stdout] 
[INFO] [stdout] error[E0119]: conflicting implementations of trait `Trait` for type `(dyn Send + Sync + 'static)`
[INFO] [stdout]   --> /opt/rustwide/cargo-home/registry/src/index.crates.io-1949cf8c6b5b557f/traitobject-0.1.0/src/impls.rs:73:1
[INFO] [stdout]    |
[INFO] [stdout] 71 | unsafe impl Trait for ::std::marker::Send + Sync { }
[INFO] [stdout]    | ------------------------------------------------ first implementation here
[INFO] [stdout] 72 | unsafe impl Trait for ::std::marker::Send + Send + Sync { }
[INFO] [stdout] 73 | unsafe impl Trait for ::std::marker::Sync + Send { }
[INFO] [stdout]    | ^^^^^^^^^^^^^^^^^^^^^^^^^^^^^^^^^^^^^^^^^^^^^^^^ conflicting implementation for `(dyn Send + Sync + 'static)`
[INFO] [stdout] 
[INFO] [stdout] 
[INFO] [stdout] error[E0119]: conflicting implementations of trait `Trait` for type `(dyn Send + Sync + 'static)`
[INFO] [stdout]   --> /opt/rustwide/cargo-home/registry/src/index.crates.io-1949cf8c6b5b557f/traitobject-0.1.0/src/impls.rs:75:1
[INFO] [stdout]    |
[INFO] [stdout] 71 | unsafe impl Trait for ::std::marker::Send + Sync { }
[INFO] [stdout]    | ------------------------------------------------ first implementation here
[INFO] [stdout] ...
[INFO] [stdout] 75 | unsafe impl Trait for ::std::marker::Sync + Send + Sync { }
[INFO] [stdout]    | ^^^^^^^^^^^^^^^^^^^^^^^^^^^^^^^^^^^^^^^^^^^^^^^^^^^^^^^ conflicting implementation for `(dyn Send + Sync + 'static)`
[INFO] [stdout] 
[INFO] [stdout] 
[INFO] [stdout] For more information about this error, try `rustc --explain E0119`.
[INFO] [stdout] 
[INFO] [stderr] error: could not compile `traitobject` (lib) due to 3 previous errors
[INFO] [stderr] warning: build failed, waiting for other jobs to finish...
[INFO] running `Command { std: "docker" "inspect" "0e38878158417eb480103704a2c92d575b8355af7e90bba375bcd26671a7347d", kill_on_drop: false }`
[INFO] running `Command { std: "docker" "rm" "-f" "0e38878158417eb480103704a2c92d575b8355af7e90bba375bcd26671a7347d", kill_on_drop: false }`
[INFO] [stdout] 0e38878158417eb480103704a2c92d575b8355af7e90bba375bcd26671a7347d
