[INFO] cloning repository https://github.com/ErzenXz/GenOS
[INFO] running `Command { std: "git" "-c" "credential.helper=" "-c" "credential.helper=/workspace/cargo-home/bin/git-credential-null" "clone" "--bare" "https://github.com/ErzenXz/GenOS" "/workspace/cache/git-repos/https%3A%2F%2Fgithub.com%2FErzenXz%2FGenOS", kill_on_drop: false }`
[INFO] [stderr] Cloning into bare repository '/workspace/cache/git-repos/https%3A%2F%2Fgithub.com%2FErzenXz%2FGenOS'...
[INFO] running `Command { std: "git" "rev-parse" "HEAD", kill_on_drop: false }`
[INFO] [stdout] a4432b8faae8cf949b4e505cd820e292bb74b2db
[INFO] checking ErzenXz/GenOS against e4d5758286bf2cf6f415802f2cf861747a7c6c8c for pr-152972
[INFO] running `Command { std: "git" "clone" "/workspace/cache/git-repos/https%3A%2F%2Fgithub.com%2FErzenXz%2FGenOS" "/workspace/builds/worker-4-tc2/source", kill_on_drop: false }`
[INFO] [stderr] Cloning into '/workspace/builds/worker-4-tc2/source'...
[INFO] [stderr] done.
[INFO] removed /workspace/builds/worker-4-tc2/source/.cargo/config.toml
[INFO] removed /workspace/builds/worker-4-tc2/source/rust-toolchain.toml
[INFO] started tweaking git repo https://github.com/ErzenXz/GenOS
[INFO] finished tweaking git repo https://github.com/ErzenXz/GenOS
[INFO] tweaked toml for git repo https://github.com/ErzenXz/GenOS written to /workspace/builds/worker-4-tc2/source/Cargo.toml
[INFO] validating manifest of git repo https://github.com/ErzenXz/GenOS on toolchain e4d5758286bf2cf6f415802f2cf861747a7c6c8c
[INFO] running `Command { std: CARGO_HOME="/workspace/cargo-home" RUSTUP_HOME="/workspace/rustup-home" "/workspace/cargo-home/bin/cargo" "+e4d5758286bf2cf6f415802f2cf861747a7c6c8c" "metadata" "--manifest-path" "Cargo.toml" "--no-deps", kill_on_drop: false }`
[INFO] crate git repo https://github.com/ErzenXz/GenOS already has a lockfile, it will not be regenerated
[INFO] running `Command { std: CARGO_HOME="/workspace/cargo-home" RUSTUP_HOME="/workspace/rustup-home" "/workspace/cargo-home/bin/cargo" "+e4d5758286bf2cf6f415802f2cf861747a7c6c8c" "fetch" "--manifest-path" "Cargo.toml", kill_on_drop: false }`
[INFO] [stderr]     Blocking waiting for file lock on package cache
[INFO] [stderr]     Blocking waiting for file lock on package cache
[ERROR] error running command: no output for 300 seconds
[INFO] checking ErzenXz/GenOS against e4d5758286bf2cf6f415802f2cf861747a7c6c8c for pr-152972
[INFO] running `Command { std: "git" "clone" "/workspace/cache/git-repos/https%3A%2F%2Fgithub.com%2FErzenXz%2FGenOS" "/workspace/builds/worker-4-tc2/source", kill_on_drop: false }`
[INFO] [stderr] Cloning into '/workspace/builds/worker-4-tc2/source'...
[INFO] [stderr] done.
[INFO] removed /workspace/builds/worker-4-tc2/source/.cargo/config.toml
[INFO] removed /workspace/builds/worker-4-tc2/source/rust-toolchain.toml
[INFO] started tweaking git repo https://github.com/ErzenXz/GenOS
[INFO] finished tweaking git repo https://github.com/ErzenXz/GenOS
[INFO] tweaked toml for git repo https://github.com/ErzenXz/GenOS written to /workspace/builds/worker-4-tc2/source/Cargo.toml
[INFO] validating manifest of git repo https://github.com/ErzenXz/GenOS on toolchain e4d5758286bf2cf6f415802f2cf861747a7c6c8c
[INFO] running `Command { std: CARGO_HOME="/workspace/cargo-home" RUSTUP_HOME="/workspace/rustup-home" "/workspace/cargo-home/bin/cargo" "+e4d5758286bf2cf6f415802f2cf861747a7c6c8c" "metadata" "--manifest-path" "Cargo.toml" "--no-deps", kill_on_drop: false }`
[INFO] crate git repo https://github.com/ErzenXz/GenOS already has a lockfile, it will not be regenerated
[INFO] running `Command { std: CARGO_HOME="/workspace/cargo-home" RUSTUP_HOME="/workspace/rustup-home" "/workspace/cargo-home/bin/cargo" "+e4d5758286bf2cf6f415802f2cf861747a7c6c8c" "fetch" "--manifest-path" "Cargo.toml", kill_on_drop: false }`
[INFO] [stderr]     Blocking waiting for file lock on package cache
[INFO] [stderr]     Blocking waiting for file lock on package cache
[INFO] [stderr]  Downloading crates ...
[INFO] [stderr]   Downloaded uefi-raw v0.13.0
[INFO] [stderr]   Downloaded uefi-macros v0.19.0
[INFO] [stderr]   Downloaded ucs2 v0.3.3
[INFO] [stderr]   Downloaded uguid v2.2.1
[INFO] [stderr]   Downloaded uefi v0.36.1
[INFO] running `Command { std: "docker" "create" "-v" "/var/lib/crater-agent-workspace/builds/worker-4-tc2/source:/opt/rustwide/workdir:ro,Z" "-v" "/var/lib/crater-agent-workspace/builds/worker-4-tc2/target:/opt/rustwide/target:rw,Z" "-v" "/var/lib/crater-agent-workspace/cargo-home:/opt/rustwide/cargo-home:ro,Z" "-v" "/var/lib/crater-agent-workspace/rustup-home:/opt/rustwide/rustup-home:ro,Z" "-m" "1610612736" "--network" "none" "ghcr.io/rust-lang/crates-build-env/linux@sha256:3111399a4047eeb3a02b7a90e478d715f38a8c6669b5c4b49d30a17385265909" "sleep" "infinity", kill_on_drop: false }`
[INFO] [stdout] a4fcff9e987e91bca5da291e9708d343ebe35df7d8cee00c4fcecf718fab9ec5
[INFO] running `Command { std: "docker" "start" "a4fcff9e987e91bca5da291e9708d343ebe35df7d8cee00c4fcecf718fab9ec5", kill_on_drop: false }`
[INFO] running `Command { std: "docker" "inspect" "a4fcff9e987e91bca5da291e9708d343ebe35df7d8cee00c4fcecf718fab9ec5", kill_on_drop: false }`
[INFO] running `Command { std: "docker" "exec" "-e" "SOURCE_DIR=/opt/rustwide/workdir" "-e" "CARGO_HOME=/opt/rustwide/cargo-home" "-e" "RUSTUP_HOME=/opt/rustwide/rustup-home" "-e" "CARGO_TARGET_DIR=/opt/rustwide/target" "-w" "/opt/rustwide/workdir" "--user" "0:0" "a4fcff9e987e91bca5da291e9708d343ebe35df7d8cee00c4fcecf718fab9ec5" "/opt/rustwide/cargo-home/bin/cargo" "+e4d5758286bf2cf6f415802f2cf861747a7c6c8c" "metadata" "--no-deps" "--format-version=1", kill_on_drop: false }`
[INFO] running `Command { std: "docker" "inspect" "a4fcff9e987e91bca5da291e9708d343ebe35df7d8cee00c4fcecf718fab9ec5", kill_on_drop: false }`
[INFO] running `Command { std: "docker" "exec" "-e" "SOURCE_DIR=/opt/rustwide/workdir" "-e" "CARGO_HOME=/opt/rustwide/cargo-home" "-e" "RUSTUP_HOME=/opt/rustwide/rustup-home" "-e" "CARGO_TARGET_DIR=/opt/rustwide/target" "-e" "CARGO_INCREMENTAL=0" "-e" "RUST_BACKTRACE=full" "-e" "RUSTFLAGS=--cap-lints=forbid" "-e" "RUSTDOCFLAGS=--cap-lints=forbid" "-w" "/opt/rustwide/workdir" "--user" "0:0" "a4fcff9e987e91bca5da291e9708d343ebe35df7d8cee00c4fcecf718fab9ec5" "/opt/rustwide/cargo-home/bin/cargo" "+e4d5758286bf2cf6f415802f2cf861747a7c6c8c" "check" "--frozen" "--all" "--all-targets" "--message-format=json", kill_on_drop: false }`
[INFO] [stderr]     Checking genos_abi v0.1.0 (/opt/rustwide/workdir/crates/abi)
[INFO] [stderr]    Compiling kernel v0.1.0 (/opt/rustwide/workdir/kernel)
[INFO] [stderr]    Compiling genos-shell v0.1.0 (/opt/rustwide/workdir/userspace/shell)
[INFO] [stderr]    Compiling genos-init v0.1.0 (/opt/rustwide/workdir/userspace/init)
[INFO] [stderr]     Checking xtask v0.1.0 (/opt/rustwide/workdir/tools/xtask)
[INFO] [stdout] error: couldn't read `tools/xtask/src/../../../rust-toolchain.toml`: No such file or directory (os error 2)
[INFO] [stdout]   --> tools/xtask/src/sdk.rs:93:13
[INFO] [stdout]    |
[INFO] [stdout] 93 |             include_str!("../../../rust-toolchain.toml"),
[INFO] [stdout]    |             ^^^^^^^^^^^^^^^^^^^^^^^^^^^^^^^^^^^^^^^^^^^^
[INFO] [stdout] 
[INFO] [stdout] 
[INFO] [stdout] error: couldn't read `tools/xtask/src/../../../rust-toolchain.toml`: No such file or directory (os error 2)
[INFO] [stdout]   --> tools/xtask/src/sdk.rs:93:13
[INFO] [stdout]    |
[INFO] [stdout] 93 |             include_str!("../../../rust-toolchain.toml"),
[INFO] [stdout]    |             ^^^^^^^^^^^^^^^^^^^^^^^^^^^^^^^^^^^^^^^^^^^^
[INFO] [stdout] 
[INFO] [stdout] 
[INFO] [stderr]     Checking genos-user-runtime v0.1.0 (/opt/rustwide/workdir/userspace/runtime)
[INFO] [stderr]     Checking bootloader v0.1.0 (/opt/rustwide/workdir/bootloader)
[INFO] [stdout] error[E0433]: cannot find module or crate `uefi` in this scope
[INFO] [stdout]  --> bootloader/src/elf.rs:2:5
[INFO] [stdout]   |
[INFO] [stdout] 2 | use uefi::boot::{self, AllocateType, MemoryType};
[INFO] [stdout]   |     ^^^^ use of unresolved module or unlinked crate `uefi`
[INFO] [stdout]   |
[INFO] [stdout]   = help: if you wanted to use a crate named `uefi`, use `cargo add uefi` to add it to your `Cargo.toml`
[INFO] [stdout] 
[INFO] [stdout] 
[INFO] [stdout] error[E0433]: cannot find module or crate `uefi` in this scope
[INFO] [stdout]  --> bootloader/src/elf.rs:3:5
[INFO] [stdout]   |
[INFO] [stdout] 3 | use uefi::prelude::Status;
[INFO] [stdout]   |     ^^^^ use of unresolved module or unlinked crate `uefi`
[INFO] [stdout]   |
[INFO] [stdout]   = help: if you wanted to use a crate named `uefi`, use `cargo add uefi` to add it to your `Cargo.toml`
[INFO] [stdout] 
[INFO] [stdout] 
[INFO] [stdout] error[E0433]: cannot find module or crate `uefi` in this scope
[INFO] [stdout]   --> bootloader/src/main.rs:16:5
[INFO] [stdout]    |
[INFO] [stdout] 16 | use uefi::{prelude::*, CStr16};
[INFO] [stdout]    |     ^^^^ use of unresolved module or unlinked crate `uefi`
[INFO] [stdout]    |
[INFO] [stdout]    = help: if you wanted to use a crate named `uefi`, use `cargo add uefi` to add it to your `Cargo.toml`
[INFO] [stdout] 
[INFO] [stdout] 
[INFO] [stdout] error[E0433]: cannot find module or crate `uefi` in this scope
[INFO] [stdout]   --> bootloader/src/main.rs:12:5
[INFO] [stdout]    |
[INFO] [stdout] 12 | use uefi::boot::{self, AllocateType, MemoryType};
[INFO] [stdout]    |     ^^^^ use of unresolved module or unlinked crate `uefi`
[INFO] [stdout]    |
[INFO] [stdout]    = help: if you wanted to use a crate named `uefi`, use `cargo add uefi` to add it to your `Cargo.toml`
[INFO] [stdout] 
[INFO] [stdout] 
[INFO] [stdout] error[E0433]: cannot find module or crate `uefi` in this scope
[INFO] [stdout]   --> bootloader/src/main.rs:13:5
[INFO] [stdout]    |
[INFO] [stdout] 13 | use uefi::fs::FileSystem;
[INFO] [stdout]    |     ^^^^ use of unresolved module or unlinked crate `uefi`
[INFO] [stdout]    |
[INFO] [stdout]    = help: if you wanted to use a crate named `uefi`, use `cargo add uefi` to add it to your `Cargo.toml`
[INFO] [stdout] 
[INFO] [stdout] 
[INFO] [stdout] error[E0433]: cannot find module or crate `uefi` in this scope
[INFO] [stdout]   --> bootloader/src/main.rs:14:5
[INFO] [stdout]    |
[INFO] [stdout] 14 | use uefi::mem::memory_map::{MemoryMap, MemoryMapOwned};
[INFO] [stdout]    |     ^^^^ use of unresolved module or unlinked crate `uefi`
[INFO] [stdout]    |
[INFO] [stdout]    = help: if you wanted to use a crate named `uefi`, use `cargo add uefi` to add it to your `Cargo.toml`
[INFO] [stdout] 
[INFO] [stdout] 
[INFO] [stdout] error[E0433]: cannot find module or crate `uefi` in this scope
[INFO] [stdout]   --> bootloader/src/main.rs:15:5
[INFO] [stdout]    |
[INFO] [stdout] 15 | use uefi::runtime::ResetType;
[INFO] [stdout]    |     ^^^^ use of unresolved module or unlinked crate `uefi`
[INFO] [stdout]    |
[INFO] [stdout]    = help: if you wanted to use a crate named `uefi`, use `cargo add uefi` to add it to your `Cargo.toml`
[INFO] [stdout] 
[INFO] [stdout] 
[INFO] [stdout] error[E0432]: unresolved import `uefi`
[INFO] [stdout]   --> bootloader/src/main.rs:16:5
[INFO] [stdout]    |
[INFO] [stdout] 16 | use uefi::{prelude::*, CStr16};
[INFO] [stdout]    |     ^^^^ use of unresolved module or unlinked crate `uefi`
[INFO] [stdout]    |
[INFO] [stdout]    = help: if you wanted to use a crate named `uefi`, use `cargo add uefi` to add it to your `Cargo.toml`
[INFO] [stdout] 
[INFO] [stdout] 
[INFO] [stdout] error[E0433]: cannot find module or crate `uefi` in this scope
[INFO] [stdout]   --> bootloader/src/elf.rs:51:5
[INFO] [stdout]    |
[INFO] [stdout] 51 |     uefi::println!("KERNEL_ELF_REJECTED reason={:?}", error);
[INFO] [stdout]    |     ^^^^ use of unresolved module or unlinked crate `uefi`
[INFO] [stdout] 
[INFO] [stdout] 
[INFO] [stdout] error[E0433]: cannot find module or crate `uefi` in this scope
[INFO] [stdout]   --> bootloader/src/main.rs:25:9
[INFO] [stdout]    |
[INFO] [stdout] 25 |         uefi::println!("GenOS boot failed: {:?}", status);
[INFO] [stdout]    |         ^^^^ use of unresolved module or unlinked crate `uefi`
[INFO] [stdout] 
[INFO] [stdout] 
[INFO] [stdout] error[E0433]: cannot find module or crate `uefi` in this scope
[INFO] [stdout]   --> bootloader/src/main.rs:34:5
[INFO] [stdout]    |
[INFO] [stdout] 34 |     uefi::println!("GenOS UEFI loader v{}", BOOTLOADER_VERSION);
[INFO] [stdout]    |     ^^^^ use of unresolved module or unlinked crate `uefi`
[INFO] [stdout] 
[INFO] [stdout] 
[INFO] [stdout] error[E0433]: cannot find module or crate `uefi` in this scope
[INFO] [stdout]   --> bootloader/src/main.rs:41:13
[INFO] [stdout]    |
[INFO] [stdout] 41 |             uefi::cstr16!("\\EFI\\GENOS\\KERNEL.ELF"),
[INFO] [stdout]    |             ^^^^ use of unresolved module or unlinked crate `uefi`
[INFO] [stdout] 
[INFO] [stdout] 
[INFO] [stdout] error[E0433]: cannot find module or crate `uefi` in this scope
[INFO] [stdout]   --> bootloader/src/main.rs:42:13
[INFO] [stdout]    |
[INFO] [stdout] 42 |             uefi::cstr16!("EFI\\GENOS\\KERNEL.ELF"),
[INFO] [stdout]    |             ^^^^ use of unresolved module or unlinked crate `uefi`
[INFO] [stdout] 
[INFO] [stdout] 
[INFO] [stdout] error[E0433]: cannot find module or crate `uefi` in this scope
[INFO] [stdout]   --> bootloader/src/main.rs:43:13
[INFO] [stdout]    |
[INFO] [stdout] 43 |             uefi::cstr16!("\\EFI\\BOOT\\KERNEL.ELF"),
[INFO] [stdout]    |             ^^^^ use of unresolved module or unlinked crate `uefi`
[INFO] [stdout] 
[INFO] [stdout] 
[INFO] [stdout] error[E0433]: cannot find module or crate `uefi` in this scope
[INFO] [stdout]   --> bootloader/src/main.rs:44:13
[INFO] [stdout]    |
[INFO] [stdout] 44 |             uefi::cstr16!("EFI\\BOOT\\KERNEL.ELF"),
[INFO] [stdout]    |             ^^^^ use of unresolved module or unlinked crate `uefi`
[INFO] [stdout] 
[INFO] [stdout] 
[INFO] [stdout] error[E0433]: cannot find module or crate `uefi` in this scope
[INFO] [stdout]   --> bootloader/src/main.rs:51:13
[INFO] [stdout]    |
[INFO] [stdout] 51 |             uefi::cstr16!("\\EFI\\GENOS\\INITRD.GRD"),
[INFO] [stdout]    |             ^^^^ use of unresolved module or unlinked crate `uefi`
[INFO] [stdout] 
[INFO] [stdout] 
[INFO] [stdout] error[E0433]: cannot find module or crate `uefi` in this scope
[INFO] [stdout]   --> bootloader/src/main.rs:52:13
[INFO] [stdout]    |
[INFO] [stdout] 52 |             uefi::cstr16!("EFI\\GENOS\\INITRD.GRD"),
[INFO] [stdout]    |             ^^^^ use of unresolved module or unlinked crate `uefi`
[INFO] [stdout] 
[INFO] [stdout] 
[INFO] [stdout] error[E0433]: cannot find module or crate `uefi` in this scope
[INFO] [stdout]   --> bootloader/src/main.rs:53:13
[INFO] [stdout]    |
[INFO] [stdout] 53 |             uefi::cstr16!("\\EFI\\BOOT\\INITRD.GRD"),
[INFO] [stdout]    |             ^^^^ use of unresolved module or unlinked crate `uefi`
[INFO] [stdout] 
[INFO] [stdout] 
[INFO] [stdout] error[E0433]: cannot find module or crate `uefi` in this scope
[INFO] [stdout]   --> bootloader/src/main.rs:54:13
[INFO] [stdout]    |
[INFO] [stdout] 54 |             uefi::cstr16!("EFI\\BOOT\\INITRD.GRD"),
[INFO] [stdout]    |             ^^^^ use of unresolved module or unlinked crate `uefi`
[INFO] [stdout] 
[INFO] [stdout] 
[INFO] [stdout] error[E0433]: cannot find module or crate `uefi` in this scope
[INFO] [stdout]   --> bootloader/src/main.rs:59:5
[INFO] [stdout]    |
[INFO] [stdout] 59 |     uefi::println!("Loading kernel ELF");
[INFO] [stdout]    |     ^^^^ use of unresolved module or unlinked crate `uefi`
[INFO] [stdout] 
[INFO] [stdout] 
[INFO] [stdout] error[E0433]: cannot find module or crate `uefi` in this scope
[INFO] [stdout]   --> bootloader/src/main.rs:61:5
[INFO] [stdout]    |
[INFO] [stdout] 61 |     uefi::println!("Loading initrd");
[INFO] [stdout]    |     ^^^^ use of unresolved module or unlinked crate `uefi`
[INFO] [stdout] 
[INFO] [stdout] 
[INFO] [stdout] error[E0433]: cannot find module or crate `uefi` in this scope
[INFO] [stdout]   --> bootloader/src/main.rs:96:17
[INFO] [stdout]    |
[INFO] [stdout] 96 |                 uefi::println!("Loaded {}", path);
[INFO] [stdout]    |                 ^^^^ use of unresolved module or unlinked crate `uefi`
[INFO] [stdout] 
[INFO] [stdout] 
[INFO] [stdout] error[E0433]: cannot find module or crate `uefi` in this scope
[INFO] [stdout]    --> bootloader/src/main.rs:100:17
[INFO] [stdout]     |
[INFO] [stdout] 100 |                 uefi::println!("Could not read {}: {:?}", path, error);
[INFO] [stdout]     |                 ^^^^ use of unresolved module or unlinked crate `uefi`
[INFO] [stdout] 
[INFO] [stdout] 
[INFO] [stdout] error: cannot find attribute `entry` in this scope
[INFO] [stdout]   --> bootloader/src/main.rs:22:3
[INFO] [stdout]    |
[INFO] [stdout] 22 | #[entry]
[INFO] [stdout]    |   ^^^^^
[INFO] [stdout] 
[INFO] [stdout] 
[INFO] [stdout] error[E0433]: cannot find module or crate `uefi` in this scope
[INFO] [stdout]   --> bootloader/src/main.rs:27:9
[INFO] [stdout]    |
[INFO] [stdout] 27 |         uefi::runtime::reset(ResetType::SHUTDOWN, Status::ABORTED, None);
[INFO] [stdout]    |         ^^^^ use of unresolved module or unlinked crate `uefi`
[INFO] [stdout]    |
[INFO] [stdout]    = help: if you wanted to use a crate named `uefi`, use `cargo add uefi` to add it to your `Cargo.toml`
[INFO] [stdout] 
[INFO] [stdout] 
[INFO] [stdout] error[E0433]: cannot find module or crate `uefi` in this scope
[INFO] [stdout]   --> bootloader/src/main.rs:33:5
[INFO] [stdout]    |
[INFO] [stdout] 33 |     uefi::helpers::init().map_err(|e| e.status())?;
[INFO] [stdout]    |     ^^^^ use of unresolved module or unlinked crate `uefi`
[INFO] [stdout]    |
[INFO] [stdout]    = help: if you wanted to use a crate named `uefi`, use `cargo add uefi` to add it to your `Cargo.toml`
[INFO] [stdout] 
[INFO] [stdout] 
[INFO] [stdout] error[E0425]: cannot find type `Status` in this scope
[INFO] [stdout]   --> bootloader/src/main.rs:23:14
[INFO] [stdout]    |
[INFO] [stdout] 23 | fn main() -> Status {
[INFO] [stdout]    |              ^^^^^^ not found in this scope
[INFO] [stdout] 
[INFO] [stdout] 
[INFO] [stdout] error[E0425]: cannot find type `Status` in this scope
[INFO] [stdout]   --> bootloader/src/main.rs:32:30
[INFO] [stdout]    |
[INFO] [stdout] 32 | fn boot_main() -> Result<(), Status> {
[INFO] [stdout]    |                              ^^^^^^ not found in this scope
[INFO] [stdout]    |
[INFO] [stdout] help: you might be missing a type parameter
[INFO] [stdout]    |
[INFO] [stdout] 32 | fn boot_main<Status>() -> Result<(), Status> {
[INFO] [stdout]    |             ++++++++
[INFO] [stdout] 
[INFO] [stdout] 
[INFO] [stdout] error[E0425]: cannot find type `Status` in this scope
[INFO] [stdout]    --> bootloader/src/main.rs:107:63
[INFO] [stdout]     |
[INFO] [stdout] 107 | fn load_initrd(bytes: &[u8]) -> Result<genos_abi::InitrdInfo, Status> {
[INFO] [stdout]     |                                                               ^^^^^^ not found in this scope
[INFO] [stdout]     |
[INFO] [stdout] help: you might be missing a type parameter
[INFO] [stdout]     |
[INFO] [stdout] 107 | fn load_initrd<Status>(bytes: &[u8]) -> Result<genos_abi::InitrdInfo, Status> {
[INFO] [stdout]     |               ++++++++
[INFO] [stdout] 
[INFO] [stdout] 
[INFO] [stdout] error[E0425]: cannot find type `Status` in this scope
[INFO] [stdout]    --> bootloader/src/main.rs:124:50
[INFO] [stdout]     |
[INFO] [stdout] 124 | fn allocate_boot_info() -> Result<*mut BootInfo, Status> {
[INFO] [stdout]     |                                                  ^^^^^^ not found in this scope
[INFO] [stdout]     |
[INFO] [stdout] help: you might be missing a type parameter
[INFO] [stdout]     |
[INFO] [stdout] 124 | fn allocate_boot_info<Status>() -> Result<*mut BootInfo, Status> {
[INFO] [stdout]     |                      ++++++++
[INFO] [stdout] 
[INFO] [stdout] 
[INFO] [stdout] error: no global memory allocator found but one is required; link to std or add `#[global_allocator]` to a static item that implements the GlobalAlloc trait
[INFO] [stdout] 
[INFO] [stdout] 
[INFO] [stdout] error[E0433]: cannot find type `Status` in this scope
[INFO] [stdout]   --> bootloader/src/main.rs:27:51
[INFO] [stdout]    |
[INFO] [stdout] 27 |         uefi::runtime::reset(ResetType::SHUTDOWN, Status::ABORTED, None);
[INFO] [stdout]    |                                                   ^^^^^^ use of undeclared type `Status`
[INFO] [stdout] 
[INFO] [stdout] 
[INFO] [stdout] error[E0433]: cannot find type `Status` in this scope
[INFO] [stdout]   --> bootloader/src/main.rs:29:5
[INFO] [stdout]    |
[INFO] [stdout] 29 |     Status::SUCCESS
[INFO] [stdout]    |     ^^^^^^ use of undeclared type `Status`
[INFO] [stdout] 
[INFO] [stdout] 
[INFO] [stdout] error[E0433]: cannot find type `Status` in this scope
[INFO] [stdout]   --> bootloader/src/main.rs:47:12
[INFO] [stdout]    |
[INFO] [stdout] 47 |     .ok_or(Status::NOT_FOUND)?;
[INFO] [stdout]    |            ^^^^^^ use of undeclared type `Status`
[INFO] [stdout] 
[INFO] [stdout] 
[INFO] [stdout] Some errors have detailed explanations: E0425, E0432, E0433.
[INFO] [stdout] 
[INFO] [stdout] For more information about an error, try `rustc --explain E0425`.
[INFO] [stdout] 
[INFO] [stderr] error: could not compile `bootloader` (bin "bootloader") due to 34 previous errors
[INFO] [stderr] warning: build failed, waiting for other jobs to finish...
[INFO] [stderr] error: could not compile `xtask` (bin "xtask") due to 1 previous error
[INFO] [stderr] error: could not compile `xtask` (bin "xtask" test) due to 1 previous error
[INFO] running `Command { std: "docker" "inspect" "a4fcff9e987e91bca5da291e9708d343ebe35df7d8cee00c4fcecf718fab9ec5", kill_on_drop: false }`
[INFO] running `Command { std: "docker" "rm" "-f" "a4fcff9e987e91bca5da291e9708d343ebe35df7d8cee00c4fcecf718fab9ec5", kill_on_drop: false }`
[INFO] [stdout] a4fcff9e987e91bca5da291e9708d343ebe35df7d8cee00c4fcecf718fab9ec5
