[INFO] cloning repository https://github.com/Ectsang/market-maker
[INFO] running `Command { std: "git" "-c" "credential.helper=" "-c" "credential.helper=/workspace/cargo-home/bin/git-credential-null" "clone" "--bare" "https://github.com/Ectsang/market-maker" "/workspace/cache/git-repos/https%3A%2F%2Fgithub.com%2FEctsang%2Fmarket-maker", kill_on_drop: false }`
[INFO] [stderr] Cloning into bare repository '/workspace/cache/git-repos/https%3A%2F%2Fgithub.com%2FEctsang%2Fmarket-maker'...
[INFO] running `Command { std: "git" "rev-parse" "HEAD", kill_on_drop: false }`
[INFO] [stdout] 82f360849e579a3f5181af8ee6a47a6d32af6a8d
[INFO] checking Ectsang/market-maker against e4d5758286bf2cf6f415802f2cf861747a7c6c8c for pr-152972
[INFO] running `Command { std: "git" "clone" "/workspace/cache/git-repos/https%3A%2F%2Fgithub.com%2FEctsang%2Fmarket-maker" "/workspace/builds/worker-0-tc2/source", kill_on_drop: false }`
[INFO] [stderr] Cloning into '/workspace/builds/worker-0-tc2/source'...
[INFO] [stderr] done.
[INFO] started tweaking git repo https://github.com/Ectsang/market-maker
[INFO] finished tweaking git repo https://github.com/Ectsang/market-maker
[INFO] tweaked toml for git repo https://github.com/Ectsang/market-maker written to /workspace/builds/worker-0-tc2/source/Cargo.toml
[INFO] validating manifest of git repo https://github.com/Ectsang/market-maker on toolchain e4d5758286bf2cf6f415802f2cf861747a7c6c8c
[INFO] running `Command { std: CARGO_HOME="/workspace/cargo-home" RUSTUP_HOME="/workspace/rustup-home" "/workspace/cargo-home/bin/cargo" "+e4d5758286bf2cf6f415802f2cf861747a7c6c8c" "metadata" "--manifest-path" "Cargo.toml" "--no-deps", kill_on_drop: false }`
[INFO] crate git repo https://github.com/Ectsang/market-maker already has a lockfile, it will not be regenerated
[INFO] running `Command { std: CARGO_HOME="/workspace/cargo-home" RUSTUP_HOME="/workspace/rustup-home" "/workspace/cargo-home/bin/cargo" "+e4d5758286bf2cf6f415802f2cf861747a7c6c8c" "fetch" "--manifest-path" "Cargo.toml", kill_on_drop: false }`
[INFO] [stderr]     Blocking waiting for file lock on package cache
[INFO] [stderr]     Updating crates.io index
[INFO] [stderr]     Blocking waiting for file lock on package cache
[ERROR] error running command: no output for 300 seconds
[INFO] checking Ectsang/market-maker against e4d5758286bf2cf6f415802f2cf861747a7c6c8c for pr-152972
[INFO] running `Command { std: "git" "clone" "/workspace/cache/git-repos/https%3A%2F%2Fgithub.com%2FEctsang%2Fmarket-maker" "/workspace/builds/worker-0-tc2/source", kill_on_drop: false }`
[INFO] [stderr] Cloning into '/workspace/builds/worker-0-tc2/source'...
[INFO] [stderr] done.
[INFO] started tweaking git repo https://github.com/Ectsang/market-maker
[INFO] finished tweaking git repo https://github.com/Ectsang/market-maker
[INFO] tweaked toml for git repo https://github.com/Ectsang/market-maker written to /workspace/builds/worker-0-tc2/source/Cargo.toml
[INFO] validating manifest of git repo https://github.com/Ectsang/market-maker on toolchain e4d5758286bf2cf6f415802f2cf861747a7c6c8c
[INFO] running `Command { std: CARGO_HOME="/workspace/cargo-home" RUSTUP_HOME="/workspace/rustup-home" "/workspace/cargo-home/bin/cargo" "+e4d5758286bf2cf6f415802f2cf861747a7c6c8c" "metadata" "--manifest-path" "Cargo.toml" "--no-deps", kill_on_drop: false }`
[INFO] crate git repo https://github.com/Ectsang/market-maker already has a lockfile, it will not be regenerated
[INFO] running `Command { std: CARGO_HOME="/workspace/cargo-home" RUSTUP_HOME="/workspace/rustup-home" "/workspace/cargo-home/bin/cargo" "+e4d5758286bf2cf6f415802f2cf861747a7c6c8c" "fetch" "--manifest-path" "Cargo.toml", kill_on_drop: false }`
[INFO] [stderr]     Blocking waiting for file lock on package cache
[INFO] [stderr]     Blocking waiting for file lock on package cache
[INFO] [stderr]  Downloading crates ...
[INFO] [stderr]   Downloaded bitflags v2.5.0
[INFO] [stderr]   Downloaded websocket-base v0.26.5
[INFO] [stderr]   Downloaded tokio-tls v0.2.1
[INFO] [stderr]   Downloaded websocket v0.26.5
[INFO] [stderr]   Downloaded sha-1 v0.8.2
[INFO] [stderr]   Downloaded autocfg v0.1.8
[INFO] [stderr]   Downloaded serde v1.0.202
[INFO] [stderr]   Downloaded parking_lot_core v0.6.3
[INFO] [stderr]   Downloaded net2 v0.2.39
[INFO] [stderr]   Downloaded proc-macro2 v1.0.82
[INFO] [stderr]   Downloaded serde_derive v1.0.202
[INFO] [stderr]   Downloaded cc v1.0.98
[INFO] [stderr]   Downloaded openssl-sys v0.9.102
[INFO] [stderr]   Downloaded syn v2.0.64
[INFO] [stderr]   Downloaded redox_syscall v0.5.1
[INFO] [stderr]   Downloaded parking_lot v0.12.2
[INFO] [stderr]   Downloaded miniz_oxide v0.7.3
[INFO] [stderr]   Downloaded backtrace v0.3.71
[INFO] [stderr]   Downloaded memchr v2.7.2
[INFO] [stderr]   Downloaded serde_json v1.0.117
[INFO] [stderr]   Downloaded dirs v1.0.5
[INFO] [stderr]   Downloaded tokio v1.37.0
[INFO] [stderr]   Downloaded redox_users v0.3.5
[INFO] [stderr]   Downloaded rust-argon2 v0.8.3
[INFO] [stderr]   Downloaded prettytable-rs v0.8.0
[INFO] [stderr]   Downloaded term v0.5.2
[INFO] [stderr]   Downloaded blake2b_simd v0.5.11
[INFO] [stderr]   Downloaded ctrlc v3.4.4
[INFO] [stderr]   Downloaded config v0.14.0
[INFO] [stderr]   Downloaded toml_edit v0.22.15
[INFO] [stderr]   Downloaded pathdiff v0.2.1
[INFO] [stderr]   Downloaded rust-ini v0.19.0
[INFO] [stderr]   Downloaded ordered-multimap v0.6.0
[INFO] [stderr]   Downloaded pest_derive v2.7.11
[INFO] [stderr]   Downloaded pest_generator v2.7.11
[INFO] [stderr]   Downloaded pest_meta v2.7.11
[INFO] [stderr]   Downloaded thiserror v1.0.62
[INFO] [stderr]   Downloaded thiserror-impl v1.0.62
[INFO] [stderr]   Downloaded pest v2.7.11
[INFO] [stderr]   Downloaded async-trait v0.1.81
[INFO] running `Command { std: "docker" "create" "-v" "/var/lib/crater-agent-workspace/builds/worker-0-tc2/source:/opt/rustwide/workdir:ro,Z" "-v" "/var/lib/crater-agent-workspace/builds/worker-0-tc2/target:/opt/rustwide/target:rw,Z" "-v" "/var/lib/crater-agent-workspace/cargo-home:/opt/rustwide/cargo-home:ro,Z" "-v" "/var/lib/crater-agent-workspace/rustup-home:/opt/rustwide/rustup-home:ro,Z" "-m" "1610612736" "--network" "none" "ghcr.io/rust-lang/crates-build-env/linux@sha256:3111399a4047eeb3a02b7a90e478d715f38a8c6669b5c4b49d30a17385265909" "sleep" "infinity", kill_on_drop: false }`
[INFO] [stdout] 30bd899e1cfcf1efa23494c59821e91215048ab26ef087fde9afee830b493dbe
[INFO] running `Command { std: "docker" "start" "30bd899e1cfcf1efa23494c59821e91215048ab26ef087fde9afee830b493dbe", kill_on_drop: false }`
[INFO] running `Command { std: "docker" "inspect" "30bd899e1cfcf1efa23494c59821e91215048ab26ef087fde9afee830b493dbe", kill_on_drop: false }`
[INFO] running `Command { std: "docker" "exec" "-e" "SOURCE_DIR=/opt/rustwide/workdir" "-e" "CARGO_HOME=/opt/rustwide/cargo-home" "-e" "RUSTUP_HOME=/opt/rustwide/rustup-home" "-e" "CARGO_TARGET_DIR=/opt/rustwide/target" "-w" "/opt/rustwide/workdir" "--user" "0:0" "30bd899e1cfcf1efa23494c59821e91215048ab26ef087fde9afee830b493dbe" "/opt/rustwide/cargo-home/bin/cargo" "+e4d5758286bf2cf6f415802f2cf861747a7c6c8c" "metadata" "--no-deps" "--format-version=1", kill_on_drop: false }`
[INFO] running `Command { std: "docker" "inspect" "30bd899e1cfcf1efa23494c59821e91215048ab26ef087fde9afee830b493dbe", kill_on_drop: false }`
[INFO] running `Command { std: "docker" "exec" "-e" "SOURCE_DIR=/opt/rustwide/workdir" "-e" "CARGO_HOME=/opt/rustwide/cargo-home" "-e" "RUSTUP_HOME=/opt/rustwide/rustup-home" "-e" "CARGO_TARGET_DIR=/opt/rustwide/target" "-e" "CARGO_INCREMENTAL=0" "-e" "RUST_BACKTRACE=full" "-e" "RUSTFLAGS=--cap-lints=forbid" "-e" "RUSTDOCFLAGS=--cap-lints=forbid" "-w" "/opt/rustwide/workdir" "--user" "0:0" "30bd899e1cfcf1efa23494c59821e91215048ab26ef087fde9afee830b493dbe" "/opt/rustwide/cargo-home/bin/cargo" "+e4d5758286bf2cf6f415802f2cf861747a7c6c8c" "check" "--frozen" "--all" "--all-targets" "--message-format=json", kill_on_drop: false }`
[INFO] [stderr]    Compiling proc-macro2 v1.0.82
[INFO] [stderr]    Compiling libc v0.2.155
[INFO] [stderr]    Compiling serde v1.0.202
[INFO] [stderr]     Checking log v0.4.21
[INFO] [stderr]    Compiling pkg-config v0.3.30
[INFO] [stderr]    Compiling cc v1.0.98
[INFO] [stderr]    Compiling semver-parser v0.7.0
[INFO] [stderr]     Checking itoa v1.0.11
[INFO] [stderr]    Compiling autocfg v0.1.8
[INFO] [stderr]    Compiling slab v0.4.9
[INFO] [stderr]    Compiling lock_api v0.4.12
[INFO] [stderr]    Compiling once_cell v1.19.0
[INFO] [stderr]     Checking pin-project-lite v0.2.14
[INFO] [stderr]    Compiling thiserror v1.0.62
[INFO] [stderr]     Checking bytes v1.6.0
[INFO] [stderr]    Compiling openssl v0.10.64
[INFO] [stderr]     Checking futures v0.1.31
[INFO] [stderr]     Checking smallvec v1.13.2
[INFO] [stderr]    Compiling semver v0.9.0
[INFO] [stderr]    Compiling crunchy v0.2.2
[INFO] [stderr]    Compiling maybe-uninit v2.0.0
[INFO] [stderr]    Compiling tiny-keccak v2.0.2
[INFO] [stderr]    Compiling native-tls v0.2.11
[INFO] [stderr]    Compiling rustc_version v0.2.3
[INFO] [stderr]     Checking indexmap v2.2.6
[INFO] [stderr]     Checking unicode-normalization v0.1.23
[INFO] [stderr]     Checking rand_core v0.3.1
[INFO] [stderr]    Compiling crossbeam-utils v0.7.2
[INFO] [stderr]     Checking unicode-bidi v0.3.15
[INFO] [stderr]     Checking openssl-probe v0.1.5
[INFO] [stderr]     Checking memchr v2.7.2
[INFO] [stderr]     Checking smallvec v0.6.14
[INFO] [stderr]     Checking ryu v1.0.18
[INFO] [stderr]    Compiling ucd-trie v0.1.6
[INFO] [stderr]    Compiling parking_lot_core v0.6.3
[INFO] [stderr]    Compiling parking_lot v0.9.0
[INFO] [stderr]     Checking generic-array v0.12.4
[INFO] [stderr]     Checking http v0.2.12
[INFO] [stderr]    Compiling rand_pcg v0.1.2
[INFO] [stderr]    Compiling getrandom v0.2.15
[INFO] [stderr]    Compiling rand_chacha v0.1.1
[INFO] [stderr]     Checking lock_api v0.3.4
[INFO] [stderr]    Compiling version_check v0.1.5
[INFO] [stderr]     Checking futures-task v0.3.30
[INFO] [stderr]     Checking byte-tools v0.3.1
[INFO] [stderr]     Checking block-padding v0.1.5
[INFO] [stderr]     Checking tracing v0.1.40
[INFO] [stderr]     Checking futures-util v0.3.30
[INFO] [stderr]    Compiling const-random-macro v0.1.16
[INFO] [stderr]    Compiling rand v0.6.5
[INFO] [stderr]     Checking matches v0.1.10
[INFO] [stderr]    Compiling serde_json v1.0.117
[INFO] [stderr]    Compiling nix v0.28.0
[INFO] [stderr]     Checking idna v0.1.5
[INFO] [stderr]    Compiling openssl-sys v0.9.102
[INFO] [stderr]    Compiling quote v1.0.36
[INFO] [stderr]    Compiling unicase v1.4.2
[INFO] [stderr]     Checking futures-channel v0.3.30
[INFO] [stderr]     Checking const-random v0.1.18
[INFO] [stderr]     Checking digest v0.8.1
[INFO] [stderr]     Checking block-buffer v0.7.3
[INFO] [stderr]     Checking rand_isaac v0.1.1
[INFO] [stderr]     Checking rand_xorshift v0.1.1
[INFO] [stderr]     Checking dlv-list v0.5.2
[INFO] [stderr]    Compiling syn v2.0.64
[INFO] [stderr]     Checking rand_hc v0.1.0
[INFO] [stderr]     Checking log v0.3.9
[INFO] [stderr]     Checking rand_jitter v0.1.4
[INFO] [stderr]     Checking safemem v0.3.3
[INFO] [stderr]     Checking fake-simd v0.1.2
[INFO] [stderr]     Checking opaque-debug v0.2.3
[INFO] [stderr]     Checking percent-encoding v1.0.1
[INFO] [stderr]     Checking winnow v0.6.13
[INFO] [stderr]     Checking hashbrown v0.13.2
[INFO] [stderr]     Checking base64 v0.9.3
[INFO] [stderr]     Checking mime v0.2.6
[INFO] [stderr]     Checking idna v0.5.0
[INFO] [stderr]     Checking num_cpus v1.16.0
[INFO] [stderr]     Checking iovec v0.1.4
[INFO] [stderr]     Checking parking_lot_core v0.9.10
[INFO] [stderr]     Checking socket2 v0.5.7
[INFO] [stderr]     Checking mio v0.8.11
[INFO] [stderr]     Checking bytes v0.4.12
[INFO] [stderr]     Checking signal-hook-registry v1.4.2
[INFO] [stderr]     Checking net2 v0.2.39
[INFO] [stderr]     Checking parking_lot v0.12.2
[INFO] [stderr]     Checking tokio-sync v0.1.8
[INFO] [stderr]     Checking tokio-executor v0.1.10
[INFO] [stderr]     Checking rand_os v0.1.3
[INFO] [stderr]     Checking url v1.7.2
[INFO] [stderr]     Checking tokio-io v0.1.13
[INFO] [stderr]     Checking mio v0.6.23
[INFO] [stderr]     Checking sha-1 v0.8.2
[INFO] [stderr]     Checking time v0.1.45
[INFO] [stderr]     Checking dirs v1.0.5
[INFO] [stderr]     Checking csv-core v0.1.11
[INFO] [stderr]     Checking base64 v0.10.1
[INFO] [stderr]     Checking tokio-codec v0.1.2
[INFO] [stderr]     Checking http-body v0.4.6
[INFO] [stderr]     Checking language-tags v0.2.2
[INFO] [stderr]     Checking unicode-segmentation v1.11.0
[INFO] [stderr]     Checking traitobject v0.1.0
[INFO] [stderr]     Checking typeable v0.1.2
[INFO] [stderr]     Checking linked-hash-map v0.5.6
[INFO] [stderr]     Checking nom v7.1.3
[INFO] [stdout] error[E0119]: conflicting implementations of trait `Trait` for type `(dyn Send + Sync + 'static)`
[INFO] [stdout]   --> /opt/rustwide/cargo-home/registry/src/index.crates.io-1949cf8c6b5b557f/traitobject-0.1.0/src/impls.rs:72:1
[INFO] [stdout]    |
[INFO] [stdout] 71 | unsafe impl Trait for ::std::marker::Send + Sync { }
[INFO] [stdout]    | ------------------------------------------------ first implementation here
[INFO] [stdout] 72 | unsafe impl Trait for ::std::marker::Send + Send + Sync { }
[INFO] [stdout]    | ^^^^^^^^^^^^^^^^^^^^^^^^^^^^^^^^^^^^^^^^^^^^^^^^^^^^^^^ conflicting implementation for `(dyn Send + Sync + 'static)`
[INFO] [stdout] 
[INFO] [stdout] 
[INFO] [stdout] error[E0119]: conflicting implementations of trait `Trait` for type `(dyn Send + Sync + 'static)`
[INFO] [stdout]   --> /opt/rustwide/cargo-home/registry/src/index.crates.io-1949cf8c6b5b557f/traitobject-0.1.0/src/impls.rs:73:1
[INFO] [stdout]    |
[INFO] [stdout] 71 | unsafe impl Trait for ::std::marker::Send + Sync { }
[INFO] [stdout]    | ------------------------------------------------ first implementation here
[INFO] [stdout] 72 | unsafe impl Trait for ::std::marker::Send + Send + Sync { }
[INFO] [stdout] 73 | unsafe impl Trait for ::std::marker::Sync + Send { }
[INFO] [stdout]    | ^^^^^^^^^^^^^^^^^^^^^^^^^^^^^^^^^^^^^^^^^^^^^^^^ conflicting implementation for `(dyn Send + Sync + 'static)`
[INFO] [stdout] 
[INFO] [stdout] 
[INFO] [stdout] error[E0119]: conflicting implementations of trait `Trait` for type `(dyn Send + Sync + 'static)`
[INFO] [stdout]   --> /opt/rustwide/cargo-home/registry/src/index.crates.io-1949cf8c6b5b557f/traitobject-0.1.0/src/impls.rs:75:1
[INFO] [stdout]    |
[INFO] [stdout] 71 | unsafe impl Trait for ::std::marker::Send + Sync { }
[INFO] [stdout]    | ------------------------------------------------ first implementation here
[INFO] [stdout] ...
[INFO] [stdout] 75 | unsafe impl Trait for ::std::marker::Sync + Send + Sync { }
[INFO] [stdout]    | ^^^^^^^^^^^^^^^^^^^^^^^^^^^^^^^^^^^^^^^^^^^^^^^^^^^^^^^ conflicting implementation for `(dyn Send + Sync + 'static)`
[INFO] [stdout] 
[INFO] [stdout] 
[INFO] [stdout] For more information about this error, try `rustc --explain E0119`.
[INFO] [stdout] 
[INFO] [stderr]     Checking term v0.5.2
[INFO] [stderr]     Checking url v2.5.0
[INFO] [stderr] error: could not compile `traitobject` (lib) due to 3 previous errors
[INFO] [stderr] warning: build failed, waiting for other jobs to finish...
[INFO] running `Command { std: "docker" "inspect" "30bd899e1cfcf1efa23494c59821e91215048ab26ef087fde9afee830b493dbe", kill_on_drop: false }`
[INFO] running `Command { std: "docker" "rm" "-f" "30bd899e1cfcf1efa23494c59821e91215048ab26ef087fde9afee830b493dbe", kill_on_drop: false }`
[INFO] [stdout] 30bd899e1cfcf1efa23494c59821e91215048ab26ef087fde9afee830b493dbe
