[INFO] cloning repository https://github.com/lacrioque/ferriferry
[INFO] running `Command { std: "git" "-c" "credential.helper=" "-c" "credential.helper=/workspace/cargo-home/bin/git-credential-null" "clone" "--bare" "https://github.com/lacrioque/ferriferry" "/workspace/cache/git-repos/https%3A%2F%2Fgithub.com%2Flacrioque%2Fferriferry", kill_on_drop: false }`
[INFO] [stderr] Cloning into bare repository '/workspace/cache/git-repos/https%3A%2F%2Fgithub.com%2Flacrioque%2Fferriferry'...
[INFO] running `Command { std: "git" "rev-parse" "HEAD", kill_on_drop: false }`
[INFO] [stdout] 9db1ec196f61b6988e626c4e4f1116a4fc9f883d
[INFO] checking lacrioque/ferriferry against 3154cc1a3e6424e44f438a95007d043ed5ceaaf6+rustflags=-Znext-solver=coherence for pr-133502-32
[INFO] running `Command { std: "git" "clone" "/workspace/cache/git-repos/https%3A%2F%2Fgithub.com%2Flacrioque%2Fferriferry" "/workspace/builds/worker-0-tc1/source", kill_on_drop: false }`
[INFO] [stderr] Cloning into '/workspace/builds/worker-0-tc1/source'...
[INFO] [stderr] done.
[INFO] started tweaking git repo https://github.com/lacrioque/ferriferry
[INFO] finished tweaking git repo https://github.com/lacrioque/ferriferry
[INFO] tweaked toml for git repo https://github.com/lacrioque/ferriferry written to /workspace/builds/worker-0-tc1/source/Cargo.toml
[INFO] validating manifest of git repo https://github.com/lacrioque/ferriferry on toolchain 3154cc1a3e6424e44f438a95007d043ed5ceaaf6
[INFO] running `Command { std: CARGO_HOME="/workspace/cargo-home" RUSTUP_HOME="/workspace/rustup-home" "/workspace/cargo-home/bin/cargo" "+3154cc1a3e6424e44f438a95007d043ed5ceaaf6" "metadata" "--manifest-path" "Cargo.toml" "--no-deps", kill_on_drop: false }`
[INFO] crate git repo https://github.com/lacrioque/ferriferry already has a lockfile, it will not be regenerated
[INFO] running `Command { std: CARGO_HOME="/workspace/cargo-home" RUSTUP_HOME="/workspace/rustup-home" "/workspace/cargo-home/bin/cargo" "+3154cc1a3e6424e44f438a95007d043ed5ceaaf6" "fetch" "--manifest-path" "Cargo.toml", kill_on_drop: false }`
[INFO] [stderr]     Blocking waiting for file lock on package cache
[INFO] [stderr]     Updating crates.io index
[INFO] [stderr]     Blocking waiting for file lock on package cache
[INFO] [stderr]  Downloading crates ...
[INFO] [stderr]   Downloaded unicode-ident v1.0.24
[INFO] [stderr]   Downloaded yoke-derive v0.8.2
[INFO] [stderr]   Downloaded colorchoice v1.0.5
[INFO] [stderr]   Downloaded utf8_iter v1.0.4
[INFO] [stderr]   Downloaded anstyle-wincon v3.0.11
[INFO] [stderr]   Downloaded stable_deref_trait v1.2.1
[INFO] [stderr]   Downloaded anstyle-query v1.1.5
[INFO] [stderr]   Downloaded matchers v0.2.0
[INFO] [stderr]   Downloaded http-body v1.1.0
[INFO] [stderr]   Downloaded equivalent v1.0.2
[INFO] [stderr]   Downloaded once_cell_polyfill v1.70.2
[INFO] [stderr]   Downloaded tracing-serde v0.2.0
[INFO] [stderr]   Downloaded thread_local v1.1.10
[INFO] [stderr]   Downloaded futures-sink v0.3.34
[INFO] [stderr]   Downloaded zerofrom v0.1.8
[INFO] [stderr]   Downloaded errno v0.3.14
[INFO] [stderr]   Downloaded futures-io v0.3.34
[INFO] [stderr]   Downloaded cfg-if v1.0.4
[INFO] [stderr]   Downloaded tower-service v0.3.3
[INFO] [stderr]   Downloaded windows-link v0.2.1
[INFO] [stderr]   Downloaded tokio-macros v2.7.2
[INFO] [stderr]   Downloaded scopeguard v1.2.0
[INFO] [stderr]   Downloaded percent-encoding v2.3.2
[INFO] [stderr]   Downloaded itoa v1.0.18
[INFO] [stderr]   Downloaded serde_spanned v1.1.1
[INFO] [stderr]   Downloaded quote v1.0.47
[INFO] [stderr]   Downloaded idna_adapter v1.2.2
[INFO] [stderr]   Downloaded zerovec-derive v0.11.6
[INFO] [stderr]   Downloaded form_urlencoded v1.2.2
[INFO] [stderr]   Downloaded tower-layer v0.3.3
[INFO] [stderr]   Downloaded futures-core v0.3.34
[INFO] [stderr]   Downloaded sync_wrapper v1.0.2
[INFO] [stderr]   Downloaded futures-task v0.3.34
[INFO] [stderr]   Downloaded smallvec v1.16.0
[INFO] [stderr]   Downloaded synstructure v0.13.2
[INFO] [stderr]   Downloaded displaydoc v0.2.7
[INFO] [stderr]   Downloaded writeable v0.6.4
[INFO] [stderr]   Downloaded tinystr v0.8.4
[INFO] [stderr]   Downloaded zerofrom-derive v0.1.7
[INFO] [stderr]   Downloaded tracing-log v0.2.0
[INFO] [stderr]   Downloaded http-body-util v0.1.5
[INFO] [stderr]   Downloaded potential_utf v0.1.6
[INFO] [stderr]   Downloaded valuable v0.1.1
[INFO] [stderr]   Downloaded zmij v1.0.23
[INFO] [stderr]   Downloaded signal-hook-registry v1.4.8
[INFO] [stderr]   Downloaded redox_syscall v0.5.18
[INFO] [stderr]   Downloaded lock_api v0.4.14
[INFO] [stderr]   Downloaded slab v0.4.12
[INFO] [stderr]   Downloaded toml_writer v1.1.2+spec-1.1.0
[INFO] [stderr]   Downloaded toml_datetime v1.1.1+spec-1.1.0
[INFO] [stderr]   Downloaded windows-implement v0.60.2
[INFO] [stderr]   Downloaded wasm-bindgen-shared v0.2.128
[INFO] [stderr]   Downloaded serde v1.0.229
[INFO] [stderr]   Downloaded serde_derive v1.0.229
[INFO] [stderr]   Downloaded litemap v0.8.3
[INFO] [stderr]   Downloaded once_cell v1.21.4
[INFO] [stderr]   Downloaded pin-project-lite v0.2.17
[INFO] [stderr]   Downloaded nu-ansi-term v0.50.3
[INFO] [stderr]   Downloaded parking_lot_core v0.9.12
[INFO] [stderr]   Downloaded wasi v0.11.1+wasi-snapshot-preview1
[INFO] [stderr]   Downloaded toml_parser v1.1.3+spec-1.1.0
[INFO] [stderr]   Downloaded tokio-rustls v0.26.5
[INFO] [stderr]   Downloaded crc-catalog v2.5.0
[INFO] [stderr]   Downloaded futures-executor v0.3.34
[INFO] [stderr]   Downloaded whoami v2.1.3
[INFO] [stderr]   Downloaded clap_lex v1.1.0
[INFO] [stderr]   Downloaded windows-interface v0.59.3
[INFO] [stderr]   Downloaded wasm-bindgen-macro v0.2.128
[INFO] [stderr]   Downloaded android_system_properties v0.1.6
[INFO] [stderr]   Downloaded httpdate v1.0.3
[INFO] [stderr]   Downloaded url v2.5.8
[INFO] [stderr]   Downloaded serde_core v1.0.229
[INFO] [stderr]   Downloaded yoke v0.8.3
[INFO] [stderr]   Downloaded icu_provider v2.3.1
[INFO] [stderr]   Downloaded icu_locale_core v2.3.0
[INFO] [stderr]   Downloaded tracing-core v0.1.36
[INFO] [stderr]   Downloaded log v0.4.34
[INFO] [stderr]   Downloaded tracing-attributes v0.1.31
[INFO] [stderr]   Downloaded sharded-slab v0.1.7
[INFO] [stderr]   Downloaded bitflags v2.13.1
[INFO] [stderr]   Downloaded socket2 v0.6.5
[INFO] [stderr]   Downloaded toml v1.1.5+spec-1.1.0
[INFO] [stderr]   Downloaded strsim v0.11.1
[INFO] [stderr]   Downloaded windows-result v0.4.1
[INFO] [stderr]   Downloaded iana-time-zone-haiku v0.1.2
[INFO] [stderr]   Downloaded multiversion_no_op v1.0.0
[INFO] [stderr]   Downloaded proc-macro2 v1.0.107
[INFO] [stderr]   Downloaded icu_collections v2.3.0
[INFO] [stderr]   Downloaded icu_normalizer_data v2.3.0
[INFO] [stderr]   Downloaded bytes v1.12.1
[INFO] [stderr]   Downloaded parking_lot v0.12.5
[INFO] [stderr]   Downloaded subtle v2.6.1
[INFO] [stderr]   Downloaded dunce v1.0.5
[INFO] [stderr]   Downloaded atoi v2.0.0
[INFO] [stderr]   Downloaded cmov v0.5.4
[INFO] [stderr]   Downloaded chacha20 v0.10.2
[INFO] [stderr]   Downloaded md-5 v0.11.0
[INFO] [stderr]   Downloaded etcetera v0.11.0
[INFO] [stderr]   Downloaded heck v0.5.0
[INFO] [stderr]   Downloaded windows-strings v0.5.1
[INFO] [stderr]   Downloaded fnv v1.0.7
[INFO] [stderr]   Downloaded serde_urlencoded v0.7.1
[INFO] [stderr]   Downloaded multiversion v0.8.0
[INFO] [stderr]   Downloaded icu_properties v2.3.0
[INFO] [stderr]   Downloaded zerotrie v0.2.5
[INFO] [stderr]   Downloaded memchr v2.8.3
[INFO] [stderr]   Downloaded http v1.5.0
[INFO] [stderr]   Downloaded tower v0.5.3
[INFO] [stderr]   Downloaded mio v1.2.3
[INFO] [stderr]   Downloaded indexmap v2.14.2
[INFO] [stderr]   Downloaded tokio-util v0.7.19
[INFO] [stderr]   Downloaded untrusted v0.9.0
[INFO] [stderr]   Downloaded crc v3.4.0
[INFO] [stderr]   Downloaded stringprep v0.1.5
[INFO] [stderr]   Downloaded ctutils v0.4.2
[INFO] [stderr]   Downloaded rustls-pemfile v2.2.0
[INFO] [stderr]   Downloaded rustversion v1.0.23
[INFO] [stderr]   Downloaded atomic-waker v1.1.2
[INFO] [stderr]   Downloaded idna v1.1.0
[INFO] [stderr]   Downloaded zerovec v0.11.8
[INFO] [stderr]   Downloaded serde_json v1.0.151
[INFO] [stderr]   Downloaded futures-util v0.3.34
[INFO] [stderr]   Downloaded hashbrown v0.17.1
[INFO] [stderr]   Downloaded shlex v2.0.1
[INFO] [stderr]   Downloaded crypto-common v0.1.6
[INFO] [stderr]   Downloaded unicode-normalization v0.1.25
[INFO] [stderr]   Downloaded crypto-common v0.2.2
[INFO] [stderr]   Downloaded rand v0.10.2
[INFO] [stderr]   Downloaded mime v0.3.17
[INFO] [stderr]   Downloaded simdutf8 v0.1.5
[INFO] [stderr]   Downloaded multiversion-macros v0.8.0
[INFO] [stderr]   Downloaded axum-core v0.5.6
[INFO] [stderr]   Downloaded icu_properties_data v2.3.0
[INFO] [stderr]   Downloaded tracing-subscriber v0.3.23
[INFO] [stderr]   Downloaded aho-corasick v1.1.5
[INFO] [stderr]   Downloaded tower-http v0.7.1
[INFO] [stderr]   Downloaded winnow v1.0.4
[INFO] [stderr]   Downloaded jobserver v0.1.35
[INFO] [stderr]   Downloaded version_check v0.9.5
[INFO] [stderr]   Downloaded block-buffer v0.10.4
[INFO] [stderr]   Downloaded cpufeatures v0.2.17
[INFO] [stderr]   Downloaded foldhash v0.2.0
[INFO] [stderr]   Downloaded parking v2.2.1
[INFO] [stderr]   Downloaded base64 v0.22.1
[INFO] [stderr]   Downloaded unicode-bidi v0.3.18
[INFO] [stderr]   Downloaded cpufeatures v0.3.1
[INFO] [stderr]   Downloaded sha1 v0.11.0
[INFO] [stderr]   Downloaded clap_builder v4.6.6
[INFO] [stderr]   Downloaded anstyle-parse v1.0.0
[INFO] [stderr]   Downloaded serde_path_to_error v0.1.20
[INFO] [stderr]   Downloaded find-msvc-tools v0.1.12
[INFO] [stderr]   Downloaded cmake v0.1.58
[INFO] [stderr]   Downloaded thiserror v2.0.20
[INFO] [stderr]   Downloaded fastrand v2.5.0
[INFO] [stderr]   Downloaded hashlink v0.11.1
[INFO] [stderr]   Downloaded either v1.18.0
[INFO] [stderr]   Downloaded sqlx-postgres v0.9.0
[INFO] [stderr]   Downloaded sha2 v0.11.0
[INFO] [stderr]   Downloaded digest v0.11.3
[INFO] [stderr]   Downloaded const-oid v0.10.2
[INFO] [stderr]   Downloaded block-buffer v0.12.1
[INFO] [stderr]   Downloaded core-foundation-sys v0.8.7
[INFO] [stderr]   Downloaded httparse v1.10.1
[INFO] [stderr]   Downloaded fs-err v3.3.1
[INFO] [stderr]   Downloaded multer v3.1.0
[INFO] [stderr]   Downloaded zeroize v1.9.0
[INFO] [stderr]   Downloaded rand_core v0.10.1
[INFO] [stderr]   Downloaded pkg-config v0.3.34
[INFO] [stderr]   Downloaded sha2 v0.10.9
[INFO] [stderr]   Downloaded generic-array v0.14.9
[INFO] [stderr]   Downloaded futures-channel v0.3.34
[INFO] [stderr]   Downloaded num-traits v0.2.19
[INFO] [stderr]   Downloaded autocfg v1.5.1
[INFO] [stderr]   Downloaded unicode-properties v0.1.4
[INFO] [stderr]   Downloaded hmac v0.13.0
[INFO] [stderr]   Downloaded sqlx-macros-core v0.9.0
[INFO] [stderr]   Downloaded core_detect v1.0.0
[INFO] [stderr]   Downloaded syn v3.0.5
[INFO] [stderr]   Downloaded syn v2.0.119
[INFO] [stderr]   Downloaded fs_extra v1.3.0
[INFO] [stderr]   Downloaded thiserror-impl v2.0.20
[INFO] [stderr]   Downloaded crossbeam-queue v0.3.14
[INFO] [stderr]   Downloaded flume v0.12.0
[INFO] [stderr]   Downloaded windows-core v0.62.2
[INFO] [stderr]   Downloaded regex-syntax v0.8.11
[INFO] [stderr]   Downloaded getrandom v0.2.17
[INFO] [stderr]   Downloaded event-listener v5.4.2
[INFO] [stderr]   Downloaded crossbeam-utils v0.8.23
[INFO] [stderr]   Downloaded vcpkg v0.2.15
[INFO] [stderr]   Downloaded spin v0.9.9
[INFO] [stderr]   Downloaded iana-time-zone v0.1.65
[INFO] [stderr]   Downloaded axum-server v0.8.0
[INFO] [stderr]   Downloaded target-features v0.1.6
[INFO] [stderr]   Downloaded matchit v0.8.4
[INFO] [stderr]   Downloaded icu_normalizer v2.3.0
[INFO] [stderr]   Downloaded tracing v0.1.44
[INFO] [stderr]   Downloaded tempfile v3.27.0
[INFO] [stderr]   Downloaded tinyvec_macros v0.1.1
[INFO] [stderr]   Downloaded hybrid-array v0.4.14
[INFO] [stderr]   Downloaded ryu v1.0.23
[INFO] [stderr]   Downloaded getrandom v0.4.3
[INFO] [stderr]   Downloaded r-efi v6.0.0
[INFO] [stderr]   Downloaded digest v0.10.7
[INFO] [stderr]   Downloaded allocator-api2 v0.2.21
[INFO] [stderr]   Downloaded tinyvec v1.13.2
[INFO] [stderr]   Downloaded wasm-bindgen v0.2.128
[INFO] [stderr]   Downloaded anyhow v1.0.104
[INFO] [stderr]   Downloaded rustls-pki-types v1.15.1
[INFO] [stderr]   Downloaded regex-automata v0.4.18
[INFO] [stderr]   Downloaded tokio-stream v0.1.19
[INFO] [stderr]   Downloaded futures-intrusive v0.5.0
[INFO] [stderr]   Downloaded hkdf v0.13.0
[INFO] [stderr]   Downloaded wasm-bindgen-macro-support v0.2.128
[INFO] [stderr]   Downloaded bumpalo v3.20.3
[INFO] [stderr]   Downloaded js-sys v0.3.105
[INFO] [stderr]   Downloaded arc-swap v1.9.2
[INFO] [stderr]   Downloaded rustls-webpki v0.103.15
[INFO] [stderr]   Downloaded cc v1.4.5
[INFO] [stderr]   Downloaded sqlx-sqlite v0.9.0
[INFO] [stderr]   Downloaded typenum v1.20.1
[INFO] [stderr]   Downloaded utf8parse v0.2.2
[INFO] [stderr]   Downloaded hyper-util v0.1.20
[INFO] [stderr]   Downloaded rustls v0.23.44
[INFO] [stderr]   Downloaded sqlx-macros v0.9.0
[INFO] [stderr]   Downloaded anstyle v1.0.14
[INFO] [stderr]   Downloaded anstream v1.0.0
[INFO] [stderr]   Downloaded libc v0.2.189
[INFO] [stderr]   Downloaded hashbrown v0.16.1
[INFO] [stderr]   Downloaded dotenvy v0.15.7
[INFO] [stderr]   Downloaded byteorder v1.5.0
[INFO] [stderr]   Downloaded clap_derive v4.6.4
[INFO] [stderr]   Downloaded hyper v1.11.1
[INFO] [stderr]   Downloaded h2 v0.4.19
[INFO] [stderr]   Downloaded sqlx-core v0.9.0
[INFO] [stderr]   Downloaded sqlx-mysql v0.9.0
[INFO] [stderr]   Downloaded clap v4.6.6
[INFO] [stderr]   Downloaded webpki-roots v1.0.9
[INFO] [stderr]   Downloaded axum v0.8.9
[INFO] [stderr]   Downloaded tokio v1.53.1
[INFO] [stderr]   Downloaded is_terminal_polyfill v1.70.2
[INFO] [stderr]   Downloaded windows-sys v0.61.2
[INFO] [stderr]   Downloaded sqlx v0.9.0
[INFO] [stderr]   Downloaded aws-lc-rs v1.18.1
[INFO] [stderr]   Downloaded chrono v0.4.45
[INFO] [stderr]   Downloaded rustix v1.1.4
[INFO] [stderr]   Downloaded encoding_rs v0.8.40
[INFO] [stderr]   Downloaded ring v0.17.14
[INFO] [stderr]   Downloaded libsqlite3-sys v0.37.0
[INFO] [stderr]   Downloaded windows-sys v0.52.0
[INFO] [stderr]   Downloaded linux-raw-sys v0.12.1
[INFO] [stderr]   Downloaded aws-lc-sys v0.45.0
[INFO] running `Command { std: "docker" "create" "-v" "/var/lib/crater-agent-workspace/builds/worker-0-tc1/source:/opt/rustwide/workdir:ro,Z" "-v" "/var/lib/crater-agent-workspace/builds/worker-0-tc1/target:/opt/rustwide/target:rw,Z" "-v" "/var/lib/crater-agent-workspace/cargo-home:/opt/rustwide/cargo-home:ro,Z" "-v" "/var/lib/crater-agent-workspace/rustup-home:/opt/rustwide/rustup-home:ro,Z" "-m" "1610612736" "--network" "none" "ghcr.io/rust-lang/crates-build-env/linux@sha256:77db811e55d90add9212f6832c23229e3de5f1c1f9905e8cb07319ea15df73ac" "sleep" "infinity", kill_on_drop: false }`
[INFO] [stdout] a364584b03e8b2c922e1188f35e6b75fe9d5a67f0f4a22539cf94110cbda88c4
[INFO] running `Command { std: "docker" "start" "a364584b03e8b2c922e1188f35e6b75fe9d5a67f0f4a22539cf94110cbda88c4", kill_on_drop: false }`
[INFO] running `Command { std: "docker" "inspect" "a364584b03e8b2c922e1188f35e6b75fe9d5a67f0f4a22539cf94110cbda88c4", kill_on_drop: false }`
[INFO] running `Command { std: "docker" "exec" "-e" "SOURCE_DIR=/opt/rustwide/workdir" "-e" "CARGO_HOME=/opt/rustwide/cargo-home" "-e" "RUSTUP_HOME=/opt/rustwide/rustup-home" "-e" "CARGO_TARGET_DIR=/opt/rustwide/target" "-w" "/opt/rustwide/workdir" "--user" "0:0" "a364584b03e8b2c922e1188f35e6b75fe9d5a67f0f4a22539cf94110cbda88c4" "/opt/rustwide/cargo-home/bin/cargo" "+3154cc1a3e6424e44f438a95007d043ed5ceaaf6" "metadata" "--no-deps" "--format-version=1", kill_on_drop: false }`
[INFO] running `Command { std: "docker" "inspect" "a364584b03e8b2c922e1188f35e6b75fe9d5a67f0f4a22539cf94110cbda88c4", kill_on_drop: false }`
[INFO] running `Command { std: "docker" "exec" "-e" "SOURCE_DIR=/opt/rustwide/workdir" "-e" "CARGO_HOME=/opt/rustwide/cargo-home" "-e" "RUSTUP_HOME=/opt/rustwide/rustup-home" "-e" "CARGO_TARGET_DIR=/opt/rustwide/target" "-e" "CARGO_INCREMENTAL=0" "-e" "RUST_BACKTRACE=full" "-e" "RUSTFLAGS=--cap-lints=forbid -Znext-solver=coherence" "-e" "RUSTDOCFLAGS=--cap-lints=forbid" "-w" "/opt/rustwide/workdir" "--user" "0:0" "a364584b03e8b2c922e1188f35e6b75fe9d5a67f0f4a22539cf94110cbda88c4" "/opt/rustwide/cargo-home/bin/cargo" "+3154cc1a3e6424e44f438a95007d043ed5ceaaf6" "check" "--frozen" "--all" "--all-targets" "--message-format=json", kill_on_drop: false }`
[INFO] [stderr]    Compiling proc-macro2 v1.0.107
[INFO] [stderr]    Compiling unicode-ident v1.0.24
[INFO] [stderr]    Compiling quote v1.0.47
[INFO] [stderr]    Compiling libc v0.2.189
[INFO] [stderr]    Compiling find-msvc-tools v0.1.12
[INFO] [stderr]    Compiling shlex v2.0.1
[INFO] [stderr]     Checking cfg-if v1.0.4
[INFO] [stderr]    Compiling parking_lot_core v0.9.12
[INFO] [stderr]    Compiling version_check v0.9.5
[INFO] [stderr]     Checking pin-project-lite v0.2.17
[INFO] [stderr]    Compiling pkg-config v0.3.34
[INFO] [stderr]     Checking smallvec v1.16.0
[INFO] [stderr]     Checking scopeguard v1.2.0
[INFO] [stderr]     Checking futures-core v0.3.34
[INFO] [stderr]     Checking bytes v1.12.1
[INFO] [stderr]     Checking once_cell v1.21.4
[INFO] [stderr]    Compiling icu_properties_data v2.3.0
[INFO] [stderr]    Compiling stable_deref_trait v1.2.1
[INFO] [stderr]     Checking lock_api v0.4.14
[INFO] [stderr]    Compiling serde_core v1.0.229
[INFO] [stderr]    Compiling icu_normalizer_data v2.3.0
[INFO] [stderr]    Compiling serde v1.0.229
[INFO] [stderr]     Checking log v0.4.34
[INFO] [stderr]    Compiling autocfg v1.5.1
[INFO] [stderr]     Checking tracing-core v0.1.36
[INFO] [stderr]     Checking itoa v1.0.18
[INFO] [stderr]     Checking futures-sink v0.3.34
[INFO] [stderr]    Compiling dunce v1.0.5
[INFO] [stderr]     Checking typenum v1.20.1
[INFO] [stderr]    Compiling fs_extra v1.3.0
[INFO] [stderr]    Compiling writeable v0.6.4
[INFO] [stderr]    Compiling generic-array v0.14.9
[INFO] [stderr]    Compiling litemap v0.8.3
[INFO] [stderr]    Compiling crossbeam-utils v0.8.23
[INFO] [stderr]     Checking slab v0.4.12
[INFO] [stderr]    Compiling vcpkg v0.2.15
[INFO] [stderr]     Checking zeroize v1.9.0
[INFO] [stderr]     Checking equivalent v1.0.2
[INFO] [stderr]    Compiling utf8_iter v1.0.4
[INFO] [stderr]    Compiling zmij v1.0.23
[INFO] [stderr]    Compiling aws-lc-rs v1.18.1
[INFO] [stderr]    Compiling num-traits v0.2.19
[INFO] [stderr]     Checking http v1.5.0
[INFO] [stderr]     Checking memchr v2.8.3
[INFO] [stderr]     Checking rustls-pki-types v1.15.1
[INFO] [stderr]    Compiling rustversion v1.0.23
[INFO] [stderr]     Checking hashbrown v0.17.1
[INFO] [stderr]     Checking futures-task v0.3.34
[INFO] [stderr]    Compiling syn v3.0.5
[INFO] [stderr]    Compiling syn v2.0.119
[INFO] [stderr]     Checking percent-encoding v2.3.2
[INFO] [stderr]     Checking futures-io v0.3.34
[INFO] [stderr]    Compiling target-features v0.1.6
[INFO] [stderr]    Compiling untrusted v0.9.0
[INFO] [stderr]     Checking futures-util v0.3.34
[INFO] [stderr]     Checking http-body v1.1.0
[INFO] [stderr]     Checking indexmap v2.14.2
[INFO] [stderr]    Compiling jobserver v0.1.35
[INFO] [stderr]    Compiling getrandom v0.2.17
[INFO] [stderr]     Checking errno v0.3.14
[INFO] [stderr]     Checking mio v1.2.3
[INFO] [stderr]    Compiling cc v1.4.5
[INFO] [stderr]     Checking signal-hook-registry v1.4.8
[INFO] [stderr]     Checking parking_lot v0.12.5
[INFO] [stderr]     Checking socket2 v0.6.5
[INFO] [stderr]    Compiling rustls v0.23.44
[INFO] [stderr]    Compiling httparse v1.10.1
[INFO] [stderr]    Compiling block-buffer v0.10.4
[INFO] [stderr]    Compiling crypto-common v0.1.6
[INFO] [stderr]    Compiling allocator-api2 v0.2.21
[INFO] [stderr]    Compiling thiserror v2.0.20
[INFO] [stderr]    Compiling foldhash v0.2.0
[INFO] [stderr]    Compiling digest v0.10.7
[INFO] [stderr]    Compiling form_urlencoded v1.2.2
[INFO] [stderr]     Checking futures-channel v0.3.34
[INFO] [stderr]     Checking subtle v2.6.1
[INFO] [stderr]    Compiling hashbrown v0.16.1
[INFO] [stderr]     Checking tower-service v0.3.3
[INFO] [stderr]    Compiling crc-catalog v2.5.0
[INFO] [stderr]    Compiling parking v2.2.1
[INFO] [stderr]    Compiling cpufeatures v0.2.17
[INFO] [stderr]    Compiling event-listener v5.4.2
[INFO] [stderr]    Compiling tokio v1.53.1
[INFO] [stderr]    Compiling cmake v0.1.58
[INFO] [stderr]    Compiling sha2 v0.10.9
[INFO] [stderr]    Compiling crc v3.4.0
[INFO] [stderr]    Compiling futures-intrusive v0.5.0
[INFO] [stderr]    Compiling hashlink v0.11.1
[INFO] [stderr]    Compiling crossbeam-queue v0.3.14
[INFO] [stderr]    Compiling webpki-roots v1.0.9
[INFO] [stderr]    Compiling spin v0.9.9
[INFO] [stderr]     Checking fnv v1.0.7
[INFO] [stderr]     Checking atomic-waker v1.1.2
[INFO] [stderr]    Compiling heck v0.5.0
[INFO] [stderr]    Compiling base64 v0.22.1
[INFO] [stderr]    Compiling serde_json v1.0.151
[INFO] [stderr]    Compiling atoi v2.0.0
[INFO] [stderr]    Compiling futures-executor v0.3.34
[INFO] [stderr]    Compiling flume v0.12.0
[INFO] [stderr]    Compiling encoding_rs v0.8.40
[INFO] [stderr]     Checking hybrid-array v0.4.14
[INFO] [stderr]    Compiling ring v0.17.14
[INFO] [stderr]    Compiling synstructure v0.13.2
[INFO] [stderr]    Compiling aws-lc-sys v0.45.0
[INFO] [stderr]    Compiling libsqlite3-sys v0.37.0
[INFO] [stderr]     Checking tower-layer v0.3.3
[INFO] [stderr]     Checking httpdate v1.0.3
[INFO] [stderr]     Checking utf8parse v0.2.2
[INFO] [stderr]     Checking anstyle-parse v1.0.0
[INFO] [stderr]     Checking http-body-util v0.1.5
[INFO] [stderr]    Compiling fs-err v3.3.1
[INFO] [stderr]    Compiling multer v3.1.0
[INFO] [stderr]     Checking anstyle v1.0.14
[INFO] [stderr]     Checking regex-syntax v0.8.11
[INFO] [stderr]     Checking core_detect v1.0.0
[INFO] [stderr]     Checking anstyle-query v1.1.5
[INFO] [stderr]     Checking colorchoice v1.0.5
[INFO] [stderr]    Compiling hex v0.4.3
[INFO] [stderr]    Compiling getrandom v0.4.3
[INFO] [stderr]     Checking mime v0.3.17
[INFO] [stderr]    Compiling dotenvy v0.15.7
[INFO] [stderr]     Checking simdutf8 v0.1.5
[INFO] [stderr]     Checking bitflags v2.13.1
[INFO] [stderr]    Compiling multiversion_no_op v1.0.0
[INFO] [stderr]     Checking is_terminal_polyfill v1.70.2
[INFO] [stderr]    Compiling rustix v1.1.4
[INFO] [stderr]     Checking sync_wrapper v1.0.2
[INFO] [stderr]     Checking anstream v1.0.0
[INFO] [stderr]     Checking block-buffer v0.12.1
[INFO] [stderr]     Checking crypto-common v0.2.2
[INFO] [stderr]    Compiling anyhow v1.0.104
[INFO] [stderr]     Checking const-oid v0.10.2
[INFO] [stderr]     Checking clap_lex v1.1.0
[INFO] [stderr]     Checking lazy_static v1.5.0
[INFO] [stderr]     Checking strsim v0.11.1
[INFO] [stderr]     Checking ryu v1.0.23
[INFO] [stderr]     Checking linux-raw-sys v0.12.1
[INFO] [stderr]     Checking winnow v1.0.4
[INFO] [stderr]     Checking clap_builder v4.6.6
[INFO] [stderr]     Checking sharded-slab v0.1.7
[INFO] [stderr]     Checking regex-automata v0.4.18
[INFO] [stderr]     Checking serde_path_to_error v0.1.20
[INFO] [stderr]     Checking serde_spanned v1.1.1
[INFO] [stderr]     Checking digest v0.11.3
[INFO] [stderr]    Compiling zerovec-derive v0.11.6
[INFO] [stderr]    Compiling displaydoc v0.2.7
[INFO] [stderr]    Compiling serde_derive v1.0.229
[INFO] [stderr]    Compiling tokio-macros v2.7.2
[INFO] [stderr]    Compiling thiserror-impl v2.0.20
[INFO] [stderr]    Compiling zerofrom-derive v0.1.7
[INFO] [stderr]    Compiling yoke-derive v0.8.2
[INFO] [stderr]    Compiling tracing-attributes v0.1.31
[INFO] [stderr]    Compiling multiversion-macros v0.8.0
[INFO] [stderr]    Compiling tokio-stream v0.1.19
[INFO] [stderr]     Checking toml_parser v1.1.3+spec-1.1.0
[INFO] [stderr] error: could not compile `tokio` (lib)
[INFO] [stderr] 
[INFO] [stderr] Caused by:
[INFO] [stderr]   process didn't exit successfully: `/opt/rustwide/rustup-home/toolchains/3154cc1a3e6424e44f438a95007d043ed5ceaaf6/bin/rustc --crate-name tokio --edition=2021 /opt/rustwide/cargo-home/registry/src/index.crates.io-1949cf8c6b5b557f/tokio-1.53.1/src/lib.rs --error-format=json --json=diagnostic-rendered-ansi,artifacts,future-incompat,unused-externs-silent --crate-type lib --emit=dep-info,metadata,link -Z embed-metadata=no -C embed-bitcode=no --cfg 'feature="bytes"' --cfg 'feature="default"' --cfg 'feature="fs"' --cfg 'feature="io-util"' --cfg 'feature="libc"' --cfg 'feature="mio"' --cfg 'feature="net"' --cfg 'feature="rt"' --cfg 'feature="socket2"' --cfg 'feature="sync"' --cfg 'feature="time"' --check-cfg 'cfg(docsrs,test)' --check-cfg 'cfg(feature, values("bytes", "default", "fs", "full", "io-std", "io-uring", "io-util", "libc", "macros", "mio", "net", "parking_lot", "process", "rt", "rt-multi-thread", "schedule-latency", "signal", "signal-hook-registry", "socket2", "sync", "taskdump", "test-util", "time", "tokio-macros", "tracing", "windows-sys"))' -C metadata=19cd4bba9dc5a0ac -C extra-filename=-7da96615c0abfaeb --out-dir /opt/rustwide/target/debug/build/tokio/7da96615c0abfaeb/out -L dependency=/opt/rustwide/target/debug/build/libc/b5bacc663e2d03e8/out --extern bytes=/opt/rustwide/target/debug/build/bytes/9d5db70a86469ac7/out/libbytes-9d5db70a86469ac7.rmeta --extern libc=/opt/rustwide/target/debug/build/libc/b5bacc663e2d03e8/out/liblibc-b5bacc663e2d03e8.rmeta --extern mio=/opt/rustwide/target/debug/build/mio/1dab9068c1e6e158/out/libmio-1dab9068c1e6e158.rmeta --extern pin_project_lite=/opt/rustwide/target/debug/build/pin-project-lite/8865054d381cd0d9/out/libpin_project_lite-8865054d381cd0d9.rmeta --extern socket2=/opt/rustwide/target/debug/build/socket2/b8881a1e75226e4a/out/libsocket2-b8881a1e75226e4a.rmeta --cap-lints allow --cap-lints=forbid -Znext-solver=coherence --force-warn=unused_crate_dependencies` (signal: 9, SIGKILL: kill)
[INFO] [stderr] warning: build failed, waiting for other jobs to finish...
[INFO] [stderr] warning: libsqlite3-sys@0.37.0: cc: fatal error: Killed signal terminated program cc1
[INFO] [stderr] warning: libsqlite3-sys@0.37.0: compilation terminated.
[INFO] [stderr] error: failed to run custom build command for `libsqlite3-sys v0.37.0`
[INFO] [stderr] note: To improve backtraces for build dependencies, set the CARGO_PROFILE_DEV_BUILD_OVERRIDE_DEBUG=true environment variable to enable debug information generation.
[INFO] [stderr] 
[INFO] [stderr] Caused by:
[INFO] [stderr]   process didn't exit successfully: `/opt/rustwide/target/debug/build/libsqlite3-sys/c43f38d2cd427c17/out/build_script_build` (exit status: 1)
[INFO] [stderr]   --- stdout
[INFO] [stderr]   cargo:rerun-if-env-changed=LIBSQLITE3_SYS_USE_PKG_CONFIG
[INFO] [stderr]   cargo:include=/opt/rustwide/cargo-home/registry/src/index.crates.io-1949cf8c6b5b557f/libsqlite3-sys-0.37.0/sqlite3
[INFO] [stderr]   cargo:rerun-if-changed=sqlite3/sqlite3.c
[INFO] [stderr]   cargo:rerun-if-changed=sqlite3/wasm32-wasi-vfs.c
[INFO] [stderr]   cargo:rerun-if-env-changed=SQLITE_MAX_VARIABLE_NUMBER
[INFO] [stderr]   cargo:rerun-if-env-changed=SQLITE_MAX_EXPR_DEPTH
[INFO] [stderr]   cargo:rerun-if-env-changed=SQLITE_MAX_COLUMN
[INFO] [stderr]   cargo:rerun-if-env-changed=LIBSQLITE3_FLAGS
[INFO] [stderr]   cargo:rerun-if-env-changed=CC_FORCE_DISABLE
[INFO] [stderr]   CC_FORCE_DISABLE = None
[INFO] [stderr]   cargo:rerun-if-env-changed=CC_x86_64-unknown-linux-gnu
[INFO] [stderr]   CC_x86_64-unknown-linux-gnu = None
[INFO] [stderr]   cargo:rerun-if-env-changed=CC_x86_64_unknown_linux_gnu
[INFO] [stderr]   CC_x86_64_unknown_linux_gnu = None
[INFO] [stderr]   cargo:rerun-if-env-changed=HOST_CC
[INFO] [stderr]   HOST_CC = None
[INFO] [stderr]   cargo:rerun-if-env-changed=CC
[INFO] [stderr]   CC = None
[INFO] [stderr]   cargo:rerun-if-env-changed=CC_ENABLE_DEBUG_OUTPUT
[INFO] [stderr]   cargo:rerun-if-env-changed=CRATE_CC_NO_DEFAULTS
[INFO] [stderr]   CRATE_CC_NO_DEFAULTS = None
[INFO] [stderr]   cargo:rerun-if-env-changed=CRATE_CC_NO_DEFAULTS
[INFO] [stderr]   CRATE_CC_NO_DEFAULTS = None
[INFO] [stderr]   cargo:rerun-if-env-changed=CFLAGS
[INFO] [stderr]   CFLAGS = None
[INFO] [stderr]   cargo:rerun-if-env-changed=HOST_CFLAGS
[INFO] [stderr]   HOST_CFLAGS = None
[INFO] [stderr]   cargo:rerun-if-env-changed=CFLAGS_x86_64_unknown_linux_gnu
[INFO] [stderr]   CFLAGS_x86_64_unknown_linux_gnu = None
[INFO] [stderr]   cargo:rerun-if-env-changed=CFLAGS_x86_64-unknown-linux-gnu
[INFO] [stderr]   CFLAGS_x86_64-unknown-linux-gnu = None
[INFO] [stderr]   cargo:rerun-if-env-changed=CFLAGS
[INFO] [stderr]   CFLAGS = None
[INFO] [stderr]   cargo:rerun-if-env-changed=HOST_CFLAGS
[INFO] [stderr]   HOST_CFLAGS = None
[INFO] [stderr]   cargo:rerun-if-env-changed=CFLAGS_x86_64_unknown_linux_gnu
[INFO] [stderr]   CFLAGS_x86_64_unknown_linux_gnu = None
[INFO] [stderr]   cargo:rerun-if-env-changed=CFLAGS_x86_64-unknown-linux-gnu
[INFO] [stderr]   CFLAGS_x86_64-unknown-linux-gnu = None
[INFO] [stderr]   cargo:warning=cc: fatal error: Killed signal terminated program cc1
[INFO] [stderr]   cargo:warning=compilation terminated.
[INFO] [stderr] 
[INFO] [stderr]   --- stderr
[INFO] [stderr] 
[INFO] [stderr] 
[INFO] [stderr]   error occurred in cc-rs: command did not execute successfully (status code exit status: 1): LC_ALL="C" "cc" "-O0" "-ffunction-sections" "-fdata-sections" "-fPIC" "-g" "-gdwarf-4" "-fno-omit-frame-pointer" "-mno-omit-leaf-frame-pointer" "-m64" "-w" "-DSQLITE_CORE" "-DSQLITE_DEFAULT_FOREIGN_KEYS=1" "-DSQLITE_ENABLE_API_ARMOR" "-DSQLITE_ENABLE_COLUMN_METADATA" "-DSQLITE_ENABLE_DBSTAT_VTAB" "-DSQLITE_ENABLE_FTS3" "-DSQLITE_ENABLE_FTS3_PARENTHESIS" "-DSQLITE_ENABLE_FTS5" "-DSQLITE_ENABLE_JSON1" "-DSQLITE_ENABLE_LOAD_EXTENSION=1" "-DSQLITE_ENABLE_MEMORY_MANAGEMENT" "-DSQLITE_ENABLE_RTREE" "-DSQLITE_ENABLE_STAT4" "-DSQLITE_SOUNDEX" "-DSQLITE_THREADSAFE=1" "-DSQLITE_USE_URI" "-DHAVE_USLEEP=1" "-DHAVE_ISNAN" "-D_POSIX_THREAD_SAFE_FUNCTIONS" "-DHAVE_LOCALTIME_R" "-DSQLITE_ENABLE_UNLOCK_NOTIFY" "-o" "/opt/rustwide/target/debug/build/libsqlite3-sys/3ccc16c70dffd0e4/out/c877a2978823c39d-sqlite3.o" "-c" "sqlite3/sqlite3.c"
[INFO] [stderr] 
[INFO] [stderr] 
[INFO] [stderr] warning: libsqlite3-sys@0.37.0: cc: fatal error: Killed signal terminated program cc1
[INFO] [stderr] warning: libsqlite3-sys@0.37.0: compilation terminated.
[INFO] [stderr] error: failed to run custom build command for `libsqlite3-sys v0.37.0`
[INFO] [stderr] note: To improve backtraces for build dependencies, set the CARGO_PROFILE_DEV_BUILD_OVERRIDE_DEBUG=true environment variable to enable debug information generation.
[INFO] [stderr] 
[INFO] [stderr] Caused by:
[INFO] [stderr]   process didn't exit successfully: `/opt/rustwide/target/debug/build/libsqlite3-sys/eb6c62bd1b941142/out/build_script_build` (exit status: 1)
[INFO] [stderr]   --- stdout
[INFO] [stderr]   cargo:rerun-if-env-changed=LIBSQLITE3_SYS_USE_PKG_CONFIG
[INFO] [stderr]   cargo:include=/opt/rustwide/cargo-home/registry/src/index.crates.io-1949cf8c6b5b557f/libsqlite3-sys-0.37.0/sqlite3
[INFO] [stderr]   cargo:rerun-if-changed=sqlite3/sqlite3.c
[INFO] [stderr]   cargo:rerun-if-changed=sqlite3/wasm32-wasi-vfs.c
[INFO] [stderr]   cargo:rerun-if-env-changed=SQLITE_MAX_VARIABLE_NUMBER
[INFO] [stderr]   cargo:rerun-if-env-changed=SQLITE_MAX_EXPR_DEPTH
[INFO] [stderr]   cargo:rerun-if-env-changed=SQLITE_MAX_COLUMN
[INFO] [stderr]   cargo:rerun-if-env-changed=LIBSQLITE3_FLAGS
[INFO] [stderr]   cargo:rerun-if-env-changed=CC_FORCE_DISABLE
[INFO] [stderr]   CC_FORCE_DISABLE = None
[INFO] [stderr]   cargo:rerun-if-env-changed=CC_x86_64-unknown-linux-gnu
[INFO] [stderr]   CC_x86_64-unknown-linux-gnu = None
[INFO] [stderr]   cargo:rerun-if-env-changed=CC_x86_64_unknown_linux_gnu
[INFO] [stderr]   CC_x86_64_unknown_linux_gnu = None
[INFO] [stderr]   cargo:rerun-if-env-changed=HOST_CC
[INFO] [stderr]   HOST_CC = None
[INFO] [stderr]   cargo:rerun-if-env-changed=CC
[INFO] [stderr]   CC = None
[INFO] [stderr]   cargo:rerun-if-env-changed=CC_ENABLE_DEBUG_OUTPUT
[INFO] [stderr]   cargo:rerun-if-env-changed=CRATE_CC_NO_DEFAULTS
[INFO] [stderr]   CRATE_CC_NO_DEFAULTS = None
[INFO] [stderr]   cargo:rerun-if-env-changed=CFLAGS
[INFO] [stderr]   CFLAGS = None
[INFO] [stderr]   cargo:rerun-if-env-changed=HOST_CFLAGS
[INFO] [stderr]   HOST_CFLAGS = None
[INFO] [stderr]   cargo:rerun-if-env-changed=CFLAGS_x86_64_unknown_linux_gnu
[INFO] [stderr]   CFLAGS_x86_64_unknown_linux_gnu = None
[INFO] [stderr]   cargo:rerun-if-env-changed=CFLAGS_x86_64-unknown-linux-gnu
[INFO] [stderr]   CFLAGS_x86_64-unknown-linux-gnu = None
[INFO] [stderr]   cargo:warning=cc: fatal error: Killed signal terminated program cc1
[INFO] [stderr]   cargo:warning=compilation terminated.
[INFO] [stderr] 
[INFO] [stderr]   --- stderr
[INFO] [stderr] 
[INFO] [stderr] 
[INFO] [stderr]   error occurred in cc-rs: command did not execute successfully (status code exit status: 1): LC_ALL="C" "cc" "-O0" "-ffunction-sections" "-fdata-sections" "-fPIC" "-m64" "-w" "-DSQLITE_CORE" "-DSQLITE_DEFAULT_FOREIGN_KEYS=1" "-DSQLITE_ENABLE_API_ARMOR" "-DSQLITE_ENABLE_COLUMN_METADATA" "-DSQLITE_ENABLE_DBSTAT_VTAB" "-DSQLITE_ENABLE_FTS3" "-DSQLITE_ENABLE_FTS3_PARENTHESIS" "-DSQLITE_ENABLE_FTS5" "-DSQLITE_ENABLE_JSON1" "-DSQLITE_ENABLE_LOAD_EXTENSION=1" "-DSQLITE_ENABLE_MEMORY_MANAGEMENT" "-DSQLITE_ENABLE_RTREE" "-DSQLITE_ENABLE_STAT4" "-DSQLITE_SOUNDEX" "-DSQLITE_THREADSAFE=1" "-DSQLITE_USE_URI" "-DHAVE_USLEEP=1" "-DHAVE_ISNAN" "-D_POSIX_THREAD_SAFE_FUNCTIONS" "-DHAVE_LOCALTIME_R" "-o" "/opt/rustwide/target/debug/build/libsqlite3-sys/9816a0a3f67da625/out/c877a2978823c39d-sqlite3.o" "-c" "sqlite3/sqlite3.c"
[INFO] [stderr] 
[INFO] [stderr] 
[INFO] running `Command { std: "docker" "inspect" "a364584b03e8b2c922e1188f35e6b75fe9d5a67f0f4a22539cf94110cbda88c4", kill_on_drop: false }`
[INFO] running `Command { std: "docker" "rm" "-f" "a364584b03e8b2c922e1188f35e6b75fe9d5a67f0f4a22539cf94110cbda88c4", kill_on_drop: false }`
[INFO] [stdout] a364584b03e8b2c922e1188f35e6b75fe9d5a67f0f4a22539cf94110cbda88c4
