[INFO] fetching crate concerto-asset-import 0.1.0...
[INFO] checking concerto-asset-import-0.1.0 against 3154cc1a3e6424e44f438a95007d043ed5ceaaf6 for pr-133502-31
[INFO] extracting crate concerto-asset-import 0.1.0 into /workspace/builds/worker-3-tc2/source
[INFO] started tweaking crates.io crate concerto-asset-import 0.1.0
[INFO] removed 0 missing tests
[INFO] finished tweaking crates.io crate concerto-asset-import 0.1.0
[INFO] tweaked toml for crates.io crate concerto-asset-import 0.1.0 written to /workspace/builds/worker-3-tc2/source/Cargo.toml
[INFO] validating manifest of crates.io crate concerto-asset-import 0.1.0 on toolchain 3154cc1a3e6424e44f438a95007d043ed5ceaaf6
[INFO] running `Command { std: CARGO_HOME="/workspace/cargo-home" RUSTUP_HOME="/workspace/rustup-home" "/workspace/cargo-home/bin/cargo" "+3154cc1a3e6424e44f438a95007d043ed5ceaaf6" "metadata" "--manifest-path" "Cargo.toml" "--no-deps", kill_on_drop: false }`
[INFO] crate crates.io crate concerto-asset-import 0.1.0 already has a lockfile, it will not be regenerated
[INFO] running `Command { std: CARGO_HOME="/workspace/cargo-home" RUSTUP_HOME="/workspace/rustup-home" "/workspace/cargo-home/bin/cargo" "+3154cc1a3e6424e44f438a95007d043ed5ceaaf6" "fetch" "--manifest-path" "Cargo.toml", kill_on_drop: false }`
[INFO] running `Command { std: "docker" "create" "-v" "/var/lib/crater-agent-workspace/builds/worker-3-tc2/source:/opt/rustwide/workdir:ro,Z" "-v" "/var/lib/crater-agent-workspace/builds/worker-3-tc2/target:/opt/rustwide/target:rw,Z" "-v" "/var/lib/crater-agent-workspace/cargo-home:/opt/rustwide/cargo-home:ro,Z" "-v" "/var/lib/crater-agent-workspace/rustup-home:/opt/rustwide/rustup-home:ro,Z" "-m" "1610612736" "--network" "none" "ghcr.io/rust-lang/crates-build-env/linux@sha256:77db811e55d90add9212f6832c23229e3de5f1c1f9905e8cb07319ea15df73ac" "sleep" "infinity", kill_on_drop: false }`
[INFO] [stdout] 5543be277261eca6e27194f5b630031d706983fe9322592ea831ea5dab697644
[INFO] running `Command { std: "docker" "start" "5543be277261eca6e27194f5b630031d706983fe9322592ea831ea5dab697644", kill_on_drop: false }`
[INFO] running `Command { std: "docker" "inspect" "5543be277261eca6e27194f5b630031d706983fe9322592ea831ea5dab697644", kill_on_drop: false }`
[INFO] running `Command { std: "docker" "exec" "-e" "SOURCE_DIR=/opt/rustwide/workdir" "-e" "CARGO_HOME=/opt/rustwide/cargo-home" "-e" "RUSTUP_HOME=/opt/rustwide/rustup-home" "-e" "CARGO_TARGET_DIR=/opt/rustwide/target" "-w" "/opt/rustwide/workdir" "--user" "0:0" "5543be277261eca6e27194f5b630031d706983fe9322592ea831ea5dab697644" "/opt/rustwide/cargo-home/bin/cargo" "+3154cc1a3e6424e44f438a95007d043ed5ceaaf6" "metadata" "--no-deps" "--format-version=1", kill_on_drop: false }`
[INFO] running `Command { std: "docker" "inspect" "5543be277261eca6e27194f5b630031d706983fe9322592ea831ea5dab697644", kill_on_drop: false }`
[INFO] running `Command { std: "docker" "exec" "-e" "SOURCE_DIR=/opt/rustwide/workdir" "-e" "CARGO_HOME=/opt/rustwide/cargo-home" "-e" "RUSTUP_HOME=/opt/rustwide/rustup-home" "-e" "CARGO_TARGET_DIR=/opt/rustwide/target" "-e" "CARGO_INCREMENTAL=0" "-e" "RUST_BACKTRACE=full" "-e" "RUSTFLAGS=--cap-lints=forbid" "-e" "RUSTDOCFLAGS=--cap-lints=forbid" "-w" "/opt/rustwide/workdir" "--user" "0:0" "5543be277261eca6e27194f5b630031d706983fe9322592ea831ea5dab697644" "/opt/rustwide/cargo-home/bin/cargo" "+3154cc1a3e6424e44f438a95007d043ed5ceaaf6" "check" "--frozen" "--all" "--all-targets" "--message-format=json", kill_on_drop: false }`
[INFO] [stderr]    Compiling syn v2.0.111
[INFO] [stderr]    Compiling libc v0.2.178
[INFO] [stderr]     Checking futures-io v0.3.31
[INFO] [stderr]     Checking futures-core v0.3.31
[INFO] [stderr]     Checking async-task v4.7.1
[INFO] [stderr]    Compiling sha1_smol v1.0.1
[INFO] [stderr]     Checking pollster v0.4.0
[INFO] [stderr]     Checking event-listener v5.4.1
[INFO] [stderr]    Compiling zip_clone v0.1.5
[INFO] [stderr]     Checking winnow v0.7.14
[INFO] [stderr]     Checking fixedbitset v0.5.7
[INFO] [stderr]     Checking glam v0.30.9
[INFO] [stderr]     Checking foldhash v0.2.0
[INFO] [stderr]    Compiling concerto-foundation v0.1.0
[INFO] [stderr]     Checking anymap3 v1.0.1
[INFO] [stderr]     Checking log v0.4.29
[INFO] [stderr]     Checking any_vec v0.14.0
[INFO] [stderr]     Checking futures-lite v2.6.1
[INFO] [stderr]     Checking piper v0.2.5
[INFO] [stderr]     Checking event-listener-strategy v0.5.4
[INFO] [stderr]     Checking async-channel v2.5.0
[INFO] [stderr]     Checking async-lock v3.4.2
[INFO] [stderr]     Checking petgraph v0.8.3
[INFO] [stderr]     Checking async-executor v1.13.3
[INFO] [stderr]     Checking blocking v1.7.0
[INFO] [stderr]     Checking async-fs v2.2.0
[INFO] [stderr]     Checking getrandom v0.3.4
[INFO] [stderr]    Compiling uuid v1.19.0
[INFO] [stderr]    Compiling serde_derive v1.0.228
[INFO] [stderr]    Compiling profiling-procmacros v1.0.17
[INFO] [stderr]    Compiling derive_more-impl v2.1.1
[INFO] [stderr]    Compiling concerto-editable-macros v0.1.0
[INFO] [stderr]    Compiling typle v0.10.6
[INFO] [stderr]    Compiling bytemuck_derive v1.10.2
[INFO] [stderr]    Compiling concerto-ecs-macros v0.1.0
[INFO] [stderr]     Checking profiling v1.0.17
[INFO] [stderr]     Checking bytemuck v1.24.0
[INFO] [stderr]     Checking concerto-editable v0.1.0
[INFO] [stderr]     Checking serde v1.0.228
[INFO] [stderr]     Checking serde_spanned v0.6.9
[INFO] [stderr]     Checking toml_datetime v0.6.11
[INFO] [stderr]     Checking bincode v1.3.3
[INFO] [stderr]     Checking toml_edit v0.22.27
[INFO] [stderr]     Checking concerto-asset-format v0.1.0
[INFO] [stderr]    Compiling concerto-foundation-macros v0.1.0
[INFO] [stderr]     Checking derive_more v2.1.1
[INFO] [stderr]     Checking concerto-tasks v0.1.0
[INFO] [stderr]     Checking concerto-ecs v0.1.0
[INFO] [stderr]     Checking toml v0.8.23
[INFO] [stdout] error[E0284]: type annotations needed: cannot satisfy `(_,): 'static`
[INFO] [stdout]    --> /opt/rustwide/cargo-home/registry/src/index.crates.io-1949cf8c6b5b557f/concerto-ecs-0.1.0/src/system/mod.rs:184:18
[INFO] [stdout]     |
[INFO] [stdout] 184 |         Box::new(FunctionSystem::new(self))
[INFO] [stdout]     |                  ^^^^^^^^^^^^^^^^^^^^^^^^^ cannot satisfy `(_,): 'static`
[INFO] [stdout]     |
[INFO] [stdout] note: required by a bound in `FunctionSystem::<F, Input>::new`
[INFO] [stdout]    --> /opt/rustwide/cargo-home/registry/src/index.crates.io-1949cf8c6b5b557f/concerto-ecs-0.1.0/src/system/mod.rs:101:26
[INFO] [stdout]     |
[INFO] [stdout]  99 | impl<F, Input> FunctionSystem<F, Input>
[INFO] [stdout] 100 | where
[INFO] [stdout] 101 |     Input: SystemInput + 'static,
[INFO] [stdout]     |                          ^^^^^^^ required by this bound in `FunctionSystem::<F, Input>::new`
[INFO] [stdout] 102 | {
[INFO] [stdout] 103 |     pub fn new(func: F) -> Self {
[INFO] [stdout]     |
[INFO] [stdout] 
[INFO] [stdout] 
[INFO] [stdout] error[E0284]: type annotations needed: cannot satisfy `(_, _): 'static`
[INFO] [stdout]    --> /opt/rustwide/cargo-home/registry/src/index.crates.io-1949cf8c6b5b557f/concerto-ecs-0.1.0/src/system/mod.rs:184:18
[INFO] [stdout]     |
[INFO] [stdout] 184 |         Box::new(FunctionSystem::new(self))
[INFO] [stdout]     |                  ^^^^^^^^^^^^^^^^^^^^^^^^^ cannot satisfy `(_, _): 'static`
[INFO] [stdout]     |
[INFO] [stdout] note: required by a bound in `FunctionSystem::<F, Input>::new`
[INFO] [stdout]    --> /opt/rustwide/cargo-home/registry/src/index.crates.io-1949cf8c6b5b557f/concerto-ecs-0.1.0/src/system/mod.rs:101:26
[INFO] [stdout]     |
[INFO] [stdout]  99 | impl<F, Input> FunctionSystem<F, Input>
[INFO] [stdout] 100 | where
[INFO] [stdout] 101 |     Input: SystemInput + 'static,
[INFO] [stdout]     |                          ^^^^^^^ required by this bound in `FunctionSystem::<F, Input>::new`
[INFO] [stdout] 102 | {
[INFO] [stdout] 103 |     pub fn new(func: F) -> Self {
[INFO] [stdout]     |
[INFO] [stdout] 
[INFO] [stdout] 
[INFO] [stdout] error[E0284]: type annotations needed: cannot satisfy `(_, _, _): 'static`
[INFO] [stdout]    --> /opt/rustwide/cargo-home/registry/src/index.crates.io-1949cf8c6b5b557f/concerto-ecs-0.1.0/src/system/mod.rs:184:18
[INFO] [stdout]     |
[INFO] [stdout] 184 |         Box::new(FunctionSystem::new(self))
[INFO] [stdout]     |                  ^^^^^^^^^^^^^^^^^^^^^^^^^ cannot satisfy `(_, _, _): 'static`
[INFO] [stdout]     |
[INFO] [stdout] note: required by a bound in `FunctionSystem::<F, Input>::new`
[INFO] [stdout]    --> /opt/rustwide/cargo-home/registry/src/index.crates.io-1949cf8c6b5b557f/concerto-ecs-0.1.0/src/system/mod.rs:101:26
[INFO] [stdout]     |
[INFO] [stdout]  99 | impl<F, Input> FunctionSystem<F, Input>
[INFO] [stdout] 100 | where
[INFO] [stdout] 101 |     Input: SystemInput + 'static,
[INFO] [stdout]     |                          ^^^^^^^ required by this bound in `FunctionSystem::<F, Input>::new`
[INFO] [stdout] 102 | {
[INFO] [stdout] 103 |     pub fn new(func: F) -> Self {
[INFO] [stdout]     |
[INFO] [stdout] 
[INFO] [stdout] 
[INFO] [stdout] error[E0284]: type annotations needed: cannot satisfy `(_, _, _, _): 'static`
[INFO] [stdout]    --> /opt/rustwide/cargo-home/registry/src/index.crates.io-1949cf8c6b5b557f/concerto-ecs-0.1.0/src/system/mod.rs:184:18
[INFO] [stdout]     |
[INFO] [stdout] 184 |         Box::new(FunctionSystem::new(self))
[INFO] [stdout]     |                  ^^^^^^^^^^^^^^^^^^^^^^^^^ cannot satisfy `(_, _, _, _): 'static`
[INFO] [stdout]     |
[INFO] [stdout] note: required by a bound in `FunctionSystem::<F, Input>::new`
[INFO] [stdout]    --> /opt/rustwide/cargo-home/registry/src/index.crates.io-1949cf8c6b5b557f/concerto-ecs-0.1.0/src/system/mod.rs:101:26
[INFO] [stdout]     |
[INFO] [stdout]  99 | impl<F, Input> FunctionSystem<F, Input>
[INFO] [stdout] 100 | where
[INFO] [stdout] 101 |     Input: SystemInput + 'static,
[INFO] [stdout]     |                          ^^^^^^^ required by this bound in `FunctionSystem::<F, Input>::new`
[INFO] [stdout] 102 | {
[INFO] [stdout] 103 |     pub fn new(func: F) -> Self {
[INFO] [stdout]     |
[INFO] [stdout] 
[INFO] [stdout] 
[INFO] [stdout] error[E0284]: type annotations needed: cannot satisfy `(_, _, _, _, _): 'static`
[INFO] [stdout]    --> /opt/rustwide/cargo-home/registry/src/index.crates.io-1949cf8c6b5b557f/concerto-ecs-0.1.0/src/system/mod.rs:184:18
[INFO] [stdout]     |
[INFO] [stdout] 184 |         Box::new(FunctionSystem::new(self))
[INFO] [stdout]     |                  ^^^^^^^^^^^^^^^^^^^^^^^^^ cannot satisfy `(_, _, _, _, _): 'static`
[INFO] [stdout]     |
[INFO] [stdout] note: required by a bound in `FunctionSystem::<F, Input>::new`
[INFO] [stdout]    --> /opt/rustwide/cargo-home/registry/src/index.crates.io-1949cf8c6b5b557f/concerto-ecs-0.1.0/src/system/mod.rs:101:26
[INFO] [stdout]     |
[INFO] [stdout]  99 | impl<F, Input> FunctionSystem<F, Input>
[INFO] [stdout] 100 | where
[INFO] [stdout] 101 |     Input: SystemInput + 'static,
[INFO] [stdout]     |                          ^^^^^^^ required by this bound in `FunctionSystem::<F, Input>::new`
[INFO] [stdout] 102 | {
[INFO] [stdout] 103 |     pub fn new(func: F) -> Self {
[INFO] [stdout]     |
[INFO] [stdout] 
[INFO] [stdout] 
[INFO] [stdout] error[E0284]: type annotations needed: cannot satisfy `(_, _, _, _, _, _): 'static`
[INFO] [stdout]    --> /opt/rustwide/cargo-home/registry/src/index.crates.io-1949cf8c6b5b557f/concerto-ecs-0.1.0/src/system/mod.rs:184:18
[INFO] [stdout]     |
[INFO] [stdout] 184 |         Box::new(FunctionSystem::new(self))
[INFO] [stdout]     |                  ^^^^^^^^^^^^^^^^^^^^^^^^^ cannot satisfy `(_, _, _, _, _, _): 'static`
[INFO] [stdout]     |
[INFO] [stdout] note: required by a bound in `FunctionSystem::<F, Input>::new`
[INFO] [stdout]    --> /opt/rustwide/cargo-home/registry/src/index.crates.io-1949cf8c6b5b557f/concerto-ecs-0.1.0/src/system/mod.rs:101:26
[INFO] [stdout]     |
[INFO] [stdout]  99 | impl<F, Input> FunctionSystem<F, Input>
[INFO] [stdout] 100 | where
[INFO] [stdout] 101 |     Input: SystemInput + 'static,
[INFO] [stdout]     |                          ^^^^^^^ required by this bound in `FunctionSystem::<F, Input>::new`
[INFO] [stdout] 102 | {
[INFO] [stdout] 103 |     pub fn new(func: F) -> Self {
[INFO] [stdout]     |
[INFO] [stdout] 
[INFO] [stdout] 
[INFO] [stdout] error[E0284]: type annotations needed: cannot satisfy `(_, _, _, _, _, _, _): 'static`
[INFO] [stdout]    --> /opt/rustwide/cargo-home/registry/src/index.crates.io-1949cf8c6b5b557f/concerto-ecs-0.1.0/src/system/mod.rs:184:18
[INFO] [stdout]     |
[INFO] [stdout] 184 |         Box::new(FunctionSystem::new(self))
[INFO] [stdout]     |                  ^^^^^^^^^^^^^^^^^^^^^^^^^ cannot satisfy `(_, _, _, _, _, _, _): 'static`
[INFO] [stdout]     |
[INFO] [stdout] note: required by a bound in `FunctionSystem::<F, Input>::new`
[INFO] [stdout]    --> /opt/rustwide/cargo-home/registry/src/index.crates.io-1949cf8c6b5b557f/concerto-ecs-0.1.0/src/system/mod.rs:101:26
[INFO] [stdout]     |
[INFO] [stdout]  99 | impl<F, Input> FunctionSystem<F, Input>
[INFO] [stdout] 100 | where
[INFO] [stdout] 101 |     Input: SystemInput + 'static,
[INFO] [stdout]     |                          ^^^^^^^ required by this bound in `FunctionSystem::<F, Input>::new`
[INFO] [stdout] 102 | {
[INFO] [stdout] 103 |     pub fn new(func: F) -> Self {
[INFO] [stdout]     |
[INFO] [stdout] 
[INFO] [stdout] 
[INFO] [stdout] error[E0284]: type annotations needed: cannot satisfy `(_, _, _, _, _, _, _, _): 'static`
[INFO] [stdout]    --> /opt/rustwide/cargo-home/registry/src/index.crates.io-1949cf8c6b5b557f/concerto-ecs-0.1.0/src/system/mod.rs:184:18
[INFO] [stdout]     |
[INFO] [stdout] 184 |         Box::new(FunctionSystem::new(self))
[INFO] [stdout]     |                  ^^^^^^^^^^^^^^^^^^^^^^^^^ cannot satisfy `(_, _, _, _, _, _, _, _): 'static`
[INFO] [stdout]     |
[INFO] [stdout] note: required by a bound in `FunctionSystem::<F, Input>::new`
[INFO] [stdout]    --> /opt/rustwide/cargo-home/registry/src/index.crates.io-1949cf8c6b5b557f/concerto-ecs-0.1.0/src/system/mod.rs:101:26
[INFO] [stdout]     |
[INFO] [stdout]  99 | impl<F, Input> FunctionSystem<F, Input>
[INFO] [stdout] 100 | where
[INFO] [stdout] 101 |     Input: SystemInput + 'static,
[INFO] [stdout]     |                          ^^^^^^^ required by this bound in `FunctionSystem::<F, Input>::new`
[INFO] [stdout] 102 | {
[INFO] [stdout] 103 |     pub fn new(func: F) -> Self {
[INFO] [stdout]     |
[INFO] [stdout] 
[INFO] [stdout] 
[INFO] [stdout] error[E0284]: type annotations needed: cannot satisfy `(_, _, _, _, _, _, _, _, _): 'static`
[INFO] [stdout]    --> /opt/rustwide/cargo-home/registry/src/index.crates.io-1949cf8c6b5b557f/concerto-ecs-0.1.0/src/system/mod.rs:184:18
[INFO] [stdout]     |
[INFO] [stdout] 184 |         Box::new(FunctionSystem::new(self))
[INFO] [stdout]     |                  ^^^^^^^^^^^^^^^^^^^^^^^^^ cannot satisfy `(_, _, _, _, _, _, _, _, _): 'static`
[INFO] [stdout]     |
[INFO] [stdout] note: required by a bound in `FunctionSystem::<F, Input>::new`
[INFO] [stdout]    --> /opt/rustwide/cargo-home/registry/src/index.crates.io-1949cf8c6b5b557f/concerto-ecs-0.1.0/src/system/mod.rs:101:26
[INFO] [stdout]     |
[INFO] [stdout]  99 | impl<F, Input> FunctionSystem<F, Input>
[INFO] [stdout] 100 | where
[INFO] [stdout] 101 |     Input: SystemInput + 'static,
[INFO] [stdout]     |                          ^^^^^^^ required by this bound in `FunctionSystem::<F, Input>::new`
[INFO] [stdout] 102 | {
[INFO] [stdout] 103 |     pub fn new(func: F) -> Self {
[INFO] [stdout]     |
[INFO] [stdout] 
[INFO] [stdout] 
[INFO] [stdout] error[E0284]: type annotations needed: cannot satisfy `(_, _, _, _, _, _, _, _, _, _): 'static`
[INFO] [stdout]    --> /opt/rustwide/cargo-home/registry/src/index.crates.io-1949cf8c6b5b557f/concerto-ecs-0.1.0/src/system/mod.rs:184:18
[INFO] [stdout]     |
[INFO] [stdout] 184 |         Box::new(FunctionSystem::new(self))
[INFO] [stdout]     |                  ^^^^^^^^^^^^^^^^^^^^^^^^^ cannot satisfy `(_, _, _, _, _, _, _, _, _, _): 'static`
[INFO] [stdout]     |
[INFO] [stdout] note: required by a bound in `FunctionSystem::<F, Input>::new`
[INFO] [stdout]    --> /opt/rustwide/cargo-home/registry/src/index.crates.io-1949cf8c6b5b557f/concerto-ecs-0.1.0/src/system/mod.rs:101:26
[INFO] [stdout]     |
[INFO] [stdout]  99 | impl<F, Input> FunctionSystem<F, Input>
[INFO] [stdout] 100 | where
[INFO] [stdout] 101 |     Input: SystemInput + 'static,
[INFO] [stdout]     |                          ^^^^^^^ required by this bound in `FunctionSystem::<F, Input>::new`
[INFO] [stdout] 102 | {
[INFO] [stdout] 103 |     pub fn new(func: F) -> Self {
[INFO] [stdout]     |
[INFO] [stdout] 
[INFO] [stdout] 
[INFO] [stdout] error[E0284]: type annotations needed: cannot satisfy `(_, _, _, _, _, _, _, _, _, _, _): 'static`
[INFO] [stdout]    --> /opt/rustwide/cargo-home/registry/src/index.crates.io-1949cf8c6b5b557f/concerto-ecs-0.1.0/src/system/mod.rs:184:18
[INFO] [stdout]     |
[INFO] [stdout] 184 |         Box::new(FunctionSystem::new(self))
[INFO] [stdout]     |                  ^^^^^^^^^^^^^^^^^^^^^^^^^ cannot satisfy `(_, _, _, _, _, _, _, _, _, _, _): 'static`
[INFO] [stdout]     |
[INFO] [stdout] note: required by a bound in `FunctionSystem::<F, Input>::new`
[INFO] [stdout]    --> /opt/rustwide/cargo-home/registry/src/index.crates.io-1949cf8c6b5b557f/concerto-ecs-0.1.0/src/system/mod.rs:101:26
[INFO] [stdout]     |
[INFO] [stdout]  99 | impl<F, Input> FunctionSystem<F, Input>
[INFO] [stdout] 100 | where
[INFO] [stdout] 101 |     Input: SystemInput + 'static,
[INFO] [stdout]     |                          ^^^^^^^ required by this bound in `FunctionSystem::<F, Input>::new`
[INFO] [stdout] 102 | {
[INFO] [stdout] 103 |     pub fn new(func: F) -> Self {
[INFO] [stdout]     |
[INFO] [stdout] 
[INFO] [stdout] 
[INFO] [stdout] error[E0284]: type annotations needed: cannot satisfy `(_, _, _, _, _, _, _, _, _, _, _, _): 'static`
[INFO] [stdout]    --> /opt/rustwide/cargo-home/registry/src/index.crates.io-1949cf8c6b5b557f/concerto-ecs-0.1.0/src/system/mod.rs:184:18
[INFO] [stdout]     |
[INFO] [stdout] 184 |         Box::new(FunctionSystem::new(self))
[INFO] [stdout]     |                  ^^^^^^^^^^^^^^^^^^^^^^^^^ cannot satisfy `(_, _, _, _, _, _, _, _, _, _, _, _): 'static`
[INFO] [stdout]     |
[INFO] [stdout] note: required by a bound in `FunctionSystem::<F, Input>::new`
[INFO] [stdout]    --> /opt/rustwide/cargo-home/registry/src/index.crates.io-1949cf8c6b5b557f/concerto-ecs-0.1.0/src/system/mod.rs:101:26
[INFO] [stdout]     |
[INFO] [stdout]  99 | impl<F, Input> FunctionSystem<F, Input>
[INFO] [stdout] 100 | where
[INFO] [stdout] 101 |     Input: SystemInput + 'static,
[INFO] [stdout]     |                          ^^^^^^^ required by this bound in `FunctionSystem::<F, Input>::new`
[INFO] [stdout] 102 | {
[INFO] [stdout] 103 |     pub fn new(func: F) -> Self {
[INFO] [stdout]     |
[INFO] [stdout] 
[INFO] [stdout] 
[INFO] [stdout] For more information about this error, try `rustc --explain E0284`.
[INFO] [stdout] 
[INFO] [stderr] error: could not compile `concerto-ecs` (lib) due to 12 previous errors
[INFO] running `Command { std: "docker" "inspect" "5543be277261eca6e27194f5b630031d706983fe9322592ea831ea5dab697644", kill_on_drop: false }`
[INFO] running `Command { std: "docker" "rm" "-f" "5543be277261eca6e27194f5b630031d706983fe9322592ea831ea5dab697644", kill_on_drop: false }`
[INFO] [stdout] 5543be277261eca6e27194f5b630031d706983fe9322592ea831ea5dab697644
