[INFO] fetching crate rivet-durable-streams 0.1.7...
[INFO] checking rivet-durable-streams-0.1.7 against 3154cc1a3e6424e44f438a95007d043ed5ceaaf6+rustflags=-Znext-solver=coherence for pr-133502-30
[INFO] extracting crate rivet-durable-streams 0.1.7 into /workspace/builds/worker-7-tc1/source
[INFO] started tweaking crates.io crate rivet-durable-streams 0.1.7
[INFO] removed 0 missing tests
[INFO] finished tweaking crates.io crate rivet-durable-streams 0.1.7
[INFO] tweaked toml for crates.io crate rivet-durable-streams 0.1.7 written to /workspace/builds/worker-7-tc1/source/Cargo.toml
[INFO] validating manifest of crates.io crate rivet-durable-streams 0.1.7 on toolchain 3154cc1a3e6424e44f438a95007d043ed5ceaaf6
[INFO] running `Command { std: CARGO_HOME="/workspace/cargo-home" RUSTUP_HOME="/workspace/rustup-home" "/workspace/cargo-home/bin/cargo" "+3154cc1a3e6424e44f438a95007d043ed5ceaaf6" "metadata" "--manifest-path" "Cargo.toml" "--no-deps", kill_on_drop: false }`
[INFO] crate crates.io crate rivet-durable-streams 0.1.7 already has a lockfile, it will not be regenerated
[INFO] running `Command { std: CARGO_HOME="/workspace/cargo-home" RUSTUP_HOME="/workspace/rustup-home" "/workspace/cargo-home/bin/cargo" "+3154cc1a3e6424e44f438a95007d043ed5ceaaf6" "fetch" "--manifest-path" "Cargo.toml", kill_on_drop: false }`
[INFO] [stderr]     Updating crates.io index
[INFO] [stderr]  Downloading crates ...
[INFO] [stderr]   Downloaded serde_bare v0.5.0
[INFO] [stderr]   Downloaded vbare v0.0.4
[INFO] [stderr]   Downloaded scc v3.8.8
[INFO] [stderr]   Downloaded rivetkit-client-protocol v2.3.16
[INFO] [stderr]   Downloaded rivetkit-inspector-protocol v2.3.16
[INFO] [stderr]   Downloaded rivet-error v2.3.16
[INFO] [stderr]   Downloaded rivetkit-actor-persist v2.3.16
[INFO] [stderr]   Downloaded rivet-util-serde v2.3.16
[INFO] [stderr]   Downloaded rivet-depot-client-types v2.3.16
[INFO] [stderr]   Downloaded rivet-vbare-compiler v0.0.5
[INFO] [stderr]   Downloaded rivet-vbare-gen v0.0.5
[INFO] [stderr]   Downloaded rivet-metrics v2.3.16
[INFO] [stderr]   Downloaded rivetkit-shared-types v2.3.16
[INFO] [stderr]   Downloaded rivet-error-macros v2.3.16
[INFO] [stderr]   Downloaded rivetkit-engine-process v2.3.16
[INFO] [stderr]   Downloaded rivetkit-client v2.3.16
[INFO] [stderr]   Downloaded sdd v4.8.10
[INFO] [stderr]   Downloaded croner v2.2.0
[INFO] [stderr]   Downloaded saa v5.6.0
[INFO] [stderr]   Downloaded rivet-envoy-protocol v2.3.16
[INFO] [stderr]   Downloaded rivet-envoy-client v2.3.16
[INFO] [stderr]   Downloaded rivetkit v2.3.16
[INFO] [stderr]   Downloaded rivetkit-core v2.3.16
[INFO] running `Command { std: "docker" "create" "-v" "/var/lib/crater-agent-workspace/builds/worker-7-tc1/source:/opt/rustwide/workdir:ro,Z" "-v" "/var/lib/crater-agent-workspace/builds/worker-7-tc1/target:/opt/rustwide/target:rw,Z" "-v" "/var/lib/crater-agent-workspace/cargo-home:/opt/rustwide/cargo-home:ro,Z" "-v" "/var/lib/crater-agent-workspace/rustup-home:/opt/rustwide/rustup-home:ro,Z" "-m" "1610612736" "--network" "none" "ghcr.io/rust-lang/crates-build-env/linux@sha256:77db811e55d90add9212f6832c23229e3de5f1c1f9905e8cb07319ea15df73ac" "sleep" "infinity", kill_on_drop: false }`
[INFO] [stdout] 3b4f1d6152267576adf84045f6ab64767e88968b4925e749165ac6db96e54110
[INFO] running `Command { std: "docker" "start" "3b4f1d6152267576adf84045f6ab64767e88968b4925e749165ac6db96e54110", kill_on_drop: false }`
[INFO] running `Command { std: "docker" "inspect" "3b4f1d6152267576adf84045f6ab64767e88968b4925e749165ac6db96e54110", kill_on_drop: false }`
[INFO] running `Command { std: "docker" "exec" "-e" "SOURCE_DIR=/opt/rustwide/workdir" "-e" "CARGO_HOME=/opt/rustwide/cargo-home" "-e" "RUSTUP_HOME=/opt/rustwide/rustup-home" "-e" "CARGO_TARGET_DIR=/opt/rustwide/target" "-w" "/opt/rustwide/workdir" "--user" "0:0" "3b4f1d6152267576adf84045f6ab64767e88968b4925e749165ac6db96e54110" "/opt/rustwide/cargo-home/bin/cargo" "+3154cc1a3e6424e44f438a95007d043ed5ceaaf6" "metadata" "--no-deps" "--format-version=1", kill_on_drop: false }`
[INFO] running `Command { std: "docker" "inspect" "3b4f1d6152267576adf84045f6ab64767e88968b4925e749165ac6db96e54110", kill_on_drop: false }`
[INFO] running `Command { std: "docker" "exec" "-e" "SOURCE_DIR=/opt/rustwide/workdir" "-e" "CARGO_HOME=/opt/rustwide/cargo-home" "-e" "RUSTUP_HOME=/opt/rustwide/rustup-home" "-e" "CARGO_TARGET_DIR=/opt/rustwide/target" "-e" "CARGO_INCREMENTAL=0" "-e" "RUST_BACKTRACE=full" "-e" "RUSTFLAGS=--cap-lints=forbid -Znext-solver=coherence" "-e" "RUSTDOCFLAGS=--cap-lints=forbid" "-w" "/opt/rustwide/workdir" "--user" "0:0" "3b4f1d6152267576adf84045f6ab64767e88968b4925e749165ac6db96e54110" "/opt/rustwide/cargo-home/bin/cargo" "+3154cc1a3e6424e44f438a95007d043ed5ceaaf6" "check" "--frozen" "--all" "--all-targets" "--message-format=json", kill_on_drop: false }`
[INFO] [stderr]    Compiling serde_core v1.0.229
[INFO] [stderr]     Checking smallvec v1.16.0
[INFO] [stderr]    Compiling ucd-trie v0.1.7
[INFO] [stderr]    Compiling prettyplease v0.2.37
[INFO] [stderr]     Checking futures-sink v0.3.34
[INFO] [stderr]    Compiling syn v3.0.4
[INFO] [stderr]     Checking mio v1.2.3
[INFO] [stderr]     Checking getrandom v0.2.17
[INFO] [stderr]    Compiling cc v1.4.4
[INFO] [stderr]    Compiling serde_json v1.0.151
[INFO] [stderr]    Compiling zerocopy-derive v0.8.56
[INFO] [stderr]     Checking zeroize v1.9.0
[INFO] [stderr]     Checking tracing v0.1.44
[INFO] [stderr]    Compiling pest v2.9.0
[INFO] [stderr]     Checking futures-channel v0.3.34
[INFO] [stderr]     Checking futures-io v0.3.34
[INFO] [stderr]     Checking http-body v1.1.0
[INFO] [stderr]    Compiling rustls v0.23.43
[INFO] [stderr]     Checking subtle v2.6.1
[INFO] [stderr]     Checking getrandom v0.3.4
[INFO] [stderr]     Checking parking_lot_core v0.9.12
[INFO] [stderr]     Checking rustls-pki-types v1.15.1
[INFO] [stderr]     Checking sync_wrapper v1.0.2
[INFO] [stderr]    Compiling mime_guess v2.0.5
[INFO] [stderr]     Checking http-body-util v0.1.5
[INFO] [stderr]     Checking vbare v0.0.4
[INFO] [stderr]     Checking parking_lot v0.12.5
[INFO] [stderr]     Checking ipnet v2.12.1
[INFO] [stderr]     Checking rand_core v0.9.5
[INFO] [stderr]    Compiling num-traits v0.2.19
[INFO] [stderr]    Compiling getrandom v0.4.3
[INFO] [stderr]    Compiling protobuf v3.7.2
[INFO] [stderr]     Checking protobuf-support v3.7.2
[INFO] [stderr]     Checking rand_core v0.6.4
[INFO] [stderr]    Compiling zmij v1.0.23
[INFO] [stderr]    Compiling uuid v1.26.0
[INFO] [stderr]     Checking saa v5.6.0
[INFO] [stderr]    Compiling prometheus v0.14.0
[INFO] [stderr]     Checking http-range-header v0.4.2
[INFO] [stderr]     Checking webpki-roots v1.0.9
[INFO] [stderr]     Checking rustls-native-certs v0.8.4
[INFO] [stderr]    Compiling nix v0.30.1
[INFO] [stderr]     Checking webpki-roots v0.26.11
[INFO] [stderr]    Compiling anyhow v1.0.104
[INFO] [stderr]     Checking anstyle-parse v1.0.0
[INFO] [stderr]     Checking axum-core v0.5.6
[INFO] [stderr]     Checking sha2 v0.10.9
[INFO] [stderr]     Checking sdd v4.8.10
[INFO] [stderr]    Compiling rivetkit-core v2.3.16
[INFO] [stderr]    Compiling axum-macros v0.5.1
[INFO] [stderr]    Compiling include_dir_macros v0.7.4
[INFO] [stderr]     Checking half v1.8.3
[INFO] [stderr]    Compiling rustix v1.1.4
[INFO] [stderr]    Compiling utoipa-gen v5.5.0
[INFO] [stderr]     Checking matchit v0.8.4
[INFO] [stderr]     Checking colorchoice v1.0.5
[INFO] [stderr]     Checking scc v3.8.8
[INFO] [stderr]     Checking anstream v1.0.0
[INFO] [stderr]     Checking regex-automata v0.4.18
[INFO] [stderr]     Checking include_dir v0.7.4
[INFO] [stderr]     Checking chrono v0.4.45
[INFO] [stderr]     Checking rivet-depot-client-types v2.3.16
[INFO] [stderr]    Compiling pest_meta v2.9.0
[INFO] [stderr]     Checking clap_builder v4.6.6
[INFO] [stderr]    Compiling ring v0.17.14
[INFO] [stderr]    Compiling rivet-error-macros v2.3.16
[INFO] [stderr]     Checking zerocopy v0.8.56
[INFO] [stderr]     Checking tracing-log v0.2.0
[INFO] [stderr]    Compiling pest_generator v2.9.0
[INFO] [stderr]     Checking chrono-tz v0.10.4
[INFO] [stderr]     Checking croner v2.2.0
[INFO] [stderr]     Checking indexmap v2.14.1
[INFO] [stderr]     Checking serde_path_to_error v0.1.20
[INFO] [stderr]     Checking serde_bytes v0.11.19
[INFO] [stderr]    Compiling pest_derive v2.9.0
[INFO] [stderr]     Checking tempfile v3.27.0
[INFO] [stderr]     Checking matchers v0.2.0
[INFO] [stderr]     Checking tracing-subscriber v0.3.23
[INFO] [stderr]    Compiling serde_derive v1.0.229
[INFO] [stderr]    Compiling tokio-macros v2.7.2
[INFO] [stderr]    Compiling zerovec-derive v0.11.6
[INFO] [stderr]    Compiling displaydoc v0.2.7
[INFO] [stderr]    Compiling futures-macro v0.3.34
[INFO] [stderr]    Compiling thiserror-impl v2.0.20
[INFO] [stderr]    Compiling async-trait v0.1.92
[INFO] [stderr]    Compiling clap_derive v4.6.4
[INFO] [stderr]     Checking zerotrie v0.2.5
[INFO] [stderr]     Checking futures-util v0.3.34
[INFO] [stderr]     Checking rustls-webpki v0.103.15
[INFO] [stderr]     Checking tokio v1.53.1
[INFO] [stderr]     Checking zerovec v0.11.8
[INFO] [stderr]     Checking thiserror v2.0.20
[INFO] [stderr]     Checking tinystr v0.8.4
[INFO] [stderr]     Checking potential_utf v0.1.6
[INFO] [stderr]     Checking icu_collections v2.1.1
[INFO] [stderr]     Checking icu_locale_core v2.1.1
[INFO] [stderr]     Checking rivet-metrics v2.3.16
[INFO] [stderr]     Checking clap v4.6.6
[INFO] [stderr]     Checking icu_provider v2.1.1
[INFO] [stderr]     Checking icu_properties v2.1.2
[INFO] [stderr]     Checking icu_normalizer v2.1.1
[INFO] [stderr]     Checking ppv-lite86 v0.2.21
[INFO] [stderr]     Checking half v2.7.1
[INFO] [stderr]     Checking serde v1.0.229
[INFO] [stderr]     Checking ciborium-ll v0.2.2
[INFO] [stderr]     Checking idna_adapter v1.2.1
[INFO] [stderr]     Checking idna v1.1.0
[INFO] [stderr]     Checking rand_chacha v0.9.0
[INFO] [stderr]     Checking rand_chacha v0.3.1
[INFO] [stderr]     Checking rand v0.9.5
[INFO] [stderr]     Checking rand v0.8.8
[INFO] [stderr]     Checking serde_bare v0.5.0
[INFO] [stderr]     Checking url v2.5.8
[INFO] [stderr]     Checking serde_urlencoded v0.7.1
[INFO] [stderr]     Checking utoipa v5.5.0
[INFO] [stderr]     Checking rivet-error v2.3.16
[INFO] [stderr]     Checking rivet-util-serde v2.3.16
[INFO] [stderr]     Checking serde_cbor v0.11.2
[INFO] [stderr]     Checking ciborium v0.2.2
[INFO] [stderr]     Checking rivetkit-shared-types v2.3.16
[INFO] [stderr]    Compiling rivet-vbare-gen v0.0.5
[INFO] [stderr]    Compiling rivet-vbare-compiler v0.0.5
[INFO] [stderr]     Checking tungstenite v0.26.2
[INFO] [stderr]     Checking futures-executor v0.3.34
[INFO] [stderr]    Compiling rivet-envoy-protocol v2.3.16
[INFO] [stderr]    Compiling rivetkit-client-protocol v2.3.16
[INFO] [stderr]    Compiling rivetkit-inspector-protocol v2.3.16
[INFO] [stderr]    Compiling rivetkit-actor-persist v2.3.16
[INFO] [stderr]     Checking futures v0.3.34
[INFO] [stderr]     Checking tokio-util v0.7.19
[INFO] [stderr]     Checking tokio-rustls v0.26.4
[INFO] [stderr]     Checking tower v0.5.3
[INFO] [stderr]     Checking tokio-stream v0.1.19
[INFO] [stderr]     Checking tokio-tungstenite v0.26.2
[INFO] [stderr]     Checking h2 v0.4.19
[INFO] [stderr]     Checking tower-http v0.6.11
[INFO] [stderr]     Checking hyper v1.11.1
[INFO] [stderr]     Checking hyper-util v0.1.20
[INFO] [stderr]     Checking hyper-rustls v0.27.9
[INFO] [stderr]     Checking axum v0.8.9
[INFO] [stderr]     Checking reqwest v0.12.28
[INFO] [stderr]     Checking rivetkit-engine-process v2.3.16
[INFO] [stderr]     Checking rivetkit-client v2.3.16
[INFO] [stdout] error: proc-macro derive panicked
[INFO] [stdout]  --> /opt/rustwide/cargo-home/registry/src/index.crates.io-1949cf8c6b5b557f/rivetkit-engine-process-2.3.16/src/error.rs:4:10
[INFO] [stdout]   |
[INFO] [stdout] 4 | #[derive(RivetError, Debug, Clone, Deserialize, Serialize)]
[INFO] [stdout]   |          ^^^^^^^^^^
[INFO] [stdout]   |
[INFO] [stdout]   = help: message: Failed to write error documentation for engine.binary_not_found: Read-only file system (os error 30)
[INFO] [stdout] 
[INFO] [stdout] 
[INFO] [stdout] error[E0599]: no method named `build` found for enum `EngineProcessError` in the current scope
[INFO] [stdout]    --> /opt/rustwide/cargo-home/registry/src/index.crates.io-1949cf8c6b5b557f/rivetkit-engine-process-2.3.16/src/lib.rs:186:5
[INFO] [stdout]     |
[INFO] [stdout] 183 |             return Err(EngineProcessError::BinaryNotFound {
[INFO] [stdout] 184 |                 path: binary_path.display().to_string(),
[INFO] [stdout] 185 |             }
[INFO] [stdout] 186 |             .build());
[INFO] [stdout]     |              ^^^^^ method not found in `EngineProcessError`
[INFO] [stdout]     |
[INFO] [stdout]    ::: /opt/rustwide/cargo-home/registry/src/index.crates.io-1949cf8c6b5b557f/rivetkit-engine-process-2.3.16/src/error.rs:6:1
[INFO] [stdout]     |
[INFO] [stdout]   6 | pub enum EngineProcessError {
[INFO] [stdout]     | --------------------------- method `build` not found for this enum
[INFO] [stdout] 
[INFO] [stdout] 
[INFO] [stdout] error[E0599]: no method named `build` found for enum `EngineProcessError` in the current scope
[INFO] [stdout]    --> /opt/rustwide/cargo-home/registry/src/index.crates.io-1949cf8c6b5b557f/rivetkit-engine-process-2.3.16/src/lib.rs:233:50
[INFO] [stdout]     |
[INFO] [stdout] 233 |             .ok_or_else(|| EngineProcessError::MissingPid.build())?;
[INFO] [stdout]     |                                                           ^^^^^ method not found in `EngineProcessError`
[INFO] [stdout]     |
[INFO] [stdout]    ::: /opt/rustwide/cargo-home/registry/src/index.crates.io-1949cf8c6b5b557f/rivetkit-engine-process-2.3.16/src/error.rs:6:1
[INFO] [stdout]     |
[INFO] [stdout]   6 | pub enum EngineProcessError {
[INFO] [stdout]     | --------------------------- method `build` not found for this enum
[INFO] [stdout] 
[INFO] [stdout] 
[INFO] [stdout] error[E0599]: no method named `build` found for enum `EngineProcessError` in the current scope
[INFO] [stdout]    --> /opt/rustwide/cargo-home/registry/src/index.crates.io-1949cf8c6b5b557f/rivetkit-engine-process-2.3.16/src/lib.rs:575:4
[INFO] [stdout]     |
[INFO] [stdout] 572 |         return Err(EngineProcessError::BinaryUnavailable {
[INFO] [stdout] 573 |             version: config.version.clone(),
[INFO] [stdout] 574 |         }
[INFO] [stdout] 575 |         .build());
[INFO] [stdout]     |          ^^^^^ method not found in `EngineProcessError`
[INFO] [stdout]     |
[INFO] [stdout]    ::: /opt/rustwide/cargo-home/registry/src/index.crates.io-1949cf8c6b5b557f/rivetkit-engine-process-2.3.16/src/error.rs:6:1
[INFO] [stdout]     |
[INFO] [stdout]   6 | pub enum EngineProcessError {
[INFO] [stdout]     | --------------------------- method `build` not found for this enum
[INFO] [stdout] 
[INFO] [stdout] 
[INFO] [stdout] error[E0599]: no method named `build` found for enum `EngineProcessError` in the current scope
[INFO] [stdout]    --> /opt/rustwide/cargo-home/registry/src/index.crates.io-1949cf8c6b5b557f/rivetkit-engine-process-2.3.16/src/lib.rs:637:4
[INFO] [stdout]     |
[INFO] [stdout] 633 |         EngineProcessError::DownloadFailed {
[INFO] [stdout] 634 |             url: manifest_url.clone(),
[INFO] [stdout] 635 |             reason: format!("manifest does not contain `{artifact}`"),
[INFO] [stdout] 636 |         }
[INFO] [stdout] 637 |         .build()
[INFO] [stdout]     |          ^^^^^ method not found in `EngineProcessError`
[INFO] [stdout]     |
[INFO] [stdout]    ::: /opt/rustwide/cargo-home/registry/src/index.crates.io-1949cf8c6b5b557f/rivetkit-engine-process-2.3.16/src/error.rs:6:1
[INFO] [stdout]     |
[INFO] [stdout]   6 | pub enum EngineProcessError {
[INFO] [stdout]     | --------------------------- method `build` not found for this enum
[INFO] [stdout] 
[INFO] [stdout] 
[INFO] [stdout] error[E0599]: no method named `build` found for enum `EngineProcessError` in the current scope
[INFO] [stdout]    --> /opt/rustwide/cargo-home/registry/src/index.crates.io-1949cf8c6b5b557f/rivetkit-engine-process-2.3.16/src/lib.rs:648:4
[INFO] [stdout]     |
[INFO] [stdout] 643 |         return Err(EngineProcessError::ChecksumMismatch {
[INFO] [stdout] 644 |             artifact,
[INFO] [stdout] 645 |             expected,
[INFO] [stdout] 646 |             received,
[INFO] [stdout] 647 |         }
[INFO] [stdout] 648 |         .build());
[INFO] [stdout]     |          ^^^^^ method not found in `EngineProcessError`
[INFO] [stdout]     |
[INFO] [stdout]    ::: /opt/rustwide/cargo-home/registry/src/index.crates.io-1949cf8c6b5b557f/rivetkit-engine-process-2.3.16/src/error.rs:6:1
[INFO] [stdout]     |
[INFO] [stdout]   6 | pub enum EngineProcessError {
[INFO] [stdout]     | --------------------------- method `build` not found for this enum
[INFO] [stdout] 
[INFO] [stdout] 
[INFO] [stdout] error[E0599]: no method named `build` found for enum `EngineProcessError` in the current scope
[INFO] [stdout]    --> /opt/rustwide/cargo-home/registry/src/index.crates.io-1949cf8c6b5b557f/rivetkit-engine-process-2.3.16/src/lib.rs:667:4
[INFO] [stdout]     |
[INFO] [stdout] 663 |         EngineProcessError::DownloadFailed {
[INFO] [stdout] 664 |             url: url.to_owned(),
[INFO] [stdout] 665 |             reason: error.to_string(),
[INFO] [stdout] 666 |         }
[INFO] [stdout] 667 |         .build()
[INFO] [stdout]     |          ^^^^^ method not found in `EngineProcessError`
[INFO] [stdout]     |
[INFO] [stdout]    ::: /opt/rustwide/cargo-home/registry/src/index.crates.io-1949cf8c6b5b557f/rivetkit-engine-process-2.3.16/src/error.rs:6:1
[INFO] [stdout]     |
[INFO] [stdout]   6 | pub enum EngineProcessError {
[INFO] [stdout]     | --------------------------- method `build` not found for this enum
[INFO] [stdout] 
[INFO] [stdout] 
[INFO] [stdout] error[E0599]: no method named `build` found for enum `EngineProcessError` in the current scope
[INFO] [stdout]    --> /opt/rustwide/cargo-home/registry/src/index.crates.io-1949cf8c6b5b557f/rivetkit-engine-process-2.3.16/src/lib.rs:675:4
[INFO] [stdout]     |
[INFO] [stdout] 671 |         return Err(EngineProcessError::DownloadFailed {
[INFO] [stdout] 672 |             url: url.to_owned(),
[INFO] [stdout] 673 |             reason: format!("unexpected status {status}"),
[INFO] [stdout] 674 |         }
[INFO] [stdout] 675 |         .build());
[INFO] [stdout]     |          ^^^^^ method not found in `EngineProcessError`
[INFO] [stdout]     |
[INFO] [stdout]    ::: /opt/rustwide/cargo-home/registry/src/index.crates.io-1949cf8c6b5b557f/rivetkit-engine-process-2.3.16/src/error.rs:6:1
[INFO] [stdout]     |
[INFO] [stdout]   6 | pub enum EngineProcessError {
[INFO] [stdout]     | --------------------------- method `build` not found for this enum
[INFO] [stdout] 
[INFO] [stdout] 
[INFO] [stdout] error[E0599]: no method named `build` found for enum `EngineProcessError` in the current scope
[INFO] [stdout]    --> /opt/rustwide/cargo-home/registry/src/index.crates.io-1949cf8c6b5b557f/rivetkit-engine-process-2.3.16/src/lib.rs:682:4
[INFO] [stdout]     |
[INFO] [stdout] 678 |         EngineProcessError::DownloadFailed {
[INFO] [stdout] 679 |             url: url.to_owned(),
[INFO] [stdout] 680 |             reason: error.to_string(),
[INFO] [stdout] 681 |         }
[INFO] [stdout] 682 |         .build()
[INFO] [stdout]     |          ^^^^^ method not found in `EngineProcessError`
[INFO] [stdout]     |
[INFO] [stdout]    ::: /opt/rustwide/cargo-home/registry/src/index.crates.io-1949cf8c6b5b557f/rivetkit-engine-process-2.3.16/src/error.rs:6:1
[INFO] [stdout]     |
[INFO] [stdout]   6 | pub enum EngineProcessError {
[INFO] [stdout]     | --------------------------- method `build` not found for this enum
[INFO] [stdout] 
[INFO] [stdout] 
[INFO] [stdout] error[E0599]: no method named `build` found for enum `EngineProcessError` in the current scope
[INFO] [stdout]    --> /opt/rustwide/cargo-home/registry/src/index.crates.io-1949cf8c6b5b557f/rivetkit-engine-process-2.3.16/src/lib.rs:692:4
[INFO] [stdout]     |
[INFO] [stdout] 688 |         EngineProcessError::DownloadFailed {
[INFO] [stdout] 689 |             url: url.to_owned(),
[INFO] [stdout] 690 |             reason: error.to_string(),
[INFO] [stdout] 691 |         }
[INFO] [stdout] 692 |         .build()
[INFO] [stdout]     |          ^^^^^ method not found in `EngineProcessError`
[INFO] [stdout]     |
[INFO] [stdout]    ::: /opt/rustwide/cargo-home/registry/src/index.crates.io-1949cf8c6b5b557f/rivetkit-engine-process-2.3.16/src/error.rs:6:1
[INFO] [stdout]     |
[INFO] [stdout]   6 | pub enum EngineProcessError {
[INFO] [stdout]     | --------------------------- method `build` not found for this enum
[INFO] [stdout] 
[INFO] [stdout] 
[INFO] [stdout] error[E0599]: no method named `build` found for enum `EngineProcessError` in the current scope
[INFO] [stdout]    --> /opt/rustwide/cargo-home/registry/src/index.crates.io-1949cf8c6b5b557f/rivetkit-engine-process-2.3.16/src/lib.rs:700:4
[INFO] [stdout]     |
[INFO] [stdout] 696 |         return Err(EngineProcessError::DownloadFailed {
[INFO] [stdout] 697 |             url: url.to_owned(),
[INFO] [stdout] 698 |             reason: format!("unexpected status {status}"),
[INFO] [stdout] 699 |         }
[INFO] [stdout] 700 |         .build());
[INFO] [stdout]     |          ^^^^^ method not found in `EngineProcessError`
[INFO] [stdout]     |
[INFO] [stdout]    ::: /opt/rustwide/cargo-home/registry/src/index.crates.io-1949cf8c6b5b557f/rivetkit-engine-process-2.3.16/src/error.rs:6:1
[INFO] [stdout]     |
[INFO] [stdout]   6 | pub enum EngineProcessError {
[INFO] [stdout]     | --------------------------- method `build` not found for this enum
[INFO] [stdout] 
[INFO] [stdout] 
[INFO] [stdout] error[E0599]: no method named `build` found for enum `EngineProcessError` in the current scope
[INFO] [stdout]    --> /opt/rustwide/cargo-home/registry/src/index.crates.io-1949cf8c6b5b557f/rivetkit-engine-process-2.3.16/src/lib.rs:711:5
[INFO] [stdout]     |
[INFO] [stdout] 707 |             EngineProcessError::DownloadFailed {
[INFO] [stdout] 708 |                 url: url.to_owned(),
[INFO] [stdout] 709 |                 reason: error.to_string(),
[INFO] [stdout] 710 |             }
[INFO] [stdout] 711 |             .build()
[INFO] [stdout]     |              ^^^^^ method not found in `EngineProcessError`
[INFO] [stdout]     |
[INFO] [stdout]    ::: /opt/rustwide/cargo-home/registry/src/index.crates.io-1949cf8c6b5b557f/rivetkit-engine-process-2.3.16/src/error.rs:6:1
[INFO] [stdout]     |
[INFO] [stdout]   6 | pub enum EngineProcessError {
[INFO] [stdout]     | --------------------------- method `build` not found for this enum
[INFO] [stdout] 
[INFO] [stdout] 
[INFO] [stdout] error[E0599]: no method named `build` found for enum `EngineProcessError` in the current scope
[INFO] [stdout]    --> /opt/rustwide/cargo-home/registry/src/index.crates.io-1949cf8c6b5b557f/rivetkit-engine-process-2.3.16/src/lib.rs:861:4
[INFO] [stdout]     |
[INFO] [stdout] 857 |         Some(RIVETKIT_RUNTIME) => Err(EngineProcessError::PortOccupied {
[INFO] [stdout] 858 |             endpoint: endpoint.to_owned(),
[INFO] [stdout] 859 |             runtime: RIVETKIT_RUNTIME.to_owned(),
[INFO] [stdout] 860 |         }
[INFO] [stdout] 861 |         .build()),
[INFO] [stdout]     |          ^^^^^ method not found in `EngineProcessError`
[INFO] [stdout]     |
[INFO] [stdout]    ::: /opt/rustwide/cargo-home/registry/src/index.crates.io-1949cf8c6b5b557f/rivetkit-engine-process-2.3.16/src/error.rs:6:1
[INFO] [stdout]     |
[INFO] [stdout]   6 | pub enum EngineProcessError {
[INFO] [stdout]     | --------------------------- method `build` not found for this enum
[INFO] [stdout] 
[INFO] [stdout] 
[INFO] [stdout] error[E0599]: no method named `build` found for enum `EngineProcessError` in the current scope
[INFO] [stdout]    --> /opt/rustwide/cargo-home/registry/src/index.crates.io-1949cf8c6b5b557f/rivetkit-engine-process-2.3.16/src/lib.rs:866:4
[INFO] [stdout]     |
[INFO] [stdout] 862 |         Some(other) => Err(EngineProcessError::PortOccupied {
[INFO] [stdout] 863 |             endpoint: endpoint.to_owned(),
[INFO] [stdout] 864 |             runtime: other.to_owned(),
[INFO] [stdout] 865 |         }
[INFO] [stdout] 866 |         .build()),
[INFO] [stdout]     |          ^^^^^ method not found in `EngineProcessError`
[INFO] [stdout]     |
[INFO] [stdout]    ::: /opt/rustwide/cargo-home/registry/src/index.crates.io-1949cf8c6b5b557f/rivetkit-engine-process-2.3.16/src/error.rs:6:1
[INFO] [stdout]     |
[INFO] [stdout]   6 | pub enum EngineProcessError {
[INFO] [stdout]     | --------------------------- method `build` not found for this enum
[INFO] [stdout] 
[INFO] [stdout] 
[INFO] [stdout] error[E0599]: no method named `build` found for enum `EngineProcessError` in the current scope
[INFO] [stdout]    --> /opt/rustwide/cargo-home/registry/src/index.crates.io-1949cf8c6b5b557f/rivetkit-engine-process-2.3.16/src/lib.rs:871:4
[INFO] [stdout]     |
[INFO] [stdout] 867 |         None => Err(EngineProcessError::PortOccupied {
[INFO] [stdout] 868 |             endpoint: endpoint.to_owned(),
[INFO] [stdout] 869 |             runtime: "unknown".to_owned(),
[INFO] [stdout] 870 |         }
[INFO] [stdout] 871 |         .build()),
[INFO] [stdout]     |          ^^^^^ method not found in `EngineProcessError`
[INFO] [stdout]     |
[INFO] [stdout]    ::: /opt/rustwide/cargo-home/registry/src/index.crates.io-1949cf8c6b5b557f/rivetkit-engine-process-2.3.16/src/error.rs:6:1
[INFO] [stdout]     |
[INFO] [stdout]   6 | pub enum EngineProcessError {
[INFO] [stdout]     | --------------------------- method `build` not found for this enum
[INFO] [stdout] 
[INFO] [stdout] 
[INFO] [stdout] error[E0599]: no method named `build` found for enum `EngineProcessError` in the current scope
[INFO] [stdout]    --> /opt/rustwide/cargo-home/registry/src/index.crates.io-1949cf8c6b5b557f/rivetkit-engine-process-2.3.16/src/lib.rs:947:5
[INFO] [stdout]     |
[INFO] [stdout] 943 |             return Err(EngineProcessError::HealthCheckFailed {
[INFO] [stdout] 944 |                 attempts: attempt,
[INFO] [stdout] 945 |                 reason: last_error,
[INFO] [stdout] 946 |             }
[INFO] [stdout] 947 |             .build());
[INFO] [stdout]     |              ^^^^^ method not found in `EngineProcessError`
[INFO] [stdout]     |
[INFO] [stdout]    ::: /opt/rustwide/cargo-home/registry/src/index.crates.io-1949cf8c6b5b557f/rivetkit-engine-process-2.3.16/src/error.rs:6:1
[INFO] [stdout]     |
[INFO] [stdout]   6 | pub enum EngineProcessError {
[INFO] [stdout]     | --------------------------- method `build` not found for this enum
[INFO] [stdout] 
[INFO] [stdout] 
[INFO] [stdout] error[E0599]: no method named `build` found for enum `EngineProcessError` in the current scope
[INFO] [stdout]    --> /opt/rustwide/cargo-home/registry/src/index.crates.io-1949cf8c6b5b557f/rivetkit-engine-process-2.3.16/src/lib.rs:587:4
[INFO] [stdout]     |
[INFO] [stdout] 584 |         return Err(EngineProcessError::BinaryNotFound {
[INFO] [stdout] 585 |             path: path.display().to_string(),
[INFO] [stdout] 586 |         }
[INFO] [stdout] 587 |         .build());
[INFO] [stdout]     |          ^^^^^ method not found in `EngineProcessError`
[INFO] [stdout]     |
[INFO] [stdout]    ::: /opt/rustwide/cargo-home/registry/src/index.crates.io-1949cf8c6b5b557f/rivetkit-engine-process-2.3.16/src/error.rs:6:1
[INFO] [stdout]     |
[INFO] [stdout]   6 | pub enum EngineProcessError {
[INFO] [stdout]     | --------------------------- method `build` not found for this enum
[INFO] [stdout] 
[INFO] [stdout] 
[INFO] [stdout] error[E0599]: no method named `build` found for enum `EngineProcessError` in the current scope
[INFO] [stdout]    --> /opt/rustwide/cargo-home/registry/src/index.crates.io-1949cf8c6b5b557f/rivetkit-engine-process-2.3.16/src/lib.rs:991:3
[INFO] [stdout]     |
[INFO] [stdout] 987 |     EngineProcessError::InvalidEndpoint {
[INFO] [stdout] 988 |         endpoint: endpoint.to_owned(),
[INFO] [stdout] 989 |         reason: reason.to_owned(),
[INFO] [stdout] 990 |     }
[INFO] [stdout] 991 |     .build()
[INFO] [stdout]     |      ^^^^^ method not found in `EngineProcessError`
[INFO] [stdout]     |
[INFO] [stdout]    ::: /opt/rustwide/cargo-home/registry/src/index.crates.io-1949cf8c6b5b557f/rivetkit-engine-process-2.3.16/src/error.rs:6:1
[INFO] [stdout]     |
[INFO] [stdout]   6 | pub enum EngineProcessError {
[INFO] [stdout]     | --------------------------- method `build` not found for this enum
[INFO] [stdout] 
[INFO] [stdout] 
[INFO] [stdout] For more information about this error, try `rustc --explain E0599`.
[INFO] [stdout] 
[INFO] [stderr] error: could not compile `rivetkit-engine-process` (lib) due to 18 previous errors
[INFO] [stderr] warning: build failed, waiting for other jobs to finish...
[INFO] running `Command { std: "docker" "inspect" "3b4f1d6152267576adf84045f6ab64767e88968b4925e749165ac6db96e54110", kill_on_drop: false }`
[INFO] running `Command { std: "docker" "rm" "-f" "3b4f1d6152267576adf84045f6ab64767e88968b4925e749165ac6db96e54110", kill_on_drop: false }`
[INFO] [stdout] 3b4f1d6152267576adf84045f6ab64767e88968b4925e749165ac6db96e54110
